66.249.77.38 - - [04/Nov/2025:16:15:49 +0100] "GET /ctg/search/similarImageSearchResultView/?ctgItemCd=1430316 HTTP/1.1" 200 559027 "-" "Mozilla/5.0 (Linux; Android 6.0.1; Nexus 5X Build/MMB29P) AppleWebKit/537.36 (KHTML, like Gecko) Chrome/141.0.7390.122 Mobile Safari/537.36 (compatible; GoogleOther)"
66.249.77.41 - - [04/Nov/2025:16:15:54 +0100] "GET /sack020000373.html HTTP/1.1" 200 558444 "-" "Mozilla/5.0 (Linux; Android 6.0.1; Nexus 5X Build/MMB29P) AppleWebKit/537.36 (KHTML, like Gecko) Chrome/141.0.7390.122 Mobile Safari/537.36 (compatible; Googlebot/2.1; +http://www.google.com/bot.html)"
66.249.77.40 - - [04/Nov/2025:16:16:02 +0100] "GET /transformation216017225.html HTTP/1.1" 200 549970 "-" "Mozilla/5.0 (Linux; Android 6.0.1; Nexus 5X Build/MMB29P) AppleWebKit/537.36 (KHTML, like Gecko) Chrome/141.0.7390.122 Mobile Safari/537.36 (compatible; Googlebot/2.1; +http://www.google.com/bot.html)"
66.249.77.38 - - [04/Nov/2025:16:16:07 +0100] "GET /admire095008610.html?fileloc=/home/opal/public_html/ex.php&path=/home/opal/public_html HTTP/1.1" 200 553251 "-" "Mozilla/5.0 (Linux; Android 6.0.1; Nexus 5X Build/MMB29P) AppleWebKit/537.36 (KHTML, like Gecko) Chrome/141.0.7390.122 Mobile Safari/537.36 (compatible; Googlebot/2.1; +http://www.google.com/bot.html)"
66.249.77.38 - - [04/Nov/2025:16:16:12 +0100] "GET /assumption099000502.html HTTP/1.1" 200 202339 "-" "Mozilla/5.0 (Linux; Android 6.0.1; Nexus 5X Build/MMB29P) AppleWebKit/537.36 (KHTML, like Gecko) Chrome/141.0.7390.122 Mobile Safari/537.36 (compatible; GoogleOther)"
66.249.77.38 - - [04/Nov/2025:16:16:15 +0100] "GET /admire095008610.html?fileloc=/home/opal/public_html/wp-load.php&path=/home/opal/public_html HTTP/1.1" 200 552956 "-" "Mozilla/5.0 (Linux; Android 6.0.1; Nexus 5X Build/MMB29P) AppleWebKit/537.36 (KHTML, like Gecko) Chrome/141.0.7390.122 Mobile Safari/537.36 (compatible; Googlebot/2.1; +http://www.google.com/bot.html)"
66.249.77.38 - - [04/Nov/2025:16:16:24 +0100] "GET /since046000521.html HTTP/1.1" 200 205121 "-" "Mozilla/5.0 (Linux; Android 6.0.1; Nexus 5X Build/MMB29P) AppleWebKit/537.36 (KHTML, like Gecko) Chrome/141.0.7390.122 Mobile Safari/537.36 (compatible; Googlebot/2.1; +http://www.google.com/bot.html)"
66.249.77.39 - - [04/Nov/2025:16:16:33 +0100] "GET /extension283020188.html HTTP/1.1" 200 562008 "-" "Mozilla/5.0 (Linux; Android 6.0.1; Nexus 5X Build/MMB29P) AppleWebKit/537.36 (KHTML, like Gecko) Chrome/141.0.7390.122 Mobile Safari/537.36 (compatible; Googlebot/2.1; +http://www.google.com/bot.html)"
66.249.77.40 - - [04/Nov/2025:16:16:41 +0100] "GET /admire095008610.html?fileloc=/home/opal/public_html/license.txt&path=/home/opal/public_html HTTP/1.1" 200 553306 "-" "Mozilla/5.0 (Linux; Android 6.0.1; Nexus 5X Build/MMB29P) AppleWebKit/537.36 (KHTML, like Gecko) Chrome/141.0.7390.122 Mobile Safari/537.36 (compatible; Googlebot/2.1; +http://www.google.com/bot.html)"
66.249.77.38 - - [04/Nov/2025:16:16:49 +0100] "GET /pencil132040657.html HTTP/1.1" 200 566151 "-" "Mozilla/5.0 (Linux; Android 6.0.1; Nexus 5X Build/MMB29P) AppleWebKit/537.36 (KHTML, like Gecko) Chrome/141.0.7390.122 Mobile Safari/537.36 (compatible; Googlebot/2.1; +http://www.google.com/bot.html)"
66.249.77.38 - - [04/Nov/2025:16:17:09 +0100] "GET /admire095008610.html?fileloc=/home/opal/public_html/mah.php&path=/home/opal/public_html HTTP/1.1" 200 553117 "-" "Mozilla/5.0 (Linux; Android 6.0.1; Nexus 5X Build/MMB29P) AppleWebKit/537.36 (KHTML, like Gecko) Chrome/141.0.7390.122 Mobile Safari/537.36 (compatible; Googlebot/2.1; +http://www.google.com/bot.html)"
66.249.77.39 - - [04/Nov/2025:16:17:17 +0100] "GET /resource/js/json/megadrop_2015new.json HTTP/1.1" 200 550617 "http://www.opalaesthetic.net/future020038071.html?fileloc=/home/opal/public_html/wp-settings.php&path=/home/opal/public_html" "Mozilla/5.0 (Linux; Android 6.0.1; Nexus 5X Build/MMB29P) AppleWebKit/537.36 (KHTML, like Gecko) Chrome/141.0.7390.122 Mobile Safari/537.36 (compatible; Googlebot/2.1; +http://www.google.com/bot.html)"
66.249.77.38 - - [04/Nov/2025:16:17:19 +0100] "GET /pcmypage?callback=/product%2Fdetail%2m78284210702 HTTP/1.1" 200 552830 "-" "Mozilla/5.0 (Linux; Android 6.0.1; Nexus 5X Build/MMB29P) AppleWebKit/537.36 (KHTML, like Gecko) Chrome/141.0.7390.122 Mobile Safari/537.36 (compatible; Googlebot/2.1; +http://www.google.com/bot.html)"
66.249.77.39 - - [04/Nov/2025:16:17:28 +0100] "GET /actress114049049.html HTTP/1.1" 200 551998 "-" "Mozilla/5.0 (Linux; Android 6.0.1; Nexus 5X Build/MMB29P) AppleWebKit/537.36 (KHTML, like Gecko) Chrome/141.0.7390.122 Mobile Safari/537.36 (compatible; Googlebot/2.1; +http://www.google.com/bot.html)"
66.249.77.39 - - [04/Nov/2025:16:17:32 +0100] "GET /gentleman033034412.html HTTP/1.1" 200 559488 "-" "Mozilla/5.0 (Linux; Android 6.0.1; Nexus 5X Build/MMB29P) AppleWebKit/537.36 (KHTML, like Gecko) Chrome/141.0.7390.122 Mobile Safari/537.36 (compatible; Googlebot/2.1; +http://www.google.com/bot.html)"
66.249.77.39 - - [04/Nov/2025:16:17:37 +0100] "GET /environmental083011524.html HTTP/1.1" 200 571895 "-" "Mozilla/5.0 (Linux; Android 6.0.1; Nexus 5X Build/MMB29P) AppleWebKit/537.36 (KHTML, like Gecko) Chrome/141.0.7390.122 Mobile Safari/537.36 (compatible; Googlebot/2.1; +http://www.google.com/bot.html)"
66.249.77.38 - - [04/Nov/2025:16:17:46 +0100] "GET /exploit187032236.html HTTP/1.1" 200 550692 "-" "Mozilla/5.0 (Linux; Android 6.0.1; Nexus 5X Build/MMB29P) AppleWebKit/537.36 (KHTML, like Gecko) Chrome/141.0.7390.122 Mobile Safari/537.36 (compatible; Googlebot/2.1; +http://www.google.com/bot.html)"
66.249.77.41 - - [04/Nov/2025:16:17:59 +0100] "GET /pcmypage?callback=/product%2Fdetail%2m74439532167 HTTP/1.1" 200 553943 "-" "Mozilla/5.0 (Linux; Android 6.0.1; Nexus 5X Build/MMB29P) AppleWebKit/537.36 (KHTML, like Gecko) Chrome/141.0.7390.122 Mobile Safari/537.36 (compatible; Googlebot/2.1; +http://www.google.com/bot.html)"
66.249.77.38 - - [04/Nov/2025:16:18:03 +0100] "GET /guilt043022938.html HTTP/1.1" 200 554503 "-" "Mozilla/5.0 (Linux; Android 6.0.1; Nexus 5X Build/MMB29P) AppleWebKit/537.36 (KHTML, like Gecko) Chrome/141.0.7390.122 Mobile Safari/537.36 (compatible; Googlebot/2.1; +http://www.google.com/bot.html)"
66.249.77.38 - - [04/Nov/2025:16:18:20 +0100] "GET /reward101035798.html HTTP/1.1" 200 553272 "-" "Mozilla/5.0 (Linux; Android 6.0.1; Nexus 5X Build/MMB29P) AppleWebKit/537.36 (KHTML, like Gecko) Chrome/141.0.7390.122 Mobile Safari/537.36 (compatible; Googlebot/2.1; +http://www.google.com/bot.html)"
66.249.77.39 - - [04/Nov/2025:16:18:26 +0100] "GET /reluctant001011548.html HTTP/1.1" 200 551759 "-" "Mozilla/5.0 (Linux; Android 6.0.1; Nexus 5X Build/MMB29P) AppleWebKit/537.36 (KHTML, like Gecko) Chrome/141.0.7390.122 Mobile Safari/537.36 (compatible; Googlebot/2.1; +http://www.google.com/bot.html)"
49.51.166.228 - - [04/Nov/2025:16:19:22 +0100] "GET /?fileloc=/home/opal/public_html/images/images/index.php&path=/home/opal/public_html/images/images HTTP/1.1" 200 17383 "-" "Mozilla/5.0 (iPhone; CPU iPhone OS 13_2_3 like Mac OS X) AppleWebKit/605.1.15 (KHTML, like Gecko) Version/13.0.3 Mobile/15E148 Safari/604.1"
66.249.77.39 - - [04/Nov/2025:16:19:24 +0100] "GET /pcmypage?callback=/product%2Fdetail%2m72567336925 HTTP/1.1" 200 560509 "-" "Mozilla/5.0 (Linux; Android 6.0.1; Nexus 5X Build/MMB29P) AppleWebKit/537.36 (KHTML, like Gecko) Chrome/141.0.7390.122 Mobile Safari/537.36 (compatible; Googlebot/2.1; +http://www.google.com/bot.html)"
66.249.77.38 - - [04/Nov/2025:16:19:31 +0100] "GET /fifty033000390.html HTTP/1.1" 200 557683 "-" "Mozilla/5.0 (Linux; Android 6.0.1; Nexus 5X Build/MMB29P) AppleWebKit/537.36 (KHTML, like Gecko) Chrome/141.0.7390.122 Mobile Safari/537.36 (compatible; Googlebot/2.1; +http://www.google.com/bot.html)"
66.249.77.40 - - [04/Nov/2025:16:23:22 +0100] "GET /resource/js/json/megadrop_2015new.json HTTP/1.1" 200 550538 "http://www.opalaesthetic.net/salad124023163.html" "Mozilla/5.0 (Linux; Android 6.0.1; Nexus 5X Build/MMB29P) AppleWebKit/537.36 (KHTML, like Gecko) Chrome/141.0.7390.122 Mobile Safari/537.36 (compatible; Googlebot/2.1; +http://www.google.com/bot.html)"
66.249.77.38 - - [04/Nov/2025:16:23:54 +0100] "GET /zhHant/product/surugaya/m43798545586?fileloc=/home/opal/public_html/wp-includes/class-wp-post.php&path=/home/opal/public_html/wp-includes HTTP/1.1" 200 554245 "-" "Mozilla/5.0 (Linux; Android 6.0.1; Nexus 5X Build/MMB29P) AppleWebKit/537.36 (KHTML, like Gecko) Chrome/141.0.7390.122 Mobile Safari/537.36 (compatible; Googlebot/2.1; +http://www.google.com/bot.html)"
66.249.77.38 - - [04/Nov/2025:16:24:10 +0100] "GET /items/fzkef97/40579?key=arrest HTTP/1.1" 200 563267 "-" "Mozilla/5.0 (Linux; Android 6.0.1; Nexus 5X Build/MMB29P) AppleWebKit/537.36 (KHTML, like Gecko) Chrome/141.0.7390.122 Mobile Safari/537.36 (compatible; Googlebot/2.1; +http://www.google.com/bot.html)"
66.249.77.39 - - [04/Nov/2025:16:24:14 +0100] "GET /product/edit/m90821779542 HTTP/1.1" 200 556904 "-" "Mozilla/5.0 (Linux; Android 6.0.1; Nexus 5X Build/MMB29P) AppleWebKit/537.36 (KHTML, like Gecko) Chrome/141.0.7390.122 Mobile Safari/537.36 (compatible; Googlebot/2.1; +http://www.google.com/bot.html)"
66.249.77.39 - - [04/Nov/2025:16:24:42 +0100] "GET /items/zzlby156/5312?fileloc=/home/opal/public_html/wp-settings.php&path=/home/opal/public_html HTTP/1.1" 200 554820 "-" "Mozilla/5.0 (Linux; Android 6.0.1; Nexus 5X Build/MMB29P) AppleWebKit/537.36 (KHTML, like Gecko) Chrome/141.0.7390.122 Mobile Safari/537.36 (compatible; Googlebot/2.1; +http://www.google.com/bot.html)"
66.249.77.38 - - [04/Nov/2025:16:24:44 +0100] "GET /items/zzlby156/5312?fileloc=/home/opal/public_html/wp-comments-post.php&path=/home/opal/public_html HTTP/1.1" 200 552511 "-" "Mozilla/5.0 (Linux; Android 6.0.1; Nexus 5X Build/MMB29P) AppleWebKit/537.36 (KHTML, like Gecko) Chrome/141.0.7390.122 Mobile Safari/537.36 (compatible; Googlebot/2.1; +http://www.google.com/bot.html)"
66.249.77.39 - - [04/Nov/2025:16:24:58 +0100] "GET /pcmypage?callback=/product%2Fdetail%2m85261245685 HTTP/1.1" 200 552442 "-" "Mozilla/5.0 (Linux; Android 6.0.1; Nexus 5X Build/MMB29P) AppleWebKit/537.36 (KHTML, like Gecko) Chrome/141.0.7390.122 Mobile Safari/537.36 (compatible; Googlebot/2.1; +http://www.google.com/bot.html)"
66.249.77.40 - - [04/Nov/2025:16:25:00 +0100] "GET /fade136020779.html HTTP/1.1" 200 564662 "-" "Mozilla/5.0 (Linux; Android 6.0.1; Nexus 5X Build/MMB29P) AppleWebKit/537.36 (KHTML, like Gecko) Chrome/141.0.7390.122 Mobile Safari/537.36 (compatible; Googlebot/2.1; +http://www.google.com/bot.html)"
66.249.77.38 - - [04/Nov/2025:16:25:04 +0100] "GET /fail253010528.html HTTP/1.1" 200 553827 "-" "Mozilla/5.0 (Linux; Android 6.0.1; Nexus 5X Build/MMB29P) AppleWebKit/537.36 (KHTML, like Gecko) Chrome/141.0.7390.122 Mobile Safari/537.36 (compatible; Googlebot/2.1; +http://www.google.com/bot.html)"
66.249.77.38 - - [04/Nov/2025:16:25:13 +0100] "GET /Internet065005882.html?fileloc=/home/opal/public_html/readme.html&path=/home/opal/public_html HTTP/1.1" 200 557423 "-" "Mozilla/5.0 (Linux; Android 6.0.1; Nexus 5X Build/MMB29P) AppleWebKit/537.36 (KHTML, like Gecko) Chrome/141.0.7390.122 Mobile Safari/537.36 (compatible; Googlebot/2.1; +http://www.google.com/bot.html)"
66.249.77.38 - - [04/Nov/2025:16:25:15 +0100] "GET /Internet065005882.html?fileloc=/home/opal/public_html/google916c18c4aacb51d2.html&path=/home/opal/public_html HTTP/1.1" 200 557291 "-" "Mozilla/5.0 (Linux; Android 6.0.1; Nexus 5X Build/MMB29P) AppleWebKit/537.36 (KHTML, like Gecko) Chrome/141.0.7390.122 Mobile Safari/537.36 (compatible; Googlebot/2.1; +http://www.google.com/bot.html)"
66.249.77.38 - - [04/Nov/2025:16:25:17 +0100] "GET /diary081013198.html HTTP/1.1" 200 559917 "-" "Mozilla/5.0 (Linux; Android 6.0.1; Nexus 5X Build/MMB29P) AppleWebKit/537.36 (KHTML, like Gecko) Chrome/141.0.7390.122 Mobile Safari/537.36 (compatible; Googlebot/2.1; +http://www.google.com/bot.html)"
66.249.77.39 - - [04/Nov/2025:16:25:19 +0100] "GET /items/zzlby156/5312?fileloc=/home/opal/public_html/wp-login.php&path=/home/opal/public_html HTTP/1.1" 200 211375 "-" "Mozilla/5.0 (Linux; Android 6.0.1; Nexus 5X Build/MMB29P) AppleWebKit/537.36 (KHTML, like Gecko) Chrome/141.0.7390.122 Mobile Safari/537.36 (compatible; Googlebot/2.1; +http://www.google.com/bot.html)"
66.249.77.38 - - [04/Nov/2025:16:25:46 +0100] "GET /origin093037620.html HTTP/1.1" 200 559326 "-" "Mozilla/5.0 (Linux; Android 6.0.1; Nexus 5X Build/MMB29P) AppleWebKit/537.36 (KHTML, like Gecko) Chrome/141.0.7390.122 Mobile Safari/537.36 (compatible; Googlebot/2.1; +http://www.google.com/bot.html)"
66.249.77.38 - - [04/Nov/2025:16:25:48 +0100] "GET /pcmypage?callback=/product%2Fdetail%2m31173092605 HTTP/1.1" 200 568661 "-" "Mozilla/5.0 (Linux; Android 6.0.1; Nexus 5X Build/MMB29P) AppleWebKit/537.36 (KHTML, like Gecko) Chrome/141.0.7390.122 Mobile Safari/537.36 (compatible; Googlebot/2.1; +http://www.google.com/bot.html)"
66.249.77.39 - - [04/Nov/2025:16:26:04 +0100] "GET /245470296?detail=0244801806 HTTP/1.1" 200 548806 "-" "Mozilla/5.0 (Linux; Android 6.0.1; Nexus 5X Build/MMB29P) AppleWebKit/537.36 (KHTML, like Gecko) Chrome/141.0.7390.122 Mobile Safari/537.36 (compatible; GoogleOther)"
66.249.77.39 - - [04/Nov/2025:16:26:12 +0100] "GET /pcmypage?callback=/product%2Fdetail%2m43635631200 HTTP/1.1" 200 560038 "-" "Mozilla/5.0 (Linux; Android 6.0.1; Nexus 5X Build/MMB29P) AppleWebKit/537.36 (KHTML, like Gecko) Chrome/141.0.7390.122 Mobile Safari/537.36 (compatible; Googlebot/2.1; +http://www.google.com/bot.html)"
66.249.77.38 - - [04/Nov/2025:16:26:26 +0100] "GET /outline192031577.html HTTP/1.1" 200 568939 "-" "Mozilla/5.0 (Linux; Android 6.0.1; Nexus 5X Build/MMB29P) AppleWebKit/537.36 (KHTML, like Gecko) Chrome/141.0.7390.122 Mobile Safari/537.36 (compatible; Googlebot/2.1; +http://www.google.com/bot.html)"
66.249.77.38 - - [04/Nov/2025:16:26:33 +0100] "GET /rolling271039594.html?path=/home/opal/public_html/.well-known HTTP/1.1" 200 554846 "-" "Mozilla/5.0 (Linux; Android 6.0.1; Nexus 5X Build/MMB29P) AppleWebKit/537.36 (KHTML, like Gecko) Chrome/141.0.7390.122 Mobile Safari/537.36 (compatible; Googlebot/2.1; +http://www.google.com/bot.html)"
66.249.77.38 - - [04/Nov/2025:16:26:47 +0100] "GET /assumption099000502.html HTTP/1.1" 200 557237 "-" "Mozilla/5.0 (Linux; Android 6.0.1; Nexus 5X Build/MMB29P) AppleWebKit/537.36 (KHTML, like Gecko) Chrome/141.0.7390.122 Mobile Safari/537.36 (compatible; Googlebot/2.1; +http://www.google.com/bot.html)"
66.249.77.40 - - [04/Nov/2025:16:27:10 +0100] "GET /items/aacus285/40631?key=monkey HTTP/1.1" 200 552420 "-" "Mozilla/5.0 (Linux; Android 6.0.1; Nexus 5X Build/MMB29P) AppleWebKit/537.36 (KHTML, like Gecko) Chrome/141.0.7390.122 Mobile Safari/537.36 (compatible; Googlebot/2.1; +http://www.google.com/bot.html)"
66.249.77.38 - - [04/Nov/2025:16:27:18 +0100] "GET /items/odtcm130/33962?key=share HTTP/1.1" 200 553135 "-" "Mozilla/5.0 (Linux; Android 6.0.1; Nexus 5X Build/MMB29P) AppleWebKit/537.36 (KHTML, like Gecko) Chrome/141.0.7390.122 Mobile Safari/537.36 (compatible; Googlebot/2.1; +http://www.google.com/bot.html)"
66.249.77.39 - - [04/Nov/2025:16:27:21 +0100] "GET /items/zmpyd76/5454?key=weak HTTP/1.1" 200 557199 "-" "Mozilla/5.0 (Linux; Android 6.0.1; Nexus 5X Build/MMB29P) AppleWebKit/537.36 (KHTML, like Gecko) Chrome/141.0.7390.122 Mobile Safari/537.36 (compatible; Googlebot/2.1; +http://www.google.com/bot.html)"
66.249.77.38 - - [04/Nov/2025:16:27:31 +0100] "GET /items/pmilt265/20933?key=solve HTTP/1.1" 200 556350 "-" "Mozilla/5.0 (Linux; Android 6.0.1; Nexus 5X Build/MMB29P) AppleWebKit/537.36 (KHTML, like Gecko) Chrome/141.0.7390.122 Mobile Safari/537.36 (compatible; Googlebot/2.1; +http://www.google.com/bot.html)"
66.249.77.39 - - [04/Nov/2025:16:27:35 +0100] "GET /items/czimh55/4591?key=guideline HTTP/1.1" 200 551842 "-" "Mozilla/5.0 (Linux; Android 6.0.1; Nexus 5X Build/MMB29P) AppleWebKit/537.36 (KHTML, like Gecko) Chrome/141.0.7390.122 Mobile Safari/537.36 (compatible; Googlebot/2.1; +http://www.google.com/bot.html)"
66.249.77.39 - - [04/Nov/2025:16:28:01 +0100] "GET /items/zbrqb2/31192?key=inner HTTP/1.1" 200 565039 "-" "Mozilla/5.0 (Linux; Android 6.0.1; Nexus 5X Build/MMB29P) AppleWebKit/537.36 (KHTML, like Gecko) Chrome/141.0.7390.122 Mobile Safari/537.36 (compatible; Googlebot/2.1; +http://www.google.com/bot.html)"
66.249.77.38 - - [04/Nov/2025:16:28:04 +0100] "GET /product/edit/m85592862959?fileloc=/home/opal/public_html/mah.php&path=/home/opal/public_html HTTP/1.1" 200 551936 "-" "Mozilla/5.0 (Linux; Android 6.0.1; Nexus 5X Build/MMB29P) AppleWebKit/537.36 (KHTML, like Gecko) Chrome/141.0.7390.122 Mobile Safari/537.36 (compatible; Googlebot/2.1; +http://www.google.com/bot.html)"
66.249.77.39 - - [04/Nov/2025:16:28:06 +0100] "GET /product/edit/m85592862959?fileloc=/home/opal/public_html/product.php&path=/home/opal/public_html HTTP/1.1" 200 557301 "-" "Mozilla/5.0 (Linux; Android 6.0.1; Nexus 5X Build/MMB29P) AppleWebKit/537.36 (KHTML, like Gecko) Chrome/141.0.7390.122 Mobile Safari/537.36 (compatible; Googlebot/2.1; +http://www.google.com/bot.html)"
66.249.77.38 - - [04/Nov/2025:16:28:11 +0100] "GET /category/198_1667/1 HTTP/1.1" 200 552627 "-" "Mozilla/5.0 (Linux; Android 6.0.1; Nexus 5X Build/MMB29P) AppleWebKit/537.36 (KHTML, like Gecko) Chrome/141.0.7390.122 Mobile Safari/537.36 (compatible; Googlebot/2.1; +http://www.google.com/bot.html)"
66.249.77.40 - - [04/Nov/2025:16:30:05 +0100] "GET /continuing068020457.html HTTP/1.1" 200 204660 "-" "Mozilla/5.0 (Linux; Android 6.0.1; Nexus 5X Build/MMB29P) AppleWebKit/537.36 (KHTML, like Gecko) Chrome/141.0.7390.122 Mobile Safari/537.36 (compatible; Googlebot/2.1; +http://www.google.com/bot.html)"
66.249.77.39 - - [04/Nov/2025:16:30:11 +0100] "GET /resource/js/json/megadrop_2015new.json HTTP/1.1" 200 550608 "http://www.opalaesthetic.net/pcmypage?callback=/product%2Fdetail%2m41032860718" "Mozilla/5.0 (Linux; Android 6.0.1; Nexus 5X Build/MMB29P) AppleWebKit/537.36 (KHTML, like Gecko) Chrome/141.0.7390.122 Mobile Safari/537.36 (compatible; Googlebot/2.1; +http://www.google.com/bot.html)"
66.249.77.38 - - [04/Nov/2025:16:30:12 +0100] "GET /magnitude244036787.html HTTP/1.1" 200 551840 "-" "Mozilla/5.0 (Linux; Android 6.0.1; Nexus 5X Build/MMB29P) AppleWebKit/537.36 (KHTML, like Gecko) Chrome/141.0.7390.122 Mobile Safari/537.36 (compatible; Googlebot/2.1; +http://www.google.com/bot.html)"
66.249.77.38 - - [04/Nov/2025:16:30:16 +0100] "GET /province280038839.html?fileloc=/home/opal/public_html/error_log&path=/home/opal/public_html HTTP/1.1" 200 555827 "-" "Mozilla/5.0 (Linux; Android 6.0.1; Nexus 5X Build/MMB29P) AppleWebKit/537.36 (KHTML, like Gecko) Chrome/141.0.7390.122 Mobile Safari/537.36 (compatible; Googlebot/2.1; +http://www.google.com/bot.html)"
66.249.77.38 - - [04/Nov/2025:16:30:39 +0100] "GET /items/jxsob99/39833?key=quarterback HTTP/1.1" 200 566251 "-" "Mozilla/5.0 (Linux; Android 6.0.1; Nexus 5X Build/MMB29P) AppleWebKit/537.36 (KHTML, like Gecko) Chrome/141.0.7390.122 Mobile Safari/537.36 (compatible; Googlebot/2.1; +http://www.google.com/bot.html)"
66.249.77.38 - - [04/Nov/2025:16:31:13 +0100] "GET /83761126?detail=0083533262 HTTP/1.1" 200 558451 "-" "Mozilla/5.0 (Linux; Android 6.0.1; Nexus 5X Build/MMB29P) AppleWebKit/537.36 (KHTML, like Gecko) Chrome/141.0.7390.122 Mobile Safari/537.36 (compatible; Googlebot/2.1; +http://www.google.com/bot.html)"
185.77.217.59 - - [04/Nov/2025:16:31:19 +0100] "POST /xmlrpc.php HTTP/1.1" 403 76365 "-" "Mozilla/5.0 (Macintosh; Intel Mac OS X 12_5) AppleWebKit/537.36 (KHTML, like Gecko) Chrome/114.0.0.0 Safari/537.36"
66.249.77.38 - - [04/Nov/2025:16:31:19 +0100] "GET /pcmypage?callback=/product%2Fdetail%2m67898323376 HTTP/1.1" 200 557656 "-" "Mozilla/5.0 (Linux; Android 6.0.1; Nexus 5X Build/MMB29P) AppleWebKit/537.36 (KHTML, like Gecko) Chrome/141.0.7390.122 Mobile Safari/537.36 (compatible; Googlebot/2.1; +http://www.google.com/bot.html)"
185.77.217.59 - - [04/Nov/2025:16:31:21 +0100] "POST /xmlrpc.php HTTP/1.1" 403 76365 "-" "Mozilla/5.0 (Macintosh; Intel Mac OS X 12_5) AppleWebKit/537.36 (KHTML, like Gecko) Chrome/114.0.0.0 Safari/537.36"
66.249.77.38 - - [04/Nov/2025:16:31:23 +0100] "GET /regularly218031311.html HTTP/1.1" 200 558943 "-" "Mozilla/5.0 (Linux; Android 6.0.1; Nexus 5X Build/MMB29P) AppleWebKit/537.36 (KHTML, like Gecko) Chrome/141.0.7390.122 Mobile Safari/537.36 (compatible; Googlebot/2.1; +http://www.google.com/bot.html)"
185.77.217.59 - - [04/Nov/2025:16:31:23 +0100] "POST /xmlrpc.php HTTP/1.1" 403 76365 "-" "Mozilla/5.0 (Macintosh; Intel Mac OS X 12_5) AppleWebKit/537.36 (KHTML, like Gecko) Chrome/114.0.0.0 Safari/537.36"
185.77.217.59 - - [04/Nov/2025:16:31:26 +0100] "POST /xmlrpc.php HTTP/1.1" 403 76365 "-" "Mozilla/5.0 (Macintosh; Intel Mac OS X 12_5) AppleWebKit/537.36 (KHTML, like Gecko) Chrome/114.0.0.0 Safari/537.36"
185.77.217.59 - - [04/Nov/2025:16:31:29 +0100] "POST /xmlrpc.php HTTP/1.1" 403 73816 "-" "Mozilla/5.0 (Macintosh; Intel Mac OS X 12_5) AppleWebKit/537.36 (KHTML, like Gecko) Chrome/114.0.0.0 Safari/537.36"
66.249.77.40 - - [04/Nov/2025:16:31:31 +0100] "GET /pcmypage?callback=/product%2Fdetail%2m84426569130 HTTP/1.1" 200 561751 "-" "Mozilla/5.0 (Linux; Android 6.0.1; Nexus 5X Build/MMB29P) AppleWebKit/537.36 (KHTML, like Gecko) Chrome/141.0.7390.122 Mobile Safari/537.36 (compatible; Googlebot/2.1; +http://www.google.com/bot.html)"
185.77.217.59 - - [04/Nov/2025:16:31:32 +0100] "POST /xmlrpc.php HTTP/1.1" 403 76365 "-" "Mozilla/5.0 (Macintosh; Intel Mac OS X 12_5) AppleWebKit/537.36 (KHTML, like Gecko) Chrome/114.0.0.0 Safari/537.36"
66.249.77.39 - - [04/Nov/2025:16:31:33 +0100] "GET /151189976?detail=0150778382 HTTP/1.1" 200 556777 "-" "Mozilla/5.0 (Linux; Android 6.0.1; Nexus 5X Build/MMB29P) AppleWebKit/537.36 (KHTML, like Gecko) Chrome/141.0.7390.122 Mobile Safari/537.36 (compatible; Googlebot/2.1; +http://www.google.com/bot.html)"
185.77.217.59 - - [04/Nov/2025:16:31:34 +0100] "POST /xmlrpc.php HTTP/1.1" 403 76365 "-" "Mozilla/5.0 (Macintosh; Intel Mac OS X 12_5) AppleWebKit/537.36 (KHTML, like Gecko) Chrome/114.0.0.0 Safari/537.36"
185.77.217.59 - - [04/Nov/2025:16:31:38 +0100] "POST /xmlrpc.php HTTP/1.1" 403 76365 "-" "Mozilla/5.0 (Macintosh; Intel Mac OS X 12_5) AppleWebKit/537.36 (KHTML, like Gecko) Chrome/114.0.0.0 Safari/537.36"
185.77.217.59 - - [04/Nov/2025:16:31:40 +0100] "POST /xmlrpc.php HTTP/1.1" 403 76365 "-" "Mozilla/5.0 (Macintosh; Intel Mac OS X 12_5) AppleWebKit/537.36 (KHTML, like Gecko) Chrome/114.0.0.0 Safari/537.36"
66.249.77.41 - - [04/Nov/2025:16:31:47 +0100] "GET /mall015017588.html HTTP/1.1" 200 561397 "-" "Mozilla/5.0 (Linux; Android 6.0.1; Nexus 5X Build/MMB29P) AppleWebKit/537.36 (KHTML, like Gecko) Chrome/141.0.7390.122 Mobile Safari/537.36 (compatible; Googlebot/2.1; +http://www.google.com/bot.html)"
66.249.77.40 - - [04/Nov/2025:16:31:49 +0100] "GET /zhHant/product/surugaya/m87880311416?campaign_uid=f64d716db5e979ed2f947dbaf4296895b951ae7f HTTP/1.1" 200 204065 "-" "Mozilla/5.0 (Linux; Android 6.0.1; Nexus 5X Build/MMB29P) AppleWebKit/537.36 (KHTML, like Gecko) Chrome/141.0.7390.122 Mobile Safari/537.36 (compatible; Googlebot/2.1; +http://www.google.com/bot.html)"
66.249.77.38 - - [04/Nov/2025:16:31:57 +0100] "GET /calculation019018898.html HTTP/1.1" 200 552003 "-" "Mozilla/5.0 (Linux; Android 6.0.1; Nexus 5X Build/MMB29P) AppleWebKit/537.36 (KHTML, like Gecko) Chrome/141.0.7390.122 Mobile Safari/537.36 (compatible; Googlebot/2.1; +http://www.google.com/bot.html)"
66.249.77.39 - - [04/Nov/2025:16:32:04 +0100] "GET /trauma209023218.html HTTP/1.1" 200 562853 "-" "Mozilla/5.0 (Linux; Android 6.0.1; Nexus 5X Build/MMB29P) AppleWebKit/537.36 (KHTML, like Gecko) Chrome/141.0.7390.122 Mobile Safari/537.36 (compatible; Googlebot/2.1; +http://www.google.com/bot.html)"
66.249.77.39 - - [04/Nov/2025:16:32:08 +0100] "GET /abroad055007808.html HTTP/1.1" 200 553115 "-" "Mozilla/5.0 (Linux; Android 6.0.1; Nexus 5X Build/MMB29P) AppleWebKit/537.36 (KHTML, like Gecko) Chrome/141.0.7390.122 Mobile Safari/537.36 (compatible; Googlebot/2.1; +http://www.google.com/bot.html)"
66.249.77.39 - - [04/Nov/2025:16:32:12 +0100] "GET /ongoing128033531.html HTTP/1.1" 200 559899 "-" "Mozilla/5.0 (Linux; Android 6.0.1; Nexus 5X Build/MMB29P) AppleWebKit/537.36 (KHTML, like Gecko) Chrome/141.0.7390.122 Mobile Safari/537.36 (compatible; Googlebot/2.1; +http://www.google.com/bot.html)"
85.106.128.100 - - [04/Nov/2025:16:32:17 +0100] "GET /6.php HTTP/1.1" 403 76365 "-" "Mozilla/5.0 (Windows NT 10.0; Win64; x64)"
66.249.77.38 - - [04/Nov/2025:16:32:19 +0100] "GET /page048021915.html HTTP/1.1" 200 201676 "-" "Mozilla/5.0 (Linux; Android 6.0.1; Nexus 5X Build/MMB29P) AppleWebKit/537.36 (KHTML, like Gecko) Chrome/141.0.7390.122 Mobile Safari/537.36 (compatible; Googlebot/2.1; +http://www.google.com/bot.html)"
66.249.77.39 - - [04/Nov/2025:16:32:25 +0100] "GET /around234038907.html HTTP/1.1" 200 557275 "-" "Mozilla/5.0 (Linux; Android 6.0.1; Nexus 5X Build/MMB29P) AppleWebKit/537.36 (KHTML, like Gecko) Chrome/141.0.7390.122 Mobile Safari/537.36 (compatible; Googlebot/2.1; +http://www.google.com/bot.html)"
66.249.77.39 - - [04/Nov/2025:16:32:31 +0100] "GET /pcmypage?callback=/product%2Fdetail%2m22542523766 HTTP/1.1" 200 554606 "-" "Mozilla/5.0 (Linux; Android 6.0.1; Nexus 5X Build/MMB29P) AppleWebKit/537.36 (KHTML, like Gecko) Chrome/141.0.7390.122 Mobile Safari/537.36 (compatible; Googlebot/2.1; +http://www.google.com/bot.html)"
66.249.77.40 - - [04/Nov/2025:16:32:37 +0100] "GET /province280038839.html?path=/home/opal HTTP/1.1" 200 555978 "-" "Mozilla/5.0 (Linux; Android 6.0.1; Nexus 5X Build/MMB29P) AppleWebKit/537.36 (KHTML, like Gecko) Chrome/141.0.7390.122 Mobile Safari/537.36 (compatible; Googlebot/2.1; +http://www.google.com/bot.html)"
66.249.77.40 - - [04/Nov/2025:16:32:41 +0100] "GET /product/edit/m47586308546 HTTP/1.1" 200 566855 "-" "Mozilla/5.0 (Linux; Android 6.0.1; Nexus 5X Build/MMB29P) AppleWebKit/537.36 (KHTML, like Gecko) Chrome/141.0.7390.122 Mobile Safari/537.36 (compatible; Googlebot/2.1; +http://www.google.com/bot.html)"
85.106.128.100 - - [04/Nov/2025:16:32:42 +0100] "GET /6.php HTTP/1.1" 403 76365 "-" "Mozilla/5.0 (Windows NT 10.0; Win64; x64) AppleWebKit/537.36 (KHTML, like Gecko) Chrome/141.0.0.0 Safari/537.36"
66.249.77.40 - - [04/Nov/2025:16:32:44 +0100] "GET /province280038839.html?fileloc=/home/opal/public_html/.htaccess&path=/home/opal/public_html HTTP/1.1" 200 555808 "-" "Mozilla/5.0 (Linux; Android 6.0.1; Nexus 5X Build/MMB29P) AppleWebKit/537.36 (KHTML, like Gecko) Chrome/141.0.7390.122 Mobile Safari/537.36 (compatible; Googlebot/2.1; +http://www.google.com/bot.html)"
85.106.128.100 - - [04/Nov/2025:16:32:45 +0100] "GET /favicon.ico HTTP/1.1" 200 76365 "http://opalaesthetic.net/6.php" "Mozilla/5.0 (Windows NT 10.0; Win64; x64) AppleWebKit/537.36 (KHTML, like Gecko) Chrome/141.0.0.0 Safari/537.36"
66.249.77.40 - - [04/Nov/2025:16:32:51 +0100] "GET /province280038839.html?path=/home HTTP/1.1" 200 556073 "-" "Mozilla/5.0 (Linux; Android 6.0.1; Nexus 5X Build/MMB29P) AppleWebKit/537.36 (KHTML, like Gecko) Chrome/141.0.7390.122 Mobile Safari/537.36 (compatible; Googlebot/2.1; +http://www.google.com/bot.html)"
85.106.128.100 - - [04/Nov/2025:16:32:51 +0100] "GET /6.php?fileloc=/home/opal/public_html/index.php&path=/home/opal/public_html HTTP/1.1" 403 76365 "http://opalaesthetic.net/6.php" "Mozilla/5.0 (Windows NT 10.0; Win64; x64) AppleWebKit/537.36 (KHTML, like Gecko) Chrome/141.0.0.0 Safari/537.36"
85.106.128.100 - - [04/Nov/2025:16:32:54 +0100] "GET /favicon.ico HTTP/1.1" 200 76373 "http://opalaesthetic.net/6.php?fileloc=/home/opal/public_html/index.php&path=/home/opal/public_html" "Mozilla/5.0 (Windows NT 10.0; Win64; x64) AppleWebKit/537.36 (KHTML, like Gecko) Chrome/141.0.0.0 Safari/537.36"
66.249.77.39 - - [04/Nov/2025:16:32:55 +0100] "GET /province280038839.html?path=/home/opal/public_html/wp-content HTTP/1.1" 200 555834 "-" "Mozilla/5.0 (Linux; Android 6.0.1; Nexus 5X Build/MMB29P) AppleWebKit/537.36 (KHTML, like Gecko) Chrome/141.0.7390.122 Mobile Safari/537.36 (compatible; Googlebot/2.1; +http://www.google.com/bot.html)"
66.249.77.39 - - [04/Nov/2025:16:33:00 +0100] "GET /province280038839.html?path=/home/opal/public_html/.tmb HTTP/1.1" 200 555716 "-" "Mozilla/5.0 (Linux; Android 6.0.1; Nexus 5X Build/MMB29P) AppleWebKit/537.36 (KHTML, like Gecko) Chrome/141.0.7390.122 Mobile Safari/537.36 (compatible; Googlebot/2.1; +http://www.google.com/bot.html)"
66.249.77.39 - - [04/Nov/2025:16:33:04 +0100] "GET /province280038839.html?path=/home/opal/public_html/images HTTP/1.1" 200 555823 "-" "Mozilla/5.0 (Linux; Android 6.0.1; Nexus 5X Build/MMB29P) AppleWebKit/537.36 (KHTML, like Gecko) Chrome/141.0.7390.122 Mobile Safari/537.36 (compatible; Googlebot/2.1; +http://www.google.com/bot.html)"
66.249.77.38 - - [04/Nov/2025:16:33:06 +0100] "GET /?fileloc=//bin/chrt&path=//bin HTTP/1.1" 200 551248 "-" "Mozilla/5.0 (Linux; Android 6.0.1; Nexus 5X Build/MMB29P) AppleWebKit/537.36 (KHTML, like Gecko) Chrome/141.0.7390.122 Mobile Safari/537.36 (compatible; Googlebot/2.1; +http://www.google.com/bot.html)"
85.106.128.100 - - [04/Nov/2025:16:33:06 +0100] "GET /rzzaq.php HTTP/1.1" 403 76365 "-" "Mozilla/5.0 (Windows NT 10.0; Win64; x64) AppleWebKit/537.36 (KHTML, like Gecko) Chrome/141.0.0.0 Safari/537.36"
85.106.128.100 - - [04/Nov/2025:16:33:08 +0100] "GET /favicon.ico HTTP/1.1" 200 76365 "http://opalaesthetic.net/rzzaq.php" "Mozilla/5.0 (Windows NT 10.0; Win64; x64) AppleWebKit/537.36 (KHTML, like Gecko) Chrome/141.0.0.0 Safari/537.36"
66.249.77.38 - - [04/Nov/2025:16:33:18 +0100] "GET /province280038839.html?path=/home/opal/public_html/wp-admin HTTP/1.1" 200 555907 "-" "Mozilla/5.0 (Linux; Android 6.0.1; Nexus 5X Build/MMB29P) AppleWebKit/537.36 (KHTML, like Gecko) Chrome/141.0.7390.122 Mobile Safari/537.36 (compatible; Googlebot/2.1; +http://www.google.com/bot.html)"
85.106.128.100 - - [04/Nov/2025:16:33:24 +0100] "POST /rzzaq.php?pilihan&path=/home/opal/public_html HTTP/1.1" 403 76365 "http://opalaesthetic.net/rzzaq.php" "Mozilla/5.0 (Windows NT 10.0; Win64; x64) AppleWebKit/537.36 (KHTML, like Gecko) Chrome/141.0.0.0 Safari/537.36"
85.106.128.100 - - [04/Nov/2025:16:33:26 +0100] "GET /favicon.ico HTTP/1.1" 200 76365 "http://opalaesthetic.net/rzzaq.php?pilihan&path=/home/opal/public_html" "Mozilla/5.0 (Windows NT 10.0; Win64; x64) AppleWebKit/537.36 (KHTML, like Gecko) Chrome/141.0.0.0 Safari/537.36"
66.249.77.39 - - [04/Nov/2025:16:33:26 +0100] "GET /province280038839.html?path=/ HTTP/1.1" 200 203832 "-" "Mozilla/5.0 (Linux; Android 6.0.1; Nexus 5X Build/MMB29P) AppleWebKit/537.36 (KHTML, like Gecko) Chrome/141.0.7390.122 Mobile Safari/537.36 (compatible; Googlebot/2.1; +http://www.google.com/bot.html)"
85.106.128.100 - - [04/Nov/2025:16:33:32 +0100] "GET /rzzaq.php?fileloc=/home/opal/public_html/defaults.php&path=/home/opal/public_html HTTP/1.1" 403 76365 "http://opalaesthetic.net/rzzaq.php?pilihan&path=/home/opal/public_html" "Mozilla/5.0 (Windows NT 10.0; Win64; x64) AppleWebKit/537.36 (KHTML, like Gecko) Chrome/141.0.0.0 Safari/537.36"
66.249.77.40 - - [04/Nov/2025:16:33:33 +0100] "GET /province280038839.html?fileloc=/home/opal/public_html/index.php0&path=/home/opal/public_html HTTP/1.1" 200 555968 "-" "Mozilla/5.0 (Linux; Android 6.0.1; Nexus 5X Build/MMB29P) AppleWebKit/537.36 (KHTML, like Gecko) Chrome/141.0.7390.122 Mobile Safari/537.36 (compatible; Googlebot/2.1; +http://www.google.com/bot.html)"
85.106.128.100 - - [04/Nov/2025:16:33:34 +0100] "GET /favicon.ico HTTP/1.1" 200 76365 "http://opalaesthetic.net/rzzaq.php?fileloc=/home/opal/public_html/defaults.php&path=/home/opal/public_html" "Mozilla/5.0 (Windows NT 10.0; Win64; x64) AppleWebKit/537.36 (KHTML, like Gecko) Chrome/141.0.0.0 Safari/537.36"
66.249.77.38 - - [04/Nov/2025:16:33:41 +0100] "GET /province280038839.html?path=/home/opal/public_html/wp-includes HTTP/1.1" 200 555712 "-" "Mozilla/5.0 (Linux; Android 6.0.1; Nexus 5X Build/MMB29P) AppleWebKit/537.36 (KHTML, like Gecko) Chrome/141.0.7390.122 Mobile Safari/537.36 (compatible; Googlebot/2.1; +http://www.google.com/bot.html)"
66.249.77.39 - - [04/Nov/2025:16:33:46 +0100] "GET /resource/js/json/megadrop_2015new.json HTTP/1.1" 200 550451 "http://www.opalaesthetic.net/smoke080000707.html" "Mozilla/5.0 (Linux; Android 6.0.1; Nexus 5X Build/MMB29P) AppleWebKit/537.36 (KHTML, like Gecko) Chrome/141.0.7390.122 Mobile Safari/537.36 (compatible; Googlebot/2.1; +http://www.google.com/bot.html)"
66.249.77.40 - - [04/Nov/2025:16:33:54 +0100] "GET /150473528?detail=0150063886 HTTP/1.1" 200 204334 "-" "Mozilla/5.0 (Linux; Android 6.0.1; Nexus 5X Build/MMB29P) AppleWebKit/537.36 (KHTML, like Gecko) Chrome/141.0.7390.122 Mobile Safari/537.36 (compatible; Googlebot/2.1; +http://www.google.com/bot.html)"
66.249.77.38 - - [04/Nov/2025:16:34:02 +0100] "GET /country259013042.html HTTP/1.1" 200 556501 "-" "Mozilla/5.0 (Linux; Android 6.0.1; Nexus 5X Build/MMB29P) AppleWebKit/537.36 (KHTML, like Gecko) Chrome/141.0.7390.122 Mobile Safari/537.36 (compatible; Googlebot/2.1; +http://www.google.com/bot.html)"
66.249.77.39 - - [04/Nov/2025:16:34:11 +0100] "GET /resource/js/json/megadrop_2015new.json HTTP/1.1" 200 550701 "http://www.opalaesthetic.net/150473528?detail=0150063886" "Mozilla/5.0 AppleWebKit/537.36 (KHTML, like Gecko; compatible; Googlebot/2.1; +http://www.google.com/bot.html) Chrome/141.0.7390.122 Safari/537.36"
66.249.77.38 - - [04/Nov/2025:16:34:13 +0100] "GET /tooth293031586.html HTTP/1.1" 200 553263 "-" "Mozilla/5.0 (Linux; Android 6.0.1; Nexus 5X Build/MMB29P) AppleWebKit/537.36 (KHTML, like Gecko) Chrome/141.0.7390.122 Mobile Safari/537.36 (compatible; Googlebot/2.1; +http://www.google.com/bot.html)"
66.249.77.38 - - [04/Nov/2025:16:34:19 +0100] "GET /regulate037020936.html HTTP/1.1" 200 202453 "-" "Mozilla/5.0 (Linux; Android 6.0.1; Nexus 5X Build/MMB29P) AppleWebKit/537.36 (KHTML, like Gecko) Chrome/141.0.7390.122 Mobile Safari/537.36 (compatible; Googlebot/2.1; +http://www.google.com/bot.html)"
66.249.77.39 - - [04/Nov/2025:16:34:23 +0100] "GET /pcmypage?callback=/product%2Fdetail%2m31356649779 HTTP/1.1" 200 570375 "-" "Mozilla/5.0 (Linux; Android 6.0.1; Nexus 5X Build/MMB29P) AppleWebKit/537.36 (KHTML, like Gecko) Chrome/141.0.7390.122 Mobile Safari/537.36 (compatible; Googlebot/2.1; +http://www.google.com/bot.html)"
66.249.77.38 - - [04/Nov/2025:16:34:26 +0100] "GET /dining232009979.html HTTP/1.1" 200 557278 "-" "Mozilla/5.0 (Linux; Android 6.0.1; Nexus 5X Build/MMB29P) AppleWebKit/537.36 (KHTML, like Gecko) Chrome/141.0.7390.122 Mobile Safari/537.36 (compatible; Googlebot/2.1; +http://www.google.com/bot.html)"
66.249.77.38 - - [04/Nov/2025:16:34:32 +0100] "GET /pcmypage?callback=/product%2Fdetail%2m50543948076 HTTP/1.1" 200 562850 "-" "Mozilla/5.0 (Linux; Android 6.0.1; Nexus 5X Build/MMB29P) AppleWebKit/537.36 (KHTML, like Gecko) Chrome/141.0.7390.122 Mobile Safari/537.36 (compatible; Googlebot/2.1; +http://www.google.com/bot.html)"
66.249.77.40 - - [04/Nov/2025:16:34:36 +0100] "GET /apple253007860.html HTTP/1.1" 200 558349 "-" "Mozilla/5.0 (Linux; Android 6.0.1; Nexus 5X Build/MMB29P) AppleWebKit/537.36 (KHTML, like Gecko) Chrome/141.0.7390.122 Mobile Safari/537.36 (compatible; Googlebot/2.1; +http://www.google.com/bot.html)"
66.249.77.38 - - [04/Nov/2025:16:34:40 +0100] "GET /pcmypage?callback=/product%2Fdetail%2m62206134468 HTTP/1.1" 200 553834 "-" "Mozilla/5.0 (Linux; Android 6.0.1; Nexus 5X Build/MMB29P) AppleWebKit/537.36 (KHTML, like Gecko) Chrome/141.0.7390.122 Mobile Safari/537.36 (compatible; Googlebot/2.1; +http://www.google.com/bot.html)"
66.249.77.38 - - [04/Nov/2025:16:34:41 +0100] "GET /items/ekiuy22/21704?fileloc=/home/opal/public_html/pages.php?e/15/ HTTP/1.1" 200 558032 "-" "Mozilla/5.0 (Linux; Android 6.0.1; Nexus 5X Build/MMB29P) AppleWebKit/537.36 (KHTML, like Gecko) Chrome/141.0.7390.122 Mobile Safari/537.36 (compatible; Googlebot/2.1; +http://www.google.com/bot.html)"
66.249.77.39 - - [04/Nov/2025:16:34:48 +0100] "GET /pcmypage?callback=/product%2Fdetail%2m21212491885 HTTP/1.1" 200 552582 "-" "Mozilla/5.0 (Linux; Android 6.0.1; Nexus 5X Build/MMB29P) AppleWebKit/537.36 (KHTML, like Gecko) Chrome/141.0.7390.122 Mobile Safari/537.36 (compatible; Googlebot/2.1; +http://www.google.com/bot.html)"
66.249.77.42 - - [04/Nov/2025:16:34:54 +0100] "GET /outline015031764.html HTTP/1.1" 200 568578 "-" "Mozilla/5.0 (Linux; Android 6.0.1; Nexus 5X Build/MMB29P) AppleWebKit/537.36 (KHTML, like Gecko) Chrome/141.0.7390.122 Mobile Safari/537.36 (compatible; Googlebot/2.1; +http://www.google.com/bot.html)"
66.249.77.38 - - [04/Nov/2025:16:35:01 +0100] "GET /palm300032833.html HTTP/1.1" 200 549319 "-" "Mozilla/5.0 (Linux; Android 6.0.1; Nexus 5X Build/MMB29P) AppleWebKit/537.36 (KHTML, like Gecko) Chrome/141.0.7390.122 Mobile Safari/537.36 (compatible; Googlebot/2.1; +http://www.google.com/bot.html)"
66.249.77.38 - - [04/Nov/2025:16:35:07 +0100] "GET /resource/js/json/megadrop_2015new.json HTTP/1.1" 200 202887 "http://www.opalaesthetic.net/columnist244036787.html?fileloc=/home/opal/public_html/wp-blog-header.php&path=/home/opal/public_html" "Mozilla/5.0 (Linux; Android 6.0.1; Nexus 5X Build/MMB29P) AppleWebKit/537.36 (KHTML, like Gecko) Chrome/141.0.7390.122 Mobile Safari/537.36 (compatible; Googlebot/2.1; +http://www.google.com/bot.html)"
66.249.77.39 - - [04/Nov/2025:16:35:09 +0100] "GET /administrator026000673.html HTTP/1.1" 200 553307 "-" "Mozilla/5.0 (Linux; Android 6.0.1; Nexus 5X Build/MMB29P) AppleWebKit/537.36 (KHTML, like Gecko) Chrome/141.0.7390.122 Mobile Safari/537.36 (compatible; Googlebot/2.1; +http://www.google.com/bot.html)"
66.249.77.39 - - [04/Nov/2025:16:35:17 +0100] "GET /waste300028791.html HTTP/1.1" 200 556367 "-" "Mozilla/5.0 (Linux; Android 6.0.1; Nexus 5X Build/MMB29P) AppleWebKit/537.36 (KHTML, like Gecko) Chrome/141.0.7390.122 Mobile Safari/537.36 (compatible; Googlebot/2.1; +http://www.google.com/bot.html)"
66.249.77.38 - - [04/Nov/2025:16:35:24 +0100] "GET /150466711?detail=0150057086 HTTP/1.1" 200 202475 "-" "Mozilla/5.0 (Linux; Android 6.0.1; Nexus 5X Build/MMB29P) AppleWebKit/537.36 (KHTML, like Gecko) Chrome/141.0.7390.122 Mobile Safari/537.36 (compatible; Googlebot/2.1; +http://www.google.com/bot.html)"
66.249.77.39 - - [04/Nov/2025:16:35:30 +0100] "GET /recording037013752.html?fileloc=/home/opal/public_html/xmlrpc.php&path=/home/opal/public_html HTTP/1.1" 200 555823 "-" "Mozilla/5.0 (Linux; Android 6.0.1; Nexus 5X Build/MMB29P) AppleWebKit/537.36 (KHTML, like Gecko) Chrome/141.0.7390.122 Mobile Safari/537.36 (compatible; Googlebot/2.1; +http://www.google.com/bot.html)"
66.249.77.38 - - [04/Nov/2025:16:35:35 +0100] "GET /pcmypage?callback=/product%2Fdetail%2m60882191825 HTTP/1.1" 200 552214 "-" "Mozilla/5.0 (Linux; Android 6.0.1; Nexus 5X Build/MMB29P) AppleWebKit/537.36 (KHTML, like Gecko) Chrome/141.0.7390.122 Mobile Safari/537.36 (compatible; Googlebot/2.1; +http://www.google.com/bot.html)"
66.249.77.38 - - [04/Nov/2025:16:35:45 +0100] "GET /items/ztdxm167/11953?key=early HTTP/1.1" 200 553540 "-" "Mozilla/5.0 (Linux; Android 6.0.1; Nexus 5X Build/MMB29P) AppleWebKit/537.36 (KHTML, like Gecko) Chrome/141.0.7390.122 Mobile Safari/537.36 (compatible; Googlebot/2.1; +http://www.google.com/bot.html)"
66.249.77.38 - - [04/Nov/2025:16:35:47 +0100] "GET /target229013728.html HTTP/1.1" 200 550442 "-" "Mozilla/5.0 (Linux; Android 6.0.1; Nexus 5X Build/MMB29P) AppleWebKit/537.36 (KHTML, like Gecko) Chrome/141.0.7390.122 Mobile Safari/537.36 (compatible; Googlebot/2.1; +http://www.google.com/bot.html)"
66.249.77.38 - - [04/Nov/2025:16:35:51 +0100] "GET /pcmypage?callback=/product%2Fdetail%2m51470793212 HTTP/1.1" 200 553824 "-" "Mozilla/5.0 (Linux; Android 6.0.1; Nexus 5X Build/MMB29P) AppleWebKit/537.36 (KHTML, like Gecko) Chrome/141.0.7390.122 Mobile Safari/537.36 (compatible; Googlebot/2.1; +http://www.google.com/bot.html)"
66.249.77.38 - - [04/Nov/2025:16:36:01 +0100] "GET /scientist272044003.html HTTP/1.1" 200 553410 "-" "Mozilla/5.0 (Linux; Android 6.0.1; Nexus 5X Build/MMB29P) AppleWebKit/537.36 (KHTML, like Gecko) Chrome/141.0.7390.122 Mobile Safari/537.36 (compatible; Googlebot/2.1; +http://www.google.com/bot.html)"
66.249.77.38 - - [04/Nov/2025:16:36:06 +0100] "GET /items/ekiuy22/21704?fileloc=/home/opal/public_html/pages.php?e/34/ HTTP/1.1" 200 557308 "-" "Mozilla/5.0 (Linux; Android 6.0.1; Nexus 5X Build/MMB29P) AppleWebKit/537.36 (KHTML, like Gecko) Chrome/141.0.7390.122 Mobile Safari/537.36 (compatible; Googlebot/2.1; +http://www.google.com/bot.html)"
66.249.77.39 - - [04/Nov/2025:16:36:08 +0100] "GET /?fileloc=/home/opal/public_html/wp-admin/css/list-tables.css&path=/home/opal/public_html/wp-admin/css HTTP/1.1" 200 552400 "-" "Mozilla/5.0 (Linux; Android 6.0.1; Nexus 5X Build/MMB29P) AppleWebKit/537.36 (KHTML, like Gecko) Chrome/141.0.7390.122 Mobile Safari/537.36 (compatible; Googlebot/2.1; +http://www.google.com/bot.html)"
66.249.77.38 - - [04/Nov/2025:16:36:13 +0100] "GET /?fileloc=//bin/sdiff&path=//bin HTTP/1.1" 200 204800 "-" "Mozilla/5.0 (Linux; Android 6.0.1; Nexus 5X Build/MMB29P) AppleWebKit/537.36 (KHTML, like Gecko) Chrome/141.0.7390.122 Mobile Safari/537.36 (compatible; Googlebot/2.1; +http://www.google.com/bot.html)"
66.249.77.38 - - [04/Nov/2025:16:36:21 +0100] "GET /?fileloc=//sbin/cracklib-check&path=//sbin HTTP/1.1" 200 551264 "-" "Mozilla/5.0 (Linux; Android 6.0.1; Nexus 5X Build/MMB29P) AppleWebKit/537.36 (KHTML, like Gecko) Chrome/141.0.7390.122 Mobile Safari/537.36 (compatible; Googlebot/2.1; +http://www.google.com/bot.html)"
66.249.77.38 - - [04/Nov/2025:16:36:25 +0100] "GET /?fileloc=//sbin/cloudlinux-selector&path=//sbin HTTP/1.1" 200 203036 "-" "Mozilla/5.0 (Linux; Android 6.0.1; Nexus 5X Build/MMB29P) AppleWebKit/537.36 (KHTML, like Gecko) Chrome/141.0.7390.122 Mobile Safari/537.36 (compatible; Googlebot/2.1; +http://www.google.com/bot.html)"
66.249.77.38 - - [04/Nov/2025:16:36:29 +0100] "GET /?fileloc=/home/opal/public_html/wp-admin/css/common-rtl.css&path=/home/opal/public_html/wp-admin/css HTTP/1.1" 200 207993 "-" "Mozilla/5.0 (Linux; Android 6.0.1; Nexus 5X Build/MMB29P) AppleWebKit/537.36 (KHTML, like Gecko) Chrome/141.0.7390.122 Mobile Safari/537.36 (compatible; Googlebot/2.1; +http://www.google.com/bot.html)"
66.249.77.40 - - [04/Nov/2025:16:36:35 +0100] "GET /?fileloc=/home/opal/public_html/wp-admin/options-writing.php&path=/home/opal/public_html/wp-admin HTTP/1.1" 200 564577 "-" "Mozilla/5.0 (Linux; Android 6.0.1; Nexus 5X Build/MMB29P) AppleWebKit/537.36 (KHTML, like Gecko) Chrome/141.0.7390.122 Mobile Safari/537.36 (compatible; Googlebot/2.1; +http://www.google.com/bot.html)"
66.249.77.39 - - [04/Nov/2025:16:36:51 +0100] "GET /?fileloc=//bin/pkill&path=//bin HTTP/1.1" 200 551766 "-" "Mozilla/5.0 (Linux; Android 6.0.1; Nexus 5X Build/MMB29P) AppleWebKit/537.36 (KHTML, like Gecko) Chrome/141.0.7390.122 Mobile Safari/537.36 (compatible; Googlebot/2.1; +http://www.google.com/bot.html)"
66.249.77.39 - - [04/Nov/2025:16:37:01 +0100] "GET /?fileloc=//bin/skill&path=//bin HTTP/1.1" 200 550851 "-" "Mozilla/5.0 (Linux; Android 6.0.1; Nexus 5X Build/MMB29P) AppleWebKit/537.36 (KHTML, like Gecko) Chrome/141.0.7390.122 Mobile Safari/537.36 (compatible; Googlebot/2.1; +http://www.google.com/bot.html)"
66.249.77.38 - - [04/Nov/2025:16:37:07 +0100] "GET /?fileloc=//bin/logname&path=//bin HTTP/1.1" 200 570002 "-" "Mozilla/5.0 (Linux; Android 6.0.1; Nexus 5X Build/MMB29P) AppleWebKit/537.36 (KHTML, like Gecko) Chrome/141.0.7390.122 Mobile Safari/537.36 (compatible; Googlebot/2.1; +http://www.google.com/bot.html)"
66.249.77.38 - - [04/Nov/2025:16:37:11 +0100] "GET /?fileloc=//bin/bzip2&path=//bin HTTP/1.1" 200 550040 "-" "Mozilla/5.0 (Linux; Android 6.0.1; Nexus 5X Build/MMB29P) AppleWebKit/537.36 (KHTML, like Gecko) Chrome/141.0.7390.122 Mobile Safari/537.36 (compatible; Googlebot/2.1; +http://www.google.com/bot.html)"
66.249.77.39 - - [04/Nov/2025:16:37:17 +0100] "GET /?fileloc=//bin/python3.6m&path=//bin HTTP/1.1" 200 204468 "-" "Mozilla/5.0 (Linux; Android 6.0.1; Nexus 5X Build/MMB29P) AppleWebKit/537.36 (KHTML, like Gecko) Chrome/141.0.7390.122 Mobile Safari/537.36 (compatible; Googlebot/2.1; +http://www.google.com/bot.html)"
66.249.77.38 - - [04/Nov/2025:16:37:19 +0100] "GET /resource/js/json/megadrop_2015new.json HTTP/1.1" 200 550706 "http://www.opalaesthetic.net/store199029326.html" "Mozilla/5.0 (Linux; Android 6.0.1; Nexus 5X Build/MMB29P) AppleWebKit/537.36 (KHTML, like Gecko) Chrome/141.0.7390.122 Mobile Safari/537.36 (compatible; Googlebot/2.1; +http://www.google.com/bot.html)"
66.249.77.40 - - [04/Nov/2025:16:37:26 +0100] "GET /?fileloc=//bin/mknod&path=//bin HTTP/1.1" 200 557407 "-" "Mozilla/5.0 (Linux; Android 6.0.1; Nexus 5X Build/MMB29P) AppleWebKit/537.36 (KHTML, like Gecko) Chrome/141.0.7390.122 Mobile Safari/537.36 (compatible; Googlebot/2.1; +http://www.google.com/bot.html)"
66.249.77.39 - - [04/Nov/2025:16:37:30 +0100] "GET /product/edit/m48739740717 HTTP/1.1" 200 204565 "-" "Mozilla/5.0 (Linux; Android 6.0.1; Nexus 5X Build/MMB29P) AppleWebKit/537.36 (KHTML, like Gecko) Chrome/141.0.7390.122 Mobile Safari/537.36 (compatible; Googlebot/2.1; +http://www.google.com/bot.html)"
66.249.77.38 - - [04/Nov/2025:16:37:41 +0100] "GET /items/bhlrk89/30159?key=relief HTTP/1.1" 200 549929 "-" "Mozilla/5.0 (Linux; Android 6.0.1; Nexus 5X Build/MMB29P) AppleWebKit/537.36 (KHTML, like Gecko) Chrome/141.0.7390.122 Mobile Safari/537.36 (compatible; Googlebot/2.1; +http://www.google.com/bot.html)"
66.249.77.41 - - [04/Nov/2025:16:37:46 +0100] "GET /items/hckco149/9603?key=rib HTTP/1.1" 200 552553 "-" "Mozilla/5.0 (Linux; Android 6.0.1; Nexus 5X Build/MMB29P) AppleWebKit/537.36 (KHTML, like Gecko) Chrome/141.0.7390.122 Mobile Safari/537.36 (compatible; Googlebot/2.1; +http://www.google.com/bot.html)"
66.249.77.41 - - [04/Nov/2025:16:37:51 +0100] "GET /product/edit/m90858890876 HTTP/1.1" 200 551122 "-" "Mozilla/5.0 (Linux; Android 6.0.1; Nexus 5X Build/MMB29P) AppleWebKit/537.36 (KHTML, like Gecko) Chrome/141.0.7390.122 Mobile Safari/537.36 (compatible; Googlebot/2.1; +http://www.google.com/bot.html)"
66.249.77.41 - - [04/Nov/2025:16:37:55 +0100] "GET /items/hivly127/17739?key=entrance HTTP/1.1" 200 204448 "-" "Mozilla/5.0 (Linux; Android 6.0.1; Nexus 5X Build/MMB29P) AppleWebKit/537.36 (KHTML, like Gecko) Chrome/141.0.7390.122 Mobile Safari/537.36 (compatible; Googlebot/2.1; +http://www.google.com/bot.html)"
66.249.77.38 - - [04/Nov/2025:16:37:57 +0100] "GET /items/susyh177/9051?key=honestly HTTP/1.1" 200 552610 "-" "Mozilla/5.0 (Linux; Android 6.0.1; Nexus 5X Build/MMB29P) AppleWebKit/537.36 (KHTML, like Gecko) Chrome/141.0.7390.122 Mobile Safari/537.36 (compatible; Googlebot/2.1; +http://www.google.com/bot.html)"
66.249.77.38 - - [04/Nov/2025:16:38:03 +0100] "GET /items/kxnxg54/13352?key=profit HTTP/1.1" 200 560325 "-" "Mozilla/5.0 (Linux; Android 6.0.1; Nexus 5X Build/MMB29P) AppleWebKit/537.36 (KHTML, like Gecko) Chrome/141.0.7390.122 Mobile Safari/537.36 (compatible; Googlebot/2.1; +http://www.google.com/bot.html)"
66.249.77.40 - - [04/Nov/2025:16:38:11 +0100] "GET /items/ekiuy22/21704?fileloc=/home/opal/public_html/pages.php?f/laminate/laminate00/ HTTP/1.1" 200 562399 "-" "Mozilla/5.0 (Linux; Android 6.0.1; Nexus 5X Build/MMB29P) AppleWebKit/537.36 (KHTML, like Gecko) Chrome/141.0.7390.122 Mobile Safari/537.36 (compatible; Googlebot/2.1; +http://www.google.com/bot.html)"
66.249.77.38 - - [04/Nov/2025:16:38:13 +0100] "GET /items/ikvyn93/16503?key=undermine HTTP/1.1" 200 564615 "-" "Mozilla/5.0 (Linux; Android 6.0.1; Nexus 5X Build/MMB29P) AppleWebKit/537.36 (KHTML, like Gecko) Chrome/141.0.7390.122 Mobile Safari/537.36 (compatible; Googlebot/2.1; +http://www.google.com/bot.html)"
66.249.77.38 - - [04/Nov/2025:16:38:19 +0100] "GET /product/edit/m83386071701 HTTP/1.1" 200 203109 "-" "Mozilla/5.0 (Linux; Android 6.0.1; Nexus 5X Build/MMB29P) AppleWebKit/537.36 (KHTML, like Gecko) Chrome/141.0.7390.122 Mobile Safari/537.36 (compatible; Googlebot/2.1; +http://www.google.com/bot.html)"
66.249.77.39 - - [04/Nov/2025:16:38:24 +0100] "GET /product/edit/m94183904368 HTTP/1.1" 200 559744 "-" "Mozilla/5.0 (Linux; Android 6.0.1; Nexus 5X Build/MMB29P) AppleWebKit/537.36 (KHTML, like Gecko) Chrome/141.0.7390.122 Mobile Safari/537.36 (compatible; Googlebot/2.1; +http://www.google.com/bot.html)"
66.249.77.38 - - [04/Nov/2025:16:38:26 +0100] "GET /resource/js/json/megadrop_2015new.json HTTP/1.1" 200 550853 "http://www.opalaesthetic.net/22462983?detail=0022402142" "Mozilla/5.0 (Linux; Android 6.0.1; Nexus 5X Build/MMB29P) AppleWebKit/537.36 (KHTML, like Gecko) Chrome/141.0.7390.122 Mobile Safari/537.36 (compatible; Googlebot/2.1; +http://www.google.com/bot.html)"
66.249.77.38 - - [04/Nov/2025:16:38:27 +0100] "GET /product/edit/m49009143883 HTTP/1.1" 200 212358 "-" "Mozilla/5.0 (Linux; Android 6.0.1; Nexus 5X Build/MMB29P) AppleWebKit/537.36 (KHTML, like Gecko) Chrome/141.0.7390.122 Mobile Safari/537.36 (compatible; Googlebot/2.1; +http://www.google.com/bot.html)"
66.249.77.39 - - [04/Nov/2025:16:38:32 +0100] "GET /items/eyjae185/1989?key=instructor HTTP/1.1" 200 558894 "-" "Mozilla/5.0 (Linux; Android 6.0.1; Nexus 5X Build/MMB29P) AppleWebKit/537.36 (KHTML, like Gecko) Chrome/141.0.7390.122 Mobile Safari/537.36 (compatible; Googlebot/2.1; +http://www.google.com/bot.html)"
66.249.77.38 - - [04/Nov/2025:16:38:43 +0100] "GET /items/blris139/34841?key=projection HTTP/1.1" 200 203791 "-" "Mozilla/5.0 (Linux; Android 6.0.1; Nexus 5X Build/MMB29P) AppleWebKit/537.36 (KHTML, like Gecko) Chrome/141.0.7390.122 Mobile Safari/537.36 (compatible; Googlebot/2.1; +http://www.google.com/bot.html)"
66.249.77.41 - - [04/Nov/2025:16:38:48 +0100] "GET /items/npxeq284/11798?key=like HTTP/1.1" 200 204408 "-" "Mozilla/5.0 (Linux; Android 6.0.1; Nexus 5X Build/MMB29P) AppleWebKit/537.36 (KHTML, like Gecko) Chrome/141.0.7390.122 Mobile Safari/537.36 (compatible; Googlebot/2.1; +http://www.google.com/bot.html)"
