88.99.211.170 - - [04/Nov/2025:15:09:01 +0100] "GET /.well-known/acme-challenge/9GFRNFCM9R_QP9Q-U-885ZLD-BU2ZZOK HTTP/1.1" 200 64 "-" "Cpanel-HTTP-Client/1.0"
66.249.77.38 - - [04/Nov/2025:15:09:29 +0100] "GET /151197919?detail=0150786302 HTTP/1.1" 200 549330 "-" "Mozilla/5.0 (Linux; Android 6.0.1; Nexus 5X Build/MMB29P) AppleWebKit/537.36 (KHTML, like Gecko) Chrome/141.0.7390.122 Mobile Safari/537.36 (compatible; Googlebot/2.1; +http://www.google.com/bot.html)"
49.51.132.100 - - [04/Nov/2025:15:10:30 +0100] "GET /?fileloc=/home/opal/public_html/images/toggige-arrow.jpg&path=/home/opal/public_html/images HTTP/1.1" 200 41413 "-" "Mozilla/5.0 (iPhone; CPU iPhone OS 13_2_3 like Mac OS X) AppleWebKit/605.1.15 (KHTML, like Gecko) Version/13.0.3 Mobile/15E148 Safari/604.1"
66.249.76.170 - - [04/Nov/2025:15:11:37 +0100] "GET /zhHant/product/surugaya/m22873882149?campaign_uid=f64d716db5e979ed2f947dbaf4296895b951ae7f HTTP/1.1" 200 553281 "-" "Mozilla/5.0 (Linux; Android 6.0.1; Nexus 5X Build/MMB29P) AppleWebKit/537.36 (KHTML, like Gecko) Chrome/141.0.7390.122 Mobile Safari/537.36 (compatible; Googlebot/2.1; +http://www.google.com/bot.html)"
66.249.77.38 - - [04/Nov/2025:15:12:58 +0100] "GET /pcmypage?callback=/product%2Fdetail%2m99724674362 HTTP/1.1" 200 570892 "-" "Mozilla/5.0 (Linux; Android 6.0.1; Nexus 5X Build/MMB29P) AppleWebKit/537.36 (KHTML, like Gecko) Chrome/141.0.7390.122 Mobile Safari/537.36 (compatible; Googlebot/2.1; +http://www.google.com/bot.html)"
66.249.76.160 - - [04/Nov/2025:15:13:01 +0100] "GET /category/130_182/1 HTTP/1.1" 200 550732 "-" "Mozilla/5.0 (Linux; Android 6.0.1; Nexus 5X Build/MMB29P) AppleWebKit/537.36 (KHTML, like Gecko) Chrome/141.0.7390.122 Mobile Safari/537.36 (compatible; Googlebot/2.1; +http://www.google.com/bot.html)"
66.249.77.38 - - [04/Nov/2025:15:14:22 +0100] "GET /product/edit/m74439532167 HTTP/1.1" 200 556107 "-" "Mozilla/5.0 (Linux; Android 6.0.1; Nexus 5X Build/MMB29P) AppleWebKit/537.36 (KHTML, like Gecko) Chrome/141.0.7390.122 Mobile Safari/537.36 (compatible; Googlebot/2.1; +http://www.google.com/bot.html)"
66.249.77.39 - - [04/Nov/2025:15:14:56 +0100] "GET /province280038839.html?path=/home/opal/public_html/.well-known HTTP/1.1" 200 555764 "-" "Mozilla/5.0 (Linux; Android 6.0.1; Nexus 5X Build/MMB29P) AppleWebKit/537.36 (KHTML, like Gecko) Chrome/141.0.7390.122 Mobile Safari/537.36 (compatible; Googlebot/2.1; +http://www.google.com/bot.html)"
66.249.77.38 - - [04/Nov/2025:15:16:28 +0100] "GET /items/ekiuy22/21704?fileloc=/home/opal/public_html/pages.php?e/25/ HTTP/1.1" 200 563859 "-" "Mozilla/5.0 (Linux; Android 6.0.1; Nexus 5X Build/MMB29P) AppleWebKit/537.36 (KHTML, like Gecko) Chrome/141.0.7390.122 Mobile Safari/537.36 (compatible; Googlebot/2.1; +http://www.google.com/bot.html)"
124.156.157.91 - - [04/Nov/2025:15:18:07 +0100] "GET /?path=/home/opal/public_html/images/images HTTP/1.1" 200 21388 "-" "Mozilla/5.0 (iPhone; CPU iPhone OS 13_2_3 like Mac OS X) AppleWebKit/605.1.15 (KHTML, like Gecko) Version/13.0.3 Mobile/15E148 Safari/604.1"
66.249.77.39 - - [04/Nov/2025:15:19:56 +0100] "GET /pcmypage?callback=/product%2Fdetail%2m85600949377 HTTP/1.1" 200 550061 "-" "Mozilla/5.0 (Linux; Android 6.0.1; Nexus 5X Build/MMB29P) AppleWebKit/537.36 (KHTML, like Gecko) Chrome/141.0.7390.122 Mobile Safari/537.36 (compatible; Googlebot/2.1; +http://www.google.com/bot.html)"
66.249.77.38 - - [04/Nov/2025:15:20:27 +0100] "GET /zhHant/product/surugaya/m43798545586?fileloc=/home/opal/public_html/error_log&path=/home/opal/public_html HTTP/1.1" 200 559140 "-" "Mozilla/5.0 (Linux; Android 6.0.1; Nexus 5X Build/MMB29P) AppleWebKit/537.36 (KHTML, like Gecko) Chrome/141.0.7390.122 Mobile Safari/537.36 (compatible; Googlebot/2.1; +http://www.google.com/bot.html)"
91.207.103.204 - - [04/Nov/2025:15:20:36 +0100] "GET /w.php HTTP/1.1" 403 76365 "-" "Mozilla/5.0 (Windows NT 10.0; Win64; x64) AppleWebKit/537.36 (KHTML, like Gecko) Chrome/141.0.0.0 Safari/537.36"
91.207.103.204 - - [04/Nov/2025:15:20:38 +0100] "GET /e.php HTTP/1.1" 403 76365 "-" "Mozilla/5.0 (Windows NT 10.0; Win64; x64) AppleWebKit/537.36 (KHTML, like Gecko) Chrome/141.0.0.0 Safari/537.36"
66.249.76.161 - - [04/Nov/2025:15:21:26 +0100] "GET /items/qocay163/45559?key=participant HTTP/1.1" 200 560427 "-" "Mozilla/5.0 (Linux; Android 6.0.1; Nexus 5X Build/MMB29P) AppleWebKit/537.36 (KHTML, like Gecko) Chrome/141.0.7390.122 Mobile Safari/537.36 (compatible; Googlebot/2.1; +http://www.google.com/bot.html)"
88.231.63.110 - - [04/Nov/2025:15:22:24 +0100] "GET / HTTP/1.1" 200 76365 "-" "Mozilla/5.0 (X11; Linux x86_64; rv:144.0) Gecko/20100101 Firefox/144.0"
66.249.77.38 - - [04/Nov/2025:15:24:53 +0100] "GET /items/ekiuy22/21704?fileloc=/home/opal/public_html/pages.php?green/ HTTP/1.1" 200 553917 "-" "Mozilla/5.0 (Linux; Android 6.0.1; Nexus 5X Build/MMB29P) AppleWebKit/537.36 (KHTML, like Gecko) Chrome/141.0.7390.122 Mobile Safari/537.36 (compatible; Googlebot/2.1; +http://www.google.com/bot.html)"
145.220.91.19 - - [04/Nov/2025:15:25:06 +0100] "GET / HTTP/1.1" 200 73816 "-" "Mozilla/5.0 (Macintosh; Intel Mac OS X 10.15; rv:122.0) Gecko/20100101 Firefox/122.0"
66.249.76.170 - - [04/Nov/2025:15:25:37 +0100] "GET /170759507?detail=0170294590 HTTP/1.1" 200 555007 "-" "Mozilla/5.0 (Linux; Android 6.0.1; Nexus 5X Build/MMB29P) AppleWebKit/537.36 (KHTML, like Gecko) Chrome/141.0.7390.122 Mobile Safari/537.36 (compatible; GoogleOther)"
66.249.77.39 - - [04/Nov/2025:15:25:52 +0100] "GET /ctg/search/similarImageSearchResultView/?ctgItemCd=699268 HTTP/1.1" 200 203199 "-" "Mozilla/5.0 (Linux; Android 6.0.1; Nexus 5X Build/MMB29P) AppleWebKit/537.36 (KHTML, like Gecko) Chrome/141.0.7390.122 Mobile Safari/537.36 (compatible; GoogleOther)"
66.249.77.38 - - [04/Nov/2025:15:26:07 +0100] "GET /zhHant/product/surugaya/m43798545586?fileloc=/home/opal/public_html/license.txt&path=/home/opal/public_html HTTP/1.1" 200 555122 "-" "Mozilla/5.0 (Linux; Android 6.0.1; Nexus 5X Build/MMB29P) AppleWebKit/537.36 (KHTML, like Gecko) Chrome/141.0.7390.122 Mobile Safari/537.36 (compatible; Googlebot/2.1; +http://www.google.com/bot.html)"
66.249.77.38 - - [04/Nov/2025:15:27:35 +0100] "GET /zhHant/product/surugaya/m43798545586?path=/home/opal/public_html HTTP/1.1" 200 549872 "-" "Mozilla/5.0 (Linux; Android 6.0.1; Nexus 5X Build/MMB29P) AppleWebKit/537.36 (KHTML, like Gecko) Chrome/141.0.7390.122 Mobile Safari/537.36 (compatible; Googlebot/2.1; +http://www.google.com/bot.html)"
66.249.77.39 - - [04/Nov/2025:15:27:51 +0100] "GET /items/krkvm36/18046?key=analyze HTTP/1.1" 200 556076 "-" "Mozilla/5.0 (Linux; Android 6.0.1; Nexus 5X Build/MMB29P) AppleWebKit/537.36 (KHTML, like Gecko) Chrome/141.0.7390.122 Mobile Safari/537.36 (compatible; Googlebot/2.1; +http://www.google.com/bot.html)"
66.249.77.38 - - [04/Nov/2025:15:28:43 +0100] "GET /items/ieunj76/13156?key=mentally HTTP/1.1" 200 554453 "-" "Mozilla/5.0 (Linux; Android 6.0.1; Nexus 5X Build/MMB29P) AppleWebKit/537.36 (KHTML, like Gecko) Chrome/141.0.7390.122 Mobile Safari/537.36 (compatible; Googlebot/2.1; +http://www.google.com/bot.html)"
170.106.160.90 - - [04/Nov/2025:15:30:49 +0100] "GET /969388825?path=/home HTTP/1.1" 200 16493 "-" "Mozilla/5.0 (iPhone; CPU iPhone OS 13_2_3 like Mac OS X) AppleWebKit/605.1.15 (KHTML, like Gecko) Version/13.0.3 Mobile/15E148 Safari/604.1"
66.249.77.38 - - [04/Nov/2025:15:36:58 +0100] "GET /oxygen148015585.html HTTP/1.1" 200 551175 "-" "Mozilla/5.0 (Linux; Android 6.0.1; Nexus 5X Build/MMB29P) AppleWebKit/537.36 (KHTML, like Gecko) Chrome/141.0.7390.122 Mobile Safari/537.36 (compatible; Googlebot/2.1; +http://www.google.com/bot.html)"
66.249.77.38 - - [04/Nov/2025:15:37:41 +0100] "GET /items/juvck30/576?key=seize HTTP/1.1" 200 203711 "-" "Mozilla/5.0 (Linux; Android 6.0.1; Nexus 5X Build/MMB29P) AppleWebKit/537.36 (KHTML, like Gecko) Chrome/141.0.7390.122 Mobile Safari/537.36 (compatible; Googlebot/2.1; +http://www.google.com/bot.html)"
66.249.77.38 - - [04/Nov/2025:15:38:30 +0100] "GET /resource/js/json/megadrop_2015new.json HTTP/1.1" 200 550588 "http://www.opalaesthetic.net/northeast066000483.html" "Mozilla/5.0 (Linux; Android 6.0.1; Nexus 5X Build/MMB29P) AppleWebKit/537.36 (KHTML, like Gecko) Chrome/141.0.7390.122 Mobile Safari/537.36 (compatible; Googlebot/2.1; +http://www.google.com/bot.html)"
43.130.110.130 - - [04/Nov/2025:15:39:35 +0100] "GET /969393270?path=/ HTTP/1.1" 200 32962 "-" "Mozilla/5.0 (iPhone; CPU iPhone OS 13_2_3 like Mac OS X) AppleWebKit/605.1.15 (KHTML, like Gecko) Version/13.0.3 Mobile/15E148 Safari/604.1"
66.249.76.170 - - [04/Nov/2025:15:40:11 +0100] "GET /resource/js/json/megadrop_2015new.json HTTP/1.1" 200 550647 "http://www.opalaesthetic.net/typically065005882.html" "Mozilla/5.0 (Linux; Android 6.0.1; Nexus 5X Build/MMB29P) AppleWebKit/537.36 (KHTML, like Gecko) Chrome/141.0.7390.122 Mobile Safari/537.36 (compatible; Googlebot/2.1; +http://www.google.com/bot.html)"
66.249.77.39 - - [04/Nov/2025:15:40:44 +0100] "GET /product/edit/m97649208165 HTTP/1.1" 200 558511 "-" "Mozilla/5.0 (Linux; Android 6.0.1; Nexus 5X Build/MMB29P) AppleWebKit/537.36 (KHTML, like Gecko) Chrome/141.0.7390.122 Mobile Safari/537.36 (compatible; Googlebot/2.1; +http://www.google.com/bot.html)"
66.249.77.40 - - [04/Nov/2025:15:41:01 +0100] "GET /resource/js/json/megadrop_2015new.json HTTP/1.1" 200 550386 "http://www.opalaesthetic.net/send259007706.html" "Mozilla/5.0 (Linux; Android 6.0.1; Nexus 5X Build/MMB29P) AppleWebKit/537.36 (KHTML, like Gecko) Chrome/141.0.7390.122 Mobile Safari/537.36 (compatible; Googlebot/2.1; +http://www.google.com/bot.html)"
66.249.77.38 - - [04/Nov/2025:15:41:12 +0100] "GET /resource/js/json/megadrop_2015new.json HTTP/1.1" 200 550507 "http://www.opalaesthetic.net/depart108020293.html?path=/home/opal/public_html/.well-known" "Mozilla/5.0 (Linux; Android 6.0.1; Nexus 5X Build/MMB29P) AppleWebKit/537.36 (KHTML, like Gecko) Chrome/141.0.7390.122 Mobile Safari/537.36 (compatible; Googlebot/2.1; +http://www.google.com/bot.html)"
66.249.77.38 - - [04/Nov/2025:15:41:22 +0100] "GET /items/ekiuy22/21704?fileloc=/home/opal/public_html/pages.php?f/special/hakui/ HTTP/1.1" 200 554666 "-" "Mozilla/5.0 (Linux; Android 6.0.1; Nexus 5X Build/MMB29P) AppleWebKit/537.36 (KHTML, like Gecko) Chrome/141.0.7390.122 Mobile Safari/537.36 (compatible; Googlebot/2.1; +http://www.google.com/bot.html)"
66.249.76.170 - - [04/Nov/2025:15:41:32 +0100] "GET /items/ekiuy22/21704?fileloc=/home/opal/public_html/pages.php HTTP/1.1" 200 553121 "-" "Mozilla/5.0 (Linux; Android 6.0.1; Nexus 5X Build/MMB29P) AppleWebKit/537.36 (KHTML, like Gecko) Chrome/141.0.7390.122 Mobile Safari/537.36 (compatible; Googlebot/2.1; +http://www.google.com/bot.html)"
66.249.77.39 - - [04/Nov/2025:15:43:54 +0100] "GET /items/mwrbn76/16708?key=scope HTTP/1.1" 200 556544 "-" "Mozilla/5.0 (Linux; Android 6.0.1; Nexus 5X Build/MMB29P) AppleWebKit/537.36 (KHTML, like Gecko) Chrome/141.0.7390.122 Mobile Safari/537.36 (compatible; Googlebot/2.1; +http://www.google.com/bot.html)"
66.249.77.38 - - [04/Nov/2025:15:43:58 +0100] "GET /222768647?detail=0222162014 HTTP/1.1" 200 553013 "-" "Mozilla/5.0 (Linux; Android 6.0.1; Nexus 5X Build/MMB29P) AppleWebKit/537.36 (KHTML, like Gecko) Chrome/141.0.7390.122 Mobile Safari/537.36 (compatible; Googlebot/2.1; +http://www.google.com/bot.html)"
66.249.77.38 - - [04/Nov/2025:15:44:54 +0100] "GET /items/shxkd233/35393?key=slide HTTP/1.1" 200 554848 "-" "Mozilla/5.0 (Linux; Android 6.0.1; Nexus 5X Build/MMB29P) AppleWebKit/537.36 (KHTML, like Gecko) Chrome/141.0.7390.122 Mobile Safari/537.36 (compatible; Googlebot/2.1; +http://www.google.com/bot.html)"
66.249.77.38 - - [04/Nov/2025:15:45:49 +0100] "GET /resource/js/json/megadrop_2015new.json HTTP/1.1" 200 550798 "http://www.opalaesthetic.net/525798469?detail=0524366142" "Mozilla/5.0 (Linux; Android 6.0.1; Nexus 5X Build/MMB29P) AppleWebKit/537.36 (KHTML, like Gecko) Chrome/141.0.7390.122 Mobile Safari/537.36 (compatible; Googlebot/2.1; +http://www.google.com/bot.html)"
66.249.77.38 - - [04/Nov/2025:15:46:20 +0100] "GET /resource/js/json/megadrop_2015new.json HTTP/1.1" 200 550483 "http://www.opalaesthetic.net/assemble273005106.html?fileloc=/home/opal/public_html/wp-includes/vars.php&path=/home/opal/public_html/wp-includes" "Mozilla/5.0 (Linux; Android 6.0.1; Nexus 5X Build/MMB29P) AppleWebKit/537.36 (KHTML, like Gecko) Chrome/141.0.7390.122 Mobile Safari/537.36 (compatible; Googlebot/2.1; +http://www.google.com/bot.html)"
66.249.77.38 - - [04/Nov/2025:15:47:37 +0100] "GET /items/ekiuy22/21704?fileloc=/home/opal/public_html/pages.php?f/services/anpi/safetylink24/ HTTP/1.1" 200 556564 "-" "Mozilla/5.0 (Linux; Android 6.0.1; Nexus 5X Build/MMB29P) AppleWebKit/537.36 (KHTML, like Gecko) Chrome/141.0.7390.122 Mobile Safari/537.36 (compatible; Googlebot/2.1; +http://www.google.com/bot.html)"
66.249.77.38 - - [04/Nov/2025:15:48:05 +0100] "GET /ctg/search/similarImageSearchResultView/?ctgItemCd=719121 HTTP/1.1" 200 568147 "-" "Mozilla/5.0 (Linux; Android 6.0.1; Nexus 5X Build/MMB29P) AppleWebKit/537.36 (KHTML, like Gecko) Chrome/141.0.7390.122 Mobile Safari/537.36 (compatible; GoogleOther)"
66.249.77.38 - - [04/Nov/2025:15:48:19 +0100] "GET /resource/js/json/megadrop_2015new.json HTTP/1.1" 200 551862 "http://www.opalaesthetic.net/264109131?detail=0263389854" "Mozilla/5.0 (Linux; Android 6.0.1; Nexus 5X Build/MMB29P) AppleWebKit/537.36 (KHTML, like Gecko) Chrome/141.0.7390.122 Mobile Safari/537.36 (compatible; Googlebot/2.1; +http://www.google.com/bot.html)"
66.249.77.39 - - [04/Nov/2025:15:48:57 +0100] "GET /resource/js/json/megadrop_2015new.json HTTP/1.1" 200 550472 "http://www.opalaesthetic.net/depart108020293.html?fileloc=/home/opal/public_html/product.php&path=/home/opal/public_html" "Mozilla/5.0 (Linux; Android 6.0.1; Nexus 5X Build/MMB29P) AppleWebKit/537.36 (KHTML, like Gecko) Chrome/141.0.7390.122 Mobile Safari/537.36 (compatible; Googlebot/2.1; +http://www.google.com/bot.html)"
66.249.77.38 - - [04/Nov/2025:15:49:22 +0100] "GET /category/1_631_1172/1?path=/home/opal/public_html/180bf HTTP/1.1" 200 556574 "-" "Mozilla/5.0 (Linux; Android 6.0.1; Nexus 5X Build/MMB29P) AppleWebKit/537.36 (KHTML, like Gecko) Chrome/141.0.7390.122 Mobile Safari/537.36 (compatible; Googlebot/2.1; +http://www.google.com/bot.html)"
43.130.154.56 - - [04/Nov/2025:15:50:04 +0100] "GET /969394185?fileloc=/home/opal/public_html/options.php&path=/home/opal/public_html HTTP/1.1" 200 17375 "-" "Mozilla/5.0 (iPhone; CPU iPhone OS 13_2_3 like Mac OS X) AppleWebKit/605.1.15 (KHTML, like Gecko) Version/13.0.3 Mobile/15E148 Safari/604.1"
66.249.77.38 - - [04/Nov/2025:15:51:15 +0100] "GET /resource/js/json/megadrop_2015new.json HTTP/1.1" 200 550794 "http://www.opalaesthetic.net/zhHant/product/surugaya/m85261245685?campaign_uid=f64d716db5e979ed2f947dbaf4296895b951ae7f" "Mozilla/5.0 (Linux; Android 6.0.1; Nexus 5X Build/MMB29P) AppleWebKit/537.36 (KHTML, like Gecko) Chrome/141.0.7390.122 Mobile Safari/537.36 (compatible; Googlebot/2.1; +http://www.google.com/bot.html)"
66.249.77.38 - - [04/Nov/2025:15:51:17 +0100] "GET /comprehensive067000640.html HTTP/1.1" 200 553714 "-" "Mozilla/5.0 (Linux; Android 6.0.1; Nexus 5X Build/MMB29P) AppleWebKit/537.36 (KHTML, like Gecko) Chrome/141.0.7390.122 Mobile Safari/537.36 (compatible; Googlebot/2.1; +http://www.google.com/bot.html)"
66.249.77.39 - - [04/Nov/2025:15:53:42 +0100] "GET /ctg/search/similarImageSearchResultView/?ctgItemCd=441163 HTTP/1.1" 200 558421 "-" "Mozilla/5.0 (Linux; Android 6.0.1; Nexus 5X Build/MMB29P) AppleWebKit/537.36 (KHTML, like Gecko) Chrome/141.0.7390.122 Mobile Safari/537.36 (compatible; GoogleOther)"
66.249.77.39 - - [04/Nov/2025:15:54:55 +0100] "GET /resource/js/json/megadrop_2015new.json HTTP/1.1" 200 202887 "http://www.opalaesthetic.net/product/edit/m25846100460?fileloc=/home/opal/public_html/wp-blog-header.php&path=/home/opal/public_html" "Mozilla/5.0 (Linux; Android 6.0.1; Nexus 5X Build/MMB29P) AppleWebKit/537.36 (KHTML, like Gecko) Chrome/141.0.7390.122 Mobile Safari/537.36 (compatible; Googlebot/2.1; +http://www.google.com/bot.html)"
66.249.77.39 - - [04/Nov/2025:15:54:58 +0100] "GET /resource/js/json/megadrop_2015new.json HTTP/1.1" 200 550732 "http://www.opalaesthetic.net/northern175002076.html" "Mozilla/5.0 (Linux; Android 6.0.1; Nexus 5X Build/MMB29P) AppleWebKit/537.36 (KHTML, like Gecko) Chrome/141.0.7390.122 Mobile Safari/537.36 (compatible; Googlebot/2.1; +http://www.google.com/bot.html)"
49.51.233.95 - - [04/Nov/2025:15:58:56 +0100] "GET /969397971?path=/home HTTP/1.1" 200 16493 "-" "Mozilla/5.0 (iPhone; CPU iPhone OS 13_2_3 like Mac OS X) AppleWebKit/605.1.15 (KHTML, like Gecko) Version/13.0.3 Mobile/15E148 Safari/604.1"
66.249.76.160 - - [04/Nov/2025:16:02:14 +0100] "GET /items/ekiuy22/21704?fileloc=/home/opal/public_html/pages.php?f/special/shuunou/ HTTP/1.1" 200 552340 "-" "Mozilla/5.0 (Linux; Android 6.0.1; Nexus 5X Build/MMB29P) AppleWebKit/537.36 (KHTML, like Gecko) Chrome/141.0.7390.122 Mobile Safari/537.36 (compatible; Googlebot/2.1; +http://www.google.com/bot.html)"
66.249.77.38 - - [04/Nov/2025:16:02:32 +0100] "GET /maintenance117004500.html HTTP/1.1" 200 554292 "-" "Mozilla/5.0 (Linux; Android 6.0.1; Nexus 5X Build/MMB29P) AppleWebKit/537.36 (KHTML, like Gecko) Chrome/141.0.7390.122 Mobile Safari/537.36 (compatible; Googlebot/2.1; +http://www.google.com/bot.html)"
66.249.76.160 - - [04/Nov/2025:16:03:19 +0100] "GET /items/ekiuy22/21704?fileloc=/home/opal/public_html/pages.php?f/whiteboard/whiteboard00/ HTTP/1.1" 200 552860 "-" "Mozilla/5.0 (Linux; Android 6.0.1; Nexus 5X Build/MMB29P) AppleWebKit/537.36 (KHTML, like Gecko) Chrome/141.0.7390.122 Mobile Safari/537.36 (compatible; Googlebot/2.1; +http://www.google.com/bot.html)"
66.249.76.170 - - [04/Nov/2025:16:03:28 +0100] "GET /151187393?detail=0150775806 HTTP/1.1" 200 554035 "-" "Mozilla/5.0 (Linux; Android 6.0.1; Nexus 5X Build/MMB29P) AppleWebKit/537.36 (KHTML, like Gecko) Chrome/141.0.7390.122 Mobile Safari/537.36 (compatible; Googlebot/2.1; +http://www.google.com/bot.html)"
66.249.76.170 - - [04/Nov/2025:16:03:29 +0100] "GET /151187826?detail=0150776238 HTTP/1.1" 200 552363 "-" "Mozilla/5.0 (Linux; Android 6.0.1; Nexus 5X Build/MMB29P) AppleWebKit/537.36 (KHTML, like Gecko) Chrome/141.0.7390.122 Mobile Safari/537.36 (compatible; Googlebot/2.1; +http://www.google.com/bot.html)"
66.249.77.39 - - [04/Nov/2025:16:03:39 +0100] "GET /151188741?detail=0150777150 HTTP/1.1" 200 554568 "-" "Mozilla/5.0 (Linux; Android 6.0.1; Nexus 5X Build/MMB29P) AppleWebKit/537.36 (KHTML, like Gecko) Chrome/141.0.7390.122 Mobile Safari/537.36 (compatible; Googlebot/2.1; +http://www.google.com/bot.html)"
66.249.76.163 - - [04/Nov/2025:16:03:52 +0100] "GET /Asian260023099.html HTTP/1.1" 200 554428 "-" "Mozilla/5.0 (Linux; Android 6.0.1; Nexus 5X Build/MMB29P) AppleWebKit/537.36 (KHTML, like Gecko) Chrome/141.0.7390.122 Mobile Safari/537.36 (compatible; Googlebot/2.1; +http://www.google.com/bot.html)"
66.249.76.162 - - [04/Nov/2025:16:03:56 +0100] "GET /zhHant/product/surugaya/m97649208165?campaign_uid=f64d716db5e979ed2f947dbaf4296895b951ae7f HTTP/1.1" 200 552610 "-" "Mozilla/5.0 (Linux; Android 6.0.1; Nexus 5X Build/MMB29P) AppleWebKit/537.36 (KHTML, like Gecko) Chrome/141.0.7390.122 Mobile Safari/537.36 (compatible; Googlebot/2.1; +http://www.google.com/bot.html)"
66.249.77.39 - - [04/Nov/2025:16:03:57 +0100] "GET /theology229016308.html HTTP/1.1" 200 554397 "-" "Mozilla/5.0 (Linux; Android 6.0.1; Nexus 5X Build/MMB29P) AppleWebKit/537.36 (KHTML, like Gecko) Chrome/141.0.7390.122 Mobile Safari/537.36 (compatible; Googlebot/2.1; +http://www.google.com/bot.html)"
66.249.76.170 - - [04/Nov/2025:16:04:00 +0100] "GET /pcmypage?callback=/product%2Fdetail%2m90284790775 HTTP/1.1" 200 561137 "-" "Mozilla/5.0 (Linux; Android 6.0.1; Nexus 5X Build/MMB29P) AppleWebKit/537.36 (KHTML, like Gecko) Chrome/141.0.7390.122 Mobile Safari/537.36 (compatible; Googlebot/2.1; +http://www.google.com/bot.html)"
66.249.77.38 - - [04/Nov/2025:16:04:05 +0100] "GET /151198866?detail=0150787246 HTTP/1.1" 200 557564 "-" "Mozilla/5.0 (Linux; Android 6.0.1; Nexus 5X Build/MMB29P) AppleWebKit/537.36 (KHTML, like Gecko) Chrome/141.0.7390.122 Mobile Safari/537.36 (compatible; Googlebot/2.1; +http://www.google.com/bot.html)"
66.249.77.39 - - [04/Nov/2025:16:04:08 +0100] "GET /151195046?detail=0150783438 HTTP/1.1" 200 200040 "-" "Mozilla/5.0 (Linux; Android 6.0.1; Nexus 5X Build/MMB29P) AppleWebKit/537.36 (KHTML, like Gecko) Chrome/141.0.7390.122 Mobile Safari/537.36 (compatible; Googlebot/2.1; +http://www.google.com/bot.html)"
66.249.77.38 - - [04/Nov/2025:16:04:14 +0100] "GET /151196315?detail=0150784702 HTTP/1.1" 200 552691 "-" "Mozilla/5.0 (Linux; Android 6.0.1; Nexus 5X Build/MMB29P) AppleWebKit/537.36 (KHTML, like Gecko) Chrome/141.0.7390.122 Mobile Safari/537.36 (compatible; Googlebot/2.1; +http://www.google.com/bot.html)"
66.249.77.41 - - [04/Nov/2025:16:04:17 +0100] "GET /151195479?detail=0150783870 HTTP/1.1" 200 557713 "-" "Mozilla/5.0 (Linux; Android 6.0.1; Nexus 5X Build/MMB29P) AppleWebKit/537.36 (KHTML, like Gecko) Chrome/141.0.7390.122 Mobile Safari/537.36 (compatible; Googlebot/2.1; +http://www.google.com/bot.html)"
66.249.76.160 - - [04/Nov/2025:16:04:24 +0100] "GET /pcmypage?callback=/product%2Fdetail%2m10119243686 HTTP/1.1" 200 550972 "-" "Mozilla/5.0 (Linux; Android 6.0.1; Nexus 5X Build/MMB29P) AppleWebKit/537.36 (KHTML, like Gecko) Chrome/141.0.7390.122 Mobile Safari/537.36 (compatible; Googlebot/2.1; +http://www.google.com/bot.html)"
66.249.77.39 - - [04/Nov/2025:16:04:27 +0100] "GET /search?category=1025&search_word= HTTP/1.1" 200 204390 "-" "Mozilla/5.0 (Linux; Android 6.0.1; Nexus 5X Build/MMB29P) AppleWebKit/537.36 (KHTML, like Gecko) Chrome/141.0.7390.122 Mobile Safari/537.36 (compatible; GoogleOther)"
66.249.77.38 - - [04/Nov/2025:16:04:31 +0100] "GET /wolf225038426.html HTTP/1.1" 200 550264 "-" "Mozilla/5.0 (Linux; Android 6.0.1; Nexus 5X Build/MMB29P) AppleWebKit/537.36 (KHTML, like Gecko) Chrome/141.0.7390.122 Mobile Safari/537.36 (compatible; Googlebot/2.1; +http://www.google.com/bot.html)"
66.249.77.40 - - [04/Nov/2025:16:04:35 +0100] "GET /refuge085045766.html HTTP/1.1" 200 558638 "-" "Mozilla/5.0 (Linux; Android 6.0.1; Nexus 5X Build/MMB29P) AppleWebKit/537.36 (KHTML, like Gecko) Chrome/141.0.7390.122 Mobile Safari/537.36 (compatible; Googlebot/2.1; +http://www.google.com/bot.html)"
66.249.77.39 - - [04/Nov/2025:16:04:41 +0100] "GET /151186111?detail=0150774526 HTTP/1.1" 200 552152 "-" "Mozilla/5.0 (Linux; Android 6.0.1; Nexus 5X Build/MMB29P) AppleWebKit/537.36 (KHTML, like Gecko) Chrome/141.0.7390.122 Mobile Safari/537.36 (compatible; Googlebot/2.1; +http://www.google.com/bot.html)"
66.249.76.161 - - [04/Nov/2025:16:04:45 +0100] "GET /151190345?detail=0150778750 HTTP/1.1" 200 553799 "-" "Mozilla/5.0 (Linux; Android 6.0.1; Nexus 5X Build/MMB29P) AppleWebKit/537.36 (KHTML, like Gecko) Chrome/141.0.7390.122 Mobile Safari/537.36 (compatible; Googlebot/2.1; +http://www.google.com/bot.html)"
66.249.76.161 - - [04/Nov/2025:16:04:54 +0100] "GET /151183671?detail=0150772094 HTTP/1.1" 200 555890 "-" "Mozilla/5.0 (Linux; Android 6.0.1; Nexus 5X Build/MMB29P) AppleWebKit/537.36 (KHTML, like Gecko) Chrome/141.0.7390.122 Mobile Safari/537.36 (compatible; Googlebot/2.1; +http://www.google.com/bot.html)"
66.249.77.41 - - [04/Nov/2025:16:04:58 +0100] "GET /151193186?detail=0150781582 HTTP/1.1" 200 560415 "-" "Mozilla/5.0 (Linux; Android 6.0.1; Nexus 5X Build/MMB29P) AppleWebKit/537.36 (KHTML, like Gecko) Chrome/141.0.7390.122 Mobile Safari/537.36 (compatible; Googlebot/2.1; +http://www.google.com/bot.html)"
66.249.77.38 - - [04/Nov/2025:16:05:05 +0100] "GET /151188662?detail=0150777070 HTTP/1.1" 200 209540 "-" "Mozilla/5.0 (Linux; Android 6.0.1; Nexus 5X Build/MMB29P) AppleWebKit/537.36 (KHTML, like Gecko) Chrome/141.0.7390.122 Mobile Safari/537.36 (compatible; Googlebot/2.1; +http://www.google.com/bot.html)"
66.249.77.38 - - [04/Nov/2025:16:05:16 +0100] "GET /151181088?detail=0150769518 HTTP/1.1" 200 550969 "-" "Mozilla/5.0 (Linux; Android 6.0.1; Nexus 5X Build/MMB29P) AppleWebKit/537.36 (KHTML, like Gecko) Chrome/141.0.7390.122 Mobile Safari/537.36 (compatible; Googlebot/2.1; +http://www.google.com/bot.html)"
66.249.77.39 - - [04/Nov/2025:16:05:26 +0100] "GET /151191614?detail=0150780014 HTTP/1.1" 200 552516 "-" "Mozilla/5.0 (Linux; Android 6.0.1; Nexus 5X Build/MMB29P) AppleWebKit/537.36 (KHTML, like Gecko) Chrome/141.0.7390.122 Mobile Safari/537.36 (compatible; Googlebot/2.1; +http://www.google.com/bot.html)"
66.249.77.38 - - [04/Nov/2025:16:05:31 +0100] "GET /151177223?detail=0150765662 HTTP/1.1" 200 565165 "-" "Mozilla/5.0 (Linux; Android 6.0.1; Nexus 5X Build/MMB29P) AppleWebKit/537.36 (KHTML, like Gecko) Chrome/141.0.7390.122 Mobile Safari/537.36 (compatible; Googlebot/2.1; +http://www.google.com/bot.html)"
185.77.217.19 - - [04/Nov/2025:16:05:48 +0100] "POST /xmlrpc.php HTTP/1.1" 403 76365 "-" "Mozilla/5.0 (X11; Linux x86_64) AppleWebKit/537.36 (KHTML, like Gecko) Chrome/81.0.4044.129 Safari/537.36"
185.77.217.19 - - [04/Nov/2025:16:05:52 +0100] "POST /xmlrpc.php HTTP/1.1" 403 76365 "-" "Mozilla/5.0 (X11; Linux x86_64) AppleWebKit/537.36 (KHTML, like Gecko) Chrome/81.0.4044.129 Safari/537.36"
185.77.217.19 - - [04/Nov/2025:16:05:55 +0100] "POST /xmlrpc.php HTTP/1.1" 403 76365 "-" "Mozilla/5.0 (X11; Linux x86_64) AppleWebKit/537.36 (KHTML, like Gecko) Chrome/81.0.4044.129 Safari/537.36"
185.77.217.19 - - [04/Nov/2025:16:05:59 +0100] "POST /xmlrpc.php HTTP/1.1" 403 76365 "-" "Mozilla/5.0 (X11; Linux x86_64) AppleWebKit/537.36 (KHTML, like Gecko) Chrome/81.0.4044.129 Safari/537.36"
185.77.217.19 - - [04/Nov/2025:16:06:02 +0100] "POST /xmlrpc.php HTTP/1.1" 403 76365 "-" "Mozilla/5.0 (X11; Linux x86_64) AppleWebKit/537.36 (KHTML, like Gecko) Chrome/81.0.4044.129 Safari/537.36"
85.106.128.100 - - [04/Nov/2025:16:06:04 +0100] "GET /3.php HTTP/1.1" 403 76365 "-" "Mozilla/5.0 (Windows NT 10.0; Win64; x64)"
185.77.217.19 - - [04/Nov/2025:16:06:05 +0100] "POST /xmlrpc.php HTTP/1.1" 403 73816 "-" "Mozilla/5.0 (X11; Linux x86_64) AppleWebKit/537.36 (KHTML, like Gecko) Chrome/81.0.4044.129 Safari/537.36"
66.249.76.170 - - [04/Nov/2025:16:06:06 +0100] "GET /151182323?detail=0150770750 HTTP/1.1" 200 552554 "-" "Mozilla/5.0 (Linux; Android 6.0.1; Nexus 5X Build/MMB29P) AppleWebKit/537.36 (KHTML, like Gecko) Chrome/141.0.7390.122 Mobile Safari/537.36 (compatible; Googlebot/2.1; +http://www.google.com/bot.html)"
185.77.217.19 - - [04/Nov/2025:16:06:08 +0100] "POST /xmlrpc.php HTTP/1.1" 403 73816 "-" "Mozilla/5.0 (X11; Linux x86_64) AppleWebKit/537.36 (KHTML, like Gecko) Chrome/81.0.4044.129 Safari/537.36"
185.77.217.19 - - [04/Nov/2025:16:06:11 +0100] "POST /xmlrpc.php HTTP/1.1" 403 76365 "-" "Mozilla/5.0 (X11; Linux x86_64) AppleWebKit/537.36 (KHTML, like Gecko) Chrome/81.0.4044.129 Safari/537.36"
185.77.217.19 - - [04/Nov/2025:16:06:14 +0100] "POST /xmlrpc.php HTTP/1.1" 403 76368 "-" "Mozilla/5.0 (X11; Linux x86_64) AppleWebKit/537.36 (KHTML, like Gecko) Chrome/81.0.4044.129 Safari/537.36"
66.249.77.38 - - [04/Nov/2025:16:06:18 +0100] "GET /render283049864.html HTTP/1.1" 200 550295 "-" "Mozilla/5.0 (Linux; Android 6.0.1; Nexus 5X Build/MMB29P) AppleWebKit/537.36 (KHTML, like Gecko) Chrome/141.0.7390.122 Mobile Safari/537.36 (compatible; Googlebot/2.1; +http://www.google.com/bot.html)"
66.249.76.170 - - [04/Nov/2025:16:06:30 +0100] "GET /151181378?detail=0150769806 HTTP/1.1" 200 564493 "-" "Mozilla/5.0 (Linux; Android 6.0.1; Nexus 5X Build/MMB29P) AppleWebKit/537.36 (KHTML, like Gecko) Chrome/141.0.7390.122 Mobile Safari/537.36 (compatible; Googlebot/2.1; +http://www.google.com/bot.html)"
66.249.77.39 - - [04/Nov/2025:16:06:35 +0100] "GET /151185821?detail=0150774238 HTTP/1.1" 200 561192 "-" "Mozilla/5.0 (Linux; Android 6.0.1; Nexus 5X Build/MMB29P) AppleWebKit/537.36 (KHTML, like Gecko) Chrome/141.0.7390.122 Mobile Safari/537.36 (compatible; Googlebot/2.1; +http://www.google.com/bot.html)"
66.249.76.170 - - [04/Nov/2025:16:06:39 +0100] "GET /items/ekiuy22/21704?fileloc=/home/opal/public_html/pages.php?f/special/mask/ HTTP/1.1" 200 551595 "-" "Mozilla/5.0 (Linux; Android 6.0.1; Nexus 5X Build/MMB29P) AppleWebKit/537.36 (KHTML, like Gecko) Chrome/141.0.7390.122 Mobile Safari/537.36 (compatible; Googlebot/2.1; +http://www.google.com/bot.html)"
66.249.77.38 - - [04/Nov/2025:16:06:46 +0100] "GET /151176854?detail=0150765294 HTTP/1.1" 200 557780 "-" "Mozilla/5.0 (Linux; Android 6.0.1; Nexus 5X Build/MMB29P) AppleWebKit/537.36 (KHTML, like Gecko) Chrome/141.0.7390.122 Mobile Safari/537.36 (compatible; Googlebot/2.1; +http://www.google.com/bot.html)"
66.249.77.38 - - [04/Nov/2025:16:06:51 +0100] "GET /151180687?detail=0150769118 HTTP/1.1" 200 553311 "-" "Mozilla/5.0 (Linux; Android 6.0.1; Nexus 5X Build/MMB29P) AppleWebKit/537.36 (KHTML, like Gecko) Chrome/141.0.7390.122 Mobile Safari/537.36 (compatible; Googlebot/2.1; +http://www.google.com/bot.html)"
66.249.76.160 - - [04/Nov/2025:16:06:59 +0100] "GET /151186190?detail=0150774606 HTTP/1.1" 200 563874 "-" "Mozilla/5.0 (Linux; Android 6.0.1; Nexus 5X Build/MMB29P) AppleWebKit/537.36 (KHTML, like Gecko) Chrome/141.0.7390.122 Mobile Safari/537.36 (compatible; Googlebot/2.1; +http://www.google.com/bot.html)"
66.249.77.38 - - [04/Nov/2025:16:07:04 +0100] "GET /151192896?detail=0150781294 HTTP/1.1" 200 551480 "-" "Mozilla/5.0 (Linux; Android 6.0.1; Nexus 5X Build/MMB29P) AppleWebKit/537.36 (KHTML, like Gecko) Chrome/141.0.7390.122 Mobile Safari/537.36 (compatible; Googlebot/2.1; +http://www.google.com/bot.html)"
66.249.77.40 - - [04/Nov/2025:16:07:08 +0100] "GET /151188372?detail=0150776782 HTTP/1.1" 200 551974 "-" "Mozilla/5.0 (Linux; Android 6.0.1; Nexus 5X Build/MMB29P) AppleWebKit/537.36 (KHTML, like Gecko) Chrome/141.0.7390.122 Mobile Safari/537.36 (compatible; Googlebot/2.1; +http://www.google.com/bot.html)"
66.249.76.160 - - [04/Nov/2025:16:07:23 +0100] "GET /151191324?detail=0150779726 HTTP/1.1" 200 552225 "-" "Mozilla/5.0 (Linux; Android 6.0.1; Nexus 5X Build/MMB29P) AppleWebKit/537.36 (KHTML, like Gecko) Chrome/141.0.7390.122 Mobile Safari/537.36 (compatible; Googlebot/2.1; +http://www.google.com/bot.html)"
66.249.76.170 - - [04/Nov/2025:16:07:35 +0100] "GET /151186512?detail=0150774926 HTTP/1.1" 200 565497 "-" "Mozilla/5.0 (Linux; Android 6.0.1; Nexus 5X Build/MMB29P) AppleWebKit/537.36 (KHTML, like Gecko) Chrome/141.0.7390.122 Mobile Safari/537.36 (compatible; Googlebot/2.1; +http://www.google.com/bot.html)"
66.249.76.161 - - [04/Nov/2025:16:07:40 +0100] "GET /151183961?detail=0150772382 HTTP/1.1" 200 560726 "-" "Mozilla/5.0 (Linux; Android 6.0.1; Nexus 5X Build/MMB29P) AppleWebKit/537.36 (KHTML, like Gecko) Chrome/141.0.7390.122 Mobile Safari/537.36 (compatible; Googlebot/2.1; +http://www.google.com/bot.html)"
85.106.128.100 - - [04/Nov/2025:16:07:43 +0100] "GET /3.php HTTP/1.1" 403 76365 "-" "Mozilla/5.0 (Windows NT 10.0; Win64; x64) AppleWebKit/537.36 (KHTML, like Gecko) Chrome/141.0.0.0 Safari/537.36"
85.106.128.100 - - [04/Nov/2025:16:07:47 +0100] "GET /favicon.ico HTTP/1.1" 200 76365 "http://opalaesthetic.net/3.php" "Mozilla/5.0 (Windows NT 10.0; Win64; x64) AppleWebKit/537.36 (KHTML, like Gecko) Chrome/141.0.0.0 Safari/537.36"
66.249.77.40 - - [04/Nov/2025:16:07:50 +0100] "GET /151191181?detail=0150779582 HTTP/1.1" 200 202669 "-" "Mozilla/5.0 (Linux; Android 6.0.1; Nexus 5X Build/MMB29P) AppleWebKit/537.36 (KHTML, like Gecko) Chrome/141.0.7390.122 Mobile Safari/537.36 (compatible; Googlebot/2.1; +http://www.google.com/bot.html)"
85.106.128.100 - - [04/Nov/2025:16:07:53 +0100] "GET / HTTP/1.1" 200 76365 "-" "Mozilla/5.0 (Windows NT 10.0; Win64; x64) AppleWebKit/537.36 (KHTML, like Gecko) Chrome/141.0.0.0 Safari/537.36"
85.106.128.100 - - [04/Nov/2025:16:07:58 +0100] "GET /favicon.ico HTTP/1.1" 200 76365 "http://opalaesthetic.net/" "Mozilla/5.0 (Windows NT 10.0; Win64; x64) AppleWebKit/537.36 (KHTML, like Gecko) Chrome/141.0.0.0 Safari/537.36"
66.249.77.39 - - [04/Nov/2025:16:08:12 +0100] "GET /151192495?detail=0150780894 HTTP/1.1" 200 558671 "-" "Mozilla/5.0 (Linux; Android 6.0.1; Nexus 5X Build/MMB29P) AppleWebKit/537.36 (KHTML, like Gecko) Chrome/141.0.7390.122 Mobile Safari/537.36 (compatible; Googlebot/2.1; +http://www.google.com/bot.html)"
85.106.128.100 - - [04/Nov/2025:16:08:34 +0100] "POST / HTTP/1.1" 200 76455 "http://opalaesthetic.net/" "Mozilla/5.0 (Windows NT 10.0; Win64; x64) AppleWebKit/537.36 (KHTML, like Gecko) Chrome/141.0.0.0 Safari/537.36"
85.106.128.100 - - [04/Nov/2025:16:08:37 +0100] "GET /favicon.ico HTTP/1.1" 200 76365 "http://opalaesthetic.net/" "Mozilla/5.0 (Windows NT 10.0; Win64; x64) AppleWebKit/537.36 (KHTML, like Gecko) Chrome/141.0.0.0 Safari/537.36"
66.249.77.38 - - [04/Nov/2025:16:08:39 +0100] "GET /151184842?detail=0150773262 HTTP/1.1" 200 561848 "-" "Mozilla/5.0 (Linux; Android 6.0.1; Nexus 5X Build/MMB29P) AppleWebKit/537.36 (KHTML, like Gecko) Chrome/141.0.7390.122 Mobile Safari/537.36 (compatible; Googlebot/2.1; +http://www.google.com/bot.html)"
85.106.128.100 - - [04/Nov/2025:16:08:43 +0100] "GET / HTTP/1.1" 200 76365 "-" "Mozilla/5.0 (Windows NT 10.0; Win64; x64) AppleWebKit/537.36 (KHTML, like Gecko) Chrome/141.0.0.0 Safari/537.36"
85.106.128.100 - - [04/Nov/2025:16:08:45 +0100] "GET /favicon.ico HTTP/1.1" 200 76365 "http://opalaesthetic.net/" "Mozilla/5.0 (Windows NT 10.0; Win64; x64) AppleWebKit/537.36 (KHTML, like Gecko) Chrome/141.0.0.0 Safari/537.36"
66.249.76.170 - - [04/Nov/2025:16:08:49 +0100] "GET /151189031?detail=0150777438 HTTP/1.1" 200 556346 "-" "Mozilla/5.0 (Linux; Android 6.0.1; Nexus 5X Build/MMB29P) AppleWebKit/537.36 (KHTML, like Gecko) Chrome/141.0.7390.122 Mobile Safari/537.36 (compatible; Googlebot/2.1; +http://www.google.com/bot.html)"
66.249.76.170 - - [04/Nov/2025:16:08:54 +0100] "GET /151178827?detail=0150767262 HTTP/1.1" 200 552809 "-" "Mozilla/5.0 (Linux; Android 6.0.1; Nexus 5X Build/MMB29P) AppleWebKit/537.36 (KHTML, like Gecko) Chrome/141.0.7390.122 Mobile Safari/537.36 (compatible; Googlebot/2.1; +http://www.google.com/bot.html)"
85.106.128.100 - - [04/Nov/2025:16:09:00 +0100] "GET / HTTP/1.1" 200 76365 "-" "Mozilla/5.0 (Windows NT 10.0; Win64; x64) AppleWebKit/537.36 (KHTML, like Gecko) Chrome/141.0.0.0 Safari/537.36"
66.249.77.39 - - [04/Nov/2025:16:09:01 +0100] "GET /division070009199.html HTTP/1.1" 200 550218 "-" "Mozilla/5.0 (Linux; Android 6.0.1; Nexus 5X Build/MMB29P) AppleWebKit/537.36 (KHTML, like Gecko) Chrome/141.0.7390.122 Mobile Safari/537.36 (compatible; Googlebot/2.1; +http://www.google.com/bot.html)"
85.106.128.100 - - [04/Nov/2025:16:09:03 +0100] "GET /favicon.ico HTTP/1.1" 200 76365 "http://opalaesthetic.net/" "Mozilla/5.0 (Windows NT 10.0; Win64; x64) AppleWebKit/537.36 (KHTML, like Gecko) Chrome/141.0.0.0 Safari/537.36"
66.249.77.38 - - [04/Nov/2025:16:09:18 +0100] "GET /83760791?detail=0083532926 HTTP/1.1" 200 554649 "-" "Mozilla/5.0 (Linux; Android 6.0.1; Nexus 5X Build/MMB29P) AppleWebKit/537.36 (KHTML, like Gecko) Chrome/141.0.7390.122 Mobile Safari/537.36 (compatible; Googlebot/2.1; +http://www.google.com/bot.html)"
66.249.77.39 - - [04/Nov/2025:16:09:27 +0100] "GET /answer106013521.html HTTP/1.1" 200 565817 "-" "Mozilla/5.0 (Linux; Android 6.0.1; Nexus 5X Build/MMB29P) AppleWebKit/537.36 (KHTML, like Gecko) Chrome/141.0.7390.122 Mobile Safari/537.36 (compatible; Googlebot/2.1; +http://www.google.com/bot.html)"
66.249.76.170 - - [04/Nov/2025:16:09:31 +0100] "GET /mine130033699.html HTTP/1.1" 200 559034 "-" "Mozilla/5.0 (Linux; Android 6.0.1; Nexus 5X Build/MMB29P) AppleWebKit/537.36 (KHTML, like Gecko) Chrome/141.0.7390.122 Mobile Safari/537.36 (compatible; Googlebot/2.1; +http://www.google.com/bot.html)"
49.51.203.164 - - [04/Nov/2025:16:09:31 +0100] "GET /?path=/home/opal/public_html/images/images/images HTTP/1.1" 200 22206 "-" "Mozilla/5.0 (iPhone; CPU iPhone OS 13_2_3 like Mac OS X) AppleWebKit/605.1.15 (KHTML, like Gecko) Version/13.0.3 Mobile/15E148 Safari/604.1"
66.249.77.39 - - [04/Nov/2025:16:09:35 +0100] "GET /items/ubejz141/14587?key=majority HTTP/1.1" 200 559758 "-" "Mozilla/5.0 (Linux; Android 6.0.1; Nexus 5X Build/MMB29P) AppleWebKit/537.36 (KHTML, like Gecko) Chrome/141.0.7390.122 Mobile Safari/537.36 (compatible; Googlebot/2.1; +http://www.google.com/bot.html)"
77.111.246.25 - - [04/Nov/2025:16:09:39 +0100] "GET / HTTP/1.1" 200 76365 "-" "Mozilla/5.0 (Windows NT 10.0; Win64; x64) AppleWebKit/537.36 (KHTML, like Gecko) Chrome/135.0.0.0 Safari/537.36 OPR/120.0.0.0"
66.249.77.39 - - [04/Nov/2025:16:09:40 +0100] "GET /pcmypage?callback=/product%2Fdetail%2m74137081969 HTTP/1.1" 200 552352 "-" "Mozilla/5.0 (Linux; Android 6.0.1; Nexus 5X Build/MMB29P) AppleWebKit/537.36 (KHTML, like Gecko) Chrome/141.0.7390.122 Mobile Safari/537.36 (compatible; Googlebot/2.1; +http://www.google.com/bot.html)"
77.111.246.25 - - [04/Nov/2025:16:09:44 +0100] "GET /favicon.ico HTTP/1.1" 200 76365 "http://opalaesthetic.net/" "Mozilla/5.0 (Windows NT 10.0; Win64; x64) AppleWebKit/537.36 (KHTML, like Gecko) Chrome/135.0.0.0 Safari/537.36 OPR/120.0.0.0"
66.249.77.39 - - [04/Nov/2025:16:09:56 +0100] "GET /pcmypage?callback=/product%2Fdetail%2m44110553661 HTTP/1.1" 200 204608 "-" "Mozilla/5.0 (Linux; Android 6.0.1; Nexus 5X Build/MMB29P) AppleWebKit/537.36 (KHTML, like Gecko) Chrome/141.0.7390.122 Mobile Safari/537.36 (compatible; Googlebot/2.1; +http://www.google.com/bot.html)"
66.249.76.161 - - [04/Nov/2025:16:10:19 +0100] "GET /83759955?detail=0083532094 HTTP/1.1" 200 555673 "-" "Mozilla/5.0 (Linux; Android 6.0.1; Nexus 5X Build/MMB29P) AppleWebKit/537.36 (KHTML, like Gecko) Chrome/141.0.7390.122 Mobile Safari/537.36 (compatible; Googlebot/2.1; +http://www.google.com/bot.html)"
66.249.77.38 - - [04/Nov/2025:16:10:29 +0100] "GET /83760245?detail=0083532382 HTTP/1.1" 200 550163 "-" "Mozilla/5.0 (Linux; Android 6.0.1; Nexus 5X Build/MMB29P) AppleWebKit/537.36 (KHTML, like Gecko) Chrome/141.0.7390.122 Mobile Safari/537.36 (compatible; Googlebot/2.1; +http://www.google.com/bot.html)"
66.249.76.170 - - [04/Nov/2025:16:10:40 +0100] "GET /83757404?detail=0083529550 HTTP/1.1" 200 554228 "-" "Mozilla/5.0 (Linux; Android 6.0.1; Nexus 5X Build/MMB29P) AppleWebKit/537.36 (KHTML, like Gecko) Chrome/141.0.7390.122 Mobile Safari/537.36 (compatible; Googlebot/2.1; +http://www.google.com/bot.html)"
66.249.77.38 - - [04/Nov/2025:16:10:53 +0100] "GET /magnetic190023395.html HTTP/1.1" 200 554937 "-" "Mozilla/5.0 (Linux; Android 6.0.1; Nexus 5X Build/MMB29P) AppleWebKit/537.36 (KHTML, like Gecko) Chrome/141.0.7390.122 Mobile Safari/537.36 (compatible; Googlebot/2.1; +http://www.google.com/bot.html)"
66.249.77.40 - - [04/Nov/2025:16:11:00 +0100] "GET /ideological091014342.html HTTP/1.1" 200 551611 "-" "Mozilla/5.0 (Linux; Android 6.0.1; Nexus 5X Build/MMB29P) AppleWebKit/537.36 (KHTML, like Gecko) Chrome/141.0.7390.122 Mobile Safari/537.36 (compatible; Googlebot/2.1; +http://www.google.com/bot.html)"
66.249.77.39 - - [04/Nov/2025:16:11:03 +0100] "GET /?fileloc=//bin/zless&path=//bin HTTP/1.1" 200 551720 "-" "Mozilla/5.0 (Linux; Android 6.0.1; Nexus 5X Build/MMB29P) AppleWebKit/537.36 (KHTML, like Gecko) Chrome/141.0.7390.122 Mobile Safari/537.36 (compatible; GoogleOther)"
66.249.77.39 - - [04/Nov/2025:16:11:08 +0100] "GET /83758575?detail=0083530718 HTTP/1.1" 200 555235 "-" "Mozilla/5.0 (Linux; Android 6.0.1; Nexus 5X Build/MMB29P) AppleWebKit/537.36 (KHTML, like Gecko) Chrome/141.0.7390.122 Mobile Safari/537.36 (compatible; Googlebot/2.1; +http://www.google.com/bot.html)"
66.249.77.39 - - [04/Nov/2025:16:11:18 +0100] "GET /automatic134047287.html HTTP/1.1" 200 550308 "-" "Mozilla/5.0 (Linux; Android 6.0.1; Nexus 5X Build/MMB29P) AppleWebKit/537.36 (KHTML, like Gecko) Chrome/141.0.7390.122 Mobile Safari/537.36 (compatible; Googlebot/2.1; +http://www.google.com/bot.html)"
66.249.77.38 - - [04/Nov/2025:16:11:26 +0100] "GET /solar176012153.html HTTP/1.1" 200 554976 "-" "Mozilla/5.0 (Linux; Android 6.0.1; Nexus 5X Build/MMB29P) AppleWebKit/537.36 (KHTML, like Gecko) Chrome/141.0.7390.122 Mobile Safari/537.36 (compatible; Googlebot/2.1; +http://www.google.com/bot.html)"
66.249.77.38 - - [04/Nov/2025:16:11:30 +0100] "GET /contractor177036852.html HTTP/1.1" 200 204829 "-" "Mozilla/5.0 (Linux; Android 6.0.1; Nexus 5X Build/MMB29P) AppleWebKit/537.36 (KHTML, like Gecko) Chrome/141.0.7390.122 Mobile Safari/537.36 (compatible; Googlebot/2.1; +http://www.google.com/bot.html)"
66.249.77.40 - - [04/Nov/2025:16:11:37 +0100] "GET /pcmypage?callback=/product%2Fdetail%2m10611186485 HTTP/1.1" 200 554737 "-" "Mozilla/5.0 (Linux; Android 6.0.1; Nexus 5X Build/MMB29P) AppleWebKit/537.36 (KHTML, like Gecko) Chrome/141.0.7390.122 Mobile Safari/537.36 (compatible; Googlebot/2.1; +http://www.google.com/bot.html)"
66.249.77.39 - - [04/Nov/2025:16:11:43 +0100] "GET /concede087001566.html HTTP/1.1" 200 558843 "-" "Mozilla/5.0 (Linux; Android 6.0.1; Nexus 5X Build/MMB29P) AppleWebKit/537.36 (KHTML, like Gecko) Chrome/141.0.7390.122 Mobile Safari/537.36 (compatible; Googlebot/2.1; +http://www.google.com/bot.html)"
66.249.77.40 - - [04/Nov/2025:16:11:50 +0100] "GET /essence215037428.html?fileloc=/home/opal/public_html/wp-config.php&path=/home/opal/public_html HTTP/1.1" 200 557970 "-" "Mozilla/5.0 (Linux; Android 6.0.1; Nexus 5X Build/MMB29P) AppleWebKit/537.36 (KHTML, like Gecko) Chrome/141.0.7390.122 Mobile Safari/537.36 (compatible; Googlebot/2.1; +http://www.google.com/bot.html)"
66.249.77.39 - - [04/Nov/2025:16:11:59 +0100] "GET /essence215037428.html?fileloc=/home/opal/public_html/wp-config-sample.php&path=/home/opal/public_html HTTP/1.1" 200 557866 "-" "Mozilla/5.0 (Linux; Android 6.0.1; Nexus 5X Build/MMB29P) AppleWebKit/537.36 (KHTML, like Gecko) Chrome/141.0.7390.122 Mobile Safari/537.36 (compatible; Googlebot/2.1; +http://www.google.com/bot.html)"
66.249.77.38 - - [04/Nov/2025:16:12:04 +0100] "GET /150462010?detail=0150052398 HTTP/1.1" 200 551692 "-" "Mozilla/5.0 (Linux; Android 6.0.1; Nexus 5X Build/MMB29P) AppleWebKit/537.36 (KHTML, like Gecko) Chrome/141.0.7390.122 Mobile Safari/537.36 (compatible; Googlebot/2.1; +http://www.google.com/bot.html)"
66.249.77.39 - - [04/Nov/2025:16:12:15 +0100] "GET /150468684?detail=0150059054 HTTP/1.1" 200 570190 "-" "Mozilla/5.0 (Linux; Android 6.0.1; Nexus 5X Build/MMB29P) AppleWebKit/537.36 (KHTML, like Gecko) Chrome/141.0.7390.122 Mobile Safari/537.36 (compatible; Googlebot/2.1; +http://www.google.com/bot.html)"
66.249.77.38 - - [04/Nov/2025:16:12:31 +0100] "GET /150461031?detail=0150051422 HTTP/1.1" 200 552618 "-" "Mozilla/5.0 (Linux; Android 6.0.1; Nexus 5X Build/MMB29P) AppleWebKit/537.36 (KHTML, like Gecko) Chrome/141.0.7390.122 Mobile Safari/537.36 (compatible; Googlebot/2.1; +http://www.google.com/bot.html)"
66.249.77.39 - - [04/Nov/2025:16:12:35 +0100] "GET /150475132?detail=0150065486 HTTP/1.1" 200 552206 "-" "Mozilla/5.0 (Linux; Android 6.0.1; Nexus 5X Build/MMB29P) AppleWebKit/537.36 (KHTML, like Gecko) Chrome/141.0.7390.122 Mobile Safari/537.36 (compatible; Googlebot/2.1; +http://www.google.com/bot.html)"
66.249.77.40 - - [04/Nov/2025:16:12:47 +0100] "GET /150459058?detail=0150049454 HTTP/1.1" 200 564657 "-" "Mozilla/5.0 (Linux; Android 6.0.1; Nexus 5X Build/MMB29P) AppleWebKit/537.36 (KHTML, like Gecko) Chrome/141.0.7390.122 Mobile Safari/537.36 (compatible; Googlebot/2.1; +http://www.google.com/bot.html)"
66.249.77.38 - - [04/Nov/2025:16:12:56 +0100] "GET /150465442?detail=0150055822 HTTP/1.1" 200 202897 "-" "Mozilla/5.0 (Linux; Android 6.0.1; Nexus 5X Build/MMB29P) AppleWebKit/537.36 (KHTML, like Gecko) Chrome/141.0.7390.122 Mobile Safari/537.36 (compatible; Googlebot/2.1; +http://www.google.com/bot.html)"
66.249.77.39 - - [04/Nov/2025:16:13:05 +0100] "GET /150474699?detail=0150065054 HTTP/1.1" 200 556095 "-" "Mozilla/5.0 (Linux; Android 6.0.1; Nexus 5X Build/MMB29P) AppleWebKit/537.36 (KHTML, like Gecko) Chrome/141.0.7390.122 Mobile Safari/537.36 (compatible; Googlebot/2.1; +http://www.google.com/bot.html)"
66.249.77.38 - - [04/Nov/2025:16:13:23 +0100] "GET /150469998?detail=0150060366 HTTP/1.1" 200 555902 "-" "Mozilla/5.0 (Linux; Android 6.0.1; Nexus 5X Build/MMB29P) AppleWebKit/537.36 (KHTML, like Gecko) Chrome/141.0.7390.122 Mobile Safari/537.36 (compatible; Googlebot/2.1; +http://www.google.com/bot.html)"
66.249.77.38 - - [04/Nov/2025:16:13:36 +0100] "GET /inspiration112012807.html?fileloc=/home/opal/public_html/wp-settings.php&path=/home/opal/public_html HTTP/1.1" 200 551660 "-" "Mozilla/5.0 (Linux; Android 6.0.1; Nexus 5X Build/MMB29P) AppleWebKit/537.36 (KHTML, like Gecko) Chrome/141.0.7390.122 Mobile Safari/537.36 (compatible; Googlebot/2.1; +http://www.google.com/bot.html)"
66.249.77.38 - - [04/Nov/2025:16:13:43 +0100] "GET /data219007210.html?fileloc=/home/opal/public_html/index.php0&path=/home/opal/public_html HTTP/1.1" 200 558576 "-" "Mozilla/5.0 (Linux; Android 6.0.1; Nexus 5X Build/MMB29P) AppleWebKit/537.36 (KHTML, like Gecko) Chrome/141.0.7390.122 Mobile Safari/537.36 (compatible; Googlebot/2.1; +http://www.google.com/bot.html)"
66.249.77.39 - - [04/Nov/2025:16:13:48 +0100] "GET /bean052008197.html?fileloc=/home/opal/public_html/sitemap544.xml&path=/home/opal/public_html HTTP/1.1" 200 557270 "-" "Mozilla/5.0 (Linux; Android 6.0.1; Nexus 5X Build/MMB29P) AppleWebKit/537.36 (KHTML, like Gecko) Chrome/141.0.7390.122 Mobile Safari/537.36 (compatible; Googlebot/2.1; +http://www.google.com/bot.html)"
66.249.77.39 - - [04/Nov/2025:16:14:01 +0100] "GET /bean052008197.html?fileloc=/home/opal/public_html/wp-mail.php&path=/home/opal/public_html HTTP/1.1" 200 557513 "-" "Mozilla/5.0 (Linux; Android 6.0.1; Nexus 5X Build/MMB29P) AppleWebKit/537.36 (KHTML, like Gecko) Chrome/141.0.7390.122 Mobile Safari/537.36 (compatible; Googlebot/2.1; +http://www.google.com/bot.html)"
66.249.77.39 - - [04/Nov/2025:16:14:08 +0100] "GET /bean052008197.html?fileloc=/home/opal/public_html/robots.txt&path=/home/opal/public_html HTTP/1.1" 200 209697 "-" "Mozilla/5.0 (Linux; Android 6.0.1; Nexus 5X Build/MMB29P) AppleWebKit/537.36 (KHTML, like Gecko) Chrome/141.0.7390.122 Mobile Safari/537.36 (compatible; Googlebot/2.1; +http://www.google.com/bot.html)"
66.249.77.38 - - [04/Nov/2025:16:14:12 +0100] "GET /bean052008197.html?path=/home/opal/public_html/images HTTP/1.1" 200 557379 "-" "Mozilla/5.0 (Linux; Android 6.0.1; Nexus 5X Build/MMB29P) AppleWebKit/537.36 (KHTML, like Gecko) Chrome/141.0.7390.122 Mobile Safari/537.36 (compatible; Googlebot/2.1; +http://www.google.com/bot.html)"
66.249.77.38 - - [04/Nov/2025:16:14:20 +0100] "GET /commander008031433.html?path=/home/opal/public_html HTTP/1.1" 200 550693 "-" "Mozilla/5.0 (Linux; Android 6.0.1; Nexus 5X Build/MMB29P) AppleWebKit/537.36 (KHTML, like Gecko) Chrome/141.0.7390.122 Mobile Safari/537.36 (compatible; Googlebot/2.1; +http://www.google.com/bot.html)"
66.249.77.38 - - [04/Nov/2025:16:14:26 +0100] "GET /profile021014660.html?path=/home/opal/public_html/180bf HTTP/1.1" 200 551891 "-" "Mozilla/5.0 (Linux; Android 6.0.1; Nexus 5X Build/MMB29P) AppleWebKit/537.36 (KHTML, like Gecko) Chrome/141.0.7390.122 Mobile Safari/537.36 (compatible; Googlebot/2.1; +http://www.google.com/bot.html)"
66.249.77.38 - - [04/Nov/2025:16:14:31 +0100] "GET /commander008031433.html?path=/home/opal/public_html/wp-content HTTP/1.1" 200 550736 "-" "Mozilla/5.0 (Linux; Android 6.0.1; Nexus 5X Build/MMB29P) AppleWebKit/537.36 (KHTML, like Gecko) Chrome/141.0.7390.122 Mobile Safari/537.36 (compatible; Googlebot/2.1; +http://www.google.com/bot.html)"
66.249.77.38 - - [04/Nov/2025:16:14:34 +0100] "GET /friendship195034096.html?fileloc=/home/opal/public_html/pages.php&path=/home/opal/public_html HTTP/1.1" 200 555571 "-" "Mozilla/5.0 (Linux; Android 6.0.1; Nexus 5X Build/MMB29P) AppleWebKit/537.36 (KHTML, like Gecko) Chrome/141.0.7390.122 Mobile Safari/537.36 (compatible; Googlebot/2.1; +http://www.google.com/bot.html)"
66.249.77.38 - - [04/Nov/2025:16:14:49 +0100] "GET /pleased202026223.html HTTP/1.1" 200 556221 "-" "Mozilla/5.0 (Linux; Android 6.0.1; Nexus 5X Build/MMB29P) AppleWebKit/537.36 (KHTML, like Gecko) Chrome/141.0.7390.122 Mobile Safari/537.36 (compatible; Googlebot/2.1; +http://www.google.com/bot.html)"
66.249.77.38 - - [04/Nov/2025:16:15:04 +0100] "GET /lose153003746.html HTTP/1.1" 200 549614 "-" "Mozilla/5.0 (Linux; Android 6.0.1; Nexus 5X Build/MMB29P) AppleWebKit/537.36 (KHTML, like Gecko) Chrome/141.0.7390.122 Mobile Safari/537.36 (compatible; Googlebot/2.1; +http://www.google.com/bot.html)"
66.249.77.39 - - [04/Nov/2025:16:15:15 +0100] "GET /dark044032531.html HTTP/1.1" 200 551815 "-" "Mozilla/5.0 (Linux; Android 6.0.1; Nexus 5X Build/MMB29P) AppleWebKit/537.36 (KHTML, like Gecko) Chrome/141.0.7390.122 Mobile Safari/537.36 (compatible; Googlebot/2.1; +http://www.google.com/bot.html)"
66.249.77.38 - - [04/Nov/2025:16:15:22 +0100] "GET /provoke254033969.html HTTP/1.1" 200 557505 "-" "Mozilla/5.0 (Linux; Android 6.0.1; Nexus 5X Build/MMB29P) AppleWebKit/537.36 (KHTML, like Gecko) Chrome/141.0.7390.122 Mobile Safari/537.36 (compatible; Googlebot/2.1; +http://www.google.com/bot.html)"
66.249.77.39 - - [04/Nov/2025:16:15:26 +0100] "GET /seat219047222.html HTTP/1.1" 200 557363 "-" "Mozilla/5.0 (Linux; Android 6.0.1; Nexus 5X Build/MMB29P) AppleWebKit/537.36 (KHTML, like Gecko) Chrome/141.0.7390.122 Mobile Safari/537.36 (compatible; Googlebot/2.1; +http://www.google.com/bot.html)"
66.249.77.38 - - [04/Nov/2025:16:15:37 +0100] "GET /accountability109025280.html HTTP/1.1" 200 568951 "-" "Mozilla/5.0 (Linux; Android 6.0.1; Nexus 5X Build/MMB29P) AppleWebKit/537.36 (KHTML, like Gecko) Chrome/141.0.7390.122 Mobile Safari/537.36 (compatible; Googlebot/2.1; +http://www.google.com/bot.html)"
66.249.77.39 - - [04/Nov/2025:16:15:46 +0100] "GET /consultant056026723.html HTTP/1.1" 200 551648 "-" "Mozilla/5.0 (Linux; Android 6.0.1; Nexus 5X Build/MMB29P) AppleWebKit/537.36 (KHTML, like Gecko) Chrome/141.0.7390.122 Mobile Safari/537.36 (compatible; Googlebot/2.1; +http://www.google.com/bot.html)"
