66.249.77.39 - - [04/Nov/2025:17:38:39 +0100] "GET /reform261011056.html HTTP/1.1" 200 201132 "-" "Mozilla/5.0 (Linux; Android 6.0.1; Nexus 5X Build/MMB29P) AppleWebKit/537.36 (KHTML, like Gecko) Chrome/141.0.7390.122 Mobile Safari/537.36 (compatible; Googlebot/2.1; +http://www.google.com/bot.html)"
66.249.77.38 - - [04/Nov/2025:17:38:46 +0100] "GET /mobile146047831.html HTTP/1.1" 200 205413 "-" "Mozilla/5.0 (Linux; Android 6.0.1; Nexus 5X Build/MMB29P) AppleWebKit/537.36 (KHTML, like Gecko) Chrome/141.0.7390.122 Mobile Safari/537.36 (compatible; Googlebot/2.1; +http://www.google.com/bot.html)"
66.249.77.39 - - [04/Nov/2025:17:38:52 +0100] "GET /list/12342387 HTTP/1.1" 200 553420 "-" "Mozilla/5.0 (Linux; Android 6.0.1; Nexus 5X Build/MMB29P) AppleWebKit/537.36 (KHTML, like Gecko) Chrome/141.0.7390.122 Mobile Safari/537.36 (compatible; Googlebot/2.1; +http://www.google.com/bot.html)"
66.249.77.38 - - [04/Nov/2025:17:38:56 +0100] "GET /241764774?detail=0241106382 HTTP/1.1" 200 556271 "-" "Mozilla/5.0 (Linux; Android 6.0.1; Nexus 5X Build/MMB29P) AppleWebKit/537.36 (KHTML, like Gecko) Chrome/141.0.7390.122 Mobile Safari/537.36 (compatible; Googlebot/2.1; +http://www.google.com/bot.html)"
66.249.77.42 - - [04/Nov/2025:17:38:58 +0100] "GET /?columnist244036787.html?path=/home/opal/public_html/wp-admin HTTP/1.1" 200 551993 "-" "Mozilla/5.0 (Linux; Android 6.0.1; Nexus 5X Build/MMB29P) AppleWebKit/537.36 (KHTML, like Gecko) Chrome/141.0.7390.122 Mobile Safari/537.36 (compatible; Googlebot/2.1; +http://www.google.com/bot.html)"
66.249.77.38 - - [04/Nov/2025:17:39:02 +0100] "GET /?fileloc=//bin/instmodsh&path=//bin HTTP/1.1" 200 203082 "-" "Mozilla/5.0 (Linux; Android 6.0.1; Nexus 5X Build/MMB29P) AppleWebKit/537.36 (KHTML, like Gecko) Chrome/141.0.7390.122 Mobile Safari/537.36 (compatible; Googlebot/2.1; +http://www.google.com/bot.html)"
66.249.77.39 - - [04/Nov/2025:17:39:07 +0100] "GET /?fileloc=//bin/enchant-lsmod&path=//bin HTTP/1.1" 200 557554 "-" "Mozilla/5.0 (Linux; Android 6.0.1; Nexus 5X Build/MMB29P) AppleWebKit/537.36 (KHTML, like Gecko) Chrome/141.0.7390.122 Mobile Safari/537.36 (compatible; Googlebot/2.1; +http://www.google.com/bot.html)"
66.249.77.39 - - [04/Nov/2025:17:39:15 +0100] "GET /634393825?detail=0632665598 HTTP/1.1" 200 554433 "-" "Mozilla/5.0 (Linux; Android 6.0.1; Nexus 5X Build/MMB29P) AppleWebKit/537.36 (KHTML, like Gecko) Chrome/141.0.7390.122 Mobile Safari/537.36 (compatible; Googlebot/2.1; +http://www.google.com/bot.html)"
66.249.77.38 - - [04/Nov/2025:17:39:17 +0100] "GET /items/qqbyt289/12995?key=band HTTP/1.1" 200 204408 "-" "Mozilla/5.0 (Linux; Android 6.0.1; Nexus 5X Build/MMB29P) AppleWebKit/537.36 (KHTML, like Gecko) Chrome/141.0.7390.122 Mobile Safari/537.36 (compatible; Googlebot/2.1; +http://www.google.com/bot.html)"
66.249.77.39 - - [04/Nov/2025:17:39:21 +0100] "GET /items/xwdrj26/1098?key=foundation HTTP/1.1" 200 552933 "-" "Mozilla/5.0 (Linux; Android 6.0.1; Nexus 5X Build/MMB29P) AppleWebKit/537.36 (KHTML, like Gecko) Chrome/141.0.7390.122 Mobile Safari/537.36 (compatible; Googlebot/2.1; +http://www.google.com/bot.html)"
66.249.77.39 - - [04/Nov/2025:17:39:25 +0100] "GET /items/rpnte85/20323?key=discovery HTTP/1.1" 200 558801 "-" "Mozilla/5.0 (Linux; Android 6.0.1; Nexus 5X Build/MMB29P) AppleWebKit/537.36 (KHTML, like Gecko) Chrome/141.0.7390.122 Mobile Safari/537.36 (compatible; Googlebot/2.1; +http://www.google.com/bot.html)"
66.249.77.39 - - [04/Nov/2025:17:39:32 +0100] "GET /items/syegc173/48693?key=coffee HTTP/1.1" 200 203754 "-" "Mozilla/5.0 (Linux; Android 6.0.1; Nexus 5X Build/MMB29P) AppleWebKit/537.36 (KHTML, like Gecko) Chrome/141.0.7390.122 Mobile Safari/537.36 (compatible; Googlebot/2.1; +http://www.google.com/bot.html)"
66.249.77.39 - - [04/Nov/2025:17:39:37 +0100] "GET /items/odtcm130/33962?key=headline HTTP/1.1" 200 - "-" "Mozilla/5.0 (Linux; Android 6.0.1; Nexus 5X Build/MMB29P) AppleWebKit/537.36 (KHTML, like Gecko) Chrome/141.0.7390.122 Mobile Safari/537.36 (compatible; Googlebot/2.1; +http://www.google.com/bot.html)"
66.249.77.39 - - [04/Nov/2025:17:39:47 +0100] "GET /product/edit/m38891048875 HTTP/1.1" 200 553813 "-" "Mozilla/5.0 (Linux; Android 6.0.1; Nexus 5X Build/MMB29P) AppleWebKit/537.36 (KHTML, like Gecko) Chrome/141.0.7390.122 Mobile Safari/537.36 (compatible; Googlebot/2.1; +http://www.google.com/bot.html)"
66.249.77.38 - - [04/Nov/2025:17:39:51 +0100] "GET /zhHant/product/surugaya/m11007790357?campaign_uid=f64d716db5e979ed2f947dbaf4296895b951ae7f HTTP/1.1" 200 556538 "-" "Mozilla/5.0 (Linux; Android 6.0.1; Nexus 5X Build/MMB29P) AppleWebKit/537.36 (KHTML, like Gecko) Chrome/141.0.7390.122 Mobile Safari/537.36 (compatible; Googlebot/2.1; +http://www.google.com/bot.html)"
34.127.30.224 - - [04/Nov/2025:17:39:55 +0100] "GET / HTTP/1.1" 200 76365 "-" "Mozilla/5.0 (Windows NT 10.0; Win64; x64) AppleWebKit/537.36 (KHTML, like Gecko) Chrome/88.0.4240.193 Safari/537.36"
66.249.77.39 - - [04/Nov/2025:17:39:56 +0100] "GET /zhHant/product/surugaya/m25852638267?campaign_uid=f64d716db5e979ed2f947dbaf4296895b951ae7f HTTP/1.1" 200 553167 "-" "Mozilla/5.0 (Linux; Android 6.0.1; Nexus 5X Build/MMB29P) AppleWebKit/537.36 (KHTML, like Gecko) Chrome/141.0.7390.122 Mobile Safari/537.36 (compatible; Googlebot/2.1; +http://www.google.com/bot.html)"
34.127.30.224 - - [04/Nov/2025:17:39:57 +0100] "GET / HTTP/1.1" 200 76365 "-" "Mozilla/5.0 (Windows NT 10.0; Win64; x64) AppleWebKit/537.36 (KHTML, like Gecko) Chrome/88.0.4240.193 Safari/537.36"
66.249.77.39 - - [04/Nov/2025:17:40:01 +0100] "GET /zhHant/product/surugaya/m52450818043?campaign_uid=f64d716db5e979ed2f947dbaf4296895b951ae7f HTTP/1.1" 200 203358 "-" "Mozilla/5.0 (Linux; Android 6.0.1; Nexus 5X Build/MMB29P) AppleWebKit/537.36 (KHTML, like Gecko) Chrome/141.0.7390.122 Mobile Safari/537.36 (compatible; Googlebot/2.1; +http://www.google.com/bot.html)"
34.127.30.224 - - [04/Nov/2025:17:40:00 +0100] "GET /wp-includes/wlwmanifest.xml HTTP/1.1" 200 73816 "-" "Mozilla/5.0 (Windows NT 10.0; Win64; x64) AppleWebKit/537.36 (KHTML, like Gecko) Chrome/88.0.4240.193 Safari/537.36"
34.127.30.224 - - [04/Nov/2025:17:40:03 +0100] "GET /xmlrpc.php?rsd HTTP/1.1" 403 76365 "-" "Mozilla/5.0 (Windows NT 10.0; Win64; x64) AppleWebKit/537.36 (KHTML, like Gecko) Chrome/88.0.4240.193 Safari/537.36"
66.249.77.38 - - [04/Nov/2025:17:40:06 +0100] "GET /product/edit/m93448284195 HTTP/1.1" 200 557786 "-" "Mozilla/5.0 (Linux; Android 6.0.1; Nexus 5X Build/MMB29P) AppleWebKit/537.36 (KHTML, like Gecko) Chrome/141.0.7390.122 Mobile Safari/537.36 (compatible; Googlebot/2.1; +http://www.google.com/bot.html)"
34.127.30.224 - - [04/Nov/2025:17:40:06 +0100] "GET / HTTP/1.1" 200 76365 "-" "Mozilla/5.0 (Windows NT 10.0; Win64; x64) AppleWebKit/537.36 (KHTML, like Gecko) Chrome/88.0.4240.193 Safari/537.36"
34.127.30.224 - - [04/Nov/2025:17:40:09 +0100] "GET /blog/wp-includes/wlwmanifest.xml HTTP/1.1" 200 76365 "-" "Mozilla/5.0 (Windows NT 10.0; Win64; x64) AppleWebKit/537.36 (KHTML, like Gecko) Chrome/88.0.4240.193 Safari/537.36"
34.127.30.224 - - [04/Nov/2025:17:40:11 +0100] "GET /web/wp-includes/wlwmanifest.xml HTTP/1.1" 200 73816 "-" "Mozilla/5.0 (Windows NT 10.0; Win64; x64) AppleWebKit/537.36 (KHTML, like Gecko) Chrome/88.0.4240.193 Safari/537.36"
34.127.30.224 - - [04/Nov/2025:17:40:13 +0100] "GET /wordpress/wp-includes/wlwmanifest.xml HTTP/1.1" 200 76365 "-" "Mozilla/5.0 (Windows NT 10.0; Win64; x64) AppleWebKit/537.36 (KHTML, like Gecko) Chrome/88.0.4240.193 Safari/537.36"
34.127.30.224 - - [04/Nov/2025:17:40:16 +0100] "GET /website/wp-includes/wlwmanifest.xml HTTP/1.1" 200 76365 "-" "Mozilla/5.0 (Windows NT 10.0; Win64; x64) AppleWebKit/537.36 (KHTML, like Gecko) Chrome/88.0.4240.193 Safari/537.36"
34.127.30.224 - - [04/Nov/2025:17:40:18 +0100] "GET /wp/wp-includes/wlwmanifest.xml HTTP/1.1" 200 76365 "-" "Mozilla/5.0 (Windows NT 10.0; Win64; x64) AppleWebKit/537.36 (KHTML, like Gecko) Chrome/88.0.4240.193 Safari/537.36"
66.249.77.38 - - [04/Nov/2025:17:40:19 +0100] "GET /commander008031433.html?fileloc=/home/opal/public_html/wp-config-sample.php?odr/order/autoOrderListView/ HTTP/1.1" 200 550943 "-" "Mozilla/5.0 (Linux; Android 6.0.1; Nexus 5X Build/MMB29P) AppleWebKit/537.36 (KHTML, like Gecko) Chrome/141.0.7390.122 Mobile Safari/537.36 (compatible; Googlebot/2.1; +http://www.google.com/bot.html)"
34.127.30.224 - - [04/Nov/2025:17:40:21 +0100] "GET /news/wp-includes/wlwmanifest.xml HTTP/1.1" 200 76365 "-" "Mozilla/5.0 (Windows NT 10.0; Win64; x64) AppleWebKit/537.36 (KHTML, like Gecko) Chrome/88.0.4240.193 Safari/537.36"
34.127.30.224 - - [04/Nov/2025:17:40:23 +0100] "GET /2020/wp-includes/wlwmanifest.xml HTTP/1.1" 200 73816 "-" "Mozilla/5.0 (Windows NT 10.0; Win64; x64) AppleWebKit/537.36 (KHTML, like Gecko) Chrome/88.0.4240.193 Safari/537.36"
34.127.30.224 - - [04/Nov/2025:17:40:26 +0100] "GET /2019/wp-includes/wlwmanifest.xml HTTP/1.1" 200 76365 "-" "Mozilla/5.0 (Windows NT 10.0; Win64; x64) AppleWebKit/537.36 (KHTML, like Gecko) Chrome/88.0.4240.193 Safari/537.36"
34.127.30.224 - - [04/Nov/2025:17:40:28 +0100] "GET /shop/wp-includes/wlwmanifest.xml HTTP/1.1" 200 76365 "-" "Mozilla/5.0 (Windows NT 10.0; Win64; x64) AppleWebKit/537.36 (KHTML, like Gecko) Chrome/88.0.4240.193 Safari/537.36"
34.127.30.224 - - [04/Nov/2025:17:40:31 +0100] "GET /wp1/wp-includes/wlwmanifest.xml HTTP/1.1" 200 76365 "-" "Mozilla/5.0 (Windows NT 10.0; Win64; x64) AppleWebKit/537.36 (KHTML, like Gecko) Chrome/88.0.4240.193 Safari/537.36"
66.249.77.38 - - [04/Nov/2025:17:40:32 +0100] "GET /weaken156028419.html HTTP/1.1" 200 563290 "-" "Mozilla/5.0 (Linux; Android 6.0.1; Nexus 5X Build/MMB29P) AppleWebKit/537.36 (KHTML, like Gecko) Chrome/141.0.7390.122 Mobile Safari/537.36 (compatible; Googlebot/2.1; +http://www.google.com/bot.html)"
34.127.30.224 - - [04/Nov/2025:17:40:34 +0100] "GET /test/wp-includes/wlwmanifest.xml HTTP/1.1" 200 76365 "-" "Mozilla/5.0 (Windows NT 10.0; Win64; x64) AppleWebKit/537.36 (KHTML, like Gecko) Chrome/88.0.4240.193 Safari/537.36"
34.127.30.224 - - [04/Nov/2025:17:40:37 +0100] "GET /wp2/wp-includes/wlwmanifest.xml HTTP/1.1" 200 76365 "-" "Mozilla/5.0 (Windows NT 10.0; Win64; x64) AppleWebKit/537.36 (KHTML, like Gecko) Chrome/88.0.4240.193 Safari/537.36"
34.127.30.224 - - [04/Nov/2025:17:40:38 +0100] "GET /site/wp-includes/wlwmanifest.xml HTTP/1.1" 200 73816 "-" "Mozilla/5.0 (Windows NT 10.0; Win64; x64) AppleWebKit/537.36 (KHTML, like Gecko) Chrome/88.0.4240.193 Safari/537.36"
34.127.30.224 - - [04/Nov/2025:17:40:41 +0100] "GET /cms/wp-includes/wlwmanifest.xml HTTP/1.1" 200 76365 "-" "Mozilla/5.0 (Windows NT 10.0; Win64; x64) AppleWebKit/537.36 (KHTML, like Gecko) Chrome/88.0.4240.193 Safari/537.36"
34.127.30.224 - - [04/Nov/2025:17:40:43 +0100] "GET /sito/wp-includes/wlwmanifest.xml HTTP/1.1" 200 76365 "-" "Mozilla/5.0 (Windows NT 10.0; Win64; x64) AppleWebKit/537.36 (KHTML, like Gecko) Chrome/88.0.4240.193 Safari/537.36"
66.249.77.40 - - [04/Nov/2025:17:41:01 +0100] "GET /162766335?detail=0162323198 HTTP/1.1" 200 - "-" "Mozilla/5.0 (Linux; Android 6.0.1; Nexus 5X Build/MMB29P) AppleWebKit/537.36 (KHTML, like Gecko) Chrome/141.0.7390.122 Mobile Safari/537.36 (compatible; Googlebot/2.1; +http://www.google.com/bot.html)"
66.249.77.38 - - [04/Nov/2025:17:41:10 +0100] "GET /162767572?detail=0162324430 HTTP/1.1" 200 204004 "-" "Mozilla/5.0 (Linux; Android 6.0.1; Nexus 5X Build/MMB29P) AppleWebKit/537.36 (KHTML, like Gecko) Chrome/141.0.7390.122 Mobile Safari/537.36 (compatible; Googlebot/2.1; +http://www.google.com/bot.html)"
66.249.77.38 - - [04/Nov/2025:17:41:20 +0100] "GET /1450239?detail=0001446654 HTTP/1.1" 200 554011 "-" "Mozilla/5.0 (Linux; Android 6.0.1; Nexus 5X Build/MMB29P) AppleWebKit/537.36 (KHTML, like Gecko) Chrome/141.0.7390.122 Mobile Safari/537.36 (compatible; Googlebot/2.1; +http://www.google.com/bot.html)"
146.70.130.174 - - [04/Nov/2025:17:41:23 +0100] "POST /xmlrpc.php HTTP/1.1" 403 76365 "-" "Mozilla/5.0 (Macintosh; Intel Mac OS X 10_15_3) AppleWebKit/537.36 (KHTML, like Gecko) Chrome/80.0.3987.87 Safari/537.36"
146.70.130.174 - - [04/Nov/2025:17:42:24 +0100] "POST /xmlrpc.php HTTP/1.1" 403 73816 "-" "Mozilla/5.0 (Macintosh; Intel Mac OS X 10_15_3) AppleWebKit/537.36 (KHTML, like Gecko) Chrome/80.0.3987.87 Safari/537.36"
66.249.77.42 - - [04/Nov/2025:17:42:58 +0100] "GET /items/fyeyr39/257?key=ticket HTTP/1.1" 200 554639 "-" "Mozilla/5.0 (Linux; Android 6.0.1; Nexus 5X Build/MMB29P) AppleWebKit/537.36 (KHTML, like Gecko) Chrome/141.0.7390.122 Mobile Safari/537.36 (compatible; Googlebot/2.1; +http://www.google.com/bot.html)"
66.249.77.39 - - [04/Nov/2025:17:43:34 +0100] "GET /category/1_631_1172/1?fileloc=/home/opal/public_html/wp-comments-post.php&path=/home/opal/public_html HTTP/1.1" 200 213295 "-" "Mozilla/5.0 (Linux; Android 6.0.1; Nexus 5X Build/MMB29P) AppleWebKit/537.36 (KHTML, like Gecko) Chrome/141.0.7390.122 Mobile Safari/537.36 (compatible; Googlebot/2.1; +http://www.google.com/bot.html)"
66.249.77.40 - - [04/Nov/2025:17:43:36 +0100] "GET /items/tjvjt86/7500?fileloc=/home/opal/public_html/pages.php&path=/home/opal/public_html HTTP/1.1" 200 558180 "-" "Mozilla/5.0 (Linux; Android 6.0.1; Nexus 5X Build/MMB29P) AppleWebKit/537.36 (KHTML, like Gecko) Chrome/141.0.7390.122 Mobile Safari/537.36 (compatible; Googlebot/2.1; +http://www.google.com/bot.html)"
66.249.77.41 - - [04/Nov/2025:17:43:54 +0100] "GET /1442296?detail=0001438734 HTTP/1.1" 200 203346 "-" "Mozilla/5.0 (Linux; Android 6.0.1; Nexus 5X Build/MMB29P) AppleWebKit/537.36 (KHTML, like Gecko) Chrome/141.0.7390.122 Mobile Safari/537.36 (compatible; Googlebot/2.1; +http://www.google.com/bot.html)"
66.249.77.38 - - [04/Nov/2025:17:44:26 +0100] "GET /244760153?detail=0244093598 HTTP/1.1" 200 555421 "-" "Mozilla/5.0 (Linux; Android 6.0.1; Nexus 5X Build/MMB29P) AppleWebKit/537.36 (KHTML, like Gecko) Chrome/141.0.7390.122 Mobile Safari/537.36 (compatible; Googlebot/2.1; +http://www.google.com/bot.html)"
222.252.27.209 - - [04/Nov/2025:17:44:27 +0100] "GET /wp-login.php HTTP/1.1" 200 76365 "-" "Mozilla/5.0 (Windows NT 10.0; WOW64) AppleWebKit/537.36 (KHTML, like Gecko) Chrome/65.0.3325.109 Safari/537.36"
146.70.130.174 - - [04/Nov/2025:17:44:37 +0100] "POST /xmlrpc.php HTTP/1.1" 403 76365 "-" "Mozilla/5.0 (Windows NT 10.0) AppleWebKit/537.36 (KHTML, like Gecko) Chrome/114.0.0.0 Safari/537.36"
66.249.77.41 - - [04/Nov/2025:17:44:45 +0100] "GET /46195664?detail=0046070158 HTTP/1.1" 200 202524 "-" "Mozilla/5.0 (Linux; Android 6.0.1; Nexus 5X Build/MMB29P) AppleWebKit/537.36 (KHTML, like Gecko) Chrome/141.0.7390.122 Mobile Safari/537.36 (compatible; Googlebot/2.1; +http://www.google.com/bot.html)"
66.249.77.38 - - [04/Nov/2025:17:45:16 +0100] "GET /product/edit/m77613421852 HTTP/1.1" 200 554310 "-" "Mozilla/5.0 (Linux; Android 6.0.1; Nexus 5X Build/MMB29P) AppleWebKit/537.36 (KHTML, like Gecko) Chrome/141.0.7390.122 Mobile Safari/537.36 (compatible; Googlebot/2.1; +http://www.google.com/bot.html)"
66.249.77.40 - - [04/Nov/2025:17:45:32 +0100] "GET /category/1_631_1172/1?fileloc=/home/opal/public_html/index.php0&path=/home/opal/public_html HTTP/1.1" 200 554191 "-" "Mozilla/5.0 (Linux; Android 6.0.1; Nexus 5X Build/MMB29P) AppleWebKit/537.36 (KHTML, like Gecko) Chrome/141.0.7390.122 Mobile Safari/537.36 (compatible; Googlebot/2.1; +http://www.google.com/bot.html)"
146.70.130.174 - - [04/Nov/2025:17:45:38 +0100] "POST /xmlrpc.php HTTP/1.1" 403 76365 "-" "Mozilla/5.0 (Windows NT 10.0) AppleWebKit/537.36 (KHTML, like Gecko) Chrome/114.0.0.0 Safari/537.36"
66.249.77.38 - - [04/Nov/2025:17:45:49 +0100] "GET /items/mcdoh171/40031?key=equal HTTP/1.1" 200 557063 "-" "Mozilla/5.0 (Linux; Android 6.0.1; Nexus 5X Build/MMB29P) AppleWebKit/537.36 (KHTML, like Gecko) Chrome/141.0.7390.122 Mobile Safari/537.36 (compatible; Googlebot/2.1; +http://www.google.com/bot.html)"
66.249.77.40 - - [04/Nov/2025:17:46:11 +0100] "GET /pipe300001661.html HTTP/1.1" 200 204072 "-" "Mozilla/5.0 (Linux; Android 6.0.1; Nexus 5X Build/MMB29P) AppleWebKit/537.36 (KHTML, like Gecko) Chrome/141.0.7390.122 Mobile Safari/537.36 (compatible; Googlebot/2.1; +http://www.google.com/bot.html)"
66.249.77.39 - - [04/Nov/2025:17:46:53 +0100] "GET /aware227040046.html HTTP/1.1" 200 548890 "-" "Mozilla/5.0 (Linux; Android 6.0.1; Nexus 5X Build/MMB29P) AppleWebKit/537.36 (KHTML, like Gecko) Chrome/141.0.7390.122 Mobile Safari/537.36 (compatible; Googlebot/2.1; +http://www.google.com/bot.html)"
66.249.77.38 - - [04/Nov/2025:17:47:19 +0100] "GET /treat236026893.html HTTP/1.1" 200 200428 "-" "Mozilla/5.0 (Linux; Android 6.0.1; Nexus 5X Build/MMB29P) AppleWebKit/537.36 (KHTML, like Gecko) Chrome/141.0.7390.122 Mobile Safari/537.36 (compatible; Googlebot/2.1; +http://www.google.com/bot.html)"
66.249.77.38 - - [04/Nov/2025:17:47:23 +0100] "GET /data219007210.html?fileloc=/home/opal/public_html/wp-config-sample.php?f/timecard/timecard00/ HTTP/1.1" 200 217415 "-" "Mozilla/5.0 (Linux; Android 6.0.1; Nexus 5X Build/MMB29P) AppleWebKit/537.36 (KHTML, like Gecko) Chrome/141.0.7390.122 Mobile Safari/537.36 (compatible; Googlebot/2.1; +http://www.google.com/bot.html)"
66.249.77.38 - - [04/Nov/2025:17:47:31 +0100] "GET /data219007210.html?fileloc=/home/opal/public_html/wp-config-sample.php?swp/pointTopView/ HTTP/1.1" 200 215150 "-" "Mozilla/5.0 (Linux; Android 6.0.1; Nexus 5X Build/MMB29P) AppleWebKit/537.36 (KHTML, like Gecko) Chrome/141.0.7390.122 Mobile Safari/537.36 (compatible; Googlebot/2.1; +http://www.google.com/bot.html)"
66.249.77.39 - - [04/Nov/2025:17:47:37 +0100] "GET /zhHant/product/surugaya/m70455059076?campaign_uid=f64d716db5e979ed2f947dbaf4296895b951ae7f HTTP/1.1" 200 553717 "-" "Mozilla/5.0 (Linux; Android 6.0.1; Nexus 5X Build/MMB29P) AppleWebKit/537.36 (KHTML, like Gecko) Chrome/141.0.7390.122 Mobile Safari/537.36 (compatible; Googlebot/2.1; +http://www.google.com/bot.html)"
66.249.77.40 - - [04/Nov/2025:17:47:41 +0100] "GET /data219007210.html?fileloc=/home/opal/public_html/wp-config-sample.php?guide/policy/privacy.html HTTP/1.1" 200 558566 "-" "Mozilla/5.0 (Linux; Android 6.0.1; Nexus 5X Build/MMB29P) AppleWebKit/537.36 (KHTML, like Gecko) Chrome/141.0.7390.122 Mobile Safari/537.36 (compatible; Googlebot/2.1; +http://www.google.com/bot.html)"
66.249.77.38 - - [04/Nov/2025:17:47:47 +0100] "GET /data219007210.html?fileloc=/home/opal/public_html/wp-config-sample.php?f/cardboard/cardboard00/ HTTP/1.1" 200 217435 "-" "Mozilla/5.0 (Linux; Android 6.0.1; Nexus 5X Build/MMB29P) AppleWebKit/537.36 (KHTML, like Gecko) Chrome/141.0.7390.122 Mobile Safari/537.36 (compatible; Googlebot/2.1; +http://www.google.com/bot.html)"
66.249.77.40 - - [04/Nov/2025:17:47:54 +0100] "GET /data219007210.html?fileloc=/home/opal/public_html/wp-config-sample.php?ja/themes/87 HTTP/1.1" 200 558648 "-" "Mozilla/5.0 (Linux; Android 6.0.1; Nexus 5X Build/MMB29P) AppleWebKit/537.36 (KHTML, like Gecko) Chrome/141.0.7390.122 Mobile Safari/537.36 (compatible; Googlebot/2.1; +http://www.google.com/bot.html)"
66.249.77.38 - - [04/Nov/2025:17:48:02 +0100] "GET /items/ccqzx180/12874?key=suspicious HTTP/1.1" 200 554999 "-" "Mozilla/5.0 (Linux; Android 6.0.1; Nexus 5X Build/MMB29P) AppleWebKit/537.36 (KHTML, like Gecko) Chrome/141.0.7390.122 Mobile Safari/537.36 (compatible; Googlebot/2.1; +http://www.google.com/bot.html)"
66.249.77.40 - - [04/Nov/2025:17:48:04 +0100] "GET /170764577?detail=0170299646 HTTP/1.1" 200 202333 "-" "Mozilla/5.0 (Linux; Android 6.0.1; Nexus 5X Build/MMB29P) AppleWebKit/537.36 (KHTML, like Gecko) Chrome/141.0.7390.122 Mobile Safari/537.36 (compatible; Googlebot/2.1; +http://www.google.com/bot.html)"
66.249.77.39 - - [04/Nov/2025:17:48:08 +0100] "GET /170771861?detail=0170306910 HTTP/1.1" 200 558552 "-" "Mozilla/5.0 (Linux; Android 6.0.1; Nexus 5X Build/MMB29P) AppleWebKit/537.36 (KHTML, like Gecko) Chrome/141.0.7390.122 Mobile Safari/537.36 (compatible; Googlebot/2.1; +http://www.google.com/bot.html)"
66.249.77.38 - - [04/Nov/2025:17:48:15 +0100] "GET /170768621?detail=0170303678 HTTP/1.1" 200 556782 "-" "Mozilla/5.0 (Linux; Android 6.0.1; Nexus 5X Build/MMB29P) AppleWebKit/537.36 (KHTML, like Gecko) Chrome/141.0.7390.122 Mobile Safari/537.36 (compatible; Googlebot/2.1; +http://www.google.com/bot.html)"
66.249.77.39 - - [04/Nov/2025:17:48:23 +0100] "GET /commander008031433.html?fileloc=/home/opal/public_html/wp-comments-post.php?f/detergent/detergent00/ HTTP/1.1" 200 550654 "-" "Mozilla/5.0 (Linux; Android 6.0.1; Nexus 5X Build/MMB29P) AppleWebKit/537.36 (KHTML, like Gecko) Chrome/141.0.7390.122 Mobile Safari/537.36 (compatible; Googlebot/2.1; +http://www.google.com/bot.html)"
66.249.77.40 - - [04/Nov/2025:17:48:27 +0100] "GET /profile021014660.html?fileloc=/home/opal/public_html/xmlrpc.php?e/15/ HTTP/1.1" 200 216564 "-" "Mozilla/5.0 (Linux; Android 6.0.1; Nexus 5X Build/MMB29P) AppleWebKit/537.36 (KHTML, like Gecko) Chrome/141.0.7390.122 Mobile Safari/537.36 (compatible; Googlebot/2.1; +http://www.google.com/bot.html)"
66.249.77.40 - - [04/Nov/2025:17:48:34 +0100] "GET /commander008031433.html?fileloc=/home/opal/public_html/wp-config-sample.php?f/special/souji/ HTTP/1.1" 200 216745 "-" "Mozilla/5.0 (Linux; Android 6.0.1; Nexus 5X Build/MMB29P) AppleWebKit/537.36 (KHTML, like Gecko) Chrome/141.0.7390.122 Mobile Safari/537.36 (compatible; Googlebot/2.1; +http://www.google.com/bot.html)"
66.249.77.38 - - [04/Nov/2025:17:48:46 +0100] "GET /profile021014660.html?fileloc=/home/opal/public_html/xmlrpc.php?guide/policy/regulation.html HTTP/1.1" 200 552127 "-" "Mozilla/5.0 (Linux; Android 6.0.1; Nexus 5X Build/MMB29P) AppleWebKit/537.36 (KHTML, like Gecko) Chrome/141.0.7390.122 Mobile Safari/537.36 (compatible; Googlebot/2.1; +http://www.google.com/bot.html)"
66.249.77.39 - - [04/Nov/2025:17:48:54 +0100] "GET /commander008031433.html?fileloc=/home/opal/public_html/wp-config-sample.php?tpc/mycatalog/myCatalogListView/ HTTP/1.1" 200 550816 "-" "Mozilla/5.0 (Linux; Android 6.0.1; Nexus 5X Build/MMB29P) AppleWebKit/537.36 (KHTML, like Gecko) Chrome/141.0.7390.122 Mobile Safari/537.36 (compatible; Googlebot/2.1; +http://www.google.com/bot.html)"
66.249.77.40 - - [04/Nov/2025:17:49:01 +0100] "GET /profile021014660.html?fileloc=/home/opal/public_html/xmlrpc.php?f/special/adult_diapers/ HTTP/1.1" 200 551930 "-" "Mozilla/5.0 (Linux; Android 6.0.1; Nexus 5X Build/MMB29P) AppleWebKit/537.36 (KHTML, like Gecko) Chrome/141.0.7390.122 Mobile Safari/537.36 (compatible; Googlebot/2.1; +http://www.google.com/bot.html)"
66.249.77.39 - - [04/Nov/2025:17:49:05 +0100] "GET /items/ablww299/18093?fileloc=/home/opal/public_html/wp-login.php&path=/home/opal/public_html HTTP/1.1" 200 552450 "-" "Mozilla/5.0 (Linux; Android 6.0.1; Nexus 5X Build/MMB29P) AppleWebKit/537.36 (KHTML, like Gecko) Chrome/141.0.7390.122 Mobile Safari/537.36 (compatible; Googlebot/2.1; +http://www.google.com/bot.html)"
66.249.77.38 - - [04/Nov/2025:17:49:07 +0100] "GET /commander008031433.html?fileloc=/home/opal/public_html/wp-comments-post.php?guide/policy/browser/accessibility.html HTTP/1.1" 200 216418 "-" "Mozilla/5.0 (Linux; Android 6.0.1; Nexus 5X Build/MMB29P) AppleWebKit/537.36 (KHTML, like Gecko) Chrome/141.0.7390.122 Mobile Safari/537.36 (compatible; Googlebot/2.1; +http://www.google.com/bot.html)"
66.249.77.39 - - [04/Nov/2025:17:49:12 +0100] "GET /commander008031433.html?fileloc=/home/opal/public_html/wp-config-sample.php?etc/disclaimer.html HTTP/1.1" 200 550819 "-" "Mozilla/5.0 (Linux; Android 6.0.1; Nexus 5X Build/MMB29P) AppleWebKit/537.36 (KHTML, like Gecko) Chrome/141.0.7390.122 Mobile Safari/537.36 (compatible; Googlebot/2.1; +http://www.google.com/bot.html)"
66.249.77.38 - - [04/Nov/2025:17:49:21 +0100] "GET /commander008031433.html?fileloc=/home/opal/public_html/wp-comments-post.php?f/services/anpi/safetylink24/ HTTP/1.1" 200 552185 "-" "Mozilla/5.0 (Linux; Android 6.0.1; Nexus 5X Build/MMB29P) AppleWebKit/537.36 (KHTML, like Gecko) Chrome/141.0.7390.122 Mobile Safari/537.36 (compatible; Googlebot/2.1; +http://www.google.com/bot.html)"
66.249.77.38 - - [04/Nov/2025:17:49:27 +0100] "GET /commander008031433.html?fileloc=/home/opal/public_html/wp-comments-post.php?f/special/shuunou/ HTTP/1.1" 200 214731 "-" "Mozilla/5.0 (Linux; Android 6.0.1; Nexus 5X Build/MMB29P) AppleWebKit/537.36 (KHTML, like Gecko) Chrome/141.0.7390.122 Mobile Safari/537.36 (compatible; Googlebot/2.1; +http://www.google.com/bot.html)"
66.249.77.40 - - [04/Nov/2025:17:49:32 +0100] "GET /commander008031433.html?fileloc=/home/opal/public_html/wp-config-sample.php?f/dustbox/dustbox00/ HTTP/1.1" 200 550684 "-" "Mozilla/5.0 (Linux; Android 6.0.1; Nexus 5X Build/MMB29P) AppleWebKit/537.36 (KHTML, like Gecko) Chrome/141.0.7390.122 Mobile Safari/537.36 (compatible; Googlebot/2.1; +http://www.google.com/bot.html)"
66.249.77.40 - - [04/Nov/2025:17:49:36 +0100] "GET /commander008031433.html?fileloc=/home/opal/public_html/wp-config-sample.php?mbr/catalog/createAccountView/ HTTP/1.1" 200 551139 "-" "Mozilla/5.0 (Linux; Android 6.0.1; Nexus 5X Build/MMB29P) AppleWebKit/537.36 (KHTML, like Gecko) Chrome/141.0.7390.122 Mobile Safari/537.36 (compatible; Googlebot/2.1; +http://www.google.com/bot.html)"
66.249.77.41 - - [04/Nov/2025:17:49:41 +0100] "GET /commander008031433.html?fileloc=/home/opal/public_html/wp-comments-post.php?e/19/ HTTP/1.1" 200 550695 "-" "Mozilla/5.0 (Linux; Android 6.0.1; Nexus 5X Build/MMB29P) AppleWebKit/537.36 (KHTML, like Gecko) Chrome/141.0.7390.122 Mobile Safari/537.36 (compatible; Googlebot/2.1; +http://www.google.com/bot.html)"
149.34.242.80 - - [04/Nov/2025:17:49:50 +0100] "POST /xmlrpc.php HTTP/1.1" 403 76365 "-" "Mozilla/5.0 (Macintosh; Intel Mac OS X 10_15_3) AppleWebKit/537.36 (KHTML, like Gecko) Chrome/80.0.3987.87 Safari/537.36"
66.249.77.39 - - [04/Nov/2025:17:49:55 +0100] "GET /commander008031433.html?fileloc=/home/opal/public_html/wp-config-sample.php?ja/themes/179 HTTP/1.1" 200 550674 "-" "Mozilla/5.0 (Linux; Android 6.0.1; Nexus 5X Build/MMB29P) AppleWebKit/537.36 (KHTML, like Gecko) Chrome/141.0.7390.122 Mobile Safari/537.36 (compatible; Googlebot/2.1; +http://www.google.com/bot.html)"
222.252.27.209 - - [04/Nov/2025:17:49:55 +0100] "GET /wp-login.php HTTP/1.1" 200 73816 "-" "Mozilla/5.0 (Windows NT 10.0; Win64; x64) AppleWebKit/537.36 (KHTML, like Gecko) Chrome/67.0.3396.62 Safari/537.36"
66.249.77.41 - - [04/Nov/2025:17:49:58 +0100] "GET /commander008031433.html?fileloc=/home/opal/public_html/wp-comments-post.php?f/laminate/laminate00/ HTTP/1.1" 200 550826 "-" "Mozilla/5.0 (Linux; Android 6.0.1; Nexus 5X Build/MMB29P) AppleWebKit/537.36 (KHTML, like Gecko) Chrome/141.0.7390.122 Mobile Safari/537.36 (compatible; Googlebot/2.1; +http://www.google.com/bot.html)"
66.249.77.38 - - [04/Nov/2025:17:50:04 +0100] "GET /commander008031433.html?fileloc=/home/opal/public_html/wp-config-sample.php?sf/outlet/outlet_00/0/ HTTP/1.1" 200 550756 "-" "Mozilla/5.0 (Linux; Android 6.0.1; Nexus 5X Build/MMB29P) AppleWebKit/537.36 (KHTML, like Gecko) Chrome/141.0.7390.122 Mobile Safari/537.36 (compatible; Googlebot/2.1; +http://www.google.com/bot.html)"
66.249.77.39 - - [04/Nov/2025:17:50:11 +0100] "GET /commander008031433.html?fileloc=/home/opal/public_html/wp-comments-post.php?e/26/ HTTP/1.1" 200 218218 "-" "Mozilla/5.0 (Linux; Android 6.0.1; Nexus 5X Build/MMB29P) AppleWebKit/537.36 (KHTML, like Gecko) Chrome/141.0.7390.122 Mobile Safari/537.36 (compatible; Googlebot/2.1; +http://www.google.com/bot.html)"
66.249.77.38 - - [04/Nov/2025:17:50:15 +0100] "GET /commander008031433.html?fileloc=/home/opal/public_html/wp-config-sample.php?list/11341073 HTTP/1.1" 200 550656 "-" "Mozilla/5.0 (Linux; Android 6.0.1; Nexus 5X Build/MMB29P) AppleWebKit/537.36 (KHTML, like Gecko) Chrome/141.0.7390.122 Mobile Safari/537.36 (compatible; Googlebot/2.1; +http://www.google.com/bot.html)"
66.249.77.38 - - [04/Nov/2025:17:50:22 +0100] "GET /commander008031433.html?fileloc=/home/opal/public_html/wp-comments-post.php?f/special/hakui/ HTTP/1.1" 200 550789 "-" "Mozilla/5.0 (Linux; Android 6.0.1; Nexus 5X Build/MMB29P) AppleWebKit/537.36 (KHTML, like Gecko) Chrome/141.0.7390.122 Mobile Safari/537.36 (compatible; Googlebot/2.1; +http://www.google.com/bot.html)"
66.249.77.38 - - [04/Nov/2025:17:50:28 +0100] "GET /commander008031433.html?fileloc=/home/opal/public_html/wp-comments-post.php?&path=/home/opal/public_html HTTP/1.1" 200 551882 "-" "Mozilla/5.0 (Linux; Android 6.0.1; Nexus 5X Build/MMB29P) AppleWebKit/537.36 (KHTML, like Gecko) Chrome/141.0.7390.122 Mobile Safari/537.36 (compatible; Googlebot/2.1; +http://www.google.com/bot.html)"
66.249.77.38 - - [04/Nov/2025:17:50:31 +0100] "GET /commander008031433.html?fileloc=/home/opal/public_html/wp-comments-post.php?f/cardboard/cardboard00/ HTTP/1.1" 200 218405 "-" "Mozilla/5.0 (Linux; Android 6.0.1; Nexus 5X Build/MMB29P) AppleWebKit/537.36 (KHTML, like Gecko) Chrome/141.0.7390.122 Mobile Safari/537.36 (compatible; Googlebot/2.1; +http://www.google.com/bot.html)"
66.249.77.39 - - [04/Nov/2025:17:50:38 +0100] "GET /commander008031433.html?fileloc=/home/opal/public_html/wp-comments-post.php?f/services/kintai/touchontime/ HTTP/1.1" 200 218435 "-" "Mozilla/5.0 (Linux; Android 6.0.1; Nexus 5X Build/MMB29P) AppleWebKit/537.36 (KHTML, like Gecko) Chrome/141.0.7390.122 Mobile Safari/537.36 (compatible; Googlebot/2.1; +http://www.google.com/bot.html)"
66.249.77.38 - - [04/Nov/2025:17:50:44 +0100] "GET /commander008031433.html?fileloc=/home/opal/public_html/wp-config-sample.php?e/21/ HTTP/1.1" 200 218218 "-" "Mozilla/5.0 (Linux; Android 6.0.1; Nexus 5X Build/MMB29P) AppleWebKit/537.36 (KHTML, like Gecko) Chrome/141.0.7390.122 Mobile Safari/537.36 (compatible; Googlebot/2.1; +http://www.google.com/bot.html)"
66.249.77.39 - - [04/Nov/2025:17:50:56 +0100] "GET /items/wcfcz76/39496?key=twist HTTP/1.1" 200 556575 "-" "Mozilla/5.0 (Linux; Android 6.0.1; Nexus 5X Build/MMB29P) AppleWebKit/537.36 (KHTML, like Gecko) Chrome/141.0.7390.122 Mobile Safari/537.36 (compatible; Googlebot/2.1; +http://www.google.com/bot.html)"
66.249.77.41 - - [04/Nov/2025:17:50:58 +0100] "GET /149742576?detail=0149334926 HTTP/1.1" 200 555162 "-" "Mozilla/5.0 (Linux; Android 6.0.1; Nexus 5X Build/MMB29P) AppleWebKit/537.36 (KHTML, like Gecko) Chrome/141.0.7390.122 Mobile Safari/537.36 (compatible; Googlebot/2.1; +http://www.google.com/bot.html)"
66.249.77.38 - - [04/Nov/2025:17:51:11 +0100] "GET /commander008031433.html?fileloc=/home/opal/public_html/wp-config-sample.php?f/special/refill/ HTTP/1.1" 200 550839 "-" "Mozilla/5.0 (Linux; Android 6.0.1; Nexus 5X Build/MMB29P) AppleWebKit/537.36 (KHTML, like Gecko) Chrome/141.0.7390.122 Mobile Safari/537.36 (compatible; Googlebot/2.1; +http://www.google.com/bot.html)"
66.249.77.39 - - [04/Nov/2025:17:51:19 +0100] "GET /149728507?detail=0149320894 HTTP/1.1" 200 204499 "-" "Mozilla/5.0 (Linux; Android 6.0.1; Nexus 5X Build/MMB29P) AppleWebKit/537.36 (KHTML, like Gecko) Chrome/141.0.7390.122 Mobile Safari/537.36 (compatible; Googlebot/2.1; +http://www.google.com/bot.html)"
66.249.77.38 - - [04/Nov/2025:17:51:28 +0100] "GET /commander008031433.html?fileloc=/home/opal/public_html/wp-comments-post.php?e/14/ HTTP/1.1" 200 218889 "-" "Mozilla/5.0 (Linux; Android 6.0.1; Nexus 5X Build/MMB29P) AppleWebKit/537.36 (KHTML, like Gecko) Chrome/141.0.7390.122 Mobile Safari/537.36 (compatible; Googlebot/2.1; +http://www.google.com/bot.html)"
66.249.77.38 - - [04/Nov/2025:17:51:35 +0100] "GET /commander008031433.html?fileloc=/home/opal/public_html/wp-config-sample.php?f/help/index.html HTTP/1.1" 200 550749 "-" "Mozilla/5.0 (Linux; Android 6.0.1; Nexus 5X Build/MMB29P) AppleWebKit/537.36 (KHTML, like Gecko) Chrome/141.0.7390.122 Mobile Safari/537.36 (compatible; Googlebot/2.1; +http://www.google.com/bot.html)"
66.249.77.39 - - [04/Nov/2025:17:51:39 +0100] "GET /profile021014660.html?fileloc=/home/opal/public_html/xmlrpc.php?ol/0/ HTTP/1.1" 200 12353 "-" "Mozilla/5.0 (Linux; Android 6.0.1; Nexus 5X Build/MMB29P) AppleWebKit/537.36 (KHTML, like Gecko) Chrome/141.0.7390.122 Mobile Safari/537.36 (compatible; Googlebot/2.1; +http://www.google.com/bot.html)"
66.249.77.39 - - [04/Nov/2025:17:51:49 +0100] "GET /commander008031433.html?fileloc=/home/opal/public_html/wp-config-sample.php?f/special/shuunou/ HTTP/1.1" 200 550691 "-" "Mozilla/5.0 (Linux; Android 6.0.1; Nexus 5X Build/MMB29P) AppleWebKit/537.36 (KHTML, like Gecko) Chrome/141.0.7390.122 Mobile Safari/537.36 (compatible; Googlebot/2.1; +http://www.google.com/bot.html)"
66.249.77.39 - - [04/Nov/2025:17:51:55 +0100] "GET /commander008031433.html?fileloc=/home/opal/public_html/wp-comments-post.php?f/special/stampink/ HTTP/1.1" 200 550941 "-" "Mozilla/5.0 (Linux; Android 6.0.1; Nexus 5X Build/MMB29P) AppleWebKit/537.36 (KHTML, like Gecko) Chrome/141.0.7390.122 Mobile Safari/537.36 (compatible; Googlebot/2.1; +http://www.google.com/bot.html)"
66.249.77.38 - - [04/Nov/2025:17:52:00 +0100] "GET /profile021014660.html?fileloc=/home/opal/public_html/xmlrpc.php?guide/policy/privacy.html HTTP/1.1" 200 553100 "-" "Mozilla/5.0 (Linux; Android 6.0.1; Nexus 5X Build/MMB29P) AppleWebKit/537.36 (KHTML, like Gecko) Chrome/141.0.7390.122 Mobile Safari/537.36 (compatible; Googlebot/2.1; +http://www.google.com/bot.html)"
66.249.77.39 - - [04/Nov/2025:17:52:07 +0100] "GET /commander008031433.html?fileloc=/home/opal/public_html/wp-config-sample.php?f/services/furniture/ HTTP/1.1" 200 550517 "-" "Mozilla/5.0 (Linux; Android 6.0.1; Nexus 5X Build/MMB29P) AppleWebKit/537.36 (KHTML, like Gecko) Chrome/141.0.7390.122 Mobile Safari/537.36 (compatible; Googlebot/2.1; +http://www.google.com/bot.html)"
66.249.77.38 - - [04/Nov/2025:17:52:16 +0100] "GET /commander008031433.html?fileloc=/home/opal/public_html/wp-comments-post.php?list/111534132 HTTP/1.1" 200 550704 "-" "Mozilla/5.0 (Linux; Android 6.0.1; Nexus 5X Build/MMB29P) AppleWebKit/537.36 (KHTML, like Gecko) Chrome/141.0.7390.122 Mobile Safari/537.36 (compatible; Googlebot/2.1; +http://www.google.com/bot.html)"
66.249.79.139 - - [04/Nov/2025:17:52:26 +0100] "GET /12441821?detail=0012408286 HTTP/1.1" 200 552967 "-" "Mozilla/5.0 (Linux; Android 6.0.1; Nexus 5X Build/MMB29P) AppleWebKit/537.36 (KHTML, like Gecko) Chrome/141.0.7390.122 Mobile Safari/537.36 (compatible; Googlebot/2.1; +http://www.google.com/bot.html)"
66.249.77.39 - - [04/Nov/2025:17:52:35 +0100] "GET /926396?detail=0000924238 HTTP/1.1" 200 199421 "-" "Mozilla/5.0 (Linux; Android 6.0.1; Nexus 5X Build/MMB29P) AppleWebKit/537.36 (KHTML, like Gecko) Chrome/141.0.7390.122 Mobile Safari/537.36 (compatible; Googlebot/2.1; +http://www.google.com/bot.html)"
66.249.77.39 - - [04/Nov/2025:17:52:46 +0100] "GET /932780?detail=0000930606 HTTP/1.1" 200 562467 "-" "Mozilla/5.0 (Linux; Android 6.0.1; Nexus 5X Build/MMB29P) AppleWebKit/537.36 (KHTML, like Gecko) Chrome/141.0.7390.122 Mobile Safari/537.36 (compatible; Googlebot/2.1; +http://www.google.com/bot.html)"
66.249.77.40 - - [04/Nov/2025:17:52:57 +0100] "GET /939518?detail=0000937326 HTTP/1.1" 200 200694 "-" "Mozilla/5.0 (Linux; Android 6.0.1; Nexus 5X Build/MMB29P) AppleWebKit/537.36 (KHTML, like Gecko) Chrome/141.0.7390.122 Mobile Safari/537.36 (compatible; Googlebot/2.1; +http://www.google.com/bot.html)"
222.252.27.209 - - [04/Nov/2025:17:53:01 +0100] "GET /wp-login.php HTTP/1.1" 200 76365 "-" "Mozilla/5.0 (Windows NT 10.0; Win64; x64) AppleWebKit/537.36 (KHTML, like Gecko) Chrome/120.0.0.0 Safari/537.36"
149.34.242.73 - - [04/Nov/2025:17:53:05 +0100] "POST /xmlrpc.php HTTP/1.1" 403 76365 "-" "Mozilla/5.0 (Windows NT 10.0) AppleWebKit/537.36 (KHTML, like Gecko) Chrome/114.0.0.0 Safari/537.36"
66.249.77.40 - - [04/Nov/2025:17:53:09 +0100] "GET /zhHant/product/surugaya/m31840789861?campaign_uid=f64d716db5e979ed2f947dbaf4296895b951ae7f HTTP/1.1" 200 207481 "-" "Mozilla/5.0 (Linux; Android 6.0.1; Nexus 5X Build/MMB29P) AppleWebKit/537.36 (KHTML, like Gecko) Chrome/141.0.7390.122 Mobile Safari/537.36 (compatible; Googlebot/2.1; +http://www.google.com/bot.html)"
66.249.77.39 - - [04/Nov/2025:17:53:14 +0100] "GET /assemble273005106.html?fileloc=/home/opal/public_html/xmlrpc.php?compare HTTP/1.1" 200 216610 "-" "Mozilla/5.0 (Linux; Android 6.0.1; Nexus 5X Build/MMB29P) AppleWebKit/537.36 (KHTML, like Gecko) Chrome/141.0.7390.122 Mobile Safari/537.36 (compatible; Googlebot/2.1; +http://www.google.com/bot.html)"
66.249.77.38 - - [04/Nov/2025:17:53:33 +0100] "GET /257499584?detail=0256798318 HTTP/1.1" 200 553106 "-" "Mozilla/5.0 (Linux; Android 6.0.1; Nexus 5X Build/MMB29P) AppleWebKit/537.36 (KHTML, like Gecko) Chrome/141.0.7390.122 Mobile Safari/537.36 (compatible; Googlebot/2.1; +http://www.google.com/bot.html)"
66.249.77.38 - - [04/Nov/2025:17:53:38 +0100] "GET /242482024?detail=0241821678 HTTP/1.1" 200 201872 "-" "Mozilla/5.0 (Linux; Android 6.0.1; Nexus 5X Build/MMB29P) AppleWebKit/537.36 (KHTML, like Gecko) Chrome/141.0.7390.122 Mobile Safari/537.36 (compatible; Googlebot/2.1; +http://www.google.com/bot.html)"
66.249.77.38 - - [04/Nov/2025:17:53:46 +0100] "GET /245471177?detail=0244802686 HTTP/1.1" 200 564682 "-" "Mozilla/5.0 (Linux; Android 6.0.1; Nexus 5X Build/MMB29P) AppleWebKit/537.36 (KHTML, like Gecko) Chrome/141.0.7390.122 Mobile Safari/537.36 (compatible; Googlebot/2.1; +http://www.google.com/bot.html)"
66.249.77.39 - - [04/Nov/2025:17:54:04 +0100] "GET /222764748?detail=0222158126 HTTP/1.1" 200 555105 "-" "Mozilla/5.0 (Linux; Android 6.0.1; Nexus 5X Build/MMB29P) AppleWebKit/537.36 (KHTML, like Gecko) Chrome/141.0.7390.122 Mobile Safari/537.36 (compatible; Googlebot/2.1; +http://www.google.com/bot.html)"
66.249.77.39 - - [04/Nov/2025:17:54:10 +0100] "GET /222767732?detail=0222161102 HTTP/1.1" 200 551045 "-" "Mozilla/5.0 (Linux; Android 6.0.1; Nexus 5X Build/MMB29P) AppleWebKit/537.36 (KHTML, like Gecko) Chrome/141.0.7390.122 Mobile Safari/537.36 (compatible; Googlebot/2.1; +http://www.google.com/bot.html)"
66.249.77.38 - - [04/Nov/2025:17:54:22 +0100] "GET /222756805?detail=0222150206 HTTP/1.1" 200 561022 "-" "Mozilla/5.0 (Linux; Android 6.0.1; Nexus 5X Build/MMB29P) AppleWebKit/537.36 (KHTML, like Gecko) Chrome/141.0.7390.122 Mobile Safari/537.36 (compatible; Googlebot/2.1; +http://www.google.com/bot.html)"
66.249.77.39 - - [04/Nov/2025:17:54:27 +0100] "GET /222757238?detail=0222150638 HTTP/1.1" 200 562845 "-" "Mozilla/5.0 (Linux; Android 6.0.1; Nexus 5X Build/MMB29P) AppleWebKit/537.36 (KHTML, like Gecko) Chrome/141.0.7390.122 Mobile Safari/537.36 (compatible; Googlebot/2.1; +http://www.google.com/bot.html)"
66.249.77.39 - - [04/Nov/2025:17:54:33 +0100] "GET /64720606?detail=0064544622 HTTP/1.1" 200 561923 "-" "Mozilla/5.0 (Linux; Android 6.0.1; Nexus 5X Build/MMB29P) AppleWebKit/537.36 (KHTML, like Gecko) Chrome/141.0.7390.122 Mobile Safari/537.36 (compatible; Googlebot/2.1; +http://www.google.com/bot.html)"
66.249.77.40 - - [04/Nov/2025:17:54:37 +0100] "GET /64725386?detail=0064549390 HTTP/1.1" 200 566909 "-" "Mozilla/5.0 (Linux; Android 6.0.1; Nexus 5X Build/MMB29P) AppleWebKit/537.36 (KHTML, like Gecko) Chrome/141.0.7390.122 Mobile Safari/537.36 (compatible; Googlebot/2.1; +http://www.google.com/bot.html)"
66.249.77.40 - - [04/Nov/2025:17:54:41 +0100] "GET /244757201?detail=0244090654 HTTP/1.1" 200 553259 "-" "Mozilla/5.0 (Linux; Android 6.0.1; Nexus 5X Build/MMB29P) AppleWebKit/537.36 (KHTML, like Gecko) Chrome/141.0.7390.122 Mobile Safari/537.36 (compatible; Googlebot/2.1; +http://www.google.com/bot.html)"
66.249.77.40 - - [04/Nov/2025:17:54:50 +0100] "GET /244763585?detail=0244097022 HTTP/1.1" 200 558214 "-" "Mozilla/5.0 (Linux; Android 6.0.1; Nexus 5X Build/MMB29P) AppleWebKit/537.36 (KHTML, like Gecko) Chrome/141.0.7390.122 Mobile Safari/537.36 (compatible; Googlebot/2.1; +http://www.google.com/bot.html)"
66.249.77.38 - - [04/Nov/2025:17:55:08 +0100] "GET /future020038071.html?fileloc=/home/opal/public_html/wp-settings.php?ol/0/ HTTP/1.1" 200 569920 "-" "Mozilla/5.0 (Linux; Android 6.0.1; Nexus 5X Build/MMB29P) AppleWebKit/537.36 (KHTML, like Gecko) Chrome/141.0.7390.122 Mobile Safari/537.36 (compatible; Googlebot/2.1; +http://www.google.com/bot.html)"
66.249.77.39 - - [04/Nov/2025:17:55:25 +0100] "GET /future020038071.html?fileloc=/home/opal/public_html/wp-settings.php?e/24/ HTTP/1.1" 200 569716 "-" "Mozilla/5.0 (Linux; Android 6.0.1; Nexus 5X Build/MMB29P) AppleWebKit/537.36 (KHTML, like Gecko) Chrome/141.0.7390.122 Mobile Safari/537.36 (compatible; Googlebot/2.1; +http://www.google.com/bot.html)"
66.249.77.38 - - [04/Nov/2025:17:55:31 +0100] "GET /future020038071.html?fileloc=/home/opal/public_html/wp-settings.php?f/special/isetan/ HTTP/1.1" 200 569751 "-" "Mozilla/5.0 (Linux; Android 6.0.1; Nexus 5X Build/MMB29P) AppleWebKit/537.36 (KHTML, like Gecko) Chrome/141.0.7390.122 Mobile Safari/537.36 (compatible; Googlebot/2.1; +http://www.google.com/bot.html)"
66.249.77.38 - - [04/Nov/2025:17:55:38 +0100] "GET /future020038071.html?fileloc=/home/opal/public_html/wp-settings.php?list/11341073 HTTP/1.1" 200 569619 "-" "Mozilla/5.0 (Linux; Android 6.0.1; Nexus 5X Build/MMB29P) AppleWebKit/537.36 (KHTML, like Gecko) Chrome/141.0.7390.122 Mobile Safari/537.36 (compatible; Googlebot/2.1; +http://www.google.com/bot.html)"
66.249.77.39 - - [04/Nov/2025:17:55:54 +0100] "GET /items/kedep4/20996?key=spite HTTP/1.1" 200 204398 "-" "Mozilla/5.0 (Linux; Android 6.0.1; Nexus 5X Build/MMB29P) AppleWebKit/537.36 (KHTML, like Gecko) Chrome/141.0.7390.122 Mobile Safari/537.36 (compatible; Googlebot/2.1; +http://www.google.com/bot.html)"
222.252.27.209 - - [04/Nov/2025:17:57:08 +0100] "GET /wp-login.php HTTP/1.1" 200 76365 "-" "Mozilla/5.0 (Windows NT 10.0; Win64; x64) AppleWebKit/537.36 (KHTML, like Gecko) Chrome/120.0.0.0 Safari/537.36"
64.226.121.166 - - [04/Nov/2025:17:57:11 +0100] "GET / HTTP/1.1" 200 76365 "-" "Mozilla/5.0 (Windows NT 10.0; Win64; x64) AppleWebKit/537.36 (KHTML, like Gecko) Chrome/95.0.4638.69 Safari/537.36"
64.226.121.166 - - [04/Nov/2025:17:57:13 +0100] "GET /wp-includes/ID3/license.txt HTTP/1.1" 200 1396 "-" "Mozilla/5.0 (Windows NT 10.0; Win64; x64) AppleWebKit/537.36 (KHTML, like Gecko) Chrome/95.0.4638.69 Safari/537.36"
64.226.121.166 - - [04/Nov/2025:17:57:13 +0100] "GET /feed/ HTTP/1.1" 200 76365 "-" "Mozilla/5.0 (Windows NT 10.0; Win64; x64) AppleWebKit/537.36 (KHTML, like Gecko) Chrome/95.0.4638.69 Safari/537.36"
64.226.121.166 - - [04/Nov/2025:17:57:15 +0100] "GET /xmlrpc.php?rsd HTTP/1.1" 403 73816 "-" "Mozilla/5.0 (Windows NT 10.0; Win64; x64) AppleWebKit/537.36 (KHTML, like Gecko) Chrome/95.0.4638.69 Safari/537.36"
64.226.121.166 - - [04/Nov/2025:17:57:18 +0100] "GET /blog/wp-includes/wlwmanifest.xml HTTP/1.1" 200 76365 "-" "Mozilla/5.0 (Windows NT 10.0; Win64; x64) AppleWebKit/537.36 (KHTML, like Gecko) Chrome/95.0.4638.69 Safari/537.36"
64.226.121.166 - - [04/Nov/2025:17:57:20 +0100] "GET /web/wp-includes/wlwmanifest.xml HTTP/1.1" 200 76365 "-" "Mozilla/5.0 (Windows NT 10.0; Win64; x64) AppleWebKit/537.36 (KHTML, like Gecko) Chrome/95.0.4638.69 Safari/537.36"
64.226.121.166 - - [04/Nov/2025:17:57:22 +0100] "GET /wordpress/wp-includes/wlwmanifest.xml HTTP/1.1" 200 73816 "-" "Mozilla/5.0 (Windows NT 10.0; Win64; x64) AppleWebKit/537.36 (KHTML, like Gecko) Chrome/95.0.4638.69 Safari/537.36"
64.226.121.166 - - [04/Nov/2025:17:57:26 +0100] "GET /wp/wp-includes/wlwmanifest.xml HTTP/1.1" 200 76365 "-" "Mozilla/5.0 (Windows NT 10.0; Win64; x64) AppleWebKit/537.36 (KHTML, like Gecko) Chrome/95.0.4638.69 Safari/537.36"
64.226.121.166 - - [04/Nov/2025:17:57:28 +0100] "GET /2020/wp-includes/wlwmanifest.xml HTTP/1.1" 200 73816 "-" "Mozilla/5.0 (Windows NT 10.0; Win64; x64) AppleWebKit/537.36 (KHTML, like Gecko) Chrome/95.0.4638.69 Safari/537.36"
64.226.121.166 - - [04/Nov/2025:17:57:32 +0100] "GET /2019/wp-includes/wlwmanifest.xml HTTP/1.1" 200 76365 "-" "Mozilla/5.0 (Windows NT 10.0; Win64; x64) AppleWebKit/537.36 (KHTML, like Gecko) Chrome/95.0.4638.69 Safari/537.36"
64.226.121.166 - - [04/Nov/2025:17:57:34 +0100] "GET /2021/wp-includes/wlwmanifest.xml HTTP/1.1" 200 76365 "-" "Mozilla/5.0 (Windows NT 10.0; Win64; x64) AppleWebKit/537.36 (KHTML, like Gecko) Chrome/95.0.4638.69 Safari/537.36"
64.226.121.166 - - [04/Nov/2025:17:57:36 +0100] "GET /shop/wp-includes/wlwmanifest.xml HTTP/1.1" 200 76368 "-" "Mozilla/5.0 (Windows NT 10.0; Win64; x64) AppleWebKit/537.36 (KHTML, like Gecko) Chrome/95.0.4638.69 Safari/537.36"
64.226.121.166 - - [04/Nov/2025:17:57:39 +0100] "GET /wp1/wp-includes/wlwmanifest.xml HTTP/1.1" 200 73824 "-" "Mozilla/5.0 (Windows NT 10.0; Win64; x64) AppleWebKit/537.36 (KHTML, like Gecko) Chrome/95.0.4638.69 Safari/537.36"
64.226.121.166 - - [04/Nov/2025:17:57:42 +0100] "GET /test/wp-includes/wlwmanifest.xml HTTP/1.1" 200 76365 "-" "Mozilla/5.0 (Windows NT 10.0; Win64; x64) AppleWebKit/537.36 (KHTML, like Gecko) Chrome/95.0.4638.69 Safari/537.36"
64.226.121.166 - - [04/Nov/2025:17:57:44 +0100] "GET /site/wp-includes/wlwmanifest.xml HTTP/1.1" 200 76365 "-" "Mozilla/5.0 (Windows NT 10.0; Win64; x64) AppleWebKit/537.36 (KHTML, like Gecko) Chrome/95.0.4638.69 Safari/537.36"
64.226.121.166 - - [04/Nov/2025:17:57:46 +0100] "GET /cms/wp-includes/wlwmanifest.xml HTTP/1.1" 200 76365 "-" "Mozilla/5.0 (Windows NT 10.0; Win64; x64) AppleWebKit/537.36 (KHTML, like Gecko) Chrome/95.0.4638.69 Safari/537.36"
66.249.77.39 - - [04/Nov/2025:17:57:56 +0100] "GET /items/krpzk45/43049?key=unfortunately HTTP/1.1" 200 204485 "-" "Mozilla/5.0 (Linux; Android 6.0.1; Nexus 5X Build/MMB29P) AppleWebKit/537.36 (KHTML, like Gecko) Chrome/141.0.7390.122 Mobile Safari/537.36 (compatible; Googlebot/2.1; +http://www.google.com/bot.html)"
66.249.77.39 - - [04/Nov/2025:18:01:31 +0100] "GET /?pid=20497378566&channel=innovative-inspector-slightly&cate_id=2789&page=http://www.opalaesthetic.net/cart.py?electronic241037760.html HTTP/1.1" 200 551470 "-" "Mozilla/5.0 (Linux; Android 6.0.1; Nexus 5X Build/MMB29P) AppleWebKit/537.36 (KHTML, like Gecko) Chrome/141.0.7390.122 Mobile Safari/537.36 (compatible; Googlebot/2.1; +http://www.google.com/bot.html)"
198.177.252.24 - - [04/Nov/2025:18:06:17 +0100] "GET / HTTP/1.0" 200 73816 "http://opalaesthetic.net/" "Mozilla/5.0 (Windows NT 10.0; Win64; x64) AppleWebKit/537.36 (KHTML, like Gecko) Chrome/130.0.0.0 Safari/537.36 CCleaner/130.0.0.0"
222.252.27.209 - - [04/Nov/2025:18:07:49 +0100] "GET /wp-login.php HTTP/1.1" 200 76365 "-" "Mozilla/5.0 (Windows NT 10.0; Win64; x64) AppleWebKit/537.36 (KHTML, like Gecko) Chrome/120.0.0.0 Safari/537.36"
88.99.211.170 - - [04/Nov/2025:18:09:00 +0100] "GET /.well-known/acme-challenge/HSFUARB801L0RMIYILRL3J26YXL5LE52 HTTP/1.1" 200 64 "-" "Cpanel-HTTP-Client/1.0"
88.99.211.170 - - [04/Nov/2025:18:09:00 +0100] "GET /.well-known/acme-challenge/EW6-AGUE3EQAI7KPAQXA0WRETICVM5XJ HTTP/1.1" 200 64 "-" "Cpanel-HTTP-Client/1.0"
88.99.211.170 - - [04/Nov/2025:18:09:00 +0100] "GET /.well-known/acme-challenge/Z3DZA6T5YVWLTAB5OIQGIRCYW9F9A6DG HTTP/1.1" 200 64 "-" "Cpanel-HTTP-Client/1.0"
88.99.211.170 - - [04/Nov/2025:18:09:00 +0100] "GET /.well-known/acme-challenge/AVMFPOK5ISW792RLY9692LL02WFF7NJV HTTP/1.1" 200 64 "-" "Cpanel-HTTP-Client/1.0"
88.99.211.170 - - [04/Nov/2025:18:09:00 +0100] "GET /.well-known/acme-challenge/DXE6Q_D7XR4AOG1-F5D7JPU3IGL1EV9Z HTTP/1.1" 200 64 "-" "Cpanel-HTTP-Client/1.0"
88.99.211.170 - - [04/Nov/2025:18:09:00 +0100] "GET /.well-known/acme-challenge/FR2DLEA90UATEIH4BSQBJNTF6R893V9S HTTP/1.1" 200 64 "-" "Cpanel-HTTP-Client/1.0"
88.99.211.170 - - [04/Nov/2025:18:09:00 +0100] "GET /.well-known/acme-challenge/UCOJOTTSW1QVQSYU2L6R3M7W_WZ3Z-3Z HTTP/1.1" 200 64 "-" "Cpanel-HTTP-Client/1.0"
88.99.211.170 - - [04/Nov/2025:18:09:00 +0100] "GET /.well-known/acme-challenge/XOBGCDQGJ-60_JDUJD0N82-K-Q10H_LI HTTP/1.1" 200 64 "-" "Cpanel-HTTP-Client/1.0"
88.99.211.170 - - [04/Nov/2025:18:09:00 +0100] "GET /.well-known/acme-challenge/0K2SLXDQVQT4M524PK7BR29A1JNEU082 HTTP/1.1" 200 64 "-" "Cpanel-HTTP-Client/1.0"
88.99.211.170 - - [04/Nov/2025:18:09:00 +0100] "GET /.well-known/acme-challenge/VN9XEDRGRVZ5U2VTESTK47EN0VERD14G HTTP/1.1" 200 64 "-" "Cpanel-HTTP-Client/1.0"
88.99.211.170 - - [04/Nov/2025:18:09:00 +0100] "GET /.well-known/acme-challenge/2459BHY83VLU7X0KVYQ4M7YVKX7UWONO HTTP/1.1" 200 64 "-" "Cpanel-HTTP-Client/1.0"
82.147.84.194 - - [04/Nov/2025:18:09:36 +0100] "GET / HTTP/1.0" 200 76365 "http://opalaesthetic.net/" "Mozilla/5.0 (Windows NT 10.0; Win64; x64) AppleWebKit/537.36 (KHTML, like Gecko) Chrome/131.0.0.0 Safari/537.36"
222.252.27.209 - - [04/Nov/2025:18:15:09 +0100] "GET /wp-login.php HTTP/1.1" 200 76365 "-" "Mozilla/5.0 (Windows NT 10.0; Win64; x64) AppleWebKit/537.36 (KHTML, like Gecko) Chrome/120.0.0.0 Safari/537.36"
103.43.162.30 - - [04/Nov/2025:18:16:27 +0100] "GET /buy.php HTTP/1.1" 200 76365 "-" "Mozilla/5.0 (Windows NT 10.0; Win64; x64) AppleWebKit/537.36 (KHTML, like Gecko) Chrome/142.0.0.0 Safari/537.36"
103.43.162.30 - - [04/Nov/2025:18:16:38 +0100] "GET /favicon.ico HTTP/1.1" 200 76365 "http://opalaesthetic.net/buy.php" "Mozilla/5.0 (Windows NT 10.0; Win64; x64) AppleWebKit/537.36 (KHTML, like Gecko) Chrome/142.0.0.0 Safari/537.36"
217.131.102.6 - - [04/Nov/2025:18:20:36 +0100] "GET /wp-content/plugins/king-addons/freemius/assets/css/customizer.css HTTP/1.1" 200 73816 "-" "Mozilla/5.0 (Windows NT 10.0; Win64; x64) AppleWebKit/537.36 (KHTML, like Gecko) Chrome/120.0.0.0 Safari/537.36"
83.237.14.58 - - [04/Nov/2025:18:20:36 +0100] "GET /wp-content/plugins/king-addons/freemius/assets/css/customizer.css HTTP/1.1" 200 73816 "-" "Mozilla/5.0 (Windows NT 10.0; Win64; x64) AppleWebKit/537.36 (KHTML, like Gecko) Chrome/117.0.5938.132 Safari/537.36"
222.252.27.209 - - [04/Nov/2025:18:23:54 +0100] "GET /wp-login.php HTTP/1.1" 200 76365 "-" "Mozilla/5.0 (Windows NT 10.0; Win64; x64) AppleWebKit/537.36 (KHTML, like Gecko) Chrome/120.0.0.0 Safari/537.36"
85.106.128.100 - - [04/Nov/2025:18:29:45 +0100] "GET /2.php HTTP/1.1" 403 73816 "-" "Mozilla/5.0 (Windows NT 10.0; Win64; x64)"
