Severity: Warning
Message: mysqli::real_connect(): (HY000/2002): Cannot assign requested address
Filename: mysqli/mysqli_driver.php
Line Number: 201
Backtrace:
File: /www/wwwroot/dash.konsole.xyz/application/core/MY_Controller.php
Line: 343
Function: __construct
File: /www/wwwroot/dash.konsole.xyz/application/controllers/Api.php
Line: 12
Function: __construct
File: /www/wwwroot/dash.konsole.xyz/index.php
Line: 316
Function: require_once
无法使用提供的设置连接到数据库服务器。
Filename: core/MY_Controller.php
Line Number: 343
66.249.77.38 - - [04/Nov/2025:13:14:06 +0100] "GET /items/eudsa129/8353?fileloc=/home/opal/public_html/readme.html&path=/home/opal/public_html HTTP/1.1" 200 552874 "-" "Mozilla/5.0 (Linux; Android 6.0.1; Nexus 5X Build/MMB29P) AppleWebKit/537.36 (KHTML, like Gecko) Chrome/141.0.7390.122 Mobile Safari/537.36 (compatible; Googlebot/2.1; +http://www.google.com/bot.html)"
66.249.76.170 - - [04/Nov/2025:13:14:40 +0100] "GET /?pid=20497378566&channel=wage-helicopter-equipment&cate_id=2789&page=http://www.opalaesthetic.net/cart.py?strike008000329.html HTTP/1.1" 200 552742 "-" "Mozilla/5.0 (Linux; Android 6.0.1; Nexus 5X Build/MMB29P) AppleWebKit/537.36 (KHTML, like Gecko) Chrome/141.0.7390.122 Mobile Safari/537.36 (compatible; Googlebot/2.1; +http://www.google.com/bot.html)"
43.166.226.186 - - [04/Nov/2025:13:15:34 +0100] "GET / HTTP/1.1" 200 76365 "-" "Mozilla/5.0 (iPhone; CPU iPhone OS 13_2_3 like Mac OS X) AppleWebKit/605.1.15 (KHTML, like Gecko) Version/13.0.3 Mobile/15E148 Safari/604.1"
208.84.101.230 - - [04/Nov/2025:13:17:27 +0100] "GET /wp-admin/setup-config.php HTTP/1.1" 403 76365 "-" "Mozilla/5.0 (Windows NT 10.0; Win64; x64)"
66.249.77.38 - - [04/Nov/2025:13:18:17 +0100] "GET /78774853?detail=0078560574 HTTP/1.1" 200 553915 "-" "Mozilla/5.0 (Linux; Android 6.0.1; Nexus 5X Build/MMB29P) AppleWebKit/537.36 (KHTML, like Gecko) Chrome/141.0.7390.122 Mobile Safari/537.36 (compatible; GoogleOther)"
20.222.33.203 - - [04/Nov/2025:13:19:50 +0100] "GET /wp-content/plugins/hellopress/wp_filemanager.php HTTP/1.1" 200 76365 "-" "-"
20.222.33.203 - - [04/Nov/2025:13:19:53 +0100] "GET /031.php HTTP/1.1" 403 76365 "-" "-"
20.222.33.203 - - [04/Nov/2025:13:19:55 +0100] "GET /ilex.php HTTP/1.1" 403 76365 "-" "-"
20.222.33.203 - - [04/Nov/2025:13:19:58 +0100] "GET /flex.php HTTP/1.1" 403 76365 "-" "-"
20.222.33.203 - - [04/Nov/2025:13:20:00 +0100] "GET /222.php HTTP/1.1" 403 76365 "-" "-"
20.222.33.203 - - [04/Nov/2025:13:20:02 +0100] "GET /444.php HTTP/1.1" 403 73816 "-" "-"
20.222.33.203 - - [04/Nov/2025:13:20:06 +0100] "GET /file9.php HTTP/1.1" 403 76365 "-" "-"
20.222.33.203 - - [04/Nov/2025:13:20:08 +0100] "GET /filesss.php HTTP/1.1" 403 76365 "-" "-"
20.222.33.203 - - [04/Nov/2025:13:20:11 +0100] "GET /file88.php HTTP/1.1" 403 76365 "-" "-"
20.222.33.203 - - [04/Nov/2025:13:20:14 +0100] "GET /gifclass4.php HTTP/1.1" 403 76365 "-" "-"
20.222.33.203 - - [04/Nov/2025:13:20:17 +0100] "GET /555.php HTTP/1.1" 403 73816 "-" "-"
20.222.33.203 - - [04/Nov/2025:13:20:20 +0100] "GET /333.php HTTP/1.1" 403 76365 "-" "-"
20.222.33.203 - - [04/Nov/2025:13:20:23 +0100] "GET /hly.php HTTP/1.1" 403 76365 "-" "-"
202.5.60.54 - - [04/Nov/2025:13:20:24 +0100] "GET /wp-json/wp/v2/posts HTTP/1.1" 200 76365 "-" "Mozilla/5.0 (Windows NT 10.0; Win64; x64) AppleWebKit/537.36 (KHTML, like Gecko) Chrome/120.0.0.0 Safari/537.36"
20.222.33.203 - - [04/Nov/2025:13:20:25 +0100] "GET /d12.php HTTP/1.1" 403 73816 "-" "-"
20.222.33.203 - - [04/Nov/2025:13:20:29 +0100] "GET /2clas.php HTTP/1.1" 403 73816 "-" "-"
20.222.33.203 - - [04/Nov/2025:13:20:32 +0100] "GET /bless5.php HTTP/1.1" 403 73816 "-" "-"
20.222.33.203 - - [04/Nov/2025:13:20:35 +0100] "GET /file15.php HTTP/1.1" 403 76365 "-" "-"
20.222.33.203 - - [04/Nov/2025:13:20:37 +0100] "GET /hk.php HTTP/1.1" 403 76365 "-" "-"
20.222.33.203 - - [04/Nov/2025:13:20:38 +0100] "GET /alpa.php HTTP/1.1" 403 76365 "-" "-"
20.222.33.203 - - [04/Nov/2025:13:20:40 +0100] "GET /file21.php HTTP/1.1" 403 76365 "-" "-"
20.222.33.203 - - [04/Nov/2025:13:20:43 +0100] "GET /ssss.php HTTP/1.1" 403 76365 "-" "-"
20.222.33.203 - - [04/Nov/2025:13:20:45 +0100] "GET /ut.php HTTP/1.1" 403 76365 "-" "-"
20.222.33.203 - - [04/Nov/2025:13:20:47 +0100] "GET /inde.php HTTP/1.1" 403 76365 "-" "-"
20.222.33.203 - - [04/Nov/2025:13:20:50 +0100] "GET /classgoto24.php HTTP/1.1" 403 76365 "-" "-"
20.222.33.203 - - [04/Nov/2025:13:20:53 +0100] "GET /030.php HTTP/1.1" 403 76365 "-" "-"
20.222.33.203 - - [04/Nov/2025:13:20:55 +0100] "GET /thh.php HTTP/1.1" 403 76365 "-" "-"
20.222.33.203 - - [04/Nov/2025:13:20:58 +0100] "GET /indo.php HTTP/1.1" 403 76365 "-" "-"
20.222.33.203 - - [04/Nov/2025:13:21:01 +0100] "GET /fileas.php HTTP/1.1" 403 76365 "-" "-"
20.222.33.203 - - [04/Nov/2025:13:21:05 +0100] "GET /yellow.php HTTP/1.1" 403 76365 "-" "-"
20.222.33.203 - - [04/Nov/2025:13:21:08 +0100] "GET /33.php HTTP/1.1" 403 76365 "-" "-"
20.222.33.203 - - [04/Nov/2025:13:21:11 +0100] "GET /plss3.php HTTP/1.1" 403 73816 "-" "-"
20.222.33.203 - - [04/Nov/2025:13:21:14 +0100] "GET /he.php HTTP/1.1" 403 76365 "-" "-"
20.222.33.203 - - [04/Nov/2025:13:21:20 +0100] "GET /thxt.php HTTP/1.1" 403 73816 "-" "-"
20.222.33.203 - - [04/Nov/2025:13:21:23 +0100] "GET /wfile.php HTTP/1.1" 403 76365 "-" "-"
20.222.33.203 - - [04/Nov/2025:13:21:25 +0100] "GET /class20.php HTTP/1.1" 403 73816 "-" "-"
20.222.33.203 - - [04/Nov/2025:13:21:28 +0100] "GET /1.php HTTP/1.1" 403 76365 "-" "-"
20.222.33.203 - - [04/Nov/2025:13:21:31 +0100] "GET /usep.php HTTP/1.1" 403 76365 "-" "-"
20.222.33.203 - - [04/Nov/2025:13:21:33 +0100] "GET /wa.php HTTP/1.1" 403 73816 "-" "-"
20.222.33.203 - - [04/Nov/2025:13:21:36 +0100] "GET /wb.php HTTP/1.1" 403 76365 "-" "-"
20.222.33.203 - - [04/Nov/2025:13:21:39 +0100] "GET /file1.php HTTP/1.1" 403 76365 "-" "-"
20.222.33.203 - - [04/Nov/2025:13:21:42 +0100] "GET /2.php HTTP/1.1" 403 76365 "-" "-"
20.222.33.203 - - [04/Nov/2025:13:21:45 +0100] "GET /a2.php HTTP/1.1" 403 76365 "-" "-"
20.222.33.203 - - [04/Nov/2025:13:21:47 +0100] "GET /a.php HTTP/1.1" 403 73816 "-" "-"
20.222.33.203 - - [04/Nov/2025:13:21:51 +0100] "GET /gmo.php HTTP/1.1" 403 76365 "-" "-"
20.222.33.203 - - [04/Nov/2025:13:21:53 +0100] "GET /info.php HTTP/1.1" 403 76365 "-" "-"
20.222.33.203 - - [04/Nov/2025:13:21:56 +0100] "GET /file2.php HTTP/1.1" 403 76365 "-" "-"
20.222.33.203 - - [04/Nov/2025:13:22:00 +0100] "GET /lv.php HTTP/1.1" 403 73816 "-" "-"
20.222.33.203 - - [04/Nov/2025:13:22:03 +0100] "GET /about.php HTTP/1.1" 200 76365 "-" "-"
66.249.77.38 - - [04/Nov/2025:13:24:01 +0100] "GET /profile021014660.html?fileloc=/home/opal/public_html/xmlrpc.php?e/09/ HTTP/1.1" 200 552000 "-" "Mozilla/5.0 (Linux; Android 6.0.1; Nexus 5X Build/MMB29P) AppleWebKit/537.36 (KHTML, like Gecko) Chrome/141.0.7390.122 Mobile Safari/537.36 (compatible; GoogleOther)"
66.249.76.161 - - [04/Nov/2025:13:26:03 +0100] "GET /items/tjvjt86/7500?fileloc=/home/opal/public_html/wp-signup.php?swp/pointTopView/ HTTP/1.1" 200 552203 "-" "Mozilla/5.0 (Linux; Android 6.0.1; Nexus 5X Build/MMB29P) AppleWebKit/537.36 (KHTML, like Gecko) Chrome/141.0.7390.122 Mobile Safari/537.36 (compatible; Googlebot/2.1; +http://www.google.com/bot.html)"
43.166.136.24 - - [04/Nov/2025:13:30:25 +0100] "GET /?fileloc=/home/opal/public_html/options.php&path=/home/opal/public_html HTTP/1.1" 200 17375 "-" "Mozilla/5.0 (iPhone; CPU iPhone OS 13_2_3 like Mac OS X) AppleWebKit/605.1.15 (KHTML, like Gecko) Version/13.0.3 Mobile/15E148 Safari/604.1"
84.54.44.19 - - [04/Nov/2025:13:31:09 +0100] "GET / HTTP/1.0" 200 73816 "http://opalaesthetic.net/" "Mozilla/5.0 (Windows NT 10.0; Win64; x64) AppleWebKit/537.36 (KHTML, like Gecko) Chrome/131.0.0.0 Safari/537.36 Avast/131.0.0.0"
66.249.77.38 - - [04/Nov/2025:13:32:15 +0100] "GET /?149741663?detail=0149334014 HTTP/1.1" 200 551923 "-" "Mozilla/5.0 (Linux; Android 6.0.1; Nexus 5X Build/MMB29P) AppleWebKit/537.36 (KHTML, like Gecko) Chrome/141.0.7390.122 Mobile Safari/537.36 (compatible; Googlebot/2.1; +http://www.google.com/bot.html)"
66.249.77.39 - - [04/Nov/2025:13:32:24 +0100] "GET /?pid=20497378566&channel=fold-sun-settle&cate_id=2789&page=http://www.opalaesthetic.net/cart.py?bus267021902.html HTTP/1.1" 200 551163 "-" "Mozilla/5.0 (Linux; Android 6.0.1; Nexus 5X Build/MMB29P) AppleWebKit/537.36 (KHTML, like Gecko) Chrome/141.0.7390.122 Mobile Safari/537.36 (compatible; Googlebot/2.1; +http://www.google.com/bot.html)"
66.249.77.39 - - [04/Nov/2025:13:32:25 +0100] "GET /?pid=20497378566&channel=crystal-if-chart&cate_id=2789&page=http://www.opalaesthetic.net/cart.py?plant096001179.html HTTP/1.1" 200 563715 "-" "Mozilla/5.0 (Linux; Android 6.0.1; Nexus 5X Build/MMB29P) AppleWebKit/537.36 (KHTML, like Gecko) Chrome/141.0.7390.122 Mobile Safari/537.36 (compatible; Googlebot/2.1; +http://www.google.com/bot.html)"
66.249.77.38 - - [04/Nov/2025:13:32:38 +0100] "GET /?pid=20497378566&channel=confession-involved-meal&cate_id=2789&page=http://www.opalaesthetic.net/cart.py?bone300001661.html HTTP/1.1" 200 557382 "-" "Mozilla/5.0 (Linux; Android 6.0.1; Nexus 5X Build/MMB29P) AppleWebKit/537.36 (KHTML, like Gecko) Chrome/141.0.7390.122 Mobile Safari/537.36 (compatible; Googlebot/2.1; +http://www.google.com/bot.html)"
66.249.76.170 - - [04/Nov/2025:13:36:16 +0100] "GET /right081013198.html HTTP/1.1" 200 559653 "-" "Mozilla/5.0 (Linux; Android 6.0.1; Nexus 5X Build/MMB29P) AppleWebKit/537.36 (KHTML, like Gecko) Chrome/141.0.7390.122 Mobile Safari/537.36 (compatible; Googlebot/2.1; +http://www.google.com/bot.html)"
66.249.77.39 - - [04/Nov/2025:13:36:27 +0100] "GET /weave065044642.html HTTP/1.1" 200 554068 "-" "Mozilla/5.0 (Linux; Android 6.0.1; Nexus 5X Build/MMB29P) AppleWebKit/537.36 (KHTML, like Gecko) Chrome/141.0.7390.122 Mobile Safari/537.36 (compatible; Googlebot/2.1; +http://www.google.com/bot.html)"
66.249.76.161 - - [04/Nov/2025:13:36:38 +0100] "GET /worry068000651.html HTTP/1.1" 200 552467 "-" "Mozilla/5.0 (Linux; Android 6.0.1; Nexus 5X Build/MMB29P) AppleWebKit/537.36 (KHTML, like Gecko) Chrome/141.0.7390.122 Mobile Safari/537.36 (compatible; Googlebot/2.1; +http://www.google.com/bot.html)"
66.249.77.39 - - [04/Nov/2025:13:36:43 +0100] "GET /pcmypage?callback=/product%2Fdetail%2m46514935316 HTTP/1.1" 200 553911 "-" "Mozilla/5.0 (Linux; Android 6.0.1; Nexus 5X Build/MMB29P) AppleWebKit/537.36 (KHTML, like Gecko) Chrome/141.0.7390.122 Mobile Safari/537.36 (compatible; Googlebot/2.1; +http://www.google.com/bot.html)"
66.249.77.40 - - [04/Nov/2025:13:36:45 +0100] "GET /celebrity004028139.html HTTP/1.1" 200 552783 "-" "Mozilla/5.0 (Linux; Android 6.0.1; Nexus 5X Build/MMB29P) AppleWebKit/537.36 (KHTML, like Gecko) Chrome/141.0.7390.122 Mobile Safari/537.36 (compatible; Googlebot/2.1; +http://www.google.com/bot.html)"
66.249.76.162 - - [04/Nov/2025:13:36:47 +0100] "GET /pcmypage?callback=/product%2Fdetail%2m57383845304 HTTP/1.1" 200 204608 "-" "Mozilla/5.0 (Linux; Android 6.0.1; Nexus 5X Build/MMB29P) AppleWebKit/537.36 (KHTML, like Gecko) Chrome/141.0.7390.122 Mobile Safari/537.36 (compatible; Googlebot/2.1; +http://www.google.com/bot.html)"
66.249.76.160 - - [04/Nov/2025:13:36:53 +0100] "GET /punch220027213.html HTTP/1.1" 200 556634 "-" "Mozilla/5.0 (Linux; Android 6.0.1; Nexus 5X Build/MMB29P) AppleWebKit/537.36 (KHTML, like Gecko) Chrome/141.0.7390.122 Mobile Safari/537.36 (compatible; Googlebot/2.1; +http://www.google.com/bot.html)"
66.249.76.162 - - [04/Nov/2025:13:37:02 +0100] "GET /pcmypage?callback=/product%2Fdetail%2m63640928922 HTTP/1.1" 200 552631 "-" "Mozilla/5.0 (Linux; Android 6.0.1; Nexus 5X Build/MMB29P) AppleWebKit/537.36 (KHTML, like Gecko) Chrome/141.0.7390.122 Mobile Safari/537.36 (compatible; Googlebot/2.1; +http://www.google.com/bot.html)"
66.249.76.161 - - [04/Nov/2025:13:37:07 +0100] "GET /discourse262003741.html HTTP/1.1" 200 556342 "-" "Mozilla/5.0 (Linux; Android 6.0.1; Nexus 5X Build/MMB29P) AppleWebKit/537.36 (KHTML, like Gecko) Chrome/141.0.7390.122 Mobile Safari/537.36 (compatible; Googlebot/2.1; +http://www.google.com/bot.html)"
66.249.76.170 - - [04/Nov/2025:13:37:13 +0100] "GET /seldom045047348.html HTTP/1.1" 200 565060 "-" "Mozilla/5.0 (Linux; Android 6.0.1; Nexus 5X Build/MMB29P) AppleWebKit/537.36 (KHTML, like Gecko) Chrome/141.0.7390.122 Mobile Safari/537.36 (compatible; Googlebot/2.1; +http://www.google.com/bot.html)"
66.249.77.39 - - [04/Nov/2025:13:37:19 +0100] "GET /in264001237.html HTTP/1.1" 200 555936 "-" "Mozilla/5.0 (Linux; Android 6.0.1; Nexus 5X Build/MMB29P) AppleWebKit/537.36 (KHTML, like Gecko) Chrome/141.0.7390.122 Mobile Safari/537.36 (compatible; Googlebot/2.1; +http://www.google.com/bot.html)"
66.249.77.38 - - [04/Nov/2025:13:37:29 +0100] "GET /score083041064.html HTTP/1.1" 200 201595 "-" "Mozilla/5.0 (Linux; Android 6.0.1; Nexus 5X Build/MMB29P) AppleWebKit/537.36 (KHTML, like Gecko) Chrome/141.0.7390.122 Mobile Safari/537.36 (compatible; Googlebot/2.1; +http://www.google.com/bot.html)"
66.249.77.38 - - [04/Nov/2025:13:37:36 +0100] "GET /pcmypage?callback=/product%2Fdetail%2m59647532962 HTTP/1.1" 200 554745 "-" "Mozilla/5.0 (Linux; Android 6.0.1; Nexus 5X Build/MMB29P) AppleWebKit/537.36 (KHTML, like Gecko) Chrome/141.0.7390.122 Mobile Safari/537.36 (compatible; Googlebot/2.1; +http://www.google.com/bot.html)"
66.249.77.38 - - [04/Nov/2025:13:37:43 +0100] "GET /pcmypage?callback=/product%2Fdetail%2m62089033687 HTTP/1.1" 200 560120 "-" "Mozilla/5.0 (Linux; Android 6.0.1; Nexus 5X Build/MMB29P) AppleWebKit/537.36 (KHTML, like Gecko) Chrome/141.0.7390.122 Mobile Safari/537.36 (compatible; Googlebot/2.1; +http://www.google.com/bot.html)"
66.249.77.38 - - [04/Nov/2025:13:37:46 +0100] "GET /pcmypage?callback=/product%2Fdetail%2m60928223337 HTTP/1.1" 200 552372 "-" "Mozilla/5.0 (Linux; Android 6.0.1; Nexus 5X Build/MMB29P) AppleWebKit/537.36 (KHTML, like Gecko) Chrome/141.0.7390.122 Mobile Safari/537.36 (compatible; Googlebot/2.1; +http://www.google.com/bot.html)"
66.249.77.39 - - [04/Nov/2025:13:37:52 +0100] "GET /150473385?detail=0150063742 HTTP/1.1" 200 550160 "-" "Mozilla/5.0 (Linux; Android 6.0.1; Nexus 5X Build/MMB29P) AppleWebKit/537.36 (KHTML, like Gecko) Chrome/141.0.7390.122 Mobile Safari/537.36 (compatible; Googlebot/2.1; +http://www.google.com/bot.html)"
66.249.76.161 - - [04/Nov/2025:13:37:58 +0100] "GET /150465732?detail=0150056110 HTTP/1.1" 200 556120 "-" "Mozilla/5.0 (Linux; Android 6.0.1; Nexus 5X Build/MMB29P) AppleWebKit/537.36 (KHTML, like Gecko) Chrome/141.0.7390.122 Mobile Safari/537.36 (compatible; Googlebot/2.1; +http://www.google.com/bot.html)"
66.249.77.40 - - [04/Nov/2025:13:38:10 +0100] "GET /150464561?detail=0150054942 HTTP/1.1" 200 568813 "-" "Mozilla/5.0 (Linux; Android 6.0.1; Nexus 5X Build/MMB29P) AppleWebKit/537.36 (KHTML, like Gecko) Chrome/141.0.7390.122 Mobile Safari/537.36 (compatible; Googlebot/2.1; +http://www.google.com/bot.html)"
66.249.77.38 - - [04/Nov/2025:13:38:16 +0100] "GET /150463614?detail=0150053998 HTTP/1.1" 200 563227 "-" "Mozilla/5.0 (Linux; Android 6.0.1; Nexus 5X Build/MMB29P) AppleWebKit/537.36 (KHTML, like Gecko) Chrome/141.0.7390.122 Mobile Safari/537.36 (compatible; Googlebot/2.1; +http://www.google.com/bot.html)"
66.249.77.38 - - [04/Nov/2025:13:38:22 +0100] "GET /150469629?detail=0150059998 HTTP/1.1" 200 551924 "-" "Mozilla/5.0 (Linux; Android 6.0.1; Nexus 5X Build/MMB29P) AppleWebKit/537.36 (KHTML, like Gecko) Chrome/141.0.7390.122 Mobile Safari/537.36 (compatible; Googlebot/2.1; +http://www.google.com/bot.html)"
66.249.76.170 - - [04/Nov/2025:13:38:28 +0100] "GET /150459427?detail=0150049822 HTTP/1.1" 200 202942 "-" "Mozilla/5.0 (Linux; Android 6.0.1; Nexus 5X Build/MMB29P) AppleWebKit/537.36 (KHTML, like Gecko) Chrome/141.0.7390.122 Mobile Safari/537.36 (compatible; Googlebot/2.1; +http://www.google.com/bot.html)"
66.249.77.40 - - [04/Nov/2025:13:38:33 +0100] "GET /150470866?detail=0150061230 HTTP/1.1" 200 564607 "-" "Mozilla/5.0 (Linux; Android 6.0.1; Nexus 5X Build/MMB29P) AppleWebKit/537.36 (KHTML, like Gecko) Chrome/141.0.7390.122 Mobile Safari/537.36 (compatible; Googlebot/2.1; +http://www.google.com/bot.html)"
66.249.77.39 - - [04/Nov/2025:13:38:38 +0100] "GET /150464128?detail=0150054510 HTTP/1.1" 200 558222 "-" "Mozilla/5.0 (Linux; Android 6.0.1; Nexus 5X Build/MMB29P) AppleWebKit/537.36 (KHTML, like Gecko) Chrome/141.0.7390.122 Mobile Safari/537.36 (compatible; Googlebot/2.1; +http://www.google.com/bot.html)"
66.249.76.161 - - [04/Nov/2025:13:38:45 +0100] "GET /150467080?detail=0150057454 HTTP/1.1" 200 560482 "-" "Mozilla/5.0 (Linux; Android 6.0.1; Nexus 5X Build/MMB29P) AppleWebKit/537.36 (KHTML, like Gecko) Chrome/141.0.7390.122 Mobile Safari/537.36 (compatible; Googlebot/2.1; +http://www.google.com/bot.html)"
66.249.77.40 - - [04/Nov/2025:13:38:51 +0100] "GET /150474989?detail=0150065342 HTTP/1.1" 200 559247 "-" "Mozilla/5.0 (Linux; Android 6.0.1; Nexus 5X Build/MMB29P) AppleWebKit/537.36 (KHTML, like Gecko) Chrome/141.0.7390.122 Mobile Safari/537.36 (compatible; Googlebot/2.1; +http://www.google.com/bot.html)"
66.249.76.160 - - [04/Nov/2025:13:38:57 +0100] "GET /150458768?detail=0150049166 HTTP/1.1" 200 553971 "-" "Mozilla/5.0 (Linux; Android 6.0.1; Nexus 5X Build/MMB29P) AppleWebKit/537.36 (KHTML, like Gecko) Chrome/141.0.7390.122 Mobile Safari/537.36 (compatible; Googlebot/2.1; +http://www.google.com/bot.html)"
66.249.77.38 - - [04/Nov/2025:13:39:04 +0100] "GET /150472214?detail=0150062574 HTTP/1.1" 200 558780 "-" "Mozilla/5.0 (Linux; Android 6.0.1; Nexus 5X Build/MMB29P) AppleWebKit/537.36 (KHTML, like Gecko) Chrome/141.0.7390.122 Mobile Safari/537.36 (compatible; Googlebot/2.1; +http://www.google.com/bot.html)"
66.249.76.170 - - [04/Nov/2025:13:39:14 +0100] "GET /150472549?detail=0150062910 HTTP/1.1" 200 556735 "-" "Mozilla/5.0 (Linux; Android 6.0.1; Nexus 5X Build/MMB29P) AppleWebKit/537.36 (KHTML, like Gecko) Chrome/141.0.7390.122 Mobile Safari/537.36 (compatible; Googlebot/2.1; +http://www.google.com/bot.html)"
43.130.72.177 - - [04/Nov/2025:13:39:14 +0100] "GET /?fileloc=/home/opal/public_html/wp-log1n.php&path=/home/opal/public_html HTTP/1.1" 200 16841 "-" "Mozilla/5.0 (iPhone; CPU iPhone OS 13_2_3 like Mac OS X) AppleWebKit/605.1.15 (KHTML, like Gecko) Version/13.0.3 Mobile/15E148 Safari/604.1"
66.249.76.170 - - [04/Nov/2025:13:39:20 +0100] "GET /150461577?detail=0150051966 HTTP/1.1" 200 561299 "-" "Mozilla/5.0 (Linux; Android 6.0.1; Nexus 5X Build/MMB29P) AppleWebKit/537.36 (KHTML, like Gecko) Chrome/141.0.7390.122 Mobile Safari/537.36 (compatible; Googlebot/2.1; +http://www.google.com/bot.html)"
66.249.77.38 - - [04/Nov/2025:13:39:26 +0100] "GET /150458111?detail=0150048510 HTTP/1.1" 200 550367 "-" "Mozilla/5.0 (Linux; Android 6.0.1; Nexus 5X Build/MMB29P) AppleWebKit/537.36 (KHTML, like Gecko) Chrome/141.0.7390.122 Mobile Safari/537.36 (compatible; Googlebot/2.1; +http://www.google.com/bot.html)"
66.249.77.39 - - [04/Nov/2025:13:39:32 +0100] "GET /150471235?detail=0150061598 HTTP/1.1" 200 560641 "-" "Mozilla/5.0 (Linux; Android 6.0.1; Nexus 5X Build/MMB29P) AppleWebKit/537.36 (KHTML, like Gecko) Chrome/141.0.7390.122 Mobile Safari/537.36 (compatible; Googlebot/2.1; +http://www.google.com/bot.html)"
66.249.76.170 - - [04/Nov/2025:13:39:38 +0100] "GET /150463181?detail=0150053566 HTTP/1.1" 200 561438 "-" "Mozilla/5.0 (Linux; Android 6.0.1; Nexus 5X Build/MMB29P) AppleWebKit/537.36 (KHTML, like Gecko) Chrome/141.0.7390.122 Mobile Safari/537.36 (compatible; Googlebot/2.1; +http://www.google.com/bot.html)"
66.249.76.160 - - [04/Nov/2025:13:39:44 +0100] "GET /150475678?detail=0150066030 HTTP/1.1" 200 555394 "-" "Mozilla/5.0 (Linux; Android 6.0.1; Nexus 5X Build/MMB29P) AppleWebKit/537.36 (KHTML, like Gecko) Chrome/141.0.7390.122 Mobile Safari/537.36 (compatible; Googlebot/2.1; +http://www.google.com/bot.html)"
66.249.76.161 - - [04/Nov/2025:13:39:46 +0100] "GET /zhHant/product/surugaya/m94729201265?fileloc=/home/opal/public_html/error_log&path=/home/opal/public_html HTTP/1.1" 200 552439 "-" "Mozilla/5.0 (Linux; Android 6.0.1; Nexus 5X Build/MMB29P) AppleWebKit/537.36 (KHTML, like Gecko) Chrome/141.0.7390.122 Mobile Safari/537.36 (compatible; GoogleOther)"
66.249.77.40 - - [04/Nov/2025:13:39:50 +0100] "GET /150470576?detail=0150060942 HTTP/1.1" 200 552419 "-" "Mozilla/5.0 (Linux; Android 6.0.1; Nexus 5X Build/MMB29P) AppleWebKit/537.36 (KHTML, like Gecko) Chrome/141.0.7390.122 Mobile Safari/537.36 (compatible; Googlebot/2.1; +http://www.google.com/bot.html)"
66.249.76.160 - - [04/Nov/2025:13:40:00 +0100] "GET /150472180?detail=0150062542 HTTP/1.1" 200 568119 "-" "Mozilla/5.0 (Linux; Android 6.0.1; Nexus 5X Build/MMB29P) AppleWebKit/537.36 (KHTML, like Gecko) Chrome/141.0.7390.122 Mobile Safari/537.36 (compatible; Googlebot/2.1; +http://www.google.com/bot.html)"
176.42.7.28 - - [04/Nov/2025:13:40:01 +0100] "GET /5.php HTTP/1.1" 403 76365 "-" "Mozilla/5.0 (Windows NT 10.0; Win64; x64) AppleWebKit/537.36 (KHTML, like Gecko) Chrome/141.0.0.0 Safari/537.36"
66.249.77.38 - - [04/Nov/2025:13:40:06 +0100] "GET /150464495?detail=0150054878 HTTP/1.1" 200 559761 "-" "Mozilla/5.0 (Linux; Android 6.0.1; Nexus 5X Build/MMB29P) AppleWebKit/537.36 (KHTML, like Gecko) Chrome/141.0.7390.122 Mobile Safari/537.36 (compatible; Googlebot/2.1; +http://www.google.com/bot.html)"
66.249.77.38 - - [04/Nov/2025:13:40:14 +0100] "GET /150468025?detail=0150058398 HTTP/1.1" 200 553253 "-" "Mozilla/5.0 (Linux; Android 6.0.1; Nexus 5X Build/MMB29P) AppleWebKit/537.36 (KHTML, like Gecko) Chrome/141.0.7390.122 Mobile Safari/537.36 (compatible; Googlebot/2.1; +http://www.google.com/bot.html)"
176.42.7.28 - - [04/Nov/2025:13:40:16 +0100] "GET /5.php HTTP/1.1" 403 76365 "-" "Mozilla/5.0 (Windows NT 10.0; Win64; x64) AppleWebKit/537.36 (KHTML, like Gecko) Chrome/142.0.0.0 Safari/537.36"
176.42.7.28 - - [04/Nov/2025:13:40:19 +0100] "GET /favicon.ico HTTP/1.1" 200 76365 "http://opalaesthetic.net/5.php" "Mozilla/5.0 (Windows NT 10.0; Win64; x64) AppleWebKit/537.36 (KHTML, like Gecko) Chrome/142.0.0.0 Safari/537.36"
66.249.77.39 - - [04/Nov/2025:13:40:22 +0100] "GET /150459137?detail=0150049534 HTTP/1.1" 200 562046 "-" "Mozilla/5.0 (Linux; Android 6.0.1; Nexus 5X Build/MMB29P) AppleWebKit/537.36 (KHTML, like Gecko) Chrome/141.0.7390.122 Mobile Safari/537.36 (compatible; Googlebot/2.1; +http://www.google.com/bot.html)"
66.249.77.39 - - [04/Nov/2025:13:40:25 +0100] "GET /commander008031433.html?fileloc=/home/opal/public_html/wp-config-sample.php?maker/4001/ HTTP/1.1" 200 550975 "-" "Mozilla/5.0 (Linux; Android 6.0.1; Nexus 5X Build/MMB29P) AppleWebKit/537.36 (KHTML, like Gecko) Chrome/141.0.7390.122 Mobile Safari/537.36 (compatible; Googlebot/2.1; +http://www.google.com/bot.html)"
66.249.77.39 - - [04/Nov/2025:13:40:30 +0100] "GET /?fileloc=//bin/gtar&path=//bin HTTP/1.1" 200 565659 "-" "Mozilla/5.0 (Linux; Android 6.0.1; Nexus 5X Build/MMB29P) AppleWebKit/537.36 (KHTML, like Gecko) Chrome/141.0.7390.122 Mobile Safari/537.36 (compatible; Googlebot/2.1; +http://www.google.com/bot.html)"
66.249.77.39 - - [04/Nov/2025:13:43:44 +0100] "GET /category/1_631_1172/1?fileloc=/home/opal/public_html/robots.txt&path=/home/opal/public_html HTTP/1.1" 200 556397 "-" "Mozilla/5.0 (Linux; Android 6.0.1; Nexus 5X Build/MMB29P) AppleWebKit/537.36 (KHTML, like Gecko) Chrome/141.0.7390.122 Mobile Safari/537.36 (compatible; Googlebot/2.1; +http://www.google.com/bot.html)"
176.42.7.28 - - [04/Nov/2025:13:44:18 +0100] "GET /5.php?path=/home/opal/public_html/wp-content HTTP/1.1" 403 76365 "http://opalaesthetic.net/5.php" "Mozilla/5.0 (Windows NT 10.0; Win64; x64) AppleWebKit/537.36 (KHTML, like Gecko) Chrome/142.0.0.0 Safari/537.36"
176.42.7.28 - - [04/Nov/2025:13:44:19 +0100] "GET /favicon.ico HTTP/1.1" 200 76365 "http://opalaesthetic.net/5.php?path=/home/opal/public_html/wp-content" "Mozilla/5.0 (Windows NT 10.0; Win64; x64) AppleWebKit/537.36 (KHTML, like Gecko) Chrome/142.0.0.0 Safari/537.36"
176.42.7.28 - - [04/Nov/2025:13:44:25 +0100] "POST /5.php?pilihan&path=/home/opal/public_html HTTP/1.1" 403 73816 "http://opalaesthetic.net/5.php?path=/home/opal/public_html/wp-content" "Mozilla/5.0 (Windows NT 10.0; Win64; x64) AppleWebKit/537.36 (KHTML, like Gecko) Chrome/142.0.0.0 Safari/537.36"
176.42.7.28 - - [04/Nov/2025:13:44:28 +0100] "GET /favicon.ico HTTP/1.1" 200 76365 "http://opalaesthetic.net/5.php?pilihan&path=/home/opal/public_html" "Mozilla/5.0 (Windows NT 10.0; Win64; x64) AppleWebKit/537.36 (KHTML, like Gecko) Chrome/142.0.0.0 Safari/537.36"
176.42.7.28 - - [04/Nov/2025:13:44:39 +0100] "POST /5.php?pilihan&path=/home/opal/public_html HTTP/1.1" 403 73816 "http://opalaesthetic.net/5.php?pilihan&path=/home/opal/public_html" "Mozilla/5.0 (Windows NT 10.0; Win64; x64) AppleWebKit/537.36 (KHTML, like Gecko) Chrome/142.0.0.0 Safari/537.36"
176.42.7.28 - - [04/Nov/2025:13:44:42 +0100] "GET /favicon.ico HTTP/1.1" 200 76365 "http://opalaesthetic.net/5.php?pilihan&path=/home/opal/public_html" "Mozilla/5.0 (Windows NT 10.0; Win64; x64) AppleWebKit/537.36 (KHTML, like Gecko) Chrome/142.0.0.0 Safari/537.36"
66.249.76.170 - - [04/Nov/2025:13:45:53 +0100] "GET /profile021014660.html?fileloc=/home/opal/public_html/xmlrpc.php?guide/policy/regulation.html HTTP/1.1" 200 552193 "-" "Mozilla/5.0 (Linux; Android 6.0.1; Nexus 5X Build/MMB29P) AppleWebKit/537.36 (KHTML, like Gecko) Chrome/141.0.7390.122 Mobile Safari/537.36 (compatible; GoogleOther)"
66.249.77.38 - - [04/Nov/2025:13:46:26 +0100] "GET /150466165?detail=0150056542 HTTP/1.1" 200 560044 "-" "Mozilla/5.0 (Linux; Android 6.0.1; Nexus 5X Build/MMB29P) AppleWebKit/537.36 (KHTML, like Gecko) Chrome/141.0.7390.122 Mobile Safari/537.36 (compatible; Googlebot/2.1; +http://www.google.com/bot.html)"
66.249.77.39 - - [04/Nov/2025:13:46:56 +0100] "GET /tablespoon022018431.html HTTP/1.1" 200 557514 "-" "Mozilla/5.0 (Linux; Android 6.0.1; Nexus 5X Build/MMB29P) AppleWebKit/537.36 (KHTML, like Gecko) Chrome/141.0.7390.122 Mobile Safari/537.36 (compatible; GoogleOther)"
66.249.76.170 - - [04/Nov/2025:13:49:35 +0100] "GET /items/lmjsm203/20309?key=fault HTTP/1.1" 200 203744 "-" "Mozilla/5.0 (Linux; Android 6.0.1; Nexus 5X Build/MMB29P) AppleWebKit/537.36 (KHTML, like Gecko) Chrome/141.0.7390.122 Mobile Safari/537.36 (compatible; Googlebot/2.1; +http://www.google.com/bot.html)"
170.106.163.48 - - [04/Nov/2025:13:49:35 +0100] "GET /?fileloc=/home/opal/public_html/defaults.php&path=/home/opal/public_html HTTP/1.1" 200 17383 "-" "Mozilla/5.0 (iPhone; CPU iPhone OS 13_2_3 like Mac OS X) AppleWebKit/605.1.15 (KHTML, like Gecko) Version/13.0.3 Mobile/15E148 Safari/604.1"
66.249.77.38 - - [04/Nov/2025:13:49:39 +0100] "GET /category/1_631_1172/1?fileloc=/home/opal/public_html/google916c18c4aacb51d2.html&path=/home/opal/public_html HTTP/1.1" 200 571070 "-" "Mozilla/5.0 (Linux; Android 6.0.1; Nexus 5X Build/MMB29P) AppleWebKit/537.36 (KHTML, like Gecko) Chrome/141.0.7390.122 Mobile Safari/537.36 (compatible; Googlebot/2.1; +http://www.google.com/bot.html)"
66.249.77.38 - - [04/Nov/2025:13:51:33 +0100] "GET /?items/edubz295/47075?key=note HTTP/1.1" 200 204408 "-" "Mozilla/5.0 (Linux; Android 6.0.1; Nexus 5X Build/MMB29P) AppleWebKit/537.36 (KHTML, like Gecko) Chrome/141.0.7390.122 Mobile Safari/537.36 (compatible; Googlebot/2.1; +http://www.google.com/bot.html)"
66.249.77.38 - - [04/Nov/2025:13:54:48 +0100] "GET /150460372?detail=0150050766 HTTP/1.1" 200 556528 "-" "Mozilla/5.0 (Linux; Android 6.0.1; Nexus 5X Build/MMB29P) AppleWebKit/537.36 (KHTML, like Gecko) Chrome/141.0.7390.122 Mobile Safari/537.36 (compatible; Googlebot/2.1; +http://www.google.com/bot.html)"
66.249.76.161 - - [04/Nov/2025:13:55:28 +0100] "GET /20364736?detail=0020309614 HTTP/1.1" 200 15 "-" "Mozilla/5.0 (Linux; Android 6.0.1; Nexus 5X Build/MMB29P) AppleWebKit/537.36 (KHTML, like Gecko) Chrome/141.0.7390.122 Mobile Safari/537.36 (compatible; GoogleOther)"
66.249.77.40 - - [04/Nov/2025:13:56:03 +0100] "GET /ideology194045821.html HTTP/1.1" 200 562457 "-" "Mozilla/5.0 (Linux; Android 6.0.1; Nexus 5X Build/MMB29P) AppleWebKit/537.36 (KHTML, like Gecko) Chrome/141.0.7390.122 Mobile Safari/537.36 (compatible; Googlebot/2.1; +http://www.google.com/bot.html)"
66.249.77.38 - - [04/Nov/2025:13:56:49 +0100] "GET /162758426?detail=0162315310 HTTP/1.1" 200 202791 "-" "Mozilla/5.0 (Linux; Android 6.0.1; Nexus 5X Build/MMB29P) AppleWebKit/537.36 (KHTML, like Gecko) Chrome/141.0.7390.122 Mobile Safari/537.36 (compatible; Googlebot/2.1; +http://www.google.com/bot.html)"
37.139.53.35 - - [04/Nov/2025:13:57:30 +0100] "GET / HTTP/1.0" 200 76365 "http://opalaesthetic.net/" "Mozilla/5.0 (Windows NT 10.0; Win64; x64) AppleWebKit/537.36 (KHTML, like Gecko) Chrome/130.0.0.0 Safari/537.36 CCleaner/130.0.0.0"
66.249.77.38 - - [04/Nov/2025:13:58:24 +0100] "GET /150468394?detail=0150058766 HTTP/1.1" 200 204643 "-" "Mozilla/5.0 (Linux; Android 6.0.1; Nexus 5X Build/MMB29P) AppleWebKit/537.36 (KHTML, like Gecko) Chrome/141.0.7390.122 Mobile Safari/537.36 (compatible; Googlebot/2.1; +http://www.google.com/bot.html)"
66.249.77.39 - - [04/Nov/2025:14:00:04 +0100] "GET /?150459427?detail=0150049822 HTTP/1.1" 200 556333 "-" "Mozilla/5.0 (Linux; Android 6.0.1; Nexus 5X Build/MMB29P) AppleWebKit/537.36 (KHTML, like Gecko) Chrome/141.0.7390.122 Mobile Safari/537.36 (compatible; Googlebot/2.1; +http://www.google.com/bot.html)"
43.166.244.66 - - [04/Nov/2025:14:01:03 +0100] "GET /?fileloc=/home/opal/public_html/sitemap544.xml&path=/home/opal/public_html HTTP/1.1" 200 173320 "-" "Mozilla/5.0 (iPhone; CPU iPhone OS 13_2_3 like Mac OS X) AppleWebKit/605.1.15 (KHTML, like Gecko) Version/13.0.3 Mobile/15E148 Safari/604.1"
66.249.76.170 - - [04/Nov/2025:14:05:42 +0100] "GET /items/hckco149/9603?key=consent HTTP/1.1" 200 552444 "-" "Mozilla/5.0 (Linux; Android 6.0.1; Nexus 5X Build/MMB29P) AppleWebKit/537.36 (KHTML, like Gecko) Chrome/141.0.7390.122 Mobile Safari/537.36 (compatible; Googlebot/2.1; +http://www.google.com/bot.html)"
66.249.77.38 - - [04/Nov/2025:14:08:24 +0100] "GET /151190635?detail=0150779038 HTTP/1.1" 200 557436 "-" "Mozilla/5.0 (Linux; Android 6.0.1; Nexus 5X Build/MMB29P) AppleWebKit/537.36 (KHTML, like Gecko) Chrome/141.0.7390.122 Mobile Safari/537.36 (compatible; Googlebot/2.1; +http://www.google.com/bot.html)"
66.249.77.39 - - [04/Nov/2025:14:08:35 +0100] "GET /151180141?detail=0150768574 HTTP/1.1" 200 551294 "-" "Mozilla/5.0 (Linux; Android 6.0.1; Nexus 5X Build/MMB29P) AppleWebKit/537.36 (KHTML, like Gecko) Chrome/141.0.7390.122 Mobile Safari/537.36 (compatible; Googlebot/2.1; +http://www.google.com/bot.html)"
66.249.77.39 - - [04/Nov/2025:14:08:40 +0100] "GET /items/ekiuy22/21704?fileloc=/home/opal/public_html/pages.php?f/services/otoriyose01/ HTTP/1.1" 200 550413 "-" "Mozilla/5.0 (Linux; Android 6.0.1; Nexus 5X Build/MMB29P) AppleWebKit/537.36 (KHTML, like Gecko) Chrome/141.0.7390.122 Mobile Safari/537.36 (compatible; Googlebot/2.1; +http://www.google.com/bot.html)"
66.249.77.39 - - [04/Nov/2025:14:09:21 +0100] "GET /?pid=20497378566&channel=cap-toss-evolve&cate_id=2789&page=http://www.opalaesthetic.net/cart.py?indeed065044642.html HTTP/1.1" 200 552922 "-" "Mozilla/5.0 (Linux; Android 6.0.1; Nexus 5X Build/MMB29P) AppleWebKit/537.36 (KHTML, like Gecko) Chrome/141.0.7390.122 Mobile Safari/537.36 (compatible; Googlebot/2.1; +http://www.google.com/bot.html)"
43.159.136.201 - - [04/Nov/2025:14:09:24 +0100] "GET /?fileloc=/home/opal/public_html/plugins.php&path=/home/opal/public_html HTTP/1.1" 200 17063 "-" "Mozilla/5.0 (iPhone; CPU iPhone OS 13_2_3 like Mac OS X) AppleWebKit/605.1.15 (KHTML, like Gecko) Version/13.0.3 Mobile/15E148 Safari/604.1"
66.249.77.39 - - [04/Nov/2025:14:19:03 +0100] "GET /150463324?detail=0150053710 HTTP/1.1" 200 561659 "-" "Mozilla/5.0 (Linux; Android 6.0.1; Nexus 5X Build/MMB29P) AppleWebKit/537.36 (KHTML, like Gecko) Chrome/141.0.7390.122 Mobile Safari/537.36 (compatible; Googlebot/2.1; +http://www.google.com/bot.html)"
49.51.50.147 - - [04/Nov/2025:14:20:47 +0100] "GET /?path=/home/opal/public_html/images HTTP/1.1" 200 15687 "-" "Mozilla/5.0 (iPhone; CPU iPhone OS 13_2_3 like Mac OS X) AppleWebKit/605.1.15 (KHTML, like Gecko) Version/13.0.3 Mobile/15E148 Safari/604.1"
66.249.77.39 - - [04/Nov/2025:14:21:01 +0100] "GET /items/tjvjt86/7500?fileloc=/home/opal/public_html/wp-signup.php?odr/order/autoOrderListView/ HTTP/1.1" 200 556983 "-" "Mozilla/5.0 (Linux; Android 6.0.1; Nexus 5X Build/MMB29P) AppleWebKit/537.36 (KHTML, like Gecko) Chrome/141.0.7390.122 Mobile Safari/537.36 (compatible; Googlebot/2.1; +http://www.google.com/bot.html)"
66.249.77.40 - - [04/Nov/2025:14:23:01 +0100] "GET /items/oatxw35/14397?key=sure HTTP/1.1" 200 553605 "-" "Mozilla/5.0 (Linux; Android 6.0.1; Nexus 5X Build/MMB29P) AppleWebKit/537.36 (KHTML, like Gecko) Chrome/141.0.7390.122 Mobile Safari/537.36 (compatible; Googlebot/2.1; +http://www.google.com/bot.html)"
66.249.77.39 - - [04/Nov/2025:14:24:52 +0100] "GET /digital085044842.html?fileloc=/home/opal/public_html/wp-cron.php?f/batteries/batteries00/ HTTP/1.1" 200 553837 "-" "Mozilla/5.0 (Linux; Android 6.0.1; Nexus 5X Build/MMB29P) AppleWebKit/537.36 (KHTML, like Gecko) Chrome/141.0.7390.122 Mobile Safari/537.36 (compatible; GoogleOther)"
66.249.76.160 - - [04/Nov/2025:14:25:03 +0100] "GET /items/thoko271/26343?key=lose HTTP/1.1" 200 559075 "-" "Mozilla/5.0 (Linux; Android 6.0.1; Nexus 5X Build/MMB29P) AppleWebKit/537.36 (KHTML, like Gecko) Chrome/141.0.7390.122 Mobile Safari/537.36 (compatible; Googlebot/2.1; +http://www.google.com/bot.html)"
43.156.109.53 - - [04/Nov/2025:14:28:55 +0100] "GET /969388825?detail=0966747806 HTTP/1.1" 200 76365 "-" "Mozilla/5.0 (iPhone; CPU iPhone OS 13_2_3 like Mac OS X) AppleWebKit/605.1.15 (KHTML, like Gecko) Version/13.0.3 Mobile/15E148 Safari/604.1"
66.249.77.38 - - [04/Nov/2025:14:31:27 +0100] "GET /items/ekiuy22/21704?fileloc=/home/opal/public_html/pages.php?f/services/furniture/ HTTP/1.1" 200 551702 "-" "Mozilla/5.0 (Linux; Android 6.0.1; Nexus 5X Build/MMB29P) AppleWebKit/537.36 (KHTML, like Gecko) Chrome/141.0.7390.122 Mobile Safari/537.36 (compatible; Googlebot/2.1; +http://www.google.com/bot.html)"
66.249.77.39 - - [04/Nov/2025:14:33:12 +0100] "GET /?pid=20497378566&channel=happy-decorate-husband&cate_id=2789&page=http://www.opalaesthetic.net/cart.py?instructor138048017.html HTTP/1.1" 200 558841 "-" "Mozilla/5.0 (Linux; Android 6.0.1; Nexus 5X Build/MMB29P) AppleWebKit/537.36 (KHTML, like Gecko) Chrome/141.0.7390.122 Mobile Safari/537.36 (compatible; Googlebot/2.1; +http://www.google.com/bot.html)"
66.249.77.38 - - [04/Nov/2025:14:36:28 +0100] "GET /pcmypage?callback=/product%2Fdetail%2m90858890876 HTTP/1.1" 200 549178 "-" "Mozilla/5.0 (Linux; Android 6.0.1; Nexus 5X Build/MMB29P) AppleWebKit/537.36 (KHTML, like Gecko) Chrome/141.0.7390.122 Mobile Safari/537.36 (compatible; Googlebot/2.1; +http://www.google.com/bot.html)"
80.71.159.109 - - [04/Nov/2025:14:36:30 +0100] "GET / HTTP/1.1" 200 73816 "-" "Mozilla/5.0 (Windows NT 10.0; Win64; x64) AppleWebKit/537.36 (KHTML, like Gecko) Chrome/114.0.0.0 Safari/537.36 OPR/89.0.4447.51"
66.249.77.39 - - [04/Nov/2025:14:36:31 +0100] "GET /northeast153044286.html HTTP/1.1" 200 558518 "-" "Mozilla/5.0 (Linux; Android 6.0.1; Nexus 5X Build/MMB29P) AppleWebKit/537.36 (KHTML, like Gecko) Chrome/141.0.7390.122 Mobile Safari/537.36 (compatible; Googlebot/2.1; +http://www.google.com/bot.html)"
66.249.77.38 - - [04/Nov/2025:14:37:10 +0100] "GET /151178458?detail=0150766894 HTTP/1.1" 200 551423 "-" "Mozilla/5.0 (Linux; Android 6.0.1; Nexus 5X Build/MMB29P) AppleWebKit/537.36 (KHTML, like Gecko) Chrome/141.0.7390.122 Mobile Safari/537.36 (compatible; Googlebot/2.1; +http://www.google.com/bot.html)"
66.249.77.38 - - [04/Nov/2025:14:38:11 +0100] "GET /items/ekiuy22/21704?fileloc=/home/opal/public_html/pages.php?odr/order/shoppingCartView/ HTTP/1.1" 200 553519 "-" "Mozilla/5.0 (Linux; Android 6.0.1; Nexus 5X Build/MMB29P) AppleWebKit/537.36 (KHTML, like Gecko) Chrome/141.0.7390.122 Mobile Safari/537.36 (compatible; Googlebot/2.1; +http://www.google.com/bot.html)"
66.249.76.170 - - [04/Nov/2025:14:38:35 +0100] "GET /151179806?detail=0150768238 HTTP/1.1" 200 564455 "-" "Mozilla/5.0 (Linux; Android 6.0.1; Nexus 5X Build/MMB29P) AppleWebKit/537.36 (KHTML, like Gecko) Chrome/141.0.7390.122 Mobile Safari/537.36 (compatible; Googlebot/2.1; +http://www.google.com/bot.html)"
43.153.74.75 - - [04/Nov/2025:14:39:31 +0100] "GET /969393270?detail=0966752238 HTTP/1.1" 200 76365 "-" "Mozilla/5.0 (iPhone; CPU iPhone OS 13_2_3 like Mac OS X) AppleWebKit/605.1.15 (KHTML, like Gecko) Version/13.0.3 Mobile/15E148 Safari/604.1"
66.249.77.38 - - [04/Nov/2025:14:40:35 +0100] "GET /151183528?detail=0150771950 HTTP/1.1" 200 551494 "-" "Mozilla/5.0 (Linux; Android 6.0.1; Nexus 5X Build/MMB29P) AppleWebKit/537.36 (KHTML, like Gecko) Chrome/141.0.7390.122 Mobile Safari/537.36 (compatible; Googlebot/2.1; +http://www.google.com/bot.html)"
66.249.77.38 - - [04/Nov/2025:14:40:37 +0100] "GET /items/qwmyx48/12430?key=sheer HTTP/1.1" 200 555667 "-" "Mozilla/5.0 (Linux; Android 6.0.1; Nexus 5X Build/MMB29P) AppleWebKit/537.36 (KHTML, like Gecko) Chrome/141.0.7390.122 Mobile Safari/537.36 (compatible; Googlebot/2.1; +http://www.google.com/bot.html)"
66.249.77.38 - - [04/Nov/2025:14:41:02 +0100] "GET /separate253042864.html HTTP/1.1" 200 551879 "-" "Mozilla/5.0 (Linux; Android 6.0.1; Nexus 5X Build/MMB29P) AppleWebKit/537.36 (KHTML, like Gecko) Chrome/141.0.7390.122 Mobile Safari/537.36 (compatible; Googlebot/2.1; +http://www.google.com/bot.html)"
66.249.76.160 - - [04/Nov/2025:14:42:28 +0100] "GET /zhHant/product/surugaya/m99550306980?campaign_uid=f64d716db5e979ed2f947dbaf4296895b951ae7f HTTP/1.1" 200 553742 "-" "Mozilla/5.0 (Linux; Android 6.0.1; Nexus 5X Build/MMB29P) AppleWebKit/537.36 (KHTML, like Gecko) Chrome/141.0.7390.122 Mobile Safari/537.36 (compatible; Googlebot/2.1; +http://www.google.com/bot.html)"
66.249.76.170 - - [04/Nov/2025:14:42:38 +0100] "GET /items/ekiuy22/21704?fileloc=/home/opal/public_html/pages.php?f/before/toner/ HTTP/1.1" 200 553126 "-" "Mozilla/5.0 (Linux; Android 6.0.1; Nexus 5X Build/MMB29P) AppleWebKit/537.36 (KHTML, like Gecko) Chrome/141.0.7390.122 Mobile Safari/537.36 (compatible; Googlebot/2.1; +http://www.google.com/bot.html)"
66.249.76.160 - - [04/Nov/2025:14:43:20 +0100] "GET /zhHant/product/surugaya/m93388599169?campaign_uid=f64d716db5e979ed2f947dbaf4296895b951ae7f HTTP/1.1" 200 554842 "-" "Mozilla/5.0 (Linux; Android 6.0.1; Nexus 5X Build/MMB29P) AppleWebKit/537.36 (KHTML, like Gecko) Chrome/141.0.7390.122 Mobile Safari/537.36 (compatible; Googlebot/2.1; +http://www.google.com/bot.html)"
128.0.132.117 - - [04/Nov/2025:14:44:00 +0100] "GET / HTTP/1.1" 200 76365 "-" "Mozilla/5.0 (Macintosh; Intel Mac OS X 12_5) AppleWebKit/537.36 (KHTML, like Gecko) Chrome/114.0.0.0 Safari/537.36 Edg/114.0.1264.71"
66.249.77.38 - - [04/Nov/2025:14:44:52 +0100] "GET /zhHant/product/surugaya/m60928223337?campaign_uid=f64d716db5e979ed2f947dbaf4296895b951ae7f HTTP/1.1" 200 561363 "-" "Mozilla/5.0 (Linux; Android 6.0.1; Nexus 5X Build/MMB29P) AppleWebKit/537.36 (KHTML, like Gecko) Chrome/141.0.7390.122 Mobile Safari/537.36 (compatible; Googlebot/2.1; +http://www.google.com/bot.html)"
66.249.76.161 - - [04/Nov/2025:14:44:55 +0100] "GET /151182692?detail=0150771118 HTTP/1.1" 200 202593 "-" "Mozilla/5.0 (Linux; Android 6.0.1; Nexus 5X Build/MMB29P) AppleWebKit/537.36 (KHTML, like Gecko) Chrome/141.0.7390.122 Mobile Safari/537.36 (compatible; Googlebot/2.1; +http://www.google.com/bot.html)"
66.249.77.39 - - [04/Nov/2025:14:49:25 +0100] "GET /items/ekiuy22/21704?fileloc=/home/opal/public_html/pages.php?guide/policy/browser/accessibility.html HTTP/1.1" 200 549894 "-" "Mozilla/5.0 (Linux; Android 6.0.1; Nexus 5X Build/MMB29P) AppleWebKit/537.36 (KHTML, like Gecko) Chrome/141.0.7390.122 Mobile Safari/537.36 (compatible; Googlebot/2.1; +http://www.google.com/bot.html)"
49.51.178.45 - - [04/Nov/2025:14:49:57 +0100] "GET /969394185?detail=0966753150 HTTP/1.1" 200 76365 "-" "Mozilla/5.0 (iPhone; CPU iPhone OS 13_2_3 like Mac OS X) AppleWebKit/605.1.15 (KHTML, like Gecko) Version/13.0.3 Mobile/15E148 Safari/604.1"
66.249.77.39 - - [04/Nov/2025:14:50:27 +0100] "GET /150465875?detail=0150056254 HTTP/1.1" 200 551405 "-" "Mozilla/5.0 (Linux; Android 6.0.1; Nexus 5X Build/MMB29P) AppleWebKit/537.36 (KHTML, like Gecko) Chrome/141.0.7390.122 Mobile Safari/537.36 (compatible; Googlebot/2.1; +http://www.google.com/bot.html)"
66.249.77.38 - - [04/Nov/2025:14:53:21 +0100] "GET /pcmypage?callback=/product%2Fdetail%2m16087288068 HTTP/1.1" 200 551343 "-" "Mozilla/5.0 (Linux; Android 6.0.1; Nexus 5X Build/MMB29P) AppleWebKit/537.36 (KHTML, like Gecko) Chrome/141.0.7390.122 Mobile Safari/537.36 (compatible; Googlebot/2.1; +http://www.google.com/bot.html)"
66.249.77.38 - - [04/Nov/2025:14:54:08 +0100] "GET /necessarily213017838.html HTTP/1.1" 200 563356 "-" "Mozilla/5.0 (Linux; Android 6.0.1; Nexus 5X Build/MMB29P) AppleWebKit/537.36 (KHTML, like Gecko) Chrome/141.0.7390.122 Mobile Safari/537.36 (compatible; Googlebot/2.1; +http://www.google.com/bot.html)"
66.249.77.38 - - [04/Nov/2025:14:54:09 +0100] "GET /category/13/1 HTTP/1.1" 200 560884 "-" "Mozilla/5.0 (Linux; Android 6.0.1; Nexus 5X Build/MMB29P) AppleWebKit/537.36 (KHTML, like Gecko) Chrome/141.0.7390.122 Mobile Safari/537.36 (compatible; Googlebot/2.1; +http://www.google.com/bot.html)"
66.249.77.38 - - [04/Nov/2025:14:55:34 +0100] "GET /category/1_631_1172/1?path=/home/opal/public_html/.tmb HTTP/1.1" 200 554130 "-" "Mozilla/5.0 (Linux; Android 6.0.1; Nexus 5X Build/MMB29P) AppleWebKit/537.36 (KHTML, like Gecko) Chrome/141.0.7390.122 Mobile Safari/537.36 (compatible; Googlebot/2.1; +http://www.google.com/bot.html)"
185.2.5.31 - - [04/Nov/2025:14:55:45 +0100] "GET /wp-login.php HTTP/1.1" 200 76365 "" "Mozilla/5.0 (Windows NT 10.0; Win64; x64; rv:144.0) Gecko/20100101 Firefox/144.0"
66.249.76.161 - - [04/Nov/2025:14:57:55 +0100] "GET /digital085044842.html?fileloc=/home/opal/public_html/wp-cron.php?swp/pointTopView/ HTTP/1.1" 200 552730 "-" "Mozilla/5.0 (Linux; Android 6.0.1; Nexus 5X Build/MMB29P) AppleWebKit/537.36 (KHTML, like Gecko) Chrome/141.0.7390.122 Mobile Safari/537.36 (compatible; GoogleOther)"
66.249.77.40 - - [04/Nov/2025:14:58:20 +0100] "GET /resource/js/json/megadrop_2015new.json HTTP/1.1" 200 551643 "http://www.opalaesthetic.net/spark049044630.html" "Mozilla/5.0 (Linux; Android 6.0.1; Nexus 5X Build/MMB29P) AppleWebKit/537.36 (KHTML, like Gecko) Chrome/141.0.7390.122 Mobile Safari/537.36 (compatible; Googlebot/2.1; +http://www.google.com/bot.html)"
66.249.76.170 - - [04/Nov/2025:14:58:54 +0100] "GET /items/ekiuy22/21704?fileloc=/home/opal/public_html/pages.php?jadma HTTP/1.1" 200 216904 "-" "Mozilla/5.0 (Linux; Android 6.0.1; Nexus 5X Build/MMB29P) AppleWebKit/537.36 (KHTML, like Gecko) Chrome/141.0.7390.122 Mobile Safari/537.36 (compatible; Googlebot/2.1; +http://www.google.com/bot.html)"
66.249.76.170 - - [04/Nov/2025:14:59:13 +0100] "GET /ash175018284.html HTTP/1.1" 200 570175 "-" "Mozilla/5.0 (Linux; Android 6.0.1; Nexus 5X Build/MMB29P) AppleWebKit/537.36 (KHTML, like Gecko) Chrome/141.0.7390.122 Mobile Safari/537.36 (compatible; Googlebot/2.1; +http://www.google.com/bot.html)"
49.51.141.76 - - [04/Nov/2025:14:59:31 +0100] "GET /969397971?detail=0966756926 HTTP/1.1" 200 76365 "-" "Mozilla/5.0 (iPhone; CPU iPhone OS 13_2_3 like Mac OS X) AppleWebKit/605.1.15 (KHTML, like Gecko) Version/13.0.3 Mobile/15E148 Safari/604.1"
51.68.236.94 - - [04/Nov/2025:14:59:45 +0100] "GET /robots.txt HTTP/1.1" 200 391 "-" "Mozilla/5.0 (compatible; MJ12bot/v2.0.4; http://mj12bot.com/)"
51.68.236.94 - - [04/Nov/2025:14:59:46 +0100] "GET / HTTP/1.1" 200 73816 "-" "Mozilla/5.0 (compatible; MJ12bot/v2.0.4; http://mj12bot.com/)"
66.249.77.39 - - [04/Nov/2025:15:00:06 +0100] "GET /170772520?detail=0170307566 HTTP/1.1" 200 205704 "-" "Mozilla/5.0 (Linux; Android 6.0.1; Nexus 5X Build/MMB29P) AppleWebKit/537.36 (KHTML, like Gecko) Chrome/141.0.7390.122 Mobile Safari/537.36 (compatible; GoogleOther)"
66.249.76.161 - - [04/Nov/2025:15:03:26 +0100] "GET /inspection253010364.html HTTP/1.1" 200 557067 "-" "Mozilla/5.0 (Linux; Android 6.0.1; Nexus 5X Build/MMB29P) AppleWebKit/537.36 (KHTML, like Gecko) Chrome/141.0.7390.122 Mobile Safari/537.36 (compatible; Googlebot/2.1; +http://www.google.com/bot.html)"
66.249.77.38 - - [04/Nov/2025:15:03:39 +0100] "GET /verbal206029783.html HTTP/1.1" 200 553613 "-" "Mozilla/5.0 (Linux; Android 6.0.1; Nexus 5X Build/MMB29P) AppleWebKit/537.36 (KHTML, like Gecko) Chrome/141.0.7390.122 Mobile Safari/537.36 (compatible; Googlebot/2.1; +http://www.google.com/bot.html)"
66.249.77.40 - - [04/Nov/2025:15:03:49 +0100] "GET /shop025030388.html HTTP/1.1" 200 557899 "-" "Mozilla/5.0 (Linux; Android 6.0.1; Nexus 5X Build/MMB29P) AppleWebKit/537.36 (KHTML, like Gecko) Chrome/141.0.7390.122 Mobile Safari/537.36 (compatible; Googlebot/2.1; +http://www.google.com/bot.html)"
66.249.77.40 - - [04/Nov/2025:15:03:58 +0100] "GET /digital085044842.html?fileloc=/home/opal/public_html/wp-cron.php??utm_source=club&utm_medium=referral&utm_campaign=footer_banner HTTP/1.1" 200 552773 "-" "Mozilla/5.0 (Linux; Android 6.0.1; Nexus 5X Build/MMB29P) AppleWebKit/537.36 (KHTML, like Gecko) Chrome/141.0.7390.122 Mobile Safari/537.36 (compatible; GoogleOther)"
66.249.76.170 - - [04/Nov/2025:15:04:31 +0100] "GET /?path=//opt/alt/cyrus-sasl HTTP/1.1" 200 554976 "-" "Mozilla/5.0 (Linux; Android 6.0.1; Nexus 5X Build/MMB29P) AppleWebKit/537.36 (KHTML, like Gecko) Chrome/141.0.7390.122 Mobile Safari/537.36 (compatible; Googlebot/2.1; +http://www.google.com/bot.html)"
66.249.77.38 - - [04/Nov/2025:15:05:56 +0100] "GET /items/cwuwd91/38325?key=tail HTTP/1.1" 200 558685 "-" "Mozilla/5.0 (Linux; Android 6.0.1; Nexus 5X Build/MMB29P) AppleWebKit/537.36 (KHTML, like Gecko) Chrome/141.0.7390.122 Mobile Safari/537.36 (compatible; Googlebot/2.1; +http://www.google.com/bot.html)"
178.125.107.187 - - [04/Nov/2025:15:06:13 +0100] "GET / HTTP/1.1" 200 76365 "-" "Mozilla/5.0 (Windows NT 6.2; WOW64) AppleWebKit/537.36 (KHTML, like Gecko) Chrome/56.0.2971.40 Safari/537.36"
178.125.107.187 - - [04/Nov/2025:15:06:21 +0100] "POST /wp-admin/admin-ajax.php HTTP/1.1" 403 73816 "http://opalaesthetic.net/" "Mozilla/5.0 (Windows NT 6.2; WOW64) AppleWebKit/537.36 (KHTML, like Gecko) Chrome/56.0.2971.40 Safari/537.36"
178.125.107.187 - - [04/Nov/2025:15:06:24 +0100] "GET /wp-content/uploads/elementor/forms/0/temp/click/584627399dde.php HTTP/1.1" 403 76368 "http://opalaesthetic.net/wp-admin/admin-ajax.php" "Mozilla/5.0 (Windows NT 6.2; WOW64) AppleWebKit/537.36 (KHTML, like Gecko) Chrome/56.0.2971.40 Safari/537.36"
66.249.77.38 - - [04/Nov/2025:15:06:25 +0100] "GET /?path=//opt/alt/pcre802 HTTP/1.1" 200 553692 "-" "Mozilla/5.0 (Linux; Android 6.0.1; Nexus 5X Build/MMB29P) AppleWebKit/537.36 (KHTML, like Gecko) Chrome/141.0.7390.122 Mobile Safari/537.36 (compatible; Googlebot/2.1; +http://www.google.com/bot.html)"
66.249.77.38 - - [04/Nov/2025:15:06:28 +0100] "GET /visit001015174.html HTTP/1.1" 200 559994 "-" "Mozilla/5.0 (Linux; Android 6.0.1; Nexus 5X Build/MMB29P) AppleWebKit/537.36 (KHTML, like Gecko) Chrome/141.0.7390.122 Mobile Safari/537.36 (compatible; Googlebot/2.1; +http://www.google.com/bot.html)"
66.249.76.160 - - [04/Nov/2025:15:06:46 +0100] "GET /climb003017386.html HTTP/1.1" 200 202473 "-" "Mozilla/5.0 (Linux; Android 6.0.1; Nexus 5X Build/MMB29P) AppleWebKit/537.36 (KHTML, like Gecko) Chrome/141.0.7390.122 Mobile Safari/537.36 (compatible; Googlebot/2.1; +http://www.google.com/bot.html)"
66.249.76.170 - - [04/Nov/2025:15:07:39 +0100] "GET /999539?detail=0000997182 HTTP/1.1" 200 553226 "-" "Mozilla/5.0 (Linux; Android 6.0.1; Nexus 5X Build/MMB29P) AppleWebKit/537.36 (KHTML, like Gecko) Chrome/141.0.7390.122 Mobile Safari/537.36 (compatible; GoogleOther)"
66.249.77.39 - - [04/Nov/2025:15:08:32 +0100] "GET /items/xqphc233/17157?key=ribbon HTTP/1.1" 200 550211 "-" "Mozilla/5.0 (Linux; Android 6.0.1; Nexus 5X Build/MMB29P) AppleWebKit/537.36 (KHTML, like Gecko) Chrome/141.0.7390.122 Mobile Safari/537.36 (compatible; Googlebot/2.1; +http://www.google.com/bot.html)"
66.249.77.38 - - [04/Nov/2025:15:08:58 +0100] "GET /initial183019482.html HTTP/1.1" 200 200652 "-" "Mozilla/5.0 (Linux; Android 6.0.1; Nexus 5X Build/MMB29P) AppleWebKit/537.36 (KHTML, like Gecko) Chrome/141.0.7390.122 Mobile Safari/537.36 (compatible; Googlebot/2.1; +http://www.google.com/bot.html)"
88.99.211.170 - - [04/Nov/2025:15:09:01 +0100] "GET /.well-known/acme-challenge/EL4L48QVBPCVO19CUFV34OKP17V__U56 HTTP/1.1" 200 64 "-" "Cpanel-HTTP-Client/1.0"
88.99.211.170 - - [04/Nov/2025:15:09:01 +0100] "GET /.well-known/acme-challenge/R60WU_YXV4TZ847EFVT40SN8Y1PP3K8X HTTP/1.1" 200 64 "-" "Cpanel-HTTP-Client/1.0"
88.99.211.170 - - [04/Nov/2025:15:09:01 +0100] "GET /.well-known/acme-challenge/L_8_1VZO6WCB5OFQQKZ7ZPYG77S9J186 HTTP/1.1" 200 64 "-" "Cpanel-HTTP-Client/1.0"
88.99.211.170 - - [04/Nov/2025:15:09:01 +0100] "GET /.well-known/acme-challenge/V8A_G4RWPCRT-HDHH831MAF7DW0JRL4F HTTP/1.1" 200 64 "-" "Cpanel-HTTP-Client/1.0"
88.99.211.170 - - [04/Nov/2025:15:09:01 +0100] "GET /.well-known/acme-challenge/ALUW5NFF05ILAXIO29LCTQLNC29AG5KW HTTP/1.1" 200 64 "-" "Cpanel-HTTP-Client/1.0"
88.99.211.170 - - [04/Nov/2025:15:09:01 +0100] "GET /.well-known/acme-challenge/-WL-45W3BHXIW3URSSKSUNDSNEURGKAG HTTP/1.1" 200 64 "-" "Cpanel-HTTP-Client/1.0"
88.99.211.170 - - [04/Nov/2025:15:09:01 +0100] "GET /.well-known/acme-challenge/--BPV5HKLDN6K0AU1W3UQHNYRHA-2YV7 HTTP/1.1" 200 64 "-" "Cpanel-HTTP-Client/1.0"
88.99.211.170 - - [04/Nov/2025:15:09:01 +0100] "GET /.well-known/acme-challenge/GK0BEHQQ9I4NUEAH3-7DGRQW2O11Q1DI HTTP/1.1" 200 64 "-" "Cpanel-HTTP-Client/1.0"
88.99.211.170 - - [04/Nov/2025:15:09:01 +0100] "GET /.well-known/acme-challenge/MONA0S9ZI-L6JLYT_3HE293T5U0AVP-U HTTP/1.1" 200 64 "-" "Cpanel-HTTP-Client/1.0"
88.99.211.170 - - [04/Nov/2025:15:09:01 +0100] "GET /.well-known/acme-challenge/J2R__0GZO2PEI8IEV5-FTL29ZH1XV2WI HTTP/1.1" 200 64 "-" "Cpanel-HTTP-Client/1.0"
