File: //home/opal/access-logs/opalaesthetic.net
185.39.19.34 - - [08/Nov/2025:13:10:21 +0100] "GET / HTTP/1.0" 200 77831 "http://opalaesthetic.net/" "Mozilla/5.0 (Windows NT 10.0; Win64; x64) AppleWebKit/537.36 (KHTML, like Gecko) Chrome/131.0.0.0 Safari/537.36"
66.249.69.135 - - [08/Nov/2025:13:14:52 +0100] "GET /14617957?detail=0014578494 HTTP/1.1" 200 198858 "-" "Mozilla/5.0 (Linux; Android 6.0.1; Nexus 5X Build/MMB29P) AppleWebKit/537.36 (KHTML, like Gecko) Chrome/141.0.7390.122 Mobile Safari/537.36 (compatible; Googlebot/2.1; +http://www.google.com/bot.html)"
66.249.69.136 - - [08/Nov/2025:13:19:07 +0100] "GET /pcmypage?callback=/product%2Fdetail%2m75554385938 HTTP/1.1" 200 204607 "-" "Mozilla/5.0 (Linux; Android 6.0.1; Nexus 5X Build/MMB29P) AppleWebKit/537.36 (KHTML, like Gecko) Chrome/141.0.7390.122 Mobile Safari/537.36 (compatible; Googlebot/2.1; +http://www.google.com/bot.html)"
66.249.69.135 - - [08/Nov/2025:13:19:19 +0100] "GET /14616643?detail=0014577182 HTTP/1.1" 200 200579 "-" "Mozilla/5.0 (Linux; Android 6.0.1; Nexus 5X Build/MMB29P) AppleWebKit/537.36 (KHTML, like Gecko) Chrome/141.0.7390.122 Mobile Safari/537.36 (compatible; Googlebot/2.1; +http://www.google.com/bot.html)"
66.249.69.135 - - [08/Nov/2025:13:20:08 +0100] "GET /14613802?detail=0014574350 HTTP/1.1" 200 201915 "-" "Mozilla/5.0 (Linux; Android 6.0.1; Nexus 5X Build/MMB29P) AppleWebKit/537.36 (KHTML, like Gecko) Chrome/141.0.7390.122 Mobile Safari/537.36 (compatible; Googlebot/2.1; +http://www.google.com/bot.html)"
66.249.69.135 - - [08/Nov/2025:13:20:32 +0100] "GET /toe255023470.html HTTP/1.1" 200 561057 "-" "Mozilla/5.0 (Linux; Android 6.0.1; Nexus 5X Build/MMB29P) AppleWebKit/537.36 (KHTML, like Gecko) Chrome/141.0.7390.122 Mobile Safari/537.36 (compatible; Googlebot/2.1; +http://www.google.com/bot.html)"
66.249.69.134 - - [08/Nov/2025:13:24:11 +0100] "GET /14603229?detail=0014563806 HTTP/1.1" 200 570956 "-" "Mozilla/5.0 (Linux; Android 6.0.1; Nexus 5X Build/MMB29P) AppleWebKit/537.36 (KHTML, like Gecko) Chrome/141.0.7390.122 Mobile Safari/537.36 (compatible; Googlebot/2.1; +http://www.google.com/bot.html)"
66.249.69.134 - - [08/Nov/2025:13:29:01 +0100] "GET /14616274?detail=0014576814 HTTP/1.1" 200 557377 "-" "Mozilla/5.0 (Linux; Android 6.0.1; Nexus 5X Build/MMB29P) AppleWebKit/537.36 (KHTML, like Gecko) Chrome/141.0.7390.122 Mobile Safari/537.36 (compatible; Googlebot/2.1; +http://www.google.com/bot.html)"
66.249.69.134 - - [08/Nov/2025:13:33:30 +0100] "GET /zhHant/product/surugaya/m96664960987?campaign_uid=f64d716db5e979ed2f947dbaf4296895b951ae7f HTTP/1.1" 200 206800 "-" "Mozilla/5.0 (Linux; Android 6.0.1; Nexus 5X Build/MMB29P) AppleWebKit/537.36 (KHTML, like Gecko) Chrome/141.0.7390.122 Mobile Safari/537.36 (compatible; Googlebot/2.1; +http://www.google.com/bot.html)"
66.249.69.135 - - [08/Nov/2025:13:35:28 +0100] "GET /zhHant/product/surugaya/m91563148624?campaign_uid=f64d716db5e979ed2f947dbaf4296895b951ae7f HTTP/1.1" 200 202524 "-" "Mozilla/5.0 (Linux; Android 6.0.1; Nexus 5X Build/MMB29P) AppleWebKit/537.36 (KHTML, like Gecko) Chrome/141.0.7390.122 Mobile Safari/537.36 (compatible; Googlebot/2.1; +http://www.google.com/bot.html)"
66.249.69.134 - - [08/Nov/2025:13:41:58 +0100] "GET /14610850?detail=0014571406 HTTP/1.1" 200 203766 "-" "Mozilla/5.0 (Linux; Android 6.0.1; Nexus 5X Build/MMB29P) AppleWebKit/537.36 (KHTML, like Gecko) Chrome/141.0.7390.122 Mobile Safari/537.36 (compatible; Googlebot/2.1; +http://www.google.com/bot.html)"
66.249.69.134 - - [08/Nov/2025:13:42:51 +0100] "GET /14608299?detail=0014568862 HTTP/1.1" 200 209848 "-" "Mozilla/5.0 (Linux; Android 6.0.1; Nexus 5X Build/MMB29P) AppleWebKit/537.36 (KHTML, like Gecko) Chrome/141.0.7390.122 Mobile Safari/537.36 (compatible; Googlebot/2.1; +http://www.google.com/bot.html)"
103.187.99.210 - - [08/Nov/2025:13:46:37 +0100] "GET /.well-known/index.php HTTP/1.1" 403 77831 "-" "Mozilla/5.0 (Windows NT 10.0; Win64; x64) AppleWebKit/537.36 (KHTML, like Gecko) Chrome/85.0.4183.102 Safari/537.36"
103.187.99.210 - - [08/Nov/2025:13:46:38 +0100] "GET /.well-known/index.php HTTP/1.1" 403 77831 "-" "Mozilla/5.0 (Windows NT 10.0; Win64; x64) AppleWebKit/537.36 (KHTML, like Gecko) Chrome/85.0.4183.102 Safari/537.36"
66.249.69.134 - - [08/Nov/2025:13:46:40 +0100] "GET /?pcmypage?callback=/product%2Fdetail%2m75554385938 HTTP/1.1" 200 556421 "-" "Mozilla/5.0 (Linux; Android 6.0.1; Nexus 5X Build/MMB29P) AppleWebKit/537.36 (KHTML, like Gecko) Chrome/141.0.7390.122 Mobile Safari/537.36 (compatible; Googlebot/2.1; +http://www.google.com/bot.html)"
103.187.99.210 - - [08/Nov/2025:13:49:02 +0100] "GET /.well-known/index.php HTTP/1.1" 403 77831 "-" "Mozilla/5.0 (Windows NT 10.0; Win64; x64) AppleWebKit/537.36 (KHTML, like Gecko) Chrome/142.0.0.0 Safari/537.36"
202.173.120.20 - - [08/Nov/2025:13:49:06 +0100] "GET /.well-known/index.php HTTP/1.1" 403 299 "https://www.google.com/" "Mozilla/5.0 (Windows NT 10.0; Win64; x64) AppleWebKit/537.36 (KHTML, like Gecko) Chrome/141.0.0.0 Safari/537.36"
103.187.99.210 - - [08/Nov/2025:13:49:07 +0100] "GET /favicon.ico HTTP/1.1" 200 77831 "http://opalaesthetic.net/.well-known/index.php" "Mozilla/5.0 (Windows NT 10.0; Win64; x64) AppleWebKit/537.36 (KHTML, like Gecko) Chrome/142.0.0.0 Safari/537.36"
188.191.167.82 - - [08/Nov/2025:14:06:55 +0100] "GET / HTTP/1.1" 200 75282 "-" "Mozilla/5.0 (X11; Linux x86_64) AppleWebKit/537.36 (KHTML, like Gecko) Chrome/55.0.2916.51 Safari/537.36"
188.191.167.82 - - [08/Nov/2025:14:06:58 +0100] "POST /wp-admin/admin-ajax.php HTTP/1.1" 403 75282 "http://opalaesthetic.net/" "Mozilla/5.0 (X11; Linux x86_64) AppleWebKit/537.36 (KHTML, like Gecko) Chrome/55.0.2916.51 Safari/537.36"
188.191.167.82 - - [08/Nov/2025:14:07:03 +0100] "GET /wp-content/uploads/elementor/forms/0/temp/click/584627399dde.php HTTP/1.1" 403 75282 "http://opalaesthetic.net/wp-admin/admin-ajax.php" "Mozilla/5.0 (X11; Linux x86_64) AppleWebKit/537.36 (KHTML, like Gecko) Chrome/55.0.2916.51 Safari/537.36"
48.210.82.79 - - [08/Nov/2025:14:50:42 +0100] "GET /wp-content/plugins/hellopress/wp_filemanager.php HTTP/1.1" 200 77831 "-" "-"
48.210.82.79 - - [08/Nov/2025:14:50:47 +0100] "GET /wp-trackback.php HTTP/1.1" 403 77831 "-" "-"
48.210.82.79 - - [08/Nov/2025:14:50:51 +0100] "GET /wp-2019.php HTTP/1.1" 403 77831 "-" "-"
48.210.82.79 - - [08/Nov/2025:14:50:54 +0100] "GET /lock360.php HTTP/1.1" 403 75282 "-" "-"
48.210.82.79 - - [08/Nov/2025:14:50:58 +0100] "GET /wp-content/plugins/nomad/aec.php HTTP/1.1" 200 77831 "-" "-"
43.135.133.241 - - [08/Nov/2025:14:55:17 +0100] "GET / HTTP/1.1" 200 77831 "-" "Mozilla/5.0 (iPhone; CPU iPhone OS 13_2_3 like Mac OS X) AppleWebKit/605.1.15 (KHTML, like Gecko) Version/13.0.3 Mobile/15E148 Safari/604.1"
66.249.69.135 - - [08/Nov/2025:15:02:44 +0100] "GET /repair066033679.html HTTP/1.1" 200 552791 "-" "Mozilla/5.0 (Linux; Android 6.0.1; Nexus 5X Build/MMB29P) AppleWebKit/537.36 (KHTML, like Gecko) Chrome/141.0.7390.122 Mobile Safari/537.36 (compatible; Googlebot/2.1; +http://www.google.com/bot.html)"
88.99.211.170 - - [08/Nov/2025:15:08:58 +0100] "GET /.well-known/acme-challenge/4F4-E00UFEJ6HGZGEERJBZOXHF1F8_UQ HTTP/1.1" 200 64 "-" "Cpanel-HTTP-Client/1.0"
88.99.211.170 - - [08/Nov/2025:15:08:58 +0100] "GET /.well-known/acme-challenge/B8_W3ME0BYE9AOEG99H7AKID4L47JA17 HTTP/1.1" 200 64 "-" "Cpanel-HTTP-Client/1.0"
88.99.211.170 - - [08/Nov/2025:15:08:58 +0100] "GET /.well-known/acme-challenge/CYA0YRI74K41T615CGQ30PRS_YF_F2ZS HTTP/1.1" 200 64 "-" "Cpanel-HTTP-Client/1.0"
88.99.211.170 - - [08/Nov/2025:15:08:58 +0100] "GET /.well-known/acme-challenge/FUE4UD46VUPZG9-1_49D8VA576FAVF4G HTTP/1.1" 200 64 "-" "Cpanel-HTTP-Client/1.0"
88.99.211.170 - - [08/Nov/2025:15:08:58 +0100] "GET /.well-known/acme-challenge/UCJ3ENI2U9Z0PD4VROXR500NXQVFPN7I HTTP/1.1" 200 64 "-" "Cpanel-HTTP-Client/1.0"
88.99.211.170 - - [08/Nov/2025:15:08:58 +0100] "GET /.well-known/acme-challenge/XVRAA5YQ8HKE92K-ADVTHM03ZP5Q8KOX HTTP/1.1" 200 64 "-" "Cpanel-HTTP-Client/1.0"
88.99.211.170 - - [08/Nov/2025:15:08:58 +0100] "GET /.well-known/acme-challenge/J4K1Q_LN2G_2R57DMTH91BH_7-JF2ID5 HTTP/1.1" 200 64 "-" "Cpanel-HTTP-Client/1.0"
88.99.211.170 - - [08/Nov/2025:15:08:58 +0100] "GET /.well-known/acme-challenge/D0OI0GFXHWMYMLUI8M4P_7_51IZH4W7O HTTP/1.1" 200 64 "-" "Cpanel-HTTP-Client/1.0"
88.99.211.170 - - [08/Nov/2025:15:08:58 +0100] "GET /.well-known/acme-challenge/K4ADNW15DV1DGJVZNXG1Y89_BZ98GA96 HTTP/1.1" 200 64 "-" "Cpanel-HTTP-Client/1.0"
88.99.211.170 - - [08/Nov/2025:15:08:58 +0100] "GET /.well-known/acme-challenge/X0F216SJK4QK8TEZKWKW9VBQOBLUPGV9 HTTP/1.1" 200 64 "-" "Cpanel-HTTP-Client/1.0"
88.99.211.170 - - [08/Nov/2025:15:08:58 +0100] "GET /.well-known/acme-challenge/FORI28LNUWXRDUWL3WSDQWA8C3G73KK8 HTTP/1.1" 200 64 "-" "Cpanel-HTTP-Client/1.0"
66.249.69.136 - - [08/Nov/2025:15:14:18 +0100] "GET /perceive103008984.html HTTP/1.1" 200 555193 "-" "Mozilla/5.0 (Linux; Android 6.0.1; Nexus 5X Build/MMB29P) AppleWebKit/537.36 (KHTML, like Gecko) Chrome/141.0.7390.122 Mobile Safari/537.36 (compatible; Googlebot/2.1; +http://www.google.com/bot.html)"
66.249.69.134 - - [08/Nov/2025:15:14:57 +0100] "GET /?14608299?detail=0014568862 HTTP/1.1" 200 209848 "-" "Mozilla/5.0 (Linux; Android 6.0.1; Nexus 5X Build/MMB29P) AppleWebKit/537.36 (KHTML, like Gecko) Chrome/141.0.7390.122 Mobile Safari/537.36 (compatible; Googlebot/2.1; +http://www.google.com/bot.html)"
69.171.249.7 - - [08/Nov/2025:15:18:45 +0100] "GET /robots.txt HTTP/1.1" 206 391 "-" "facebookexternalhit/1.1 (+http://www.facebook.com/externalhit_uatext.php)"
69.171.249.3 - - [08/Nov/2025:15:18:45 +0100] "GET / HTTP/1.1" 200 75282 "-" "facebookexternalhit/1.1 (+http://www.facebook.com/externalhit_uatext.php)"
66.249.69.134 - - [08/Nov/2025:15:19:14 +0100] "GET /?pid=20497378566&channel=relate-surprised-swallow&cate_id=2789&page=http://www.opalaesthetic.net/cart.py?undergraduate235018298.html HTTP/1.1" 200 207070 "-" "Mozilla/5.0 (Linux; Android 6.0.1; Nexus 5X Build/MMB29P) AppleWebKit/537.36 (KHTML, like Gecko) Chrome/141.0.7390.122 Mobile Safari/537.36 (compatible; Googlebot/2.1; +http://www.google.com/bot.html)"
158.173.156.224 - - [08/Nov/2025:15:27:23 +0100] "GET / HTTP/1.0" 200 77831 "http://opalaesthetic.net/" "Mozilla/5.0 (Windows NT 10.0; Win64; x64) AppleWebKit/537.36 (KHTML, like Gecko) Chrome/130.0.0.0 Safari/537.36"
66.249.69.134 - - [08/Nov/2025:15:30:25 +0100] "GET /703992105?detail=0702074238 HTTP/1.1" 200 564375 "-" "Mozilla/5.0 (Linux; Android 6.0.1; Nexus 5X Build/MMB29P) AppleWebKit/537.36 (KHTML, like Gecko) Chrome/141.0.7390.122 Mobile Safari/537.36 (compatible; Googlebot/2.1; +http://www.google.com/bot.html)"
66.249.69.135 - - [08/Nov/2025:15:31:39 +0100] "GET /53722719?detail=0053576702 HTTP/1.1" 200 551862 "-" "Mozilla/5.0 (Linux; Android 6.0.1; Nexus 5X Build/MMB29P) AppleWebKit/537.36 (KHTML, like Gecko) Chrome/141.0.7390.122 Mobile Safari/537.36 (compatible; Googlebot/2.1; +http://www.google.com/bot.html)"
66.249.69.135 - - [08/Nov/2025:15:31:42 +0100] "GET /146544422?detail=0146145486 HTTP/1.1" 200 551551 "-" "Mozilla/5.0 (Linux; Android 6.0.1; Nexus 5X Build/MMB29P) AppleWebKit/537.36 (KHTML, like Gecko) Chrome/141.0.7390.122 Mobile Safari/537.36 (compatible; Googlebot/2.1; +http://www.google.com/bot.html)"
66.249.69.134 - - [08/Nov/2025:15:37:21 +0100] "GET /14609536?detail=0014570094 HTTP/1.1" 200 198389 "-" "Mozilla/5.0 (Linux; Android 6.0.1; Nexus 5X Build/MMB29P) AppleWebKit/537.36 (KHTML, like Gecko) Chrome/141.0.7390.122 Mobile Safari/537.36 (compatible; Googlebot/2.1; +http://www.google.com/bot.html)"
66.249.69.135 - - [08/Nov/2025:15:37:32 +0100] "GET /future020038071.html?fileloc=/home/opal/public_html/rzzaq.php?f/thermometer/thermometer00/ HTTP/1.1" 200 215729 "-" "Mozilla/5.0 (Linux; Android 6.0.1; Nexus 5X Build/MMB29P) AppleWebKit/537.36 (KHTML, like Gecko) Chrome/141.0.7390.122 Mobile Safari/537.36 (compatible; Googlebot/2.1; +http://www.google.com/bot.html)"
188.191.167.82 - - [08/Nov/2025:15:56:54 +0100] "GET / HTTP/1.1" 200 77831 "-" "Mozilla/5.0 (Macintosh; Intel Mac OS X 10_11_1) AppleWebKit/537.36 (KHTML, like Gecko) Chrome/53.0.2809.35 Safari/537.36"
188.191.167.82 - - [08/Nov/2025:15:56:58 +0100] "POST /wp-admin/admin-ajax.php HTTP/1.1" 403 77831 "http://opalaesthetic.net/" "Mozilla/5.0 (Macintosh; Intel Mac OS X 10_11_1) AppleWebKit/537.36 (KHTML, like Gecko) Chrome/53.0.2809.35 Safari/537.36"
188.191.167.82 - - [08/Nov/2025:15:57:07 +0100] "GET /wp-content/uploads/elementor/forms/0/temp/click/584627399dde.php HTTP/1.1" 403 77831 "http://opalaesthetic.net/wp-admin/admin-ajax.php" "Mozilla/5.0 (Macintosh; Intel Mac OS X 10_11_1) AppleWebKit/537.36 (KHTML, like Gecko) Chrome/53.0.2809.35 Safari/537.36"
192.36.248.249 - - [08/Nov/2025:16:09:56 +0100] "GET / HTTP/1.1" 428 11471 "-" "Mozilla/5.0 (Windows NT 10.0; Win64; x64) AppleWebKit/537.36 (KHTML, like Gecko) Chrome/122.0.0.0 Safari/537.3"
66.249.69.136 - - [08/Nov/2025:16:22:16 +0100] "GET /250774395?detail=0250091454 HTTP/1.1" 200 552476 "-" "Mozilla/5.0 (Linux; Android 6.0.1; Nexus 5X Build/MMB29P) AppleWebKit/537.36 (KHTML, like Gecko) Chrome/141.0.7390.122 Mobile Safari/537.36 (compatible; Googlebot/2.1; +http://www.google.com/bot.html)"
66.249.69.134 - - [08/Nov/2025:16:38:02 +0100] "GET /life165030904.html HTTP/1.1" 200 556469 "-" "Mozilla/5.0 (Linux; Android 6.0.1; Nexus 5X Build/MMB29P) AppleWebKit/537.36 (KHTML, like Gecko) Chrome/141.0.7390.122 Mobile Safari/537.36 (compatible; Googlebot/2.1; +http://www.google.com/bot.html)"
182.42.104.32 - - [08/Nov/2025:17:12:22 +0100] "GET / HTTP/1.1" 200 77831 "-" "Mozilla/5.0 (iPhone; CPU iPhone OS 13_2_3 like Mac OS X) AppleWebKit/605.1.15 (KHTML, like Gecko) Version/13.0.3 Mobile/15E148 Safari/604.1"
66.249.69.134 - - [08/Nov/2025:17:34:24 +0100] "GET /146543108?detail=0146144174 HTTP/1.1" 200 557900 "-" "Mozilla/5.0 (Linux; Android 6.0.1; Nexus 5X Build/MMB29P) AppleWebKit/537.36 (KHTML, like Gecko) Chrome/141.0.7390.122 Mobile Safari/537.36 (compatible; Googlebot/2.1; +http://www.google.com/bot.html)"
66.249.69.136 - - [08/Nov/2025:17:35:50 +0100] "GET /703997239?detail=0702079358 HTTP/1.1" 200 552778 "-" "Mozilla/5.0 (Linux; Android 6.0.1; Nexus 5X Build/MMB29P) AppleWebKit/537.36 (KHTML, like Gecko) Chrome/141.0.7390.122 Mobile Safari/537.36 (compatible; Googlebot/2.1; +http://www.google.com/bot.html)"
66.249.69.134 - - [08/Nov/2025:17:38:58 +0100] "GET /391492112?detail=0390425742 HTTP/1.1" 200 562191 "-" "Mozilla/5.0 (Linux; Android 6.0.1; Nexus 5X Build/MMB29P) AppleWebKit/537.36 (KHTML, like Gecko) Chrome/141.0.7390.122 Mobile Safari/537.36 (compatible; Googlebot/2.1; +http://www.google.com/bot.html)"
66.249.69.134 - - [08/Nov/2025:17:39:27 +0100] "GET /15328646?detail=0015287246 HTTP/1.1" 200 549853 "-" "Mozilla/5.0 (Linux; Android 6.0.1; Nexus 5X Build/MMB29P) AppleWebKit/537.36 (KHTML, like Gecko) Chrome/141.0.7390.122 Mobile Safari/537.36 (compatible; Googlebot/2.1; +http://www.google.com/bot.html)"
66.249.69.134 - - [08/Nov/2025:17:39:34 +0100] "GET /146542193?detail=0146143262 HTTP/1.1" 200 552331 "-" "Mozilla/5.0 (Linux; Android 6.0.1; Nexus 5X Build/MMB29P) AppleWebKit/537.36 (KHTML, like Gecko) Chrome/141.0.7390.122 Mobile Safari/537.36 (compatible; Googlebot/2.1; +http://www.google.com/bot.html)"
66.249.69.134 - - [08/Nov/2025:17:39:59 +0100] "GET /391489527?detail=0390423166 HTTP/1.1" 200 556400 "-" "Mozilla/5.0 (Linux; Android 6.0.1; Nexus 5X Build/MMB29P) AppleWebKit/537.36 (KHTML, like Gecko) Chrome/141.0.7390.122 Mobile Safari/537.36 (compatible; Googlebot/2.1; +http://www.google.com/bot.html)"
66.249.69.134 - - [08/Nov/2025:17:45:29 +0100] "GET /?pid=20497378566&channel=neutral-accelerate-missile&cate_id=2789&page=http://www.opalaesthetic.net/cart.py?conservation008034671.html HTTP/1.1" 200 559564 "-" "Mozilla/5.0 (Linux; Android 6.0.1; Nexus 5X Build/MMB29P) AppleWebKit/537.36 (KHTML, like Gecko) Chrome/141.0.7390.122 Mobile Safari/537.36 (compatible; Googlebot/2.1; +http://www.google.com/bot.html)"
40.192.119.76 - - [08/Nov/2025:17:45:33 +0100] "GET /wp-json/wp/v2/posts HTTP/1.1" 200 77831 "-" "Mozilla/5.0 (Windows NT 10.0; Win64; x64) AppleWebKit/537.36 (KHTML, like Gecko) Chrome/120.0.0.0 Safari/537.36"
66.249.69.135 - - [08/Nov/2025:17:48:56 +0100] "GET /ctg/search/similarImageSearchResultView/?ctgItemCd=636599 HTTP/1.1" 200 552348 "-" "Mozilla/5.0 (Linux; Android 6.0.1; Nexus 5X Build/MMB29P) AppleWebKit/537.36 (KHTML, like Gecko) Chrome/141.0.7390.122 Mobile Safari/537.36 (compatible; Googlebot/2.1; +http://www.google.com/bot.html)"
66.249.69.134 - - [08/Nov/2025:17:50:18 +0100] "GET /703988272?detail=0702070414 HTTP/1.1" 200 554441 "-" "Mozilla/5.0 (Linux; Android 6.0.1; Nexus 5X Build/MMB29P) AppleWebKit/537.36 (KHTML, like Gecko) Chrome/141.0.7390.122 Mobile Safari/537.36 (compatible; Googlebot/2.1; +http://www.google.com/bot.html)"
13.38.43.129 - - [08/Nov/2025:17:52:24 +0100] "POST /xmlrpc.php HTTP/1.1" 403 75282 "-" "Mozilla/5.0 (Macintosh; Intel Mac OS X 12_5) AppleWebKit/537.36 (KHTML, like Gecko) Chrome/114.0.0.0 Safari/537.36"
13.38.43.129 - - [08/Nov/2025:17:52:28 +0100] "POST /xmlrpc.php HTTP/1.1" 403 77831 "-" "Mozilla/5.0 (Macintosh; Intel Mac OS X 12_5) AppleWebKit/537.36 (KHTML, like Gecko) Chrome/114.0.0.0 Safari/537.36"
13.38.43.129 - - [08/Nov/2025:17:52:32 +0100] "POST /xmlrpc.php HTTP/1.1" 403 77831 "-" "Mozilla/5.0 (Macintosh; Intel Mac OS X 12_5) AppleWebKit/537.36 (KHTML, like Gecko) Chrome/114.0.0.0 Safari/537.36"
13.38.43.129 - - [08/Nov/2025:17:52:37 +0100] "POST /xmlrpc.php HTTP/1.1" 403 77831 "-" "Mozilla/5.0 (Macintosh; Intel Mac OS X 12_5) AppleWebKit/537.36 (KHTML, like Gecko) Chrome/114.0.0.0 Safari/537.36"
66.249.69.134 - - [08/Nov/2025:17:55:54 +0100] "GET /15336043?detail=0015294622 HTTP/1.1" 200 555892 "-" "Mozilla/5.0 (Linux; Android 6.0.1; Nexus 5X Build/MMB29P) AppleWebKit/537.36 (KHTML, like Gecko) Chrome/141.0.7390.122 Mobile Safari/537.36 (compatible; Googlebot/2.1; +http://www.google.com/bot.html)"
66.249.69.134 - - [08/Nov/2025:18:03:38 +0100] "GET /ctg/search/similarImageSearchResultView/?ctgItemCd=37471 HTTP/1.1" 200 551862 "-" "Mozilla/5.0 (Linux; Android 6.0.1; Nexus 5X Build/MMB29P) AppleWebKit/537.36 (KHTML, like Gecko) Chrome/141.0.7390.122 Mobile Safari/537.36 (compatible; Googlebot/2.1; +http://www.google.com/bot.html)"
88.99.211.170 - - [08/Nov/2025:18:09:01 +0100] "GET /.well-known/acme-challenge/D5T2-IXOJDW3BUI2U3IBUEP5ZTI3LGMC HTTP/1.1" 200 64 "-" "Cpanel-HTTP-Client/1.0"
88.99.211.170 - - [08/Nov/2025:18:09:01 +0100] "GET /.well-known/acme-challenge/TEYOT0H_-_P6UXIWN6YX6LQVPJX72KZY HTTP/1.1" 200 64 "-" "Cpanel-HTTP-Client/1.0"
88.99.211.170 - - [08/Nov/2025:18:09:01 +0100] "GET /.well-known/acme-challenge/F-K50ZVNOESFLXCG2CTX51GU2MOBX2WQ HTTP/1.1" 200 64 "-" "Cpanel-HTTP-Client/1.0"
88.99.211.170 - - [08/Nov/2025:18:09:01 +0100] "GET /.well-known/acme-challenge/ZZKIWDB1ULAPBIR1UV3O7M1KI-QNW68C HTTP/1.1" 200 64 "-" "Cpanel-HTTP-Client/1.0"
88.99.211.170 - - [08/Nov/2025:18:09:01 +0100] "GET /.well-known/acme-challenge/AA7SLYN_27TK9J16ALHPV9JO4VWLKCS7 HTTP/1.1" 200 64 "-" "Cpanel-HTTP-Client/1.0"
88.99.211.170 - - [08/Nov/2025:18:09:01 +0100] "GET /.well-known/acme-challenge/WMEBLYEEUIUFZ6NIEAQX2POALRJFGO1O HTTP/1.1" 200 64 "-" "Cpanel-HTTP-Client/1.0"
88.99.211.170 - - [08/Nov/2025:18:09:01 +0100] "GET /.well-known/acme-challenge/49P1NUFW-O18B8MDCN5QMF7TQYH4ZYB1 HTTP/1.1" 200 64 "-" "Cpanel-HTTP-Client/1.0"
88.99.211.170 - - [08/Nov/2025:18:09:01 +0100] "GET /.well-known/acme-challenge/4I5G1AOG3MDS1ZHUEO0_S8FE617XNC4A HTTP/1.1" 200 64 "-" "Cpanel-HTTP-Client/1.0"
88.99.211.170 - - [08/Nov/2025:18:09:01 +0100] "GET /.well-known/acme-challenge/Z5YW9FBZ0-WT1JG4Z4TXF9JCB7P_S-DQ HTTP/1.1" 200 64 "-" "Cpanel-HTTP-Client/1.0"
88.99.211.170 - - [08/Nov/2025:18:09:01 +0100] "GET /.well-known/acme-challenge/FREIO8_V5TXRJJQIYHZJI2FSH37EDVAX HTTP/1.1" 200 64 "-" "Cpanel-HTTP-Client/1.0"
88.99.211.170 - - [08/Nov/2025:18:09:01 +0100] "GET /.well-known/acme-challenge/GNTKCCE2XI2WPQHU2UF8TYMG8L4B30FC HTTP/1.1" 200 64 "-" "Cpanel-HTTP-Client/1.0"
66.249.69.135 - - [08/Nov/2025:18:13:35 +0100] "GET /391500390?detail=0390433998 HTTP/1.1" 200 552750 "-" "Mozilla/5.0 (Linux; Android 6.0.1; Nexus 5X Build/MMB29P) AppleWebKit/537.36 (KHTML, like Gecko) Chrome/141.0.7390.122 Mobile Safari/537.36 (compatible; Googlebot/2.1; +http://www.google.com/bot.html)"
169.150.201.39 - - [08/Nov/2025:18:18:17 +0100] "GET /?fileloc=/home/opal/public_html/wp-signup.php%27&path=/home/opal/public_html HTTP/1.1" 200 12351 "-" "Mozilla/5.0 (Windows NT 10.0; Win64; x64) AppleWebKit/537.36 (KHTML, like Gecko) Chrome/126.0.0.0 Safari/537.36"
169.150.201.39 - - [08/Nov/2025:18:18:17 +0100] "GET /?fileloc=/home/opal/public_html/wp-signup.php&path=/home/opal/public_html%27 HTTP/1.1" 200 53880 "-" "Mozilla/5.0 (Windows NT 10.0; Win64; x64) AppleWebKit/537.36 (KHTML, like Gecko) Chrome/126.0.0.0 Safari/537.36"
66.249.69.134 - - [08/Nov/2025:18:27:00 +0100] "GET /list/123798606 HTTP/1.1" 200 550480 "-" "Mozilla/5.0 (Linux; Android 6.0.1; Nexus 5X Build/MMB29P) AppleWebKit/537.36 (KHTML, like Gecko) Chrome/141.0.7390.122 Mobile Safari/537.36 (compatible; Googlebot/2.1; +http://www.google.com/bot.html)"
52.176.151.223 - - [08/Nov/2025:18:37:17 +0100] "GET /wp-content/plugins/hellopress/wp_filemanager.php HTTP/1.1" 200 77831 "-" "-"
52.176.151.223 - - [08/Nov/2025:18:37:21 +0100] "GET /qa.php HTTP/1.1" 403 77831 "-" "-"
52.176.151.223 - - [08/Nov/2025:18:37:25 +0100] "GET /wp-content/plugins/edaewni/index.php HTTP/1.1" 200 77831 "-" "-"
169.150.201.39 - - [08/Nov/2025:18:43:33 +0100] "GET / HTTP/1.1" 200 77831 "-" "Mozilla/5.0 (Windows NT 10.0; Win64; x64) AppleWebKit/537.36 (KHTML, like Gecko) Chrome/126.0.0.0 Safari/537.36"
169.150.201.39 - - [08/Nov/2025:18:43:37 +0100] "GET /.env.www HTTP/1.1" 508 288 "-" "Mozilla/5.0 (Windows NT 10.0; Win64; x64) AppleWebKit/537.36 (KHTML, like Gecko) Chrome/126.0.0.0 Safari/537.36"
169.150.201.39 - - [08/Nov/2025:18:43:37 +0100] "GET /api/.env HTTP/1.1" 508 288 "-" "Mozilla/5.0 (Windows NT 10.0; Win64; x64) AppleWebKit/537.36 (KHTML, like Gecko) Chrome/126.0.0.0 Safari/537.36"
169.150.201.39 - - [08/Nov/2025:18:43:37 +0100] "GET /.env.save HTTP/1.1" 508 288 "-" "Mozilla/5.0 (Windows NT 10.0; Win64; x64) AppleWebKit/537.36 (KHTML, like Gecko) Chrome/126.0.0.0 Safari/537.36"
169.150.201.39 - - [08/Nov/2025:18:43:37 +0100] "GET /.env.dev HTTP/1.1" 508 288 "-" "Mozilla/5.0 (Windows NT 10.0; Win64; x64) AppleWebKit/537.36 (KHTML, like Gecko) Chrome/126.0.0.0 Safari/537.36"
169.150.201.39 - - [08/Nov/2025:18:43:37 +0100] "GET /.env.prod.local HTTP/1.1" 508 288 "-" "Mozilla/5.0 (Windows NT 10.0; Win64; x64) AppleWebKit/537.36 (KHTML, like Gecko) Chrome/126.0.0.0 Safari/537.36"
169.150.201.39 - - [08/Nov/2025:18:43:37 +0100] "GET /.env.prod HTTP/1.1" 508 288 "-" "Mozilla/5.0 (Windows NT 10.0; Win64; x64) AppleWebKit/537.36 (KHTML, like Gecko) Chrome/126.0.0.0 Safari/537.36"
169.150.201.39 - - [08/Nov/2025:18:43:37 +0100] "GET /.env.bak HTTP/1.1" 508 288 "-" "Mozilla/5.0 (Windows NT 10.0; Win64; x64) AppleWebKit/537.36 (KHTML, like Gecko) Chrome/126.0.0.0 Safari/537.36"
169.150.201.39 - - [08/Nov/2025:18:43:37 +0100] "GET /.env_1 HTTP/1.1" 508 288 "-" "Mozilla/5.0 (Windows NT 10.0; Win64; x64) AppleWebKit/537.36 (KHTML, like Gecko) Chrome/126.0.0.0 Safari/537.36"
169.150.201.39 - - [08/Nov/2025:18:43:37 +0100] "GET /.env.example HTTP/1.1" 200 77831 "-" "Mozilla/5.0 (Windows NT 10.0; Win64; x64) AppleWebKit/537.36 (KHTML, like Gecko) Chrome/126.0.0.0 Safari/537.36"
169.150.201.39 - - [08/Nov/2025:18:43:37 +0100] "GET /.env.stage HTTP/1.1" 200 77831 "-" "Mozilla/5.0 (Windows NT 10.0; Win64; x64) AppleWebKit/537.36 (KHTML, like Gecko) Chrome/126.0.0.0 Safari/537.36"
169.150.201.39 - - [08/Nov/2025:18:43:37 +0100] "GET /.env.live HTTP/1.1" 200 77831 "-" "Mozilla/5.0 (Windows NT 10.0; Win64; x64) AppleWebKit/537.36 (KHTML, like Gecko) Chrome/126.0.0.0 Safari/537.36"
169.150.201.39 - - [08/Nov/2025:18:43:37 +0100] "GET /.env.local HTTP/1.1" 200 77831 "-" "Mozilla/5.0 (Windows NT 10.0; Win64; x64) AppleWebKit/537.36 (KHTML, like Gecko) Chrome/126.0.0.0 Safari/537.36"
169.150.201.39 - - [08/Nov/2025:18:43:37 +0100] "GET /.env.production HTTP/1.1" 200 77831 "-" "Mozilla/5.0 (Windows NT 10.0; Win64; x64) AppleWebKit/537.36 (KHTML, like Gecko) Chrome/126.0.0.0 Safari/537.36"
169.150.201.39 - - [08/Nov/2025:18:43:37 +0100] "GET /.env.production.local HTTP/1.1" 200 77831 "-" "Mozilla/5.0 (Windows NT 10.0; Win64; x64) AppleWebKit/537.36 (KHTML, like Gecko) Chrome/126.0.0.0 Safari/537.36"
169.150.201.39 - - [08/Nov/2025:18:43:37 +0100] "GET /.env.development.local HTTP/1.1" 200 77831 "-" "Mozilla/5.0 (Windows NT 10.0; Win64; x64) AppleWebKit/537.36 (KHTML, like Gecko) Chrome/126.0.0.0 Safari/537.36"
169.150.201.39 - - [08/Nov/2025:18:43:37 +0100] "GET /.env_sample HTTP/1.1" 200 77831 "-" "Mozilla/5.0 (Windows NT 10.0; Win64; x64) AppleWebKit/537.36 (KHTML, like Gecko) Chrome/126.0.0.0 Safari/537.36"
169.150.201.39 - - [08/Nov/2025:18:43:37 +0100] "GET /.env.old HTTP/1.1" 200 77831 "-" "Mozilla/5.0 (Windows NT 10.0; Win64; x64) AppleWebKit/537.36 (KHTML, like Gecko) Chrome/126.0.0.0 Safari/537.36"
169.150.201.39 - - [08/Nov/2025:18:43:37 +0100] "GET /.env.dev.local HTTP/1.1" 200 77831 "-" "Mozilla/5.0 (Windows NT 10.0; Win64; x64) AppleWebKit/537.36 (KHTML, like Gecko) Chrome/126.0.0.0 Safari/537.36"
169.150.201.39 - - [08/Nov/2025:18:43:37 +0100] "GET /.env HTTP/1.1" 403 77831 "-" "Mozilla/5.0 (Windows NT 10.0; Win64; x64) AppleWebKit/537.36 (KHTML, like Gecko) Chrome/126.0.0.0 Safari/537.36"
169.150.201.39 - - [08/Nov/2025:18:43:37 +0100] "GET /.env.backup HTTP/1.1" 200 77831 "-" "Mozilla/5.0 (Windows NT 10.0; Win64; x64) AppleWebKit/537.36 (KHTML, like Gecko) Chrome/126.0.0.0 Safari/537.36"
84.17.55.7 - - [08/Nov/2025:18:54:04 +0100] "POST /xmlrpc.php HTTP/1.1" 403 77831 "-" "Mozilla/5.0 (Macintosh; Intel Mac OS X 10_15_3) AppleWebKit/537.36 (KHTML, like Gecko) Chrome/80.0.3987.87 Safari/537.36"
84.17.55.7 - - [08/Nov/2025:18:54:07 +0100] "POST /xmlrpc.php HTTP/1.1" 403 77831 "-" "Mozilla/5.0 (Macintosh; Intel Mac OS X 10_15_3) AppleWebKit/537.36 (KHTML, like Gecko) Chrome/80.0.3987.87 Safari/537.36"
84.17.55.7 - - [08/Nov/2025:18:54:11 +0100] "POST /xmlrpc.php HTTP/1.1" 403 77831 "-" "Mozilla/5.0 (Macintosh; Intel Mac OS X 10_15_3) AppleWebKit/537.36 (KHTML, like Gecko) Chrome/80.0.3987.87 Safari/537.36"
109.248.149.93 - - [08/Nov/2025:18:56:11 +0100] "POST /xmlrpc.php HTTP/1.1" 403 77831 "-" "Mozilla/5.0 (X11; Linux x86_64) AppleWebKit/537.36 (KHTML, like Gecko) Chrome/81.0.4044.129 Safari/537.36"
169.150.201.39 - - [08/Nov/2025:19:01:07 +0100] "GET / HTTP/1.1" 200 75282 "-" "Mozilla/5.0 (Windows NT 10.0; Win64; x64) AppleWebKit/537.36 (KHTML, like Gecko) Chrome/126.0.0.0 Safari/537.36"
169.150.201.39 - - [08/Nov/2025:19:01:11 +0100] "GET /.env HTTP/1.1" 403 77831 "-" "Mozilla/5.0 (Windows NT 10.0; Win64; x64) AppleWebKit/537.36 (KHTML, like Gecko) Chrome/126.0.0.0 Safari/537.36"
145.220.91.19 - - [08/Nov/2025:19:04:52 +0100] "GET / HTTP/1.1" 200 77831 "-" "Mozilla/5.0 (Macintosh; Intel Mac OS X 10.15; rv:122.0) Gecko/20100101 Firefox/122.0"
66.249.69.134 - - [08/Nov/2025:19:21:05 +0100] "GET /250775632?detail=0250092686 HTTP/1.1" 200 554869 "-" "Mozilla/5.0 (Linux; Android 6.0.1; Nexus 5X Build/MMB29P) AppleWebKit/537.36 (KHTML, like Gecko) Chrome/141.0.7390.122 Mobile Safari/537.36 (compatible; Googlebot/2.1; +http://www.google.com/bot.html)"
43.130.139.177 - - [08/Nov/2025:19:26:46 +0100] "GET / HTTP/1.1" 200 77831 "-" "Mozilla/5.0 (iPhone; CPU iPhone OS 13_2_3 like Mac OS X) AppleWebKit/605.1.15 (KHTML, like Gecko) Version/13.0.3 Mobile/15E148 Safari/604.1"
66.249.69.134 - - [08/Nov/2025:19:27:53 +0100] "GET /future020038071.html?fileloc=/home/opal/public_html/rzzaq.php?e/02/ HTTP/1.1" 200 569336 "-" "Mozilla/5.0 (Linux; Android 6.0.1; Nexus 5X Build/MMB29P) AppleWebKit/537.36 (KHTML, like Gecko) Chrome/141.0.7390.122 Mobile Safari/537.36 (compatible; Googlebot/2.1; +http://www.google.com/bot.html)"
66.249.69.134 - - [08/Nov/2025:19:29:47 +0100] "GET /146531266?detail=0146132366 HTTP/1.1" 200 565366 "-" "Mozilla/5.0 (Linux; Android 6.0.1; Nexus 5X Build/MMB29P) AppleWebKit/537.36 (KHTML, like Gecko) Chrome/141.0.7390.122 Mobile Safari/537.36 (compatible; Googlebot/2.1; +http://www.google.com/bot.html)"
66.249.69.134 - - [08/Nov/2025:19:30:00 +0100] "GET /comfort032001555.html HTTP/1.1" 200 203218 "-" "Mozilla/5.0 (Linux; Android 6.0.1; Nexus 5X Build/MMB29P) AppleWebKit/537.36 (KHTML, like Gecko) Chrome/141.0.7390.122 Mobile Safari/537.36 (compatible; Googlebot/2.1; +http://www.google.com/bot.html)"
66.249.69.134 - - [08/Nov/2025:19:38:44 +0100] "GET /250767657?detail=0250084734 HTTP/1.1" 200 550871 "-" "Mozilla/5.0 (Linux; Android 6.0.1; Nexus 5X Build/MMB29P) AppleWebKit/537.36 (KHTML, like Gecko) Chrome/141.0.7390.122 Mobile Safari/537.36 (compatible; Googlebot/2.1; +http://www.google.com/bot.html)"
41.216.188.194 - - [08/Nov/2025:19:39:49 +0100] "GET /wp-login.php HTTP/1.1" 200 77831 "-" "Mozilla/5.0 (Windows NT 10.0; Win64; x64) AppleWebKit/537.36 (KHTML, like Gecko) Chrome/119.0.0.0 Safari/537.36"
66.249.69.134 - - [08/Nov/2025:19:40:30 +0100] "GET /250760004?detail=0250077102 HTTP/1.1" 200 551360 "-" "Mozilla/5.0 (Linux; Android 6.0.1; Nexus 5X Build/MMB29P) AppleWebKit/537.36 (KHTML, like Gecko) Chrome/141.0.7390.122 Mobile Safari/537.36 (compatible; Googlebot/2.1; +http://www.google.com/bot.html)"
188.99.65.25 - - [08/Nov/2025:19:44:18 +0100] "GET / HTTP/1.1" 200 77831 "-" "Mozilla/5.0 (compatible; MSIE 10.0; Windows NT 5.1; Win64; x64; Trident/6.0)"
188.99.65.25 - - [08/Nov/2025:19:44:21 +0100] "POST /wp-admin/admin-ajax.php HTTP/1.1" 403 77831 "http://opalaesthetic.net/" "Mozilla/5.0 (compatible; MSIE 10.0; Windows NT 5.1; Win64; x64; Trident/6.0)"
188.99.65.25 - - [08/Nov/2025:19:44:25 +0100] "GET /wp-content/uploads/elementor/forms/0/temp/click/584627399dde.php HTTP/1.1" 403 75282 "http://opalaesthetic.net/wp-admin/admin-ajax.php" "Mozilla/5.0 (compatible; MSIE 10.0; Windows NT 5.1; Win64; x64; Trident/6.0)"
66.249.69.134 - - [08/Nov/2025:19:45:16 +0100] "GET /187740691?detail=0187229502 HTTP/1.1" 200 559842 "-" "Mozilla/5.0 (Linux; Android 6.0.1; Nexus 5X Build/MMB29P) AppleWebKit/537.36 (KHTML, like Gecko) Chrome/141.0.7390.122 Mobile Safari/537.36 (compatible; Googlebot/2.1; +http://www.google.com/bot.html)"
51.83.7.88 - - [08/Nov/2025:19:45:30 +0100] "GET /robots.txt HTTP/1.1" 200 391 "-" "Mozilla/5.0 (compatible; MJ12bot/v1.4.8; http://mj12bot.com/)"
43.166.245.120 - - [08/Nov/2025:19:45:27 +0100] "GET /?fileloc=/home/opal/public_html/options.php&path=/home/opal/public_html HTTP/1.1" 200 17382 "-" "Mozilla/5.0 (iPhone; CPU iPhone OS 13_2_3 like Mac OS X) AppleWebKit/605.1.15 (KHTML, like Gecko) Version/13.0.3 Mobile/15E148 Safari/604.1"
51.83.7.88 - - [08/Nov/2025:19:45:31 +0100] "GET /?fileloc=/home/opal/public_html/wp-links-opml.php&path=/home/opal/public_html HTTP/1.1" 200 17961 "-" "Mozilla/5.0 (compatible; MJ12bot/v1.4.8; http://mj12bot.com/)"
41.216.188.194 - - [08/Nov/2025:19:46:54 +0100] "GET /wp-login.php HTTP/1.1" 200 303 "https://www.google.com/" "Mozilla/5.0 (Windows NT 10.0; Win64; x64; rv:120.0) Gecko/20100101 Firefox/120.0"
66.249.69.134 - - [08/Nov/2025:19:46:54 +0100] "GET /zhHant/product/surugaya/m33587582651?campaign_uid=f64d716db5e979ed2f947dbaf4296895b951ae7f HTTP/1.1" 200 206901 "-" "Mozilla/5.0 (Linux; Android 6.0.1; Nexus 5X Build/MMB29P) AppleWebKit/537.36 (KHTML, like Gecko) Chrome/141.0.7390.122 Mobile Safari/537.36 (compatible; Googlebot/2.1; +http://www.google.com/bot.html)"
152.233.20.91 - - [08/Nov/2025:19:47:49 +0100] "POST /xmlrpc.php HTTP/1.1" 403 75282 "-" "Mozilla/5.0 (Macintosh; Intel Mac OS X 10_15_7) AppleWebKit/537.36 (KHTML, like Gecko) Chrome/122.0.0.0 Safari/537.36"
66.249.69.134 - - [08/Nov/2025:19:48:30 +0100] "GET /1037805600?detail=1034978158 HTTP/1.1" 200 203082 "-" "Mozilla/5.0 (Linux; Android 6.0.1; Nexus 5X Build/MMB29P) AppleWebKit/537.36 (KHTML, like Gecko) Chrome/141.0.7390.122 Mobile Safari/537.36 (compatible; Googlebot/2.1; +http://www.google.com/bot.html)"
170.106.193.108 - - [08/Nov/2025:19:52:49 +0100] "GET /?fileloc=/home/opal/public_html/wp-log1n.php&path=/home/opal/public_html HTTP/1.1" 200 17064 "-" "Mozilla/5.0 (iPhone; CPU iPhone OS 13_2_3 like Mac OS X) AppleWebKit/605.1.15 (KHTML, like Gecko) Version/13.0.3 Mobile/15E148 Safari/604.1"
66.249.69.135 - - [08/Nov/2025:19:53:15 +0100] "GET /chief164026567.html HTTP/1.1" 200 203311 "-" "Mozilla/5.0 (Linux; Android 6.0.1; Nexus 5X Build/MMB29P) AppleWebKit/537.36 (KHTML, like Gecko) Chrome/141.0.7390.122 Mobile Safari/537.36 (compatible; Googlebot/2.1; +http://www.google.com/bot.html)"
66.249.69.135 - - [08/Nov/2025:19:55:44 +0100] "GET /category/191/1 HTTP/1.1" 200 203574 "-" "Mozilla/5.0 (Linux; Android 6.0.1; Nexus 5X Build/MMB29P) AppleWebKit/537.36 (KHTML, like Gecko) Chrome/141.0.7390.122 Mobile Safari/537.36 (compatible; Googlebot/2.1; +http://www.google.com/bot.html)"
66.249.69.136 - - [08/Nov/2025:19:56:02 +0100] "GET /1037795396?detail=1034967982 HTTP/1.1" 200 554168 "-" "Mozilla/5.0 (Linux; Android 6.0.1; Nexus 5X Build/MMB29P) AppleWebKit/537.36 (KHTML, like Gecko) Chrome/141.0.7390.122 Mobile Safari/537.36 (compatible; Googlebot/2.1; +http://www.google.com/bot.html)"
66.249.69.134 - - [08/Nov/2025:19:56:28 +0100] "GET /703987325?detail=0702069470 HTTP/1.1" 200 551190 "-" "Mozilla/5.0 (Linux; Android 6.0.1; Nexus 5X Build/MMB29P) AppleWebKit/537.36 (KHTML, like Gecko) Chrome/141.0.7390.122 Mobile Safari/537.36 (compatible; Googlebot/2.1; +http://www.google.com/bot.html)"
43.157.142.101 - - [08/Nov/2025:20:00:03 +0100] "GET /?path=/ HTTP/1.1" 200 30413 "-" "Mozilla/5.0 (iPhone; CPU iPhone OS 13_2_3 like Mac OS X) AppleWebKit/605.1.15 (KHTML, like Gecko) Version/13.0.3 Mobile/15E148 Safari/604.1"
66.249.69.135 - - [08/Nov/2025:20:01:57 +0100] "GET /146536400?detail=0146137486 HTTP/1.1" 200 560390 "-" "Mozilla/5.0 (Linux; Android 6.0.1; Nexus 5X Build/MMB29P) AppleWebKit/537.36 (KHTML, like Gecko) Chrome/141.0.7390.122 Mobile Safari/537.36 (compatible; Googlebot/2.1; +http://www.google.com/bot.html)"
170.106.180.246 - - [08/Nov/2025:20:09:53 +0100] "GET /?fileloc=/home/opal/public_html/search.php&path=/home/opal/public_html HTTP/1.1" 200 16598 "-" "Mozilla/5.0 (iPhone; CPU iPhone OS 13_2_3 like Mac OS X) AppleWebKit/605.1.15 (KHTML, like Gecko) Version/13.0.3 Mobile/15E148 Safari/604.1"
66.249.69.134 - - [08/Nov/2025:20:12:38 +0100] "GET /curve006003757.html HTTP/1.1" 200 204785 "-" "Mozilla/5.0 (Linux; Android 6.0.1; Nexus 5X Build/MMB29P) AppleWebKit/537.36 (KHTML, like Gecko) Chrome/141.0.7390.122 Mobile Safari/537.36 (compatible; Googlebot/2.1; +http://www.google.com/bot.html)"
66.249.69.135 - - [08/Nov/2025:20:14:55 +0100] "GET /111752807?detail=0111448670 HTTP/1.1" 200 553980 "-" "Mozilla/5.0 (Linux; Android 6.0.1; Nexus 5X Build/MMB29P) AppleWebKit/537.36 (KHTML, like Gecko) Chrome/141.0.7390.122 Mobile Safari/537.36 (compatible; Googlebot/2.1; +http://www.google.com/bot.html)"
66.249.69.135 - - [08/Nov/2025:20:14:59 +0100] "GET /pcmypage?callback=/product%2Fdetail%2m80427894197 HTTP/1.1" 200 552269 "-" "Mozilla/5.0 (Linux; Android 6.0.1; Nexus 5X Build/MMB29P) AppleWebKit/537.36 (KHTML, like Gecko) Chrome/141.0.7390.122 Mobile Safari/537.36 (compatible; Googlebot/2.1; +http://www.google.com/bot.html)"
66.249.69.135 - - [08/Nov/2025:20:15:24 +0100] "GET /6734911?detail=0006716926 HTTP/1.1" 200 552615 "-" "Mozilla/5.0 (Linux; Android 6.0.1; Nexus 5X Build/MMB29P) AppleWebKit/537.36 (KHTML, like Gecko) Chrome/141.0.7390.122 Mobile Safari/537.36 (compatible; Googlebot/2.1; +http://www.google.com/bot.html)"
66.249.69.135 - - [08/Nov/2025:20:16:12 +0100] "GET /?pid=20497378566&channel=similarly-rental-acceptable&cate_id=2789&page=http://www.opalaesthetic.net/cart.py?collection220009175.html HTTP/1.1" 200 556999 "-" "Mozilla/5.0 (Linux; Android 6.0.1; Nexus 5X Build/MMB29P) AppleWebKit/537.36 (KHTML, like Gecko) Chrome/141.0.7390.122 Mobile Safari/537.36 (compatible; Googlebot/2.1; +http://www.google.com/bot.html)"
66.249.69.135 - - [08/Nov/2025:20:16:32 +0100] "GET /?zhHant/product/surugaya/m33587582651?campaign_uid=f64d716db5e979ed2f947dbaf4296895b951ae7f HTTP/1.1" 200 558363 "-" "Mozilla/5.0 (Linux; Android 6.0.1; Nexus 5X Build/MMB29P) AppleWebKit/537.36 (KHTML, like Gecko) Chrome/141.0.7390.122 Mobile Safari/537.36 (compatible; Googlebot/2.1; +http://www.google.com/bot.html)"
51.34.14.83 - - [08/Nov/2025:20:19:16 +0100] "POST /xmlrpc.php HTTP/1.1" 403 77831 "-" "Mozilla/5.0 (X11; Linux x86_64) AppleWebKit/537.36 (KHTML, like Gecko) Chrome/114.0.0.0 Safari/537.36 OPR/89.0.4447.51"
130.33.59.10 - - [08/Nov/2025:20:19:55 +0100] "GET /wp-content/plugins/hellopress/wp_filemanager.php HTTP/1.1" 200 77831 "-" "-"
130.33.59.10 - - [08/Nov/2025:20:19:59 +0100] "GET /aiman.php HTTP/1.1" 403 77831 "-" "-"
130.33.59.10 - - [08/Nov/2025:20:20:01 +0100] "GET /error.php HTTP/1.1" 403 77831 "-" "-"
130.33.59.10 - - [08/Nov/2025:20:20:06 +0100] "GET /NH19T66T.php HTTP/1.1" 403 77831 "-" "-"
130.33.59.10 - - [08/Nov/2025:20:20:09 +0100] "GET /rei.php HTTP/1.1" 403 77831 "-" "-"
130.33.59.10 - - [08/Nov/2025:20:20:13 +0100] "GET /666.php HTTP/1.1" 403 77831 "-" "-"
130.33.59.10 - - [08/Nov/2025:20:20:17 +0100] "GET /777.php HTTP/1.1" 403 77831 "-" "-"
130.33.59.10 - - [08/Nov/2025:20:20:22 +0100] "GET /888.php HTTP/1.1" 403 77831 "-" "-"
130.33.59.10 - - [08/Nov/2025:20:20:26 +0100] "GET /555.php HTTP/1.1" 403 77831 "-" "-"
130.33.59.10 - - [08/Nov/2025:20:20:30 +0100] "GET /333.php HTTP/1.1" 403 77831 "-" "-"
130.33.59.10 - - [08/Nov/2025:20:20:35 +0100] "GET /zeal.php HTTP/1.1" 403 75282 "-" "-"
130.33.59.10 - - [08/Nov/2025:20:20:40 +0100] "GET /file.php HTTP/1.1" 403 77831 "-" "-"
130.33.59.10 - - [08/Nov/2025:20:20:46 +0100] "GET /file1.php HTTP/1.1" 403 77831 "-" "-"
130.33.59.10 - - [08/Nov/2025:20:20:49 +0100] "GET /file2.php HTTP/1.1" 403 77839 "-" "-"
130.33.59.10 - - [08/Nov/2025:20:20:54 +0100] "GET /file5.php HTTP/1.1" 403 77831 "-" "-"
43.167.232.38 - - [08/Nov/2025:20:20:57 +0100] "GET /?fileloc=/home/opal/public_html/wp-comments-post.php&path=/home/opal/public_html HTTP/1.1" 200 17575 "-" "Mozilla/5.0 (iPhone; CPU iPhone OS 13_2_3 like Mac OS X) AppleWebKit/605.1.15 (KHTML, like Gecko) Version/13.0.3 Mobile/15E148 Safari/604.1"
130.33.59.10 - - [08/Nov/2025:20:20:58 +0100] "GET /file17.php HTTP/1.1" 403 77831 "-" "-"
130.33.59.10 - - [08/Nov/2025:20:21:02 +0100] "GET /file32.php HTTP/1.1" 403 77831 "-" "-"
130.33.59.10 - - [08/Nov/2025:20:21:07 +0100] "GET /filesss.php HTTP/1.1" 403 77831 "-" "-"
130.33.59.10 - - [08/Nov/2025:20:21:11 +0100] "GET /file9.php HTTP/1.1" 403 77831 "-" "-"
130.33.59.10 - - [08/Nov/2025:20:21:15 +0100] "GET /file13.php HTTP/1.1" 403 77831 "-" "-"
130.33.59.10 - - [08/Nov/2025:20:21:20 +0100] "GET /file3.php HTTP/1.1" 403 77831 "-" "-"
130.33.59.10 - - [08/Nov/2025:20:21:24 +0100] "GET /atomlib.php HTTP/1.1" 403 77831 "-" "-"
130.33.59.10 - - [08/Nov/2025:20:21:27 +0100] "GET /efile.php HTTP/1.1" 403 77831 "-" "-"
130.33.59.10 - - [08/Nov/2025:20:21:30 +0100] "GET /file18.php HTTP/1.1" 403 77831 "-" "-"
130.33.59.10 - - [08/Nov/2025:20:21:33 +0100] "GET /520.php HTTP/1.1" 403 77831 "-" "-"
130.33.59.10 - - [08/Nov/2025:20:21:36 +0100] "GET /031.php HTTP/1.1" 403 77831 "-" "-"
130.33.59.10 - - [08/Nov/2025:20:21:39 +0100] "GET /file7.php HTTP/1.1" 403 77831 "-" "-"
130.33.59.10 - - [08/Nov/2025:20:21:42 +0100] "GET /file4.php HTTP/1.1" 403 - "-" "-"
130.33.59.10 - - [08/Nov/2025:20:21:43 +0100] "GET /2%25.php HTTP/1.1" 403 77831 "-" "-"
130.33.59.10 - - [08/Nov/2025:20:21:46 +0100] "GET /1%25.php HTTP/1.1" 403 77831 "-" "-"
130.33.59.10 - - [08/Nov/2025:20:21:49 +0100] "GET /wp-freya.php HTTP/1.1" 403 77831 "-" "-"
130.33.59.10 - - [08/Nov/2025:20:21:52 +0100] "GET /keu.php HTTP/1.1" 403 75290 "-" "-"
130.33.59.10 - - [08/Nov/2025:20:21:56 +0100] "GET /file88.php HTTP/1.1" 403 77831 "-" "-"
130.33.59.10 - - [08/Nov/2025:20:22:00 +0100] "GET /0%25.php HTTP/1.1" 403 77831 "-" "-"
130.33.59.10 - - [08/Nov/2025:20:22:03 +0100] "GET /lock360.php HTTP/1.1" 403 77831 "-" "-"
130.33.59.10 - - [08/Nov/2025:20:22:08 +0100] "GET /jmfi2.php HTTP/1.1" 403 77834 "-" "-"
130.33.59.10 - - [08/Nov/2025:20:22:12 +0100] "GET /class.1.php HTTP/1.1" 403 77831 "-" "-"
130.33.59.10 - - [08/Nov/2025:20:22:16 +0100] "GET /an.php HTTP/1.1" 403 77831 "-" "-"
66.249.69.134 - - [08/Nov/2025:20:22:17 +0100] "GET /111752517?detail=0111448382 HTTP/1.1" 200 559709 "-" "Mozilla/5.0 (Linux; Android 6.0.1; Nexus 5X Build/MMB29P) AppleWebKit/537.36 (KHTML, like Gecko) Chrome/141.0.7390.122 Mobile Safari/537.36 (compatible; Googlebot/2.1; +http://www.google.com/bot.html)"
130.33.59.10 - - [08/Nov/2025:20:22:21 +0100] "GET /fs.php HTTP/1.1" 403 77831 "-" "-"
130.33.59.10 - - [08/Nov/2025:20:22:25 +0100] "GET /CLA.php HTTP/1.1" 403 77831 "-" "-"
130.33.59.10 - - [08/Nov/2025:20:22:30 +0100] "GET /gfile.php HTTP/1.1" 403 77831 "-" "-"
130.33.59.10 - - [08/Nov/2025:20:22:34 +0100] "GET /file6.php HTTP/1.1" 403 77831 "-" "-"
130.33.59.10 - - [08/Nov/2025:20:22:38 +0100] "GET /eauu.php HTTP/1.1" 403 77831 "-" "-"
130.33.59.10 - - [08/Nov/2025:20:22:42 +0100] "GET /we.php HTTP/1.1" 403 77831 "-" "-"
130.33.59.10 - - [08/Nov/2025:20:22:46 +0100] "GET /fe5.php HTTP/1.1" 403 77831 "-" "-"
130.33.59.10 - - [08/Nov/2025:20:22:52 +0100] "GET /cccc.php HTTP/1.1" 403 77831 "-" "-"
130.33.59.10 - - [08/Nov/2025:20:22:55 +0100] "GET /gmo.php HTTP/1.1" 403 77831 "-" "-"
130.33.59.10 - - [08/Nov/2025:20:22:59 +0100] "GET /shell1.php HTTP/1.1" 403 77831 "-" "-"
130.33.59.10 - - [08/Nov/2025:20:23:04 +0100] "GET /gm.php HTTP/1.1" 403 77831 "-" "-"
66.249.69.134 - - [08/Nov/2025:20:23:06 +0100] "GET /684050586?detail=0682187054 HTTP/1.1" 200 556944 "-" "Mozilla/5.0 (Linux; Android 6.0.1; Nexus 5X Build/MMB29P) AppleWebKit/537.36 (KHTML, like Gecko) Chrome/141.0.7390.122 Mobile Safari/537.36 (compatible; Googlebot/2.1; +http://www.google.com/bot.html)"
130.33.59.10 - - [08/Nov/2025:20:23:06 +0100] "GET /lala.php HTTP/1.1" 403 77831 "-" "-"
130.33.59.10 - - [08/Nov/2025:20:23:11 +0100] "GET /hexx.php HTTP/1.1" 403 77831 "-" "-"
130.33.59.10 - - [08/Nov/2025:20:23:15 +0100] "GET /444.php HTTP/1.1" 403 77831 "-" "-"
130.33.59.10 - - [08/Nov/2025:20:23:19 +0100] "GET /a2.php HTTP/1.1" 403 77831 "-" "-"
130.33.59.10 - - [08/Nov/2025:20:23:23 +0100] "GET /cfile.php HTTP/1.1" 403 77831 "-" "-"
130.33.59.10 - - [08/Nov/2025:20:23:28 +0100] "GET /lv.php HTTP/1.1" 403 77831 "-" "-"
130.33.59.10 - - [08/Nov/2025:20:23:31 +0100] "GET /goat.php HTTP/1.1" 403 77831 "-" "-"
130.33.59.10 - - [08/Nov/2025:20:23:34 +0100] "GET /222.php HTTP/1.1" 403 77831 "-" "-"
130.33.59.10 - - [08/Nov/2025:20:23:37 +0100] "GET /aa.php HTTP/1.1" 403 77831 "-" "-"
130.33.59.10 - - [08/Nov/2025:20:23:41 +0100] "GET /vast.php HTTP/1.1" 403 77831 "-" "-"
130.33.59.10 - - [08/Nov/2025:20:23:44 +0100] "GET /yanki.php HTTP/1.1" 403 77831 "-" "-"
130.33.59.10 - - [08/Nov/2025:20:23:49 +0100] "GET /bolt.php HTTP/1.1" 403 77831 "-" "-"
130.33.59.10 - - [08/Nov/2025:20:23:52 +0100] "GET /nfile.php HTTP/1.1" 403 77831 "-" "-"
130.33.59.10 - - [08/Nov/2025:20:23:55 +0100] "GET /ilex.php HTTP/1.1" 403 77831 "-" "-"
130.33.59.10 - - [08/Nov/2025:20:23:59 +0100] "GET /des.php HTTP/1.1" 403 77831 "-" "-"
130.33.59.10 - - [08/Nov/2025:20:24:03 +0100] "GET /ext.php HTTP/1.1" 403 77831 "-" "-"
130.33.59.10 - - [08/Nov/2025:20:24:07 +0100] "GET /axx.php HTTP/1.1" 403 77831 "-" "-"
130.33.59.10 - - [08/Nov/2025:20:24:12 +0100] "GET /yasnu.php HTTP/1.1" 403 77831 "-" "-"
130.33.59.10 - - [08/Nov/2025:20:24:18 +0100] "GET /new4.php HTTP/1.1" 403 77831 "-" "-"
130.33.59.10 - - [08/Nov/2025:20:24:22 +0100] "GET /ava.php HTTP/1.1" 403 75282 "-" "-"
130.33.59.10 - - [08/Nov/2025:20:24:27 +0100] "GET /ioxi2.php HTTP/1.1" 403 77831 "-" "-"
130.33.59.10 - - [08/Nov/2025:20:24:30 +0100] "GET /gfile1.php HTTP/1.1" 403 77831 "-" "-"
130.33.59.10 - - [08/Nov/2025:20:24:34 +0100] "GET /ffile.php HTTP/1.1" 403 75282 "-" "-"
130.33.59.10 - - [08/Nov/2025:20:24:38 +0100] "GET /rsnu.php HTTP/1.1" 403 77831 "-" "-"
130.33.59.10 - - [08/Nov/2025:20:24:41 +0100] "GET /.well-known/acme-challenge/about.php HTTP/1.1" 403 77831 "-" "-"
130.33.59.10 - - [08/Nov/2025:20:24:47 +0100] "GET /CLA.php HTTP/1.1" 403 77831 "-" "-"
130.33.59.10 - - [08/Nov/2025:20:24:51 +0100] "GET /default.php HTTP/1.1" 403 77831 "-" "-"
130.33.59.10 - - [08/Nov/2025:20:24:56 +0100] "GET /dfre.php HTTP/1.1" 403 77831 "-" "-"
130.33.59.10 - - [08/Nov/2025:20:25:01 +0100] "GET /pp.php HTTP/1.1" 403 - "-" "-"
130.33.59.10 - - [08/Nov/2025:20:25:01 +0100] "GET /13.php HTTP/1.1" 403 77831 "-" "-"
130.33.59.10 - - [08/Nov/2025:20:25:05 +0100] "GET /usep.php HTTP/1.1" 403 77831 "-" "-"
130.33.59.10 - - [08/Nov/2025:20:25:11 +0100] "GET /3.php HTTP/1.1" 403 77831 "-" "-"
66.249.69.134 - - [08/Nov/2025:20:31:01 +0100] "GET /product/edit/m78539233866 HTTP/1.1" 200 551814 "-" "Mozilla/5.0 (Linux; Android 6.0.1; Nexus 5X Build/MMB29P) AppleWebKit/537.36 (KHTML, like Gecko) Chrome/141.0.7390.122 Mobile Safari/537.36 (compatible; Googlebot/2.1; +http://www.google.com/bot.html)"
66.249.69.134 - - [08/Nov/2025:20:31:41 +0100] "GET /111749597?detail=0111445470 HTTP/1.1" 200 557615 "-" "Mozilla/5.0 (Linux; Android 6.0.1; Nexus 5X Build/MMB29P) AppleWebKit/537.36 (KHTML, like Gecko) Chrome/141.0.7390.122 Mobile Safari/537.36 (compatible; Googlebot/2.1; +http://www.google.com/bot.html)"
66.249.69.136 - - [08/Nov/2025:20:31:58 +0100] "GET /684061125?detail=0682197566 HTTP/1.1" 200 559234 "-" "Mozilla/5.0 (Linux; Android 6.0.1; Nexus 5X Build/MMB29P) AppleWebKit/537.36 (KHTML, like Gecko) Chrome/141.0.7390.122 Mobile Safari/537.36 (compatible; Googlebot/2.1; +http://www.google.com/bot.html)"
43.156.232.190 - - [08/Nov/2025:20:35:26 +0100] "GET /?fileloc=/home/opal/public_html/wp-cron.php&path=/home/opal/public_html HTTP/1.1" 200 18310 "-" "Mozilla/5.0 (iPhone; CPU iPhone OS 13_2_3 like Mac OS X) AppleWebKit/605.1.15 (KHTML, like Gecko) Version/13.0.3 Mobile/15E148 Safari/604.1"
66.249.69.134 - - [08/Nov/2025:20:44:48 +0100] "GET /future020038071.html?fileloc=/home/opal/public_html/rzzaq.php?usf/ HTTP/1.1" 200 569397 "-" "Mozilla/5.0 (Linux; Android 6.0.1; Nexus 5X Build/MMB29P) AppleWebKit/537.36 (KHTML, like Gecko) Chrome/141.0.7390.122 Mobile Safari/537.36 (compatible; Googlebot/2.1; +http://www.google.com/bot.html)"
43.157.22.57 - - [08/Nov/2025:20:47:55 +0100] "GET /?path=/home HTTP/1.1" 200 16493 "-" "Mozilla/5.0 (iPhone; CPU iPhone OS 13_2_3 like Mac OS X) AppleWebKit/605.1.15 (KHTML, like Gecko) Version/13.0.3 Mobile/15E148 Safari/604.1"
66.249.69.135 - - [08/Nov/2025:20:48:45 +0100] "GET /111747304?detail=0111443182 HTTP/1.1" 200 199776 "-" "Mozilla/5.0 (Linux; Android 6.0.1; Nexus 5X Build/MMB29P) AppleWebKit/537.36 (KHTML, like Gecko) Chrome/141.0.7390.122 Mobile Safari/537.36 (compatible; Googlebot/2.1; +http://www.google.com/bot.html)"
45.80.158.88 - - [08/Nov/2025:20:52:09 +0100] "GET /postnews.php HTTP/1.1" 403 77831 "-" "Go-http-client/1.1"
45.80.158.88 - - [08/Nov/2025:20:52:12 +0100] "GET /wp-content/postnews.php HTTP/1.1" 403 75282 "-" "Go-http-client/1.1"
45.80.158.88 - - [08/Nov/2025:20:52:15 +0100] "GET /wp-admin/postnews.php HTTP/1.1" 403 75282 "-" "Go-http-client/1.1"
43.155.157.239 - - [08/Nov/2025:20:58:21 +0100] "GET /?path=/home/opal/public_html HTTP/1.1" 200 77831 "-" "Mozilla/5.0 (iPhone; CPU iPhone OS 13_2_3 like Mac OS X) AppleWebKit/605.1.15 (KHTML, like Gecko) Version/13.0.3 Mobile/15E148 Safari/604.1"
66.249.69.134 - - [08/Nov/2025:21:00:18 +0100] "GET /146539642?detail=0146140718 HTTP/1.1" 200 204463 "-" "Mozilla/5.0 (Linux; Android 6.0.1; Nexus 5X Build/MMB29P) AppleWebKit/537.36 (KHTML, like Gecko) Chrome/141.0.7390.122 Mobile Safari/537.36 (compatible; Googlebot/2.1; +http://www.google.com/bot.html)"
95.217.109.26 - - [08/Nov/2025:21:00:44 +0100] "GET /robots.txt HTTP/1.1" 200 391 "-" "Mozilla/5.0 (compatible; MJ12bot/v1.4.8; http://mj12bot.com/)"
95.217.109.26 - - [08/Nov/2025:21:00:45 +0100] "GET /?fileloc=/home/opal/public_html/wp-load.php&path=/home/opal/public_html HTTP/1.1" 200 19598 "-" "Mozilla/5.0 (compatible; MJ12bot/v1.4.8; http://mj12bot.com/)"
49.51.47.100 - - [08/Nov/2025:21:06:55 +0100] "GET /?path=//dev HTTP/1.1" 200 17768 "-" "Mozilla/5.0 (iPhone; CPU iPhone OS 13_2_3 like Mac OS X) AppleWebKit/605.1.15 (KHTML, like Gecko) Version/13.0.3 Mobile/15E148 Safari/604.1"
88.99.211.170 - - [08/Nov/2025:21:08:59 +0100] "GET /.well-known/acme-challenge/JOXW8_3-AAIPSXZ8NAAT4QYEIESXNUT8 HTTP/1.1" 200 64 "-" "Cpanel-HTTP-Client/1.0"
88.99.211.170 - - [08/Nov/2025:21:08:59 +0100] "GET /.well-known/acme-challenge/LE5Y9K-F09LOPOKKZA8-_XH_IFNZ0E2C HTTP/1.1" 200 64 "-" "Cpanel-HTTP-Client/1.0"
88.99.211.170 - - [08/Nov/2025:21:08:59 +0100] "GET /.well-known/acme-challenge/39XJAR6V_4LXN2ZGOTVXPTSVOCX-PL9K HTTP/1.1" 200 64 "-" "Cpanel-HTTP-Client/1.0"
88.99.211.170 - - [08/Nov/2025:21:08:59 +0100] "GET /.well-known/acme-challenge/FXCKUZ_87B3TFKCYVFQ_WU6J7K94V-NR HTTP/1.1" 200 64 "-" "Cpanel-HTTP-Client/1.0"
88.99.211.170 - - [08/Nov/2025:21:08:59 +0100] "GET /.well-known/acme-challenge/-LSAUL52-_U3LBPWGO6HI9P--3_-LJ8M HTTP/1.1" 200 64 "-" "Cpanel-HTTP-Client/1.0"
88.99.211.170 - - [08/Nov/2025:21:08:59 +0100] "GET /.well-known/acme-challenge/PAXS-YJCPPZGJ4OELS4R28KYN6ZHY9GW HTTP/1.1" 200 64 "-" "Cpanel-HTTP-Client/1.0"
88.99.211.170 - - [08/Nov/2025:21:08:59 +0100] "GET /.well-known/acme-challenge/YW_TLSMHHFW_47JBABEOBXRN43R_O5SJ HTTP/1.1" 200 64 "-" "Cpanel-HTTP-Client/1.0"
88.99.211.170 - - [08/Nov/2025:21:08:59 +0100] "GET /.well-known/acme-challenge/X2SDD2I9D_NAXXI86CF5YP25SZZ039_X HTTP/1.1" 200 64 "-" "Cpanel-HTTP-Client/1.0"
88.99.211.170 - - [08/Nov/2025:21:08:59 +0100] "GET /.well-known/acme-challenge/Q415SA01A5L3M1YUP58JHX2R6V4982JZ HTTP/1.1" 200 64 "-" "Cpanel-HTTP-Client/1.0"
