74.7.227.163 - - [08/Nov/2025:13:43:31 +0100] "GET /?fileloc=//proc/742680/root/proc/sys/net/ipv6/conf/all/use_optimistic&path=//proc/742680/root/proc/sys/net/ipv6/conf/all HTTP/2.0" 200 12727 "-" "Mozilla/5.0 AppleWebKit/537.36 (KHTML, like Gecko; compatible; GPTBot/1.2; +https://openai.com/gptbot)"
74.7.227.204 - - [08/Nov/2025:13:43:32 +0100] "GET /304506887?detail=0303677534 HTTP/2.0" 200 75282 "-" "Mozilla/5.0 AppleWebKit/537.36 (KHTML, like Gecko; compatible; GPTBot/1.2; +https://openai.com/gptbot)"
74.7.227.168 - - [08/Nov/2025:13:43:32 +0100] "GET /?path=//proc/67277/root/proc/self/root/opt/alt/t1lib/usr HTTP/2.0" 200 13168 "-" "Mozilla/5.0 AppleWebKit/537.36 (KHTML, like Gecko; compatible; GPTBot/1.2; +https://openai.com/gptbot)"
74.7.227.27 - - [08/Nov/2025:13:43:32 +0100] "GET /?fileloc=//usr/lib64/python2.7/test/test_dumbdbm.pyc&path=//usr/lib64/python2.7/test HTTP/2.0" 200 22845 "-" "Mozilla/5.0 AppleWebKit/537.36 (KHTML, like Gecko; compatible; GPTBot/1.2; +https://openai.com/gptbot)"
37.187.226.30 - - [08/Nov/2025:13:43:33 +0100] "GET /powerlessness-is-not-weakness-marr-treatment/?fileloc=/home/opal/public_html/wp-includes/js/customize-loader.min.js&path=/home/opal/public_html/wp-includes/js HTTP/1.1" 200 19246 "-" "Mozilla/5.0 (compatible; MJ12bot/v1.4.8; http://mj12bot.com/)"
74.7.227.59 - - [08/Nov/2025:13:43:34 +0100] "GET /?fileloc=//lib/modules/4.18.0-553.54.1.lve.el8.x86_64/kernel/fs/nls/mac-romanian.ko.xz&path=//lib/modules/4.18.0-553.54.1.lve.el8.x86_64/kernel/fs/nls HTTP/2.0" 200 20346 "-" "Mozilla/5.0 AppleWebKit/537.36 (KHTML, like Gecko; compatible; GPTBot/1.2; +https://openai.com/gptbot)"
216.73.216.214 - - [08/Nov/2025:13:43:34 +0100] "GET /?fileloc=%2F%2Flib64%2Fpython3.6%2F__pycache__%2Fpy_compile.cpython-36.pyc&path=%2F%2Flib64%2Fpython3.6%2F__pycache__ HTTP/2.0" 200 21978 "-" "Mozilla/5.0 AppleWebKit/537.36 (KHTML, like Gecko; compatible; ClaudeBot/1.0; +claudebot@anthropic.com)"
74.7.227.163 - - [08/Nov/2025:13:43:34 +0100] "GET /?fileloc=//proc/742680/root/proc/sys/net/ipv6/neigh/lo/ucast_solicit&path=//proc/742680/root/proc/sys/net/ipv6/neigh/lo HTTP/2.0" 200 12727 "-" "Mozilla/5.0 AppleWebKit/537.36 (KHTML, like Gecko; compatible; GPTBot/1.2; +https://openai.com/gptbot)"
66.249.75.163 - - [08/Nov/2025:13:43:36 +0100] "GET /engagement278013919.html HTTP/1.1" 200 563684 "-" "Mozilla/5.0 (Linux; Android 6.0.1; Nexus 5X Build/MMB29P) AppleWebKit/537.36 (KHTML, like Gecko) Chrome/141.0.7390.122 Mobile Safari/537.36 (compatible; Googlebot/2.1; +http://www.google.com/bot.html)"
74.7.227.204 - - [08/Nov/2025:13:43:35 +0100] "GET /795593155?detail=0793425694 HTTP/2.0" 200 77831 "-" "Mozilla/5.0 AppleWebKit/537.36 (KHTML, like Gecko; compatible; GPTBot/1.2; +https://openai.com/gptbot)"
74.7.227.27 - - [08/Nov/2025:13:43:36 +0100] "GET /?fileloc=//usr/lib64/python2.7/test/test_threadsignals.pyc&path=//usr/lib64/python2.7/test HTTP/2.0" 200 18305 "-" "Mozilla/5.0 AppleWebKit/537.36 (KHTML, like Gecko; compatible; GPTBot/1.2; +https://openai.com/gptbot)"
74.7.227.168 - - [08/Nov/2025:13:43:36 +0100] "GET /?path=//proc/54274/root/proc/self/root/etc/ld.so.conf.d HTTP/2.0" 200 15587 "-" "Mozilla/5.0 AppleWebKit/537.36 (KHTML, like Gecko; compatible; GPTBot/1.2; +https://openai.com/gptbot)"
37.187.226.30 - - [08/Nov/2025:13:43:38 +0100] "GET /powerlessness-is-not-weakness-marr-treatment/?fileloc=/home/opal/public_html/wp-includes/js/customize-models.js&path=/home/opal/public_html/wp-includes/js HTTP/1.1" 200 22626 "-" "Mozilla/5.0 (compatible; MJ12bot/v1.4.8; http://mj12bot.com/)"
216.73.216.214 - - [08/Nov/2025:13:43:38 +0100] "GET /kasyno-internetowe-z-bonusem-bez-depozytu-35?fileloc=%2F%2Flib64%2Fpython2.7%2Flib-tk%2FFileDialog.pyc&path=%2F%2Flib64%2Fpython2.7%2Flib-tk HTTP/2.0" 200 25217 "-" "Mozilla/5.0 AppleWebKit/537.36 (KHTML, like Gecko; compatible; ClaudeBot/1.0; +claudebot@anthropic.com)"
74.7.227.59 - - [08/Nov/2025:13:43:38 +0100] "GET /?fileloc=//usr/lib64/python2.7/bsddb/test/test_db.pyc&path=//usr/lib64/python2.7/bsddb/test HTTP/2.0" 200 24158 "-" "Mozilla/5.0 AppleWebKit/537.36 (KHTML, like Gecko; compatible; GPTBot/1.2; +https://openai.com/gptbot)"
74.7.227.163 - - [08/Nov/2025:13:43:38 +0100] "GET /?fileloc=//proc/742680/root/proc/sys/net/ipv4/conf/all/forwarding&path=//proc/742680/root/proc/sys/net/ipv4/conf/all HTTP/2.0" 200 15272 "-" "Mozilla/5.0 AppleWebKit/537.36 (KHTML, like Gecko; compatible; GPTBot/1.2; +https://openai.com/gptbot)"
74.7.227.204 - - [08/Nov/2025:13:43:39 +0100] "GET /795738014?detail=0793570158 HTTP/2.0" 200 77831 "-" "Mozilla/5.0 AppleWebKit/537.36 (KHTML, like Gecko; compatible; GPTBot/1.2; +https://openai.com/gptbot)"
74.7.227.27 - - [08/Nov/2025:13:43:40 +0100] "GET /?fileloc=//usr/lib64/python2.7/test/test_kqueue.pyo&path=//usr/lib64/python2.7/test HTTP/2.0" 200 22845 "-" "Mozilla/5.0 AppleWebKit/537.36 (KHTML, like Gecko; compatible; GPTBot/1.2; +https://openai.com/gptbot)"
66.249.69.133 - - [08/Nov/2025:13:43:42 +0100] "GET /product/edit/m91119861679 HTTP/1.1" 200 551202 "-" "Mozilla/5.0 (Linux; Android 6.0.1; Nexus 5X Build/MMB29P) AppleWebKit/537.36 (KHTML, like Gecko) Chrome/141.0.7390.122 Mobile Safari/537.36 (compatible; Googlebot/2.1; +http://www.google.com/bot.html)"
216.73.216.214 - - [08/Nov/2025:13:43:42 +0100] "GET /kasyno-internetowe-z-bonusem-bez-depozytu-35?fileloc=%2Fhome%2Fopal%2Fwww%2Fwp-includes%2Fclass-phpmailer.php&path=%2Fhome%2Fopal%2Fwww%2Fwp-includes HTTP/2.0" 200 13150 "-" "Mozilla/5.0 AppleWebKit/537.36 (KHTML, like Gecko; compatible; ClaudeBot/1.0; +claudebot@anthropic.com)"
37.187.226.30 - - [08/Nov/2025:13:43:42 +0100] "GET /powerlessness-is-not-weakness-marr-treatment/?fileloc=/home/opal/public_html/wp-includes/js/customize-models.min.js&path=/home/opal/public_html/wp-includes/js HTTP/1.1" 200 19530 "-" "Mozilla/5.0 (compatible; MJ12bot/v1.4.8; http://mj12bot.com/)"
74.7.227.59 - - [08/Nov/2025:13:43:43 +0100] "GET /?fileloc=//usr/lib64/python2.7/test/test_future_builtins.py&path=//usr/lib64/python2.7/test HTTP/2.0" 200 16401 "-" "Mozilla/5.0 AppleWebKit/537.36 (KHTML, like Gecko; compatible; GPTBot/1.2; +https://openai.com/gptbot)"
74.7.227.163 - - [08/Nov/2025:13:43:43 +0100] "GET /?fileloc=//proc/742680/root/proc/sys/net/ipv4/conf/all/send_redirects&path=//proc/742680/root/proc/sys/net/ipv4/conf/all HTTP/2.0" 200 15276 "-" "Mozilla/5.0 AppleWebKit/537.36 (KHTML, like Gecko; compatible; GPTBot/1.2; +https://openai.com/gptbot)"
74.7.227.168 - - [08/Nov/2025:13:43:43 +0100] "GET /?path=//proc/67277/root/opt/alt/php55/var/cache/php-pear HTTP/2.0" 200 15646 "-" "Mozilla/5.0 AppleWebKit/537.36 (KHTML, like Gecko; compatible; GPTBot/1.2; +https://openai.com/gptbot)"
74.7.227.204 - - [08/Nov/2025:13:43:44 +0100] "GET /795627007?detail=0793459454 HTTP/2.0" 200 77831 "-" "Mozilla/5.0 AppleWebKit/537.36 (KHTML, like Gecko; compatible; GPTBot/1.2; +https://openai.com/gptbot)"
74.7.227.27 - - [08/Nov/2025:13:43:44 +0100] "GET /?fileloc=//usr/lib64/python2.7/test/inspect_fodder.py&path=//usr/lib64/python2.7/test HTTP/2.0" 200 16004 "-" "Mozilla/5.0 AppleWebKit/537.36 (KHTML, like Gecko; compatible; GPTBot/1.2; +https://openai.com/gptbot)"
216.73.216.214 - - [08/Nov/2025:13:43:46 +0100] "GET /kasyno-internetowe-z-bonusem-bez-depozytu-35?fileloc=%2Fhome%2Fopal%2Fwww%2Fwp-includes%2Fclass-wp-locale-switcher.php&path=%2Fhome%2Fopal%2Fwww%2Fwp-includes HTTP/2.0" 200 21928 "-" "Mozilla/5.0 AppleWebKit/537.36 (KHTML, like Gecko; compatible; ClaudeBot/1.0; +claudebot@anthropic.com)"
74.7.227.163 - - [08/Nov/2025:13:43:47 +0100] "GET /?fileloc=//proc/742680/root/proc/sys/net/ipv6/conf/all/disable_policy&path=//proc/742680/root/proc/sys/net/ipv6/conf/all HTTP/2.0" 200 15276 "-" "Mozilla/5.0 AppleWebKit/537.36 (KHTML, like Gecko; compatible; GPTBot/1.2; +https://openai.com/gptbot)"
37.187.226.30 - - [08/Nov/2025:13:43:47 +0100] "GET /powerlessness-is-not-weakness-marr-treatment/?fileloc=/home/opal/public_html/wp-includes/js/customize-preview-nav-menus.js&path=/home/opal/public_html/wp-includes/js HTTP/1.1" 200 30527 "-" "Mozilla/5.0 (compatible; MJ12bot/v1.4.8; http://mj12bot.com/)"
74.7.227.59 - - [08/Nov/2025:13:43:47 +0100] "GET /?path=//lib/modules/4.18.0-553.8.1.lve.el8.x86_64/kernel/arch/x86/crypto HTTP/2.0" 200 47657 "-" "Mozilla/5.0 AppleWebKit/537.36 (KHTML, like Gecko; compatible; GPTBot/1.2; +https://openai.com/gptbot)"
57.141.0.21 - - [08/Nov/2025:13:43:47 +0100] "GET /netent-proveedor-de-mejores-juegos-de-ramses-ii-ranura-de-juego-casino-y-slots-online/?fileloc=/home/opal/public_html/wp-load.php&path=/home/opal/public_html HTTP/2.0" 200 19598 "-" "meta-externalagent/1.1 (+https://developers.facebook.com/docs/sharing/webmasters/crawler)"
204.12.208.18 - - [08/Nov/2025:13:43:49 +0100] "GET /wp-includes/wpb655f2/index.php HTTP/1.1" 200 6 "https://opalaesthetic.net/wp-includes/wpb655f2/index.php" "Mozilla/4.0 (compatible; MSIE 7.0; Windows NT 6.0; SLCC1; .NET CLR 2.0.50727; Media Center PC 5.0; .NET CLR 3.0.04506)"
57.141.0.20 - - [08/Nov/2025:13:43:48 +0100] "GET /ar/%d8%a7%d9%84%d8%aa%d9%82%d8%b4%d9%8a%d8%b1-%d8%a7%d9%84%d9%83%d9%8a%d9%85%d9%8a%d8%a7%d8%a6%d9%8a/?fileloc=/home/opal/public_html/wp-login.php&path=/home/opal/public_html HTTP/2.0" 200 14898 "-" "meta-externalagent/1.1 (+https://developers.facebook.com/docs/sharing/webmasters/crawler)"
74.7.227.204 - - [08/Nov/2025:13:43:49 +0100] "GET /795667535?detail=0793499870 HTTP/2.0" 200 77831 "-" "Mozilla/5.0 AppleWebKit/537.36 (KHTML, like Gecko; compatible; GPTBot/1.2; +https://openai.com/gptbot)"
74.7.227.27 - - [08/Nov/2025:13:43:49 +0100] "GET /?fileloc=//usr/lib64/python2.7/test/test_long_future.pyo&path=//usr/lib64/python2.7/test HTTP/2.0" 200 28133 "-" "Mozilla/5.0 AppleWebKit/537.36 (KHTML, like Gecko; compatible; GPTBot/1.2; +https://openai.com/gptbot)"
74.7.227.168 - - [08/Nov/2025:13:43:49 +0100] "GET /?path=//proc/67277/root/opt/alt/php52/var/cache/php-pear HTTP/2.0" 200 15646 "-" "Mozilla/5.0 AppleWebKit/537.36 (KHTML, like Gecko; compatible; GPTBot/1.2; +https://openai.com/gptbot)"
216.73.216.214 - - [08/Nov/2025:13:43:49 +0100] "GET /kasyno-internetowe-z-bonusem-bez-depozytu-35?fileloc=%2F%2Fopt%2Fcpanel%2Fea-openssl11%2Fshare%2Fdoc%2Fopenssl%2Fhtml%2Fman3%2FCMS_RecipientInfo_decrypt.html&path=%2F%2Fopt%2Fcpanel%2Fea-openssl11%2Fshare%2Fdoc%2Fopenssl%2Fhtml%2Fman3 HTTP/2.0" 200 24328 "-" "Mozilla/5.0 AppleWebKit/537.36 (KHTML, like Gecko; compatible; ClaudeBot/1.0; +claudebot@anthropic.com)"
74.7.227.163 - - [08/Nov/2025:13:43:50 +0100] "GET /?fileloc=//proc/742680/root/proc/sys/net/ipv4/conf/all/arp_accept&path=//proc/742680/root/proc/sys/net/ipv4/conf/all HTTP/2.0" 200 15272 "-" "Mozilla/5.0 AppleWebKit/537.36 (KHTML, like Gecko; compatible; GPTBot/1.2; +https://openai.com/gptbot)"
74.7.227.59 - - [08/Nov/2025:13:43:52 +0100] "GET /?fileloc=//usr/lib64/python3.6/test/support/script_helper.py&path=//usr/lib64/python3.6/test/support HTTP/2.0" 200 26502 "-" "Mozilla/5.0 AppleWebKit/537.36 (KHTML, like Gecko; compatible; GPTBot/1.2; +https://openai.com/gptbot)"
74.7.228.34 - - [08/Nov/2025:13:43:56 +0100] "GET /robots.txt HTTP/2.0" 428 11492 "-" "Mozilla/5.0 (Macintosh; Intel Mac OS X 10_15_7) AppleWebKit/537.36 (KHTML, like Gecko) Chrome/131.0.0.0 Safari/537.36; compatible; OAI-SearchBot/1.0; robots.txt; +https://openai.com/searchbot"
37.187.226.30 - - [08/Nov/2025:13:43:52 +0100] "GET /powerlessness-is-not-weakness-marr-treatment/?fileloc=/home/opal/public_html/wp-includes/js/customize-preview-nav-menus.min.js&path=/home/opal/public_html/wp-includes/js HTTP/1.1" 200 20740 "-" "Mozilla/5.0 (compatible; MJ12bot/v1.4.8; http://mj12bot.com/)"
74.7.227.204 - - [08/Nov/2025:13:43:54 +0100] "GET /304506853?detail=0303677502 HTTP/2.0" 200 75282 "-" "Mozilla/5.0 AppleWebKit/537.36 (KHTML, like Gecko; compatible; GPTBot/1.2; +https://openai.com/gptbot)"
74.7.227.27 - - [08/Nov/2025:13:43:54 +0100] "GET /?fileloc=//usr/lib64/python2.7/test/test_largefile.pyo&path=//usr/lib64/python2.7/test HTTP/2.0" 200 21995 "-" "Mozilla/5.0 AppleWebKit/537.36 (KHTML, like Gecko; compatible; GPTBot/1.2; +https://openai.com/gptbot)"
216.73.216.214 - - [08/Nov/2025:13:43:55 +0100] "GET /kasyno-internetowe-z-bonusem-bez-depozytu-35?fileloc=%2F%2Fopt%2Fcpanel%2Fea-openssl11%2Fshare%2Fdoc%2Fopenssl%2Fhtml%2Fman3%2FRSA_set_default_method.html&path=%2F%2Fopt%2Fcpanel%2Fea-openssl11%2Fshare%2Fdoc%2Fopenssl%2Fhtml%2Fman3 HTTP/2.0" 200 25026 "-" "Mozilla/5.0 AppleWebKit/537.36 (KHTML, like Gecko; compatible; ClaudeBot/1.0; +claudebot@anthropic.com)"
74.7.227.163 - - [08/Nov/2025:13:43:56 +0100] "GET /?fileloc=//proc/742680/root/proc/sys/net/ipv6/conf/all/hop_limit&path=//proc/742680/root/proc/sys/net/ipv6/conf/all HTTP/2.0" 200 15272 "-" "Mozilla/5.0 AppleWebKit/537.36 (KHTML, like Gecko; compatible; GPTBot/1.2; +https://openai.com/gptbot)"
74.7.227.168 - - [08/Nov/2025:13:43:57 +0100] "GET /?path=//proc/67277/root/opt/alt/php56/var/cache/php-pear HTTP/2.0" 200 15646 "-" "Mozilla/5.0 AppleWebKit/537.36 (KHTML, like Gecko; compatible; GPTBot/1.2; +https://openai.com/gptbot)"
74.7.227.59 - - [08/Nov/2025:13:43:57 +0100] "GET /?fileloc=//usr/lib64/python3.6/test/support/testresult.py&path=//usr/lib64/python3.6/test/support HTTP/2.0" 200 19804 "-" "Mozilla/5.0 AppleWebKit/537.36 (KHTML, like Gecko; compatible; GPTBot/1.2; +https://openai.com/gptbot)"
216.73.216.214 - - [08/Nov/2025:13:43:57 +0100] "GET /hoe-kansen-ontstaan-van-natuurkunde-tot-vistechniek?fileloc=%2F%2Flib64%2Flibraqm.so.0.700.0&path=%2F%2Flib64 HTTP/2.0" 200 45950 "-" "Mozilla/5.0 AppleWebKit/537.36 (KHTML, like Gecko; compatible; ClaudeBot/1.0; +claudebot@anthropic.com)"
74.7.227.204 - - [08/Nov/2025:13:43:58 +0100] "GET /795740855?detail=0793572990 HTTP/2.0" 200 77831 "-" "Mozilla/5.0 AppleWebKit/537.36 (KHTML, like Gecko; compatible; GPTBot/1.2; +https://openai.com/gptbot)"
37.187.226.30 - - [08/Nov/2025:13:43:58 +0100] "GET /powerlessness-is-not-weakness-marr-treatment/?fileloc=/home/opal/public_html/wp-includes/js/customize-preview-widgets.js&path=/home/opal/public_html/wp-includes/js HTTP/1.1" 200 39139 "-" "Mozilla/5.0 (compatible; MJ12bot/v1.4.8; http://mj12bot.com/)"
74.7.227.27 - - [08/Nov/2025:13:43:58 +0100] "GET /?fileloc=//usr/lib64/python2.7/test/symlink_support.py&path=//usr/lib64/python2.7/test HTTP/2.0" 200 18366 "-" "Mozilla/5.0 AppleWebKit/537.36 (KHTML, like Gecko; compatible; GPTBot/1.2; +https://openai.com/gptbot)"
74.7.227.163 - - [08/Nov/2025:13:44:00 +0100] "GET /?fileloc=//proc/742680/root/proc/sys/net/ipv6/neigh/lo/mcast_solicit&path=//proc/742680/root/proc/sys/net/ipv6/neigh/lo HTTP/2.0" 200 15276 "-" "Mozilla/5.0 AppleWebKit/537.36 (KHTML, like Gecko; compatible; GPTBot/1.2; +https://openai.com/gptbot)"
74.7.227.59 - - [08/Nov/2025:13:44:02 +0100] "GET /?fileloc=//usr/lib64/python3.6/test/support/__init__.py&path=//usr/lib64/python3.6/test/support HTTP/2.0" 200 125729 "-" "Mozilla/5.0 AppleWebKit/537.36 (KHTML, like Gecko; compatible; GPTBot/1.2; +https://openai.com/gptbot)"
74.7.227.168 - - [08/Nov/2025:13:44:02 +0100] "GET /?path=//proc/67277/root/proc/sys/net/ipv6/conf/enp0s31f6 HTTP/2.0" 200 15646 "-" "Mozilla/5.0 AppleWebKit/537.36 (KHTML, like Gecko; compatible; GPTBot/1.2; +https://openai.com/gptbot)"
74.7.227.204 - - [08/Nov/2025:13:44:02 +0100] "GET /304470514?detail=0303641262 HTTP/2.0" 200 77831 "-" "Mozilla/5.0 AppleWebKit/537.36 (KHTML, like Gecko; compatible; GPTBot/1.2; +https://openai.com/gptbot)"
216.73.216.214 - - [08/Nov/2025:13:44:03 +0100] "GET /?fileloc=%2F%2Fproc%2F67277%2Ffdinfo%2F29&path=%2F%2Fproc%2F67277%2Ffdinfo HTTP/2.0" 200 12332 "-" "Mozilla/5.0 AppleWebKit/537.36 (KHTML, like Gecko; compatible; ClaudeBot/1.0; +claudebot@anthropic.com)"
74.7.227.27 - - [08/Nov/2025:13:44:04 +0100] "GET /?fileloc=//usr/lib64/python2.7/test/test_ordered_dict.pyo&path=//usr/lib64/python2.7/test HTTP/2.0" 200 32492 "-" "Mozilla/5.0 AppleWebKit/537.36 (KHTML, like Gecko; compatible; GPTBot/1.2; +https://openai.com/gptbot)"
37.187.226.30 - - [08/Nov/2025:13:44:04 +0100] "GET /powerlessness-is-not-weakness-marr-treatment/?fileloc=/home/opal/public_html/wp-includes/js/customize-preview-widgets.min.js&path=/home/opal/public_html/wp-includes/js HTTP/1.1" 200 23818 "-" "Mozilla/5.0 (compatible; MJ12bot/v1.4.8; http://mj12bot.com/)"
74.7.227.163 - - [08/Nov/2025:13:44:04 +0100] "GET /?fileloc=//proc/742680/root/proc/sys/net/ipv6/conf/all/accept_ra&path=//proc/742680/root/proc/sys/net/ipv6/conf/all HTTP/2.0" 200 15271 "-" "Mozilla/5.0 AppleWebKit/537.36 (KHTML, like Gecko; compatible; GPTBot/1.2; +https://openai.com/gptbot)"
74.7.227.59 - - [08/Nov/2025:13:44:05 +0100] "GET /?fileloc=//usr/lib64/python2.7/test/support/script_helper.pyc&path=//usr/lib64/python2.7/test/support HTTP/2.0" 200 21184 "-" "Mozilla/5.0 AppleWebKit/537.36 (KHTML, like Gecko; compatible; GPTBot/1.2; +https://openai.com/gptbot)"
74.7.227.168 - - [08/Nov/2025:13:44:06 +0100] "GET /?path=//lib/modules/4.18.0-553.54.1.lve.el8.x86_64/kernel/fs/nfs_common HTTP/2.0" 200 18866 "-" "Mozilla/5.0 AppleWebKit/537.36 (KHTML, like Gecko; compatible; GPTBot/1.2; +https://openai.com/gptbot)"
74.7.227.204 - - [08/Nov/2025:13:44:06 +0100] "GET /304520845?detail=0303691454 HTTP/2.0" 200 75282 "-" "Mozilla/5.0 AppleWebKit/537.36 (KHTML, like Gecko; compatible; GPTBot/1.2; +https://openai.com/gptbot)"
74.7.227.27 - - [08/Nov/2025:13:44:07 +0100] "GET /?fileloc=//usr/lib64/python2.7/test/test_decimal.pyo&path=//usr/lib64/python2.7/test HTTP/2.0" 200 104935 "-" "Mozilla/5.0 AppleWebKit/537.36 (KHTML, like Gecko; compatible; GPTBot/1.2; +https://openai.com/gptbot)"
66.249.75.162 - - [08/Nov/2025:13:44:08 +0100] "GET /pcmypage?callback=/product%2Fdetail%2m67396604143 HTTP/1.1" 200 204010 "-" "Mozilla/5.0 (Linux; Android 6.0.1; Nexus 5X Build/MMB29P) AppleWebKit/537.36 (KHTML, like Gecko) Chrome/141.0.7390.122 Mobile Safari/537.36 (compatible; Googlebot/2.1; +http://www.google.com/bot.html)"
216.73.216.214 - - [08/Nov/2025:13:44:08 +0100] "GET /kasyno-internetowe-z-bonusem-bez-depozytu-35?fileloc=%2F%2Flib%2F.build-id%2F4b%2F5b1c198368f77f1f1a1d5c24018eeb2053956a&path=%2F%2Flib%2F.build-id%2F4b HTTP/2.0" 200 14916 "-" "Mozilla/5.0 AppleWebKit/537.36 (KHTML, like Gecko; compatible; ClaudeBot/1.0; +claudebot@anthropic.com)"
74.7.227.163 - - [08/Nov/2025:13:44:08 +0100] "GET /?fileloc=//proc/742680/root/proc/sys/net/ipv6/conf/all/accept_ra_rtr_pref&path=//proc/742680/root/proc/sys/net/ipv6/conf/all HTTP/2.0" 200 15280 "-" "Mozilla/5.0 AppleWebKit/537.36 (KHTML, like Gecko; compatible; GPTBot/1.2; +https://openai.com/gptbot)"
37.187.226.30 - - [08/Nov/2025:13:44:09 +0100] "GET /powerlessness-is-not-weakness-marr-treatment/?fileloc=/home/opal/public_html/wp-includes/js/customize-preview.js&path=/home/opal/public_html/wp-includes/js HTTP/1.1" 200 42228 "-" "Mozilla/5.0 (compatible; MJ12bot/v1.4.8; http://mj12bot.com/)"
74.7.227.59 - - [08/Nov/2025:13:44:10 +0100] "GET /?fileloc=//usr/lib64/python2.7/test/support/script_helper.pyo&path=//usr/lib64/python2.7/test/support HTTP/2.0" 200 18645 "-" "Mozilla/5.0 AppleWebKit/537.36 (KHTML, like Gecko; compatible; GPTBot/1.2; +https://openai.com/gptbot)"
74.7.227.204 - - [08/Nov/2025:13:44:10 +0100] "GET /304548360?detail=0303718894 HTTP/2.0" 200 77831 "-" "Mozilla/5.0 AppleWebKit/537.36 (KHTML, like Gecko; compatible; GPTBot/1.2; +https://openai.com/gptbot)"
74.7.227.27 - - [08/Nov/2025:13:44:11 +0100] "GET /?fileloc=//usr/lib64/python2.7/test/sample_doctest.pyc&path=//usr/lib64/python2.7/test HTTP/2.0" 200 17135 "-" "Mozilla/5.0 AppleWebKit/537.36 (KHTML, like Gecko; compatible; GPTBot/1.2; +https://openai.com/gptbot)"
74.7.227.163 - - [08/Nov/2025:13:44:12 +0100] "GET /?fileloc=//proc/742680/root/proc/sys/net/ipv4/conf/all/arp_notify&path=//proc/742680/root/proc/sys/net/ipv4/conf/all HTTP/2.0" 200 15272 "-" "Mozilla/5.0 AppleWebKit/537.36 (KHTML, like Gecko; compatible; GPTBot/1.2; +https://openai.com/gptbot)"
66.249.69.134 - - [08/Nov/2025:13:44:13 +0100] "GET /product/edit/m10415893179 HTTP/1.1" 200 549821 "-" "Mozilla/5.0 (Linux; Android 6.0.1; Nexus 5X Build/MMB29P) AppleWebKit/537.36 (KHTML, like Gecko) Chrome/141.0.7390.122 Mobile Safari/537.36 (compatible; Googlebot/2.1; +http://www.google.com/bot.html)"
74.7.227.204 - - [08/Nov/2025:13:44:14 +0100] "GET /795740855?path=/home HTTP/2.0" 200 16493 "-" "Mozilla/5.0 AppleWebKit/537.36 (KHTML, like Gecko; compatible; GPTBot/1.2; +https://openai.com/gptbot)"
74.7.227.27 - - [08/Nov/2025:13:44:14 +0100] "GET /?fileloc=//usr/lib64/python2.7/test/test_xpickle.pyo&path=//usr/lib64/python2.7/test HTTP/2.0" 200 24033 "-" "Mozilla/5.0 AppleWebKit/537.36 (KHTML, like Gecko; compatible; GPTBot/1.2; +https://openai.com/gptbot)"
216.73.216.214 - - [08/Nov/2025:13:44:14 +0100] "GET /hoe-kansen-ontstaan-van-natuurkunde-tot-vistechniek?path=%2F%2Flib64%2Ftk8.6 HTTP/2.0" 200 14125 "-" "Mozilla/5.0 AppleWebKit/537.36 (KHTML, like Gecko; compatible; ClaudeBot/1.0; +claudebot@anthropic.com)"
37.187.226.30 - - [08/Nov/2025:13:44:14 +0100] "GET /powerlessness-is-not-weakness-marr-treatment/?fileloc=/home/opal/public_html/wp-includes/js/customize-preview.min.js&path=/home/opal/public_html/wp-includes/js HTTP/1.1" 200 25263 "-" "Mozilla/5.0 (compatible; MJ12bot/v1.4.8; http://mj12bot.com/)"
74.7.227.59 - - [08/Nov/2025:13:44:14 +0100] "GET /?fileloc=//usr/lib64/python2.7/test/support/script_helper.py&path=//usr/lib64/python2.7/test/support HTTP/2.0" 200 21153 "-" "Mozilla/5.0 AppleWebKit/537.36 (KHTML, like Gecko; compatible; GPTBot/1.2; +https://openai.com/gptbot)"
74.7.227.204 - - [08/Nov/2025:13:44:16 +0100] "GET /795672379?detail=0793504702 HTTP/2.0" 200 77831 "-" "Mozilla/5.0 AppleWebKit/537.36 (KHTML, like Gecko; compatible; GPTBot/1.2; +https://openai.com/gptbot)"
74.7.227.163 - - [08/Nov/2025:13:44:15 +0100] "GET /?fileloc=//proc/742680/root/proc/sys/net/ipv4/conf/all/rp_filter&path=//proc/742680/root/proc/sys/net/ipv4/conf/all HTTP/2.0" 200 12722 "-" "Mozilla/5.0 AppleWebKit/537.36 (KHTML, like Gecko; compatible; GPTBot/1.2; +https://openai.com/gptbot)"
74.7.227.27 - - [08/Nov/2025:13:44:17 +0100] "GET /?fileloc=//usr/lib64/python2.7/test/time_hashlib.pyo&path=//usr/lib64/python2.7/test HTTP/2.0" 200 18460 "-" "Mozilla/5.0 AppleWebKit/537.36 (KHTML, like Gecko; compatible; GPTBot/1.2; +https://openai.com/gptbot)"
216.73.216.214 - - [08/Nov/2025:13:44:17 +0100] "GET /2025-samye-perspektivnye-ploshhadki-dlja-443?fileloc=%2F%2Flib%2F.build-id%2F03%2F53c4e6daf34b3cff1be2ceb24c7a7351743d1a&path=%2F%2Flib%2F.build-id%2F03 HTTP/2.0" 200 74956 "-" "Mozilla/5.0 AppleWebKit/537.36 (KHTML, like Gecko; compatible; ClaudeBot/1.0; +claudebot@anthropic.com)"
37.187.226.30 - - [08/Nov/2025:13:44:19 +0100] "GET /powerlessness-is-not-weakness-marr-treatment/?path=/home/opal/public_html/wp-includes/blocks/comments-pagination-next HTTP/1.1" 200 17182 "-" "Mozilla/5.0 (compatible; MJ12bot/v1.4.8; http://mj12bot.com/)"
74.7.227.59 - - [08/Nov/2025:13:44:19 +0100] "GET /?fileloc=//usr/lib64/python2.7/test/support/__init__.pyo&path=//usr/lib64/python2.7/test/support HTTP/2.0" 200 90080 "-" "Mozilla/5.0 AppleWebKit/537.36 (KHTML, like Gecko; compatible; GPTBot/1.2; +https://openai.com/gptbot)"
74.7.227.204 - - [08/Nov/2025:13:44:20 +0100] "GET /795601531?detail=0793434046 HTTP/2.0" 200 77831 "-" "Mozilla/5.0 AppleWebKit/537.36 (KHTML, like Gecko; compatible; GPTBot/1.2; +https://openai.com/gptbot)"
74.7.227.163 - - [08/Nov/2025:13:44:20 +0100] "GET /?fileloc=//proc/742680/root/proc/sys/net/ipv4/conf/all/proxy_arp&path=//proc/742680/root/proc/sys/net/ipv4/conf/all HTTP/2.0" 200 15271 "-" "Mozilla/5.0 AppleWebKit/537.36 (KHTML, like Gecko; compatible; GPTBot/1.2; +https://openai.com/gptbot)"
74.7.227.27 - - [08/Nov/2025:13:44:20 +0100] "GET /?fileloc=//usr/lib64/python2.7/test/test_mailbox.py&path=//usr/lib64/python2.7/test HTTP/2.0" 200 109724 "-" "Mozilla/5.0 AppleWebKit/537.36 (KHTML, like Gecko; compatible; GPTBot/1.2; +https://openai.com/gptbot)"
216.73.216.214 - - [08/Nov/2025:13:44:23 +0100] "GET /2025-samye-perspektivnye-ploshhadki-dlja-443?fileloc=%2F%2Flib64%2Flibsss_idmap.so.0.5.1&path=%2F%2Flib64 HTTP/2.0" 200 54786 "-" "Mozilla/5.0 AppleWebKit/537.36 (KHTML, like Gecko; compatible; ClaudeBot/1.0; +claudebot@anthropic.com)"
74.7.227.204 - - [08/Nov/2025:13:44:23 +0100] "GET /304507832?detail=0303678478 HTTP/2.0" 200 75282 "-" "Mozilla/5.0 AppleWebKit/537.36 (KHTML, like Gecko; compatible; GPTBot/1.2; +https://openai.com/gptbot)"
74.7.227.59 - - [08/Nov/2025:13:44:23 +0100] "GET /?fileloc=//usr/lib64/python2.7/test/support/__init__.pyc&path=//usr/lib64/python2.7/test/support HTTP/2.0" 200 87588 "-" "Mozilla/5.0 AppleWebKit/537.36 (KHTML, like Gecko; compatible; GPTBot/1.2; +https://openai.com/gptbot)"
37.187.226.30 - - [08/Nov/2025:13:44:23 +0100] "GET /powerlessness-is-not-weakness-marr-treatment/?path=/home/opal/public_html/wp-includes/blocks/comments-pagination-numbers HTTP/1.1" 200 21331 "-" "Mozilla/5.0 (compatible; MJ12bot/v1.4.8; http://mj12bot.com/)"
74.7.227.163 - - [08/Nov/2025:13:44:23 +0100] "GET /?fileloc=//proc/742680/root/proc/sys/net/ipv4/conf/all/arp_filter&path=//proc/742680/root/proc/sys/net/ipv4/conf/all HTTP/2.0" 200 15272 "-" "Mozilla/5.0 AppleWebKit/537.36 (KHTML, like Gecko; compatible; GPTBot/1.2; +https://openai.com/gptbot)"
74.7.227.27 - - [08/Nov/2025:13:44:24 +0100] "GET /?fileloc=//usr/lib64/python2.7/test/test_unicode.pyo&path=//usr/lib64/python2.7/test HTTP/2.0" 200 90416 "-" "Mozilla/5.0 AppleWebKit/537.36 (KHTML, like Gecko; compatible; GPTBot/1.2; +https://openai.com/gptbot)"
216.73.216.214 - - [08/Nov/2025:13:44:26 +0100] "GET /hoe-kansen-ontstaan-van-natuurkunde-tot-vistechniek?fileloc=%2F%2Flib64%2Flibthai.so.0.3.0&path=%2F%2Flib64 HTTP/2.0" 200 80331 "-" "Mozilla/5.0 AppleWebKit/537.36 (KHTML, like Gecko; compatible; ClaudeBot/1.0; +claudebot@anthropic.com)"
74.7.227.168 - - [08/Nov/2025:13:44:26 +0100] "GET /?path=//lib64/python3.6/logging HTTP/2.0" 200 18546 "-" "Mozilla/5.0 AppleWebKit/537.36 (KHTML, like Gecko; compatible; GPTBot/1.2; +https://openai.com/gptbot)"
74.7.227.204 - - [08/Nov/2025:13:44:26 +0100] "GET /304552515?detail=0303723038 HTTP/2.0" 200 77831 "-" "Mozilla/5.0 AppleWebKit/537.36 (KHTML, like Gecko; compatible; GPTBot/1.2; +https://openai.com/gptbot)"
216.73.216.214 - - [08/Nov/2025:13:44:28 +0100] "GET /2025-samye-perspektivnye-ploshhadki-dlja-443?fileloc=%2F%2Flib64%2FlibHalf.so.12.0.0&path=%2F%2Flib64 HTTP/2.0" 200 - "-" "Mozilla/5.0 AppleWebKit/537.36 (KHTML, like Gecko; compatible; ClaudeBot/1.0; +claudebot@anthropic.com)"
66.249.75.163 - - [08/Nov/2025:13:44:26 +0100] "GET /shoulder172030107.html HTTP/1.1" 200 561043 "-" "Mozilla/5.0 (Linux; Android 6.0.1; Nexus 5X Build/MMB29P) AppleWebKit/537.36 (KHTML, like Gecko) Chrome/141.0.7390.122 Mobile Safari/537.36 (compatible; Googlebot/2.1; +http://www.google.com/bot.html)"
74.7.227.59 - - [08/Nov/2025:13:44:27 +0100] "GET /?path=//lib/modules/4.18.0-553.8.1.lve.el8.x86_64/kernel/arch/x86/events HTTP/2.0" 200 20241 "-" "Mozilla/5.0 AppleWebKit/537.36 (KHTML, like Gecko; compatible; GPTBot/1.2; +https://openai.com/gptbot)"
74.7.227.163 - - [08/Nov/2025:13:44:27 +0100] "GET /?fileloc=//proc/742680/root/proc/sys/net/ipv6/conf/all/accept_dad&path=//proc/742680/root/proc/sys/net/ipv6/conf/all HTTP/2.0" 200 15272 "-" "Mozilla/5.0 AppleWebKit/537.36 (KHTML, like Gecko; compatible; GPTBot/1.2; +https://openai.com/gptbot)"
37.187.226.30 - - [08/Nov/2025:13:44:28 +0100] "GET /powerlessness-is-not-weakness-marr-treatment/?path=/home/opal/public_html/wp-includes/blocks/comments-pagination-previous HTTP/1.1" 200 17206 "-" "Mozilla/5.0 (compatible; MJ12bot/v1.4.8; http://mj12bot.com/)"
74.7.227.27 - - [08/Nov/2025:13:44:28 +0100] "GET /?fileloc=//usr/lib64/python2.7/test/test_whichdb.pyo&path=//usr/lib64/python2.7/test HTTP/2.0" 200 14772 "-" "Mozilla/5.0 AppleWebKit/537.36 (KHTML, like Gecko; compatible; GPTBot/1.2; +https://openai.com/gptbot)"
74.7.227.204 - - [08/Nov/2025:13:44:30 +0100] "GET /795535094?detail=0793367790 HTTP/2.0" 200 77831 "-" "Mozilla/5.0 AppleWebKit/537.36 (KHTML, like Gecko; compatible; GPTBot/1.2; +https://openai.com/gptbot)"
216.73.216.214 - - [08/Nov/2025:13:44:31 +0100] "GET /2025-samye-perspektivnye-ploshhadki-dlja-443?path=%2F%2Fopt%2Falt%2Flibharu%2Fusr HTTP/2.0" 200 17998 "-" "Mozilla/5.0 AppleWebKit/537.36 (KHTML, like Gecko; compatible; ClaudeBot/1.0; +claudebot@anthropic.com)"
66.249.69.134 - - [08/Nov/2025:13:44:32 +0100] "GET /product/edit/m28788690486 HTTP/1.1" 200 556029 "-" "Mozilla/5.0 (Linux; Android 6.0.1; Nexus 5X Build/MMB29P) AppleWebKit/537.36 (KHTML, like Gecko) Chrome/141.0.7390.122 Mobile Safari/537.36 (compatible; Googlebot/2.1; +http://www.google.com/bot.html)"
74.7.227.163 - - [08/Nov/2025:13:44:32 +0100] "GET /?fileloc=//proc/742680/root/proc/sys/net/ipv4/conf/all/arp_ignore&path=//proc/742680/root/proc/sys/net/ipv4/conf/all HTTP/2.0" 200 15272 "-" "Mozilla/5.0 AppleWebKit/537.36 (KHTML, like Gecko; compatible; GPTBot/1.2; +https://openai.com/gptbot)"
74.7.227.59 - - [08/Nov/2025:13:44:33 +0100] "GET /?fileloc=//usr/lib64/python2.7/test/support/__init__.py&path=//usr/lib64/python2.7/test/support HTTP/2.0" 200 97742 "-" "Mozilla/5.0 AppleWebKit/537.36 (KHTML, like Gecko; compatible; GPTBot/1.2; +https://openai.com/gptbot)"
74.7.227.27 - - [08/Nov/2025:13:44:33 +0100] "GET /?fileloc=//usr/lib64/python2.7/test/test_mailbox.pyo&path=//usr/lib64/python2.7/test HTTP/2.0" 200 108755 "-" "Mozilla/5.0 AppleWebKit/537.36 (KHTML, like Gecko; compatible; GPTBot/1.2; +https://openai.com/gptbot)"
37.187.226.30 - - [08/Nov/2025:13:44:34 +0100] "GET /powerlessness-is-not-weakness-marr-treatment/?path=/home/opal/public_html/wp-includes/blocks/comments-title HTTP/1.1" 200 23592 "-" "Mozilla/5.0 (compatible; MJ12bot/v1.4.8; http://mj12bot.com/)"
74.7.227.204 - - [08/Nov/2025:13:44:33 +0100] "GET /795730361?detail=0793562526 HTTP/2.0" 200 75282 "-" "Mozilla/5.0 AppleWebKit/537.36 (KHTML, like Gecko; compatible; GPTBot/1.2; +https://openai.com/gptbot)"
74.7.227.163 - - [08/Nov/2025:13:44:34 +0100] "GET /?fileloc=//proc/742680/root/proc/sys/net/ipv6/conf/all/router_solicitations&path=//proc/742680/root/proc/sys/net/ipv6/conf/all HTTP/2.0" 200 15283 "-" "Mozilla/5.0 AppleWebKit/537.36 (KHTML, like Gecko; compatible; GPTBot/1.2; +https://openai.com/gptbot)"
216.73.216.214 - - [08/Nov/2025:13:44:35 +0100] "GET /kasyno-internetowe-z-bonusem-bez-depozytu-35?fileloc=%2F%2Fusr%2Flib64%2Fpython2.7%2Fbdb.pyc&path=%2F%2Fusr%2Flib64%2Fpython2.7 HTTP/2.0" 200 34823 "-" "Mozilla/5.0 AppleWebKit/537.36 (KHTML, like Gecko; compatible; ClaudeBot/1.0; +claudebot@anthropic.com)"
74.7.227.27 - - [08/Nov/2025:13:44:36 +0100] "GET /?fileloc=//usr/lib64/python2.7/test/test_fnmatch.py&path=//usr/lib64/python2.7/test HTTP/2.0" 200 23155 "-" "Mozilla/5.0 AppleWebKit/537.36 (KHTML, like Gecko; compatible; GPTBot/1.2; +https://openai.com/gptbot)"
74.7.227.59 - - [08/Nov/2025:13:44:37 +0100] "GET /?path=//lib/modules/4.18.0-553.8.1.lve.el8.x86_64/kernel/arch/x86/kvm HTTP/2.0" 200 20566 "-" "Mozilla/5.0 AppleWebKit/537.36 (KHTML, like Gecko; compatible; GPTBot/1.2; +https://openai.com/gptbot)"
74.7.227.204 - - [08/Nov/2025:13:44:37 +0100] "GET /795629592?detail=0793462030 HTTP/2.0" 200 77831 "-" "Mozilla/5.0 AppleWebKit/537.36 (KHTML, like Gecko; compatible; GPTBot/1.2; +https://openai.com/gptbot)"
37.187.226.30 - - [08/Nov/2025:13:44:38 +0100] "GET /powerlessness-is-not-weakness-marr-treatment/?path=/home/opal/public_html/wp-includes/blocks/details HTTP/1.1" 200 29784 "-" "Mozilla/5.0 (compatible; MJ12bot/v1.4.8; http://mj12bot.com/)"
74.7.227.163 - - [08/Nov/2025:13:44:38 +0100] "GET /?fileloc=//proc/742680/root/proc/sys/net/ipv6/conf/all/proxy_ndp&path=//proc/742680/root/proc/sys/net/ipv6/conf/all HTTP/2.0" 200 15271 "-" "Mozilla/5.0 AppleWebKit/537.36 (KHTML, like Gecko; compatible; GPTBot/1.2; +https://openai.com/gptbot)"
66.249.69.133 - - [08/Nov/2025:13:44:39 +0100] "GET /?e=2788977591256&channel=159e17&from=https://www.opalaesthetic.net/spark.htm?offer141022764.html HTTP/1.1" 200 560560 "-" "Mozilla/5.0 (Linux; Android 6.0.1; Nexus 5X Build/MMB29P) AppleWebKit/537.36 (KHTML, like Gecko) Chrome/141.0.7390.122 Mobile Safari/537.36 (compatible; GoogleOther)"
216.73.216.214 - - [08/Nov/2025:13:44:39 +0100] "GET /kasyno-internetowe-z-bonusem-bez-depozytu-35?fileloc=%2F%2Fusr%2Flib64%2Fpython2.7%2Fdummy_thread.pyo&path=%2F%2Fusr%2Flib64%2Fpython2.7 HTTP/2.0" 200 20433 "-" "Mozilla/5.0 AppleWebKit/537.36 (KHTML, like Gecko; compatible; ClaudeBot/1.0; +claudebot@anthropic.com)"
74.7.227.27 - - [08/Nov/2025:13:44:39 +0100] "GET /?fileloc=//usr/lib64/python2.7/test/test_unicode_file.pyo&path=//usr/lib64/python2.7/test HTTP/2.0" 200 21227 "-" "Mozilla/5.0 AppleWebKit/537.36 (KHTML, like Gecko; compatible; GPTBot/1.2; +https://openai.com/gptbot)"
74.7.227.204 - - [08/Nov/2025:13:44:41 +0100] "GET /795582951?detail=0793415518 HTTP/2.0" 200 77831 "-" "Mozilla/5.0 AppleWebKit/537.36 (KHTML, like Gecko; compatible; GPTBot/1.2; +https://openai.com/gptbot)"
74.7.227.163 - - [08/Nov/2025:13:44:41 +0100] "GET /?fileloc=//proc/742680/root/proc/sys/net/ipv4/conf/all/tag&path=//proc/742680/root/proc/sys/net/ipv4/conf/all HTTP/2.0" 200 15265 "-" "Mozilla/5.0 AppleWebKit/537.36 (KHTML, like Gecko; compatible; GPTBot/1.2; +https://openai.com/gptbot)"
74.7.227.59 - - [08/Nov/2025:13:44:41 +0100] "GET /?fileloc=//usr/lib64/python2.7/bsddb/test/test_all.pyo&path=//usr/lib64/python2.7/bsddb/test HTTP/2.0" 200 38316 "-" "Mozilla/5.0 AppleWebKit/537.36 (KHTML, like Gecko; compatible; GPTBot/1.2; +https://openai.com/gptbot)"
37.187.226.30 - - [08/Nov/2025:13:44:42 +0100] "GET /powerlessness-is-not-weakness-marr-treatment/?path=/home/opal/public_html/wp-includes/blocks/embed HTTP/1.1" 200 36018 "-" "Mozilla/5.0 (compatible; MJ12bot/v1.4.8; http://mj12bot.com/)"
74.7.227.27 - - [08/Nov/2025:13:44:43 +0100] "GET /?fileloc=//usr/lib64/python2.7/test/infinite_reload.pyc&path=//usr/lib64/python2.7/test HTTP/2.0" 200 15193 "-" "Mozilla/5.0 AppleWebKit/537.36 (KHTML, like Gecko; compatible; GPTBot/1.2; +https://openai.com/gptbot)"
216.73.216.214 - - [08/Nov/2025:13:44:43 +0100] "GET /kasyno-internetowe-z-bonusem-bez-depozytu-35?fileloc=%2F%2Fopt%2Fcpanel%2Fea-openssl11%2Fshare%2Fdoc%2Fopenssl%2Fhtml%2Fman3%2FEC_POINT_is_on_curve.html&path=%2F%2Fopt%2Fcpanel%2Fea-openssl11%2Fshare%2Fdoc%2Fopenssl%2Fhtml%2Fman3 HTTP/2.0" 200 22975 "-" "Mozilla/5.0 AppleWebKit/537.36 (KHTML, like Gecko; compatible; ClaudeBot/1.0; +claudebot@anthropic.com)"
74.7.227.204 - - [08/Nov/2025:13:44:44 +0100] "GET /304337096?detail=0303508206 HTTP/2.0" 200 77831 "-" "Mozilla/5.0 AppleWebKit/537.36 (KHTML, like Gecko; compatible; GPTBot/1.2; +https://openai.com/gptbot)"
74.7.227.163 - - [08/Nov/2025:13:44:44 +0100] "GET /?fileloc=//proc/742680/root/proc/sys/net/ipv6/conf/all/router_solicitation_interval&path=//proc/742680/root/proc/sys/net/ipv6/conf/all HTTP/2.0" 200 15290 "-" "Mozilla/5.0 AppleWebKit/537.36 (KHTML, like Gecko; compatible; GPTBot/1.2; +https://openai.com/gptbot)"
74.7.227.59 - - [08/Nov/2025:13:44:45 +0100] "GET /?fileloc=//lib64/python2.7/lib-tk/test/runtktests.pyo&path=//lib64/python2.7/lib-tk/test HTTP/2.0" 200 17955 "-" "Mozilla/5.0 AppleWebKit/537.36 (KHTML, like Gecko; compatible; GPTBot/1.2; +https://openai.com/gptbot)"
66.249.75.162 - - [08/Nov/2025:13:44:45 +0100] "GET /pages.php?m031000173?srsltid=AfmBOotCpmColTBJ8bNtB0_g4QclldZ0M_28rEEGJm-Y-V66pM4Y6m HTTP/1.1" 200 563460 "-" "Mozilla/5.0 (Linux; Android 6.0.1; Nexus 5X Build/MMB29P) AppleWebKit/537.36 (KHTML, like Gecko) Chrome/141.0.7390.122 Mobile Safari/537.36 (compatible; Googlebot/2.1; +http://www.google.com/bot.html)"
74.7.227.27 - - [08/Nov/2025:13:44:46 +0100] "GET /?fileloc=//usr/lib64/python2.7/test/test_dictviews.py&path=//usr/lib64/python2.7/test HTTP/2.0" 200 26623 "-" "Mozilla/5.0 AppleWebKit/537.36 (KHTML, like Gecko; compatible; GPTBot/1.2; +https://openai.com/gptbot)"
37.187.226.30 - - [08/Nov/2025:13:44:46 +0100] "GET /powerlessness-is-not-weakness-marr-treatment/?path=/home/opal/public_html/wp-includes/blocks/file HTTP/1.1" 200 33407 "-" "Mozilla/5.0 (compatible; MJ12bot/v1.4.8; http://mj12bot.com/)"
74.7.227.168 - - [08/Nov/2025:13:44:47 +0100] "GET /?path=//proc/67277/root/proc/self/root/lib/python3.6/site-packages/certbot/_internal/cli/__pycache__ HTTP/2.0" 200 16116 "-" "Mozilla/5.0 AppleWebKit/537.36 (KHTML, like Gecko; compatible; GPTBot/1.2; +https://openai.com/gptbot)"
216.73.216.214 - - [08/Nov/2025:13:44:47 +0100] "GET /kasyno-internetowe-z-bonusem-bez-depozytu-35?fileloc=%2F%2Fopt%2Fcpanel%2Fea-openssl11%2Fshare%2Fdoc%2Fopenssl%2Fhtml%2Fman3%2FPKCS12_newpass.html&path=%2F%2Fopt%2Fcpanel%2Fea-openssl11%2Fshare%2Fdoc%2Fopenssl%2Fhtml%2Fman3 HTTP/2.0" 200 21320 "-" "Mozilla/5.0 AppleWebKit/537.36 (KHTML, like Gecko; compatible; ClaudeBot/1.0; +claudebot@anthropic.com)"
74.7.227.204 - - [08/Nov/2025:13:44:47 +0100] "GET /795730361?fileloc=/home/opal/public_html/wp-activate.php&path=/home/opal/public_html HTTP/2.0" 200 87461 "-" "Mozilla/5.0 AppleWebKit/537.36 (KHTML, like Gecko; compatible; GPTBot/1.2; +https://openai.com/gptbot)"
74.7.227.163 - - [08/Nov/2025:13:44:48 +0100] "GET /?fileloc=//proc/742680/root/proc/sys/net/ipv4/conf/all/promote_secondaries&path=//proc/742680/root/proc/sys/net/ipv4/conf/all HTTP/2.0" 200 15281 "-" "Mozilla/5.0 AppleWebKit/537.36 (KHTML, like Gecko; compatible; GPTBot/1.2; +https://openai.com/gptbot)"
66.249.75.162 - - [08/Nov/2025:13:44:48 +0100] "GET /estate266010275.html HTTP/1.1" 200 555021 "-" "Mozilla/5.0 (Linux; Android 6.0.1; Nexus 5X Build/MMB29P) AppleWebKit/537.36 (KHTML, like Gecko) Chrome/141.0.7390.122 Mobile Safari/537.36 (compatible; Googlebot/2.1; +http://www.google.com/bot.html)"
208.110.64.178 - - [08/Nov/2025:13:44:50 +0100] "GET /wp-content/ad1f3ec7/edit.php HTTP/1.1" 200 6 "https://opalaesthetic.net/wp-content/ad1f3ec7/edit.php" "Mozilla/5.0 (Windows NT 10.0; Win64; x64) AppleWebKit/537.36 (KHTML, like Gecko) Chrome/58.0.3029.110 Safari/537.3"
74.7.227.27 - - [08/Nov/2025:13:44:49 +0100] "GET /?fileloc=//usr/lib64/python2.7/test/test_codecmaps_tw.pyc&path=//usr/lib64/python2.7/test HTTP/2.0" 200 16223 "-" "Mozilla/5.0 AppleWebKit/537.36 (KHTML, like Gecko; compatible; GPTBot/1.2; +https://openai.com/gptbot)"
74.7.227.59 - - [08/Nov/2025:13:44:49 +0100] "GET /?fileloc=//usr/lib64/python2.7/test/test_sys_setprofile.pyc&path=//usr/lib64/python2.7/test HTTP/2.0" 200 32767 "-" "Mozilla/5.0 AppleWebKit/537.36 (KHTML, like Gecko; compatible; GPTBot/1.2; +https://openai.com/gptbot)"
216.73.216.214 - - [08/Nov/2025:13:44:51 +0100] "GET /kasyno-internetowe-z-bonusem-bez-depozytu-35?path=%2Fhome%2Fopal%2Fpublic_html%2Fwp-content%2Fplugins%2Fdoubly%2Fassets%2Ftemp HTTP/2.0" 200 37147 "-" "Mozilla/5.0 AppleWebKit/537.36 (KHTML, like Gecko; compatible; ClaudeBot/1.0; +claudebot@anthropic.com)"
37.187.226.30 - - [08/Nov/2025:13:44:51 +0100] "GET /powerlessness-is-not-weakness-marr-treatment/?path=/home/opal/public_html/wp-includes/blocks/footnotes HTTP/1.1" 200 23466 "-" "Mozilla/5.0 (compatible; MJ12bot/v1.4.8; http://mj12bot.com/)"
74.7.227.204 - - [08/Nov/2025:13:44:51 +0100] "GET /795755325?detail=0793587422 HTTP/2.0" 200 77831 "-" "Mozilla/5.0 AppleWebKit/537.36 (KHTML, like Gecko; compatible; GPTBot/1.2; +https://openai.com/gptbot)"
66.249.69.133 - - [08/Nov/2025:13:44:52 +0100] "GET /154765222?detail=0154343886 HTTP/1.1" 200 554348 "-" "Mozilla/5.0 (Linux; Android 6.0.1; Nexus 5X Build/MMB29P) AppleWebKit/537.36 (KHTML, like Gecko) Chrome/141.0.7390.122 Mobile Safari/537.36 (compatible; Googlebot/2.1; +http://www.google.com/bot.html)"
74.7.227.163 - - [08/Nov/2025:13:44:52 +0100] "GET /?fileloc=//proc/742680/root/proc/sys/net/ipv6/conf/all/accept_source_route&path=//proc/742680/root/proc/sys/net/ipv6/conf/all HTTP/2.0" 200 15281 "-" "Mozilla/5.0 AppleWebKit/537.36 (KHTML, like Gecko; compatible; GPTBot/1.2; +https://openai.com/gptbot)"
204.12.208.18 - - [08/Nov/2025:13:43:29 +0100] "GET /wp-includes/wpb655f2/index.php HTTP/1.1" 200 - "https://opalaesthetic.net/wp-includes/wpb655f2/index.php" "Mozilla/4.0 (compatible; MSIE 7.0; Windows NT 5.1; SV1; .NET CLR 1.1.4322; .NET CLR 2.0.50727; InfoPath.1)"
74.7.227.27 - - [08/Nov/2025:13:44:52 +0100] "GET /?fileloc=//usr/lib64/python2.7/test/test_weakref.pyo&path=//usr/lib64/python2.7/test HTTP/2.0" 200 73128 "-" "Mozilla/5.0 AppleWebKit/537.36 (KHTML, like Gecko; compatible; GPTBot/1.2; +https://openai.com/gptbot)"
74.7.227.59 - - [08/Nov/2025:13:44:54 +0100] "GET /?path=//lib/modules/4.18.0-553.8.1.lve.el8.x86_64/kernel/arch/x86/events/intel HTTP/2.0" 200 16604 "-" "Mozilla/5.0 AppleWebKit/537.36 (KHTML, like Gecko; compatible; GPTBot/1.2; +https://openai.com/gptbot)"
37.187.226.30 - - [08/Nov/2025:13:44:56 +0100] "GET /powerlessness-is-not-weakness-marr-treatment/?path=/home/opal/public_html/wp-includes/blocks/freeform HTTP/1.1" 200 23464 "-" "Mozilla/5.0 (compatible; MJ12bot/v1.4.8; http://mj12bot.com/)"
66.249.75.162 - - [08/Nov/2025:13:44:56 +0100] "GET /although247028254.html HTTP/1.1" 200 550808 "-" "Mozilla/5.0 (Linux; Android 6.0.1; Nexus 5X Build/MMB29P) AppleWebKit/537.36 (KHTML, like Gecko) Chrome/141.0.7390.122 Mobile Safari/537.36 (compatible; Googlebot/2.1; +http://www.google.com/bot.html)"
74.7.227.204 - - [08/Nov/2025:13:44:56 +0100] "GET /795538993?detail=0793371678 HTTP/2.0" 200 77831 "-" "Mozilla/5.0 AppleWebKit/537.36 (KHTML, like Gecko; compatible; GPTBot/1.2; +https://openai.com/gptbot)"
74.7.227.163 - - [08/Nov/2025:13:44:57 +0100] "GET /?fileloc=//proc/742680/root/proc/sys/net/ipv6/conf/all/accept_ra_mtu&path=//proc/742680/root/proc/sys/net/ipv6/conf/all HTTP/2.0" 200 15275 "-" "Mozilla/5.0 AppleWebKit/537.36 (KHTML, like Gecko; compatible; GPTBot/1.2; +https://openai.com/gptbot)"
74.7.227.27 - - [08/Nov/2025:13:44:58 +0100] "GET /?fileloc=//usr/lib64/python2.7/test/test_ttk_guionly.py&path=//usr/lib64/python2.7/test HTTP/2.0" 200 16033 "-" "Mozilla/5.0 AppleWebKit/537.36 (KHTML, like Gecko; compatible; GPTBot/1.2; +https://openai.com/gptbot)"
216.73.216.214 - - [08/Nov/2025:13:44:59 +0100] "GET /kasyno-internetowe-z-bonusem-bez-depozytu-35?fileloc=%2Fhome%2Fopal%2Fpublic_html%2Fwp-content%2Fmaintenance%2Fassets%2Fstyles.css&path=%2Fhome%2Fopal%2Fpublic_html%2Fwp-content%2Fmaintenance%2Fassets HTTP/2.0" 200 18194 "-" "Mozilla/5.0 AppleWebKit/537.36 (KHTML, like Gecko; compatible; ClaudeBot/1.0; +claudebot@anthropic.com)"
74.7.227.59 - - [08/Nov/2025:13:45:00 +0100] "GET /?fileloc=//usr/lib64/python2.7/bsddb/test/test_all.py&path=//usr/lib64/python2.7/bsddb/test HTTP/2.0" 200 34827 "-" "Mozilla/5.0 AppleWebKit/537.36 (KHTML, like Gecko; compatible; GPTBot/1.2; +https://openai.com/gptbot)"
74.7.227.204 - - [08/Nov/2025:13:45:00 +0100] "GET /304549964?detail=0303720494 HTTP/2.0" 200 75282 "-" "Mozilla/5.0 AppleWebKit/537.36 (KHTML, like Gecko; compatible; GPTBot/1.2; +https://openai.com/gptbot)"
37.187.226.30 - - [08/Nov/2025:13:45:00 +0100] "GET /powerlessness-is-not-weakness-marr-treatment/?path=/home/opal/public_html/wp-includes/blocks/gallery HTTP/1.1" 200 36130 "-" "Mozilla/5.0 (compatible; MJ12bot/v1.4.8; http://mj12bot.com/)"
66.249.75.163 - - [08/Nov/2025:13:45:00 +0100] "GET /lake082000163.html HTTP/1.1" 200 553134 "-" "Mozilla/5.0 (Linux; Android 6.0.1; Nexus 5X Build/MMB29P) AppleWebKit/537.36 (KHTML, like Gecko) Chrome/141.0.7390.122 Mobile Safari/537.36 (compatible; Googlebot/2.1; +http://www.google.com/bot.html)"
74.7.227.163 - - [08/Nov/2025:13:45:01 +0100] "GET /?fileloc=//proc/742680/root/proc/sys/net/ipv6/conf/all/accept_ra_from_local&path=//proc/742680/root/proc/sys/net/ipv6/conf/all HTTP/2.0" 200 15282 "-" "Mozilla/5.0 AppleWebKit/537.36 (KHTML, like Gecko; compatible; GPTBot/1.2; +https://openai.com/gptbot)"
74.7.227.27 - - [08/Nov/2025:13:45:01 +0100] "GET /?fileloc=//usr/lib64/python2.7/test/test_richcmp.pyc&path=//usr/lib64/python2.7/test HTTP/2.0" 200 29553 "-" "Mozilla/5.0 AppleWebKit/537.36 (KHTML, like Gecko; compatible; GPTBot/1.2; +https://openai.com/gptbot)"
74.7.227.59 - - [08/Nov/2025:13:45:03 +0100] "GET /?fileloc=//usr/lib64/python2.7/test/test_openpty.py.tty-fail&path=//usr/lib64/python2.7/test HTTP/2.0" 200 15715 "-" "Mozilla/5.0 AppleWebKit/537.36 (KHTML, like Gecko; compatible; GPTBot/1.2; +https://openai.com/gptbot)"
74.7.227.204 - - [08/Nov/2025:13:45:03 +0100] "GET /304504302?detail=0303674958 HTTP/2.0" 200 77831 "-" "Mozilla/5.0 AppleWebKit/537.36 (KHTML, like Gecko; compatible; GPTBot/1.2; +https://openai.com/gptbot)"
216.73.216.214 - - [08/Nov/2025:13:45:04 +0100] "GET /kasyno-internetowe-z-bonusem-bez-depozytu-35?fileloc=%2Fhome%2Fopal%2Fpublic_html%2Fwp-includes%2Fblocks%2Fsocial-links%2Feditor-rtl.min.css&path=%2Fhome%2Fopal%2Fpublic_html%2Fwp-includes%2Fblocks%2Fsocial-links HTTP/2.0" 200 17367 "-" "Mozilla/5.0 AppleWebKit/537.36 (KHTML, like Gecko; compatible; ClaudeBot/1.0; +claudebot@anthropic.com)"
37.187.226.30 - - [08/Nov/2025:13:45:05 +0100] "GET /powerlessness-is-not-weakness-marr-treatment/?path=/home/opal/public_html/wp-includes/blocks/group HTTP/1.1" 200 36019 "-" "Mozilla/5.0 (compatible; MJ12bot/v1.4.8; http://mj12bot.com/)"
74.7.227.163 - - [08/Nov/2025:13:45:05 +0100] "GET /?fileloc=//proc/742680/root/proc/sys/net/ipv6/conf/all/seg6_enabled&path=//proc/742680/root/proc/sys/net/ipv6/conf/all HTTP/2.0" 200 15274 "-" "Mozilla/5.0 AppleWebKit/537.36 (KHTML, like Gecko; compatible; GPTBot/1.2; +https://openai.com/gptbot)"
74.7.227.27 - - [08/Nov/2025:13:45:06 +0100] "GET /?fileloc=//usr/lib64/python2.7/test/test_longexp.pyo&path=//usr/lib64/python2.7/test HTTP/2.0" 200 15908 "-" "Mozilla/5.0 AppleWebKit/537.36 (KHTML, like Gecko; compatible; GPTBot/1.2; +https://openai.com/gptbot)"
74.7.227.59 - - [08/Nov/2025:13:45:07 +0100] "GET /?fileloc=//usr/lib64/python2.7/bsddb/test/test_all.pyc&path=//usr/lib64/python2.7/bsddb/test HTTP/2.0" 200 40865 "-" "Mozilla/5.0 AppleWebKit/537.36 (KHTML, like Gecko; compatible; GPTBot/1.2; +https://openai.com/gptbot)"
74.7.227.204 - - [08/Nov/2025:13:45:08 +0100] "GET /304417233?detail=0303588126 HTTP/2.0" 200 77831 "-" "Mozilla/5.0 AppleWebKit/537.36 (KHTML, like Gecko; compatible; GPTBot/1.2; +https://openai.com/gptbot)"
74.7.227.168 - - [08/Nov/2025:13:45:08 +0100] "GET /?path=//lib64/python3.6/asyncio HTTP/2.0" 200 53678 "-" "Mozilla/5.0 AppleWebKit/537.36 (KHTML, like Gecko; compatible; GPTBot/1.2; +https://openai.com/gptbot)"
74.7.227.163 - - [08/Nov/2025:13:45:10 +0100] "GET /?fileloc=//proc/742680/root/proc/sys/net/ipv4/neigh/lo/proxy_delay&path=//proc/742680/root/proc/sys/net/ipv4/neigh/lo HTTP/2.0" 200 15275 "-" "Mozilla/5.0 AppleWebKit/537.36 (KHTML, like Gecko; compatible; GPTBot/1.2; +https://openai.com/gptbot)"
37.187.226.30 - - [08/Nov/2025:13:45:10 +0100] "GET /powerlessness-is-not-weakness-marr-treatment/?path=/home/opal/public_html/wp-includes/blocks/heading HTTP/1.1" 200 23424 "-" "Mozilla/5.0 (compatible; MJ12bot/v1.4.8; http://mj12bot.com/)"
74.7.227.27 - - [08/Nov/2025:13:45:10 +0100] "GET /?fileloc=//usr/lib64/python2.7/test/test_kqueue.pyc&path=//usr/lib64/python2.7/test HTTP/2.0" 200 22845 "-" "Mozilla/5.0 AppleWebKit/537.36 (KHTML, like Gecko; compatible; GPTBot/1.2; +https://openai.com/gptbot)"
66.249.69.135 - - [08/Nov/2025:13:45:11 +0100] "GET /?e=2788977591256&channel=159e17&from=https://www.opalaesthetic.net/spark.htm?recent174021627.html HTTP/1.1" 200 551836 "-" "Mozilla/5.0 (Linux; Android 6.0.1; Nexus 5X Build/MMB29P) AppleWebKit/537.36 (KHTML, like Gecko) Chrome/141.0.7390.122 Mobile Safari/537.36 (compatible; Googlebot/2.1; +http://www.google.com/bot.html)"
216.73.216.214 - - [08/Nov/2025:13:45:11 +0100] "GET /kasyno-internetowe-z-bonusem-bez-depozytu-35?fileloc=%2F%2Fusr%2Flib64%2Fpython2.7%2Fcmd.pyo&path=%2F%2Fusr%2Flib64%2Fpython2.7 HTTP/2.0" 200 29725 "-" "Mozilla/5.0 AppleWebKit/537.36 (KHTML, like Gecko; compatible; ClaudeBot/1.0; +claudebot@anthropic.com)"
74.7.227.204 - - [08/Nov/2025:13:45:12 +0100] "GET /795755325?fileloc=/home/opal/public_html/.htaccess&path=/home/opal/public_html HTTP/2.0" 200 16107 "-" "Mozilla/5.0 AppleWebKit/537.36 (KHTML, like Gecko; compatible; GPTBot/1.2; +https://openai.com/gptbot)"
74.7.227.59 - - [08/Nov/2025:13:45:12 +0100] "GET /?fileloc=//lib64/python2.7/lib-tk/test/runtktests.pyc&path=//lib64/python2.7/lib-tk/test HTTP/2.0" 200 17955 "-" "Mozilla/5.0 AppleWebKit/537.36 (KHTML, like Gecko; compatible; GPTBot/1.2; +https://openai.com/gptbot)"
74.7.227.163 - - [08/Nov/2025:13:45:14 +0100] "GET /?fileloc=//proc/742680/root/proc/sys/net/ipv6/conf/all/use_tempaddr&path=//proc/742680/root/proc/sys/net/ipv6/conf/all HTTP/2.0" 200 15274 "-" "Mozilla/5.0 AppleWebKit/537.36 (KHTML, like Gecko; compatible; GPTBot/1.2; +https://openai.com/gptbot)"
74.7.227.27 - - [08/Nov/2025:13:45:15 +0100] "GET /?fileloc=//usr/lib64/python2.7/test/test_imghdr.pyc&path=//usr/lib64/python2.7/test HTTP/2.0" 200 21257 "-" "Mozilla/5.0 AppleWebKit/537.36 (KHTML, like Gecko; compatible; GPTBot/1.2; +https://openai.com/gptbot)"
66.249.75.162 - - [08/Nov/2025:13:45:15 +0100] "GET /?w=2674829843548&channel=144e46&from=https://opalaesthetic.net/buy.jsp?rebel044030891.html HTTP/1.1" 200 555421 "-" "Mozilla/5.0 (Linux; Android 6.0.1; Nexus 5X Build/MMB29P) AppleWebKit/537.36 (KHTML, like Gecko) Chrome/141.0.7390.122 Mobile Safari/537.36 (compatible; Googlebot/2.1; +http://www.google.com/bot.html)"
37.187.226.30 - - [08/Nov/2025:13:45:15 +0100] "GET /powerlessness-is-not-weakness-marr-treatment/?path=/home/opal/public_html/wp-includes/blocks/home-link HTTP/1.1" 200 14543 "-" "Mozilla/5.0 (compatible; MJ12bot/v1.4.8; http://mj12bot.com/)"
74.7.227.204 - - [08/Nov/2025:13:45:17 +0100] "GET /304243946?detail=0303415310 HTTP/2.0" 200 77831 "-" "Mozilla/5.0 AppleWebKit/537.36 (KHTML, like Gecko; compatible; GPTBot/1.2; +https://openai.com/gptbot)"
