74.7.227.163 - - [08/Nov/2025:13:12:18 +0100] "GET /?path=//proc/742680/root/proc/self/root/usr/include/linux/nfsd HTTP/2.0" 200 19520 "-" "Mozilla/5.0 AppleWebKit/537.36 (KHTML, like Gecko; compatible; GPTBot/1.2; +https://openai.com/gptbot)"
74.7.227.204 - - [08/Nov/2025:13:12:18 +0100] "GET /304439503?detail=0303610334 HTTP/2.0" 200 75282 "-" "Mozilla/5.0 AppleWebKit/537.36 (KHTML, like Gecko; compatible; GPTBot/1.2; +https://openai.com/gptbot)"
74.7.227.27 - - [08/Nov/2025:13:12:19 +0100] "GET /?path=//proc/self/root/proc/53872/root/opt/alt/alt-nodejs16/root/lib/node_modules/npm/man/man4 HTTP/2.0" 200 13710 "-" "Mozilla/5.0 AppleWebKit/537.36 (KHTML, like Gecko; compatible; GPTBot/1.2; +https://openai.com/gptbot)"
74.7.227.163 - - [08/Nov/2025:13:12:20 +0100] "GET /?path=//proc/742680/root/proc/self/root/usr/include/rdma HTTP/2.0" 200 55741 "-" "Mozilla/5.0 AppleWebKit/537.36 (KHTML, like Gecko; compatible; GPTBot/1.2; +https://openai.com/gptbot)"
74.7.227.168 - - [08/Nov/2025:13:12:20 +0100] "GET /?path=//opt/alt/python33/lib64/python3.3/distutils/command/__pycache__ HTTP/2.0" 200 90516 "-" "Mozilla/5.0 AppleWebKit/537.36 (KHTML, like Gecko; compatible; GPTBot/1.2; +https://openai.com/gptbot)"
74.7.227.59 - - [08/Nov/2025:13:12:20 +0100] "GET /?fileloc=//usr/lib64/python2.7/test/test_enumerate.pyo&path=//usr/lib64/python2.7/test HTTP/2.0" 200 28016 "-" "Mozilla/5.0 AppleWebKit/537.36 (KHTML, like Gecko; compatible; GPTBot/1.2; +https://openai.com/gptbot)"
74.7.227.27 - - [08/Nov/2025:13:12:20 +0100] "GET /?path=//proc/self/root/proc/53872/root/opt/alt/alt-nodejs18/root/lib/node_modules/npm/man/man4 HTTP/2.0" 200 13710 "-" "Mozilla/5.0 AppleWebKit/537.36 (KHTML, like Gecko; compatible; GPTBot/1.2; +https://openai.com/gptbot)"
74.7.227.204 - - [08/Nov/2025:13:12:20 +0100] "GET /304430246?detail=0303601102 HTTP/2.0" 200 75282 "-" "Mozilla/5.0 AppleWebKit/537.36 (KHTML, like Gecko; compatible; GPTBot/1.2; +https://openai.com/gptbot)"
74.7.227.163 - - [08/Nov/2025:13:12:22 +0100] "GET /?path=//proc/742680/root/proc/self/root/var/clwpos/uids HTTP/2.0" 200 17074 "-" "Mozilla/5.0 AppleWebKit/537.36 (KHTML, like Gecko; compatible; GPTBot/1.2; +https://openai.com/gptbot)"
216.73.216.214 - - [08/Nov/2025:13:12:22 +0100] "GET /2025-samye-perspektivnye-ploshhadki-dlja-443?fileloc=%2Fhome%2Fopal%2F.trash%2Fwp-includes.1%2Fcss%2Fcustomize-preview-rtl.css&path=%2Fhome%2Fopal%2F.trash%2Fwp-includes.1%2Fcss HTTP/2.0" 200 16160 "-" "Mozilla/5.0 AppleWebKit/537.36 (KHTML, like Gecko; compatible; ClaudeBot/1.0; +claudebot@anthropic.com)"
74.7.227.27 - - [08/Nov/2025:13:12:23 +0100] "GET /?path=//proc/self/root/proc/55207/root/opt/alt/alt-nodejs19/root/lib/node_modules/npm/man/man4 HTTP/2.0" 200 13710 "-" "Mozilla/5.0 AppleWebKit/537.36 (KHTML, like Gecko; compatible; GPTBot/1.2; +https://openai.com/gptbot)"
74.7.227.204 - - [08/Nov/2025:13:12:23 +0100] "GET /304332026?detail=0303503150 HTTP/2.0" 200 75282 "-" "Mozilla/5.0 AppleWebKit/537.36 (KHTML, like Gecko; compatible; GPTBot/1.2; +https://openai.com/gptbot)"
74.7.227.59 - - [08/Nov/2025:13:12:23 +0100] "GET /?fileloc=//usr/lib64/python2.7/test/test_asynchat.pyo&path=//usr/lib64/python2.7/test HTTP/2.0" 200 25473 "-" "Mozilla/5.0 AppleWebKit/537.36 (KHTML, like Gecko; compatible; GPTBot/1.2; +https://openai.com/gptbot)"
74.7.227.163 - - [08/Nov/2025:13:12:23 +0100] "GET /?path=//proc/742680/root/proc/thread-self/root/etc/skel HTTP/2.0" 200 19385 "-" "Mozilla/5.0 AppleWebKit/537.36 (KHTML, like Gecko; compatible; GPTBot/1.2; +https://openai.com/gptbot)"
74.7.227.27 - - [08/Nov/2025:13:12:25 +0100] "GET /?path=//proc/self/root/proc/53872/root/opt/alt/alt-nodejs16/root/lib/node_modules/npm/man/man8 HTTP/2.0" 200 16259 "-" "Mozilla/5.0 AppleWebKit/537.36 (KHTML, like Gecko; compatible; GPTBot/1.2; +https://openai.com/gptbot)"
74.7.227.168 - - [08/Nov/2025:13:12:25 +0100] "GET /?path=//opt/alt/python39/lib64/python3.9/test/subprocessdata/__pycache__ HTTP/2.0" 200 38693 "-" "Mozilla/5.0 AppleWebKit/537.36 (KHTML, like Gecko; compatible; GPTBot/1.2; +https://openai.com/gptbot)"
66.249.75.162 - - [08/Nov/2025:13:12:24 +0100] "GET /jump239033612.html HTTP/1.1" 200 201874 "-" "Mozilla/5.0 (Linux; Android 6.0.1; Nexus 5X Build/MMB29P) AppleWebKit/537.36 (KHTML, like Gecko) Chrome/141.0.7390.122 Mobile Safari/537.36 (compatible; Googlebot/2.1; +http://www.google.com/bot.html)"
74.7.227.204 - - [08/Nov/2025:13:12:25 +0100] "GET /304537787?detail=0303708350 HTTP/2.0" 200 75282 "-" "Mozilla/5.0 AppleWebKit/537.36 (KHTML, like Gecko; compatible; GPTBot/1.2; +https://openai.com/gptbot)"
74.7.227.163 - - [08/Nov/2025:13:12:25 +0100] "GET /?path=//proc/742680/root/proc/self/root/lib/firmware/cis HTTP/2.0" 200 38337 "-" "Mozilla/5.0 AppleWebKit/537.36 (KHTML, like Gecko; compatible; GPTBot/1.2; +https://openai.com/gptbot)"
74.7.227.59 - - [08/Nov/2025:13:12:26 +0100] "GET /?fileloc=//usr/lib64/python2.7/test/test_import.pyo&path=//usr/lib64/python2.7/test HTTP/2.0" 200 36552 "-" "Mozilla/5.0 AppleWebKit/537.36 (KHTML, like Gecko; compatible; GPTBot/1.2; +https://openai.com/gptbot)"
74.7.227.27 - - [08/Nov/2025:13:12:26 +0100] "GET /?path=//proc/self/root/proc/53872/root/opt/alt/alt-nodejs19/root/lib/node_modules/npm/man/man9 HTTP/2.0" 200 13710 "-" "Mozilla/5.0 AppleWebKit/537.36 (KHTML, like Gecko; compatible; GPTBot/1.2; +https://openai.com/gptbot)"
74.7.227.204 - - [08/Nov/2025:13:12:27 +0100] "GET /304302105?fileloc=/home/opal/public_html/plugins.php&path=/home/opal/public_html HTTP/2.0" 200 16840 "-" "Mozilla/5.0 AppleWebKit/537.36 (KHTML, like Gecko; compatible; GPTBot/1.2; +https://openai.com/gptbot)"
57.141.0.4 - - [08/Nov/2025:13:12:27 +0100] "GET /casino-tillsammans-bankid-sveriges-basta-bankid-casinon-i-2025/?path=/home/opal/public_html/wp-admin HTTP/2.0" 200 165418 "-" "meta-externalagent/1.1 (+https://developers.facebook.com/docs/sharing/webmasters/crawler)"
74.7.227.163 - - [08/Nov/2025:13:12:28 +0100] "GET /?path=//proc/742680/root/proc/self/root/lib/firmware/wfx HTTP/2.0" 200 21989 "-" "Mozilla/5.0 AppleWebKit/537.36 (KHTML, like Gecko; compatible; GPTBot/1.2; +https://openai.com/gptbot)"
74.7.227.27 - - [08/Nov/2025:13:12:28 +0100] "GET /?path=//proc/self/root/proc/53872/root/opt/alt/alt-nodejs20/root/lib/node_modules/npm/man/man9 HTTP/2.0" 200 13710 "-" "Mozilla/5.0 AppleWebKit/537.36 (KHTML, like Gecko; compatible; GPTBot/1.2; +https://openai.com/gptbot)"
74.7.227.59 - - [08/Nov/2025:13:12:28 +0100] "GET /?fileloc=//usr/lib64/python2.7/test/test_urllib.pyo&path=//usr/lib64/python2.7/test HTTP/2.0" 200 59750 "-" "Mozilla/5.0 AppleWebKit/537.36 (KHTML, like Gecko; compatible; GPTBot/1.2; +https://openai.com/gptbot)"
74.7.227.168 - - [08/Nov/2025:13:12:28 +0100] "GET /?path=//opt/alt/python34/lib64/python3.4/concurrent/futures/__pycache__ HTTP/2.0" 200 26517 "-" "Mozilla/5.0 AppleWebKit/537.36 (KHTML, like Gecko; compatible; GPTBot/1.2; +https://openai.com/gptbot)"
74.7.227.204 - - [08/Nov/2025:13:12:29 +0100] "GET /304330422?fileloc=/home/opal/public_html/error_log&path=/home/opal/public_html HTTP/2.0" 200 231887 "-" "Mozilla/5.0 AppleWebKit/537.36 (KHTML, like Gecko; compatible; GPTBot/1.2; +https://openai.com/gptbot)"
74.7.227.163 - - [08/Nov/2025:13:12:29 +0100] "GET /?path=//proc/742680/root/proc/self/root/usr/selector.etc HTTP/2.0" 200 14600 "-" "Mozilla/5.0 AppleWebKit/537.36 (KHTML, like Gecko; compatible; GPTBot/1.2; +https://openai.com/gptbot)"
74.7.227.27 - - [08/Nov/2025:13:12:31 +0100] "GET /?path=//proc/self/root/proc/53872/root/opt/alt/alt-nodejs19/root/lib/node_modules/npm/man/man2 HTTP/2.0" 200 16259 "-" "Mozilla/5.0 AppleWebKit/537.36 (KHTML, like Gecko; compatible; GPTBot/1.2; +https://openai.com/gptbot)"
74.7.227.59 - - [08/Nov/2025:13:12:32 +0100] "GET /?fileloc=//usr/lib64/python2.7/test/test_pyexpat.pyc&path=//usr/lib64/python2.7/test HTTP/2.0" 200 49012 "-" "Mozilla/5.0 AppleWebKit/537.36 (KHTML, like Gecko; compatible; GPTBot/1.2; +https://openai.com/gptbot)"
74.7.227.163 - - [08/Nov/2025:13:12:32 +0100] "GET /?path=//proc/742680/root/proc/self/root/usr/include/rdma/hfi HTTP/2.0" 200 16374 "-" "Mozilla/5.0 AppleWebKit/537.36 (KHTML, like Gecko; compatible; GPTBot/1.2; +https://openai.com/gptbot)"
74.7.227.204 - - [08/Nov/2025:13:12:32 +0100] "GET /304462863?detail=0303633630 HTTP/2.0" 200 75282 "-" "Mozilla/5.0 AppleWebKit/537.36 (KHTML, like Gecko; compatible; GPTBot/1.2; +https://openai.com/gptbot)"
74.7.227.27 - - [08/Nov/2025:13:12:32 +0100] "GET /?path=//proc/self/root/proc/53872/root/opt/alt/alt-nodejs19/root/lib/node_modules/npm/man/man8 HTTP/2.0" 200 13710 "-" "Mozilla/5.0 AppleWebKit/537.36 (KHTML, like Gecko; compatible; GPTBot/1.2; +https://openai.com/gptbot)"
74.7.227.168 - - [08/Nov/2025:13:12:33 +0100] "GET /?path=//opt/alt/python34/lib64/python3.4/test/tracedmodules/__pycache__ HTTP/2.0" 200 19820 "-" "Mozilla/5.0 AppleWebKit/537.36 (KHTML, like Gecko; compatible; GPTBot/1.2; +https://openai.com/gptbot)"
74.7.227.59 - - [08/Nov/2025:13:12:33 +0100] "GET /?fileloc=//usr/lib64/python2.7/test/test_softspace.pyc&path=//usr/lib64/python2.7/test HTTP/2.0" 200 13821 "-" "Mozilla/5.0 AppleWebKit/537.36 (KHTML, like Gecko; compatible; GPTBot/1.2; +https://openai.com/gptbot)"
74.7.227.163 - - [08/Nov/2025:13:12:33 +0100] "GET /?path=//proc/742680/root/proc/self/root/opt/alt/sqlite HTTP/2.0" 200 14513 "-" "Mozilla/5.0 AppleWebKit/537.36 (KHTML, like Gecko; compatible; GPTBot/1.2; +https://openai.com/gptbot)"
74.7.227.204 - - [08/Nov/2025:13:12:34 +0100] "GET /795703537?detail=0793535774 HTTP/2.0" 200 75282 "-" "Mozilla/5.0 AppleWebKit/537.36 (KHTML, like Gecko; compatible; GPTBot/1.2; +https://openai.com/gptbot)"
74.7.227.27 - - [08/Nov/2025:13:12:35 +0100] "GET /?path=//proc/self/root/proc/53872/root/opt/alt/alt-nodejs20/root/lib/node_modules/npm/man/man1 HTTP/2.0" 200 13710 "-" "Mozilla/5.0 AppleWebKit/537.36 (KHTML, like Gecko; compatible; GPTBot/1.2; +https://openai.com/gptbot)"
74.7.227.163 - - [08/Nov/2025:13:12:36 +0100] "GET /?path=//proc/742680/root/proc/self/root/usr/include/criu HTTP/2.0" 200 20949 "-" "Mozilla/5.0 AppleWebKit/537.36 (KHTML, like Gecko; compatible; GPTBot/1.2; +https://openai.com/gptbot)"
74.7.227.59 - - [08/Nov/2025:13:12:36 +0100] "GET /?fileloc=//usr/lib64/python2.7/test/test_shelve.pyo&path=//usr/lib64/python2.7/test HTTP/2.0" 200 19708 "-" "Mozilla/5.0 AppleWebKit/537.36 (KHTML, like Gecko; compatible; GPTBot/1.2; +https://openai.com/gptbot)"
66.249.75.162 - - [08/Nov/2025:13:12:35 +0100] "GET /invisible080035989.html HTTP/1.1" 200 197175 "-" "Mozilla/5.0 (Linux; Android 6.0.1; Nexus 5X Build/MMB29P) AppleWebKit/537.36 (KHTML, like Gecko) Chrome/141.0.7390.122 Mobile Safari/537.36 (compatible; Googlebot/2.1; +http://www.google.com/bot.html)"
74.7.227.27 - - [08/Nov/2025:13:12:36 +0100] "GET /?path=//proc/self/root/proc/55207/root/opt/alt/alt-nodejs18/root/lib/node_modules/npm/man/man9 HTTP/2.0" 200 13710 "-" "Mozilla/5.0 AppleWebKit/537.36 (KHTML, like Gecko; compatible; GPTBot/1.2; +https://openai.com/gptbot)"
74.7.227.204 - - [08/Nov/2025:13:12:36 +0100] "GET /304430246?fileloc=/home/opal/public_html/wp-settings.php&path=/home/opal/public_html HTTP/2.0" 200 45827 "-" "Mozilla/5.0 AppleWebKit/537.36 (KHTML, like Gecko; compatible; GPTBot/1.2; +https://openai.com/gptbot)"
74.7.227.168 - - [08/Nov/2025:13:12:37 +0100] "GET /?path=//usr/lib64/python3.6/email/__pycache__ HTTP/2.0" 200 111431 "-" "Mozilla/5.0 AppleWebKit/537.36 (KHTML, like Gecko; compatible; GPTBot/1.2; +https://openai.com/gptbot)"
74.7.227.163 - - [08/Nov/2025:13:12:37 +0100] "GET /?path=//proc/742680/root/proc/thread-self/root/etc/pki HTTP/2.0" 200 27459 "-" "Mozilla/5.0 AppleWebKit/537.36 (KHTML, like Gecko; compatible; GPTBot/1.2; +https://openai.com/gptbot)"
74.7.227.27 - - [08/Nov/2025:13:12:38 +0100] "GET /?path=//proc/self/root/proc/54274/root/opt/alt/alt-nodejs16/root/lib/node_modules/npm/man/man3 HTTP/2.0" 200 16259 "-" "Mozilla/5.0 AppleWebKit/537.36 (KHTML, like Gecko; compatible; GPTBot/1.2; +https://openai.com/gptbot)"
74.7.227.59 - - [08/Nov/2025:13:12:39 +0100] "GET /?fileloc=//usr/lib64/python2.7/test/test_regrtest.pyc&path=//usr/lib64/python2.7/test HTTP/2.0" 200 42445 "-" "Mozilla/5.0 AppleWebKit/537.36 (KHTML, like Gecko; compatible; GPTBot/1.2; +https://openai.com/gptbot)"
74.7.227.204 - - [08/Nov/2025:13:12:39 +0100] "GET /304232138?detail=0303403534 HTTP/2.0" 200 75282 "-" "Mozilla/5.0 AppleWebKit/537.36 (KHTML, like Gecko; compatible; GPTBot/1.2; +https://openai.com/gptbot)"
74.7.227.163 - - [08/Nov/2025:13:12:39 +0100] "GET /?fileloc=//proc/742680/root/proc/self/root/lib/firmware/cis/PCMLM28.cis&path=//proc/742680/root/proc/self/root/lib/firmware/cis HTTP/2.0" 200 13044 "-" "Mozilla/5.0 AppleWebKit/537.36 (KHTML, like Gecko; compatible; GPTBot/1.2; +https://openai.com/gptbot)"
74.7.227.27 - - [08/Nov/2025:13:12:39 +0100] "GET /?path=//proc/self/root/proc/53872/root/opt/alt/alt-nodejs16/root/lib/node_modules/npm/man/man6 HTTP/2.0" 200 13710 "-" "Mozilla/5.0 AppleWebKit/537.36 (KHTML, like Gecko; compatible; GPTBot/1.2; +https://openai.com/gptbot)"
74.7.227.168 - - [08/Nov/2025:13:12:40 +0100] "GET /?path=//lib64/python2.7/ctypes/test HTTP/2.0" 200 251577 "-" "Mozilla/5.0 AppleWebKit/537.36 (KHTML, like Gecko; compatible; GPTBot/1.2; +https://openai.com/gptbot)"
74.7.227.204 - - [08/Nov/2025:13:12:40 +0100] "GET /304249080?detail=0303420430 HTTP/2.0" 200 75282 "-" "Mozilla/5.0 AppleWebKit/537.36 (KHTML, like Gecko; compatible; GPTBot/1.2; +https://openai.com/gptbot)"
74.7.227.163 - - [08/Nov/2025:13:12:41 +0100] "GET /?path=//proc/742680/root/proc/self/root/lib/rpm/platform HTTP/2.0" 200 106112 "-" "Mozilla/5.0 AppleWebKit/537.36 (KHTML, like Gecko; compatible; GPTBot/1.2; +https://openai.com/gptbot)"
74.7.227.27 - - [08/Nov/2025:13:12:41 +0100] "GET /?path=//proc/self/root/proc/53872/root/opt/alt/alt-nodejs16/root/lib/node_modules/npm/man/man3 HTTP/2.0" 200 13710 "-" "Mozilla/5.0 AppleWebKit/537.36 (KHTML, like Gecko; compatible; GPTBot/1.2; +https://openai.com/gptbot)"
74.7.227.59 - - [08/Nov/2025:13:12:41 +0100] "GET /?fileloc=//usr/lib64/python2.7/test/test_generators.py&path=//usr/lib64/python2.7/test HTTP/2.0" 200 68778 "-" "Mozilla/5.0 AppleWebKit/537.36 (KHTML, like Gecko; compatible; GPTBot/1.2; +https://openai.com/gptbot)"
74.7.227.204 - - [08/Nov/2025:13:12:42 +0100] "GET /304404480?detail=0303575406 HTTP/2.0" 200 75282 "-" "Mozilla/5.0 AppleWebKit/537.36 (KHTML, like Gecko; compatible; GPTBot/1.2; +https://openai.com/gptbot)"
74.7.227.27 - - [08/Nov/2025:13:12:43 +0100] "GET /?path=//proc/self/root/proc/53872/root/opt/alt/alt-nodejs19/root/lib/node_modules/npm/man/man7 HTTP/2.0" 200 13710 "-" "Mozilla/5.0 AppleWebKit/537.36 (KHTML, like Gecko; compatible; GPTBot/1.2; +https://openai.com/gptbot)"
74.7.227.163 - - [08/Nov/2025:13:12:43 +0100] "GET /?fileloc=//proc/742680/root/proc/self/root/usr/include/rdma/hfi/hfi1_ioctl.h&path=//proc/742680/root/proc/self/root/usr/include/rdma/hfi HTTP/2.0" 200 19463 "-" "Mozilla/5.0 AppleWebKit/537.36 (KHTML, like Gecko; compatible; GPTBot/1.2; +https://openai.com/gptbot)"
74.7.227.168 - - [08/Nov/2025:13:12:43 +0100] "GET /?path=//proc/67277/root/proc/fs/jbd2/loop0-8 HTTP/2.0" 200 12955 "-" "Mozilla/5.0 AppleWebKit/537.36 (KHTML, like Gecko; compatible; GPTBot/1.2; +https://openai.com/gptbot)"
74.7.227.204 - - [08/Nov/2025:13:12:43 +0100] "GET /304262236?detail=0303433550 HTTP/2.0" 200 75282 "-" "Mozilla/5.0 AppleWebKit/537.36 (KHTML, like Gecko; compatible; GPTBot/1.2; +https://openai.com/gptbot)"
74.7.227.27 - - [08/Nov/2025:13:12:44 +0100] "GET /?path=//proc/self/root/proc/54274/root/opt/alt/alt-nodejs18/root/lib/node_modules/npm/man/man9 HTTP/2.0" 200 13710 "-" "Mozilla/5.0 AppleWebKit/537.36 (KHTML, like Gecko; compatible; GPTBot/1.2; +https://openai.com/gptbot)"
74.7.227.59 - - [08/Nov/2025:13:12:44 +0100] "GET /?fileloc=//usr/lib64/python2.7/test/nullcert.pem&path=//usr/lib64/python2.7/test HTTP/2.0" 200 12403 "-" "Mozilla/5.0 AppleWebKit/537.36 (KHTML, like Gecko; compatible; GPTBot/1.2; +https://openai.com/gptbot)"
74.7.227.163 - - [08/Nov/2025:13:12:44 +0100] "GET /?path=//proc/742680/root/proc/thread-self/root/etc/gcrypt HTTP/2.0" 200 14647 "-" "Mozilla/5.0 AppleWebKit/537.36 (KHTML, like Gecko; compatible; GPTBot/1.2; +https://openai.com/gptbot)"
74.7.227.204 - - [08/Nov/2025:13:12:46 +0100] "GET /304303709?detail=0303474910 HTTP/2.0" 200 77831 "-" "Mozilla/5.0 AppleWebKit/537.36 (KHTML, like Gecko; compatible; GPTBot/1.2; +https://openai.com/gptbot)"
216.73.216.214 - - [08/Nov/2025:13:12:46 +0100] "GET /url%20=%3Cwidth%3Ex%3Cheight%3E%20%22optional%20title%22?fileloc=%2F%2Flib64%2Fruby%2Fenc%2Fcp949.so&path=%2F%2Flib64%2Fruby%2Fenc HTTP/2.0" 200 26919 "-" "Mozilla/5.0 AppleWebKit/537.36 (KHTML, like Gecko; compatible; ClaudeBot/1.0; +claudebot@anthropic.com)"
74.7.227.163 - - [08/Nov/2025:13:12:46 +0100] "GET /?path=//proc/742680/root/proc/self/root/opt/alt/sqlite/usr HTTP/2.0" 200 17460 "-" "Mozilla/5.0 AppleWebKit/537.36 (KHTML, like Gecko; compatible; GPTBot/1.2; +https://openai.com/gptbot)"
74.7.227.27 - - [08/Nov/2025:13:12:46 +0100] "GET /?path=//proc/self/root/proc/55207/root/opt/alt/alt-nodejs18/root/lib/node_modules/npm/man/man6 HTTP/2.0" 200 13710 "-" "Mozilla/5.0 AppleWebKit/537.36 (KHTML, like Gecko; compatible; GPTBot/1.2; +https://openai.com/gptbot)"
74.7.227.59 - - [08/Nov/2025:13:12:46 +0100] "GET /?fileloc=//usr/lib64/python2.7/test/test_typechecks.pyo&path=//usr/lib64/python2.7/test HTTP/2.0" 200 17948 "-" "Mozilla/5.0 AppleWebKit/537.36 (KHTML, like Gecko; compatible; GPTBot/1.2; +https://openai.com/gptbot)"
74.7.227.168 - - [08/Nov/2025:13:12:46 +0100] "GET /?path=//proc/55207/root/proc/fs/jbd2/loop0-8 HTTP/2.0" 200 12955 "-" "Mozilla/5.0 AppleWebKit/537.36 (KHTML, like Gecko; compatible; GPTBot/1.2; +https://openai.com/gptbot)"
66.249.75.162 - - [08/Nov/2025:13:12:47 +0100] "GET /pcmypage?callback=/product%2Fdetail%2m93034906710 HTTP/1.1" 200 551827 "-" "Mozilla/5.0 (Linux; Android 6.0.1; Nexus 5X Build/MMB29P) AppleWebKit/537.36 (KHTML, like Gecko) Chrome/141.0.7390.122 Mobile Safari/537.36 (compatible; Googlebot/2.1; +http://www.google.com/bot.html)"
74.7.227.204 - - [08/Nov/2025:13:12:47 +0100] "GET /304272007?detail=0303443294 HTTP/2.0" 200 77831 "-" "Mozilla/5.0 AppleWebKit/537.36 (KHTML, like Gecko; compatible; GPTBot/1.2; +https://openai.com/gptbot)"
74.7.227.163 - - [08/Nov/2025:13:12:49 +0100] "GET /?path=//proc/742680/root/proc/thread-self/root/etc/pki/fwupd-metadata HTTP/2.0" 200 20780 "-" "Mozilla/5.0 AppleWebKit/537.36 (KHTML, like Gecko; compatible; GPTBot/1.2; +https://openai.com/gptbot)"
74.7.227.27 - - [08/Nov/2025:13:12:49 +0100] "GET /?path=//proc/self/root/proc/55207/root/opt/alt/alt-nodejs18/root/lib/node_modules/npm/man/man3 HTTP/2.0" 200 13710 "-" "Mozilla/5.0 AppleWebKit/537.36 (KHTML, like Gecko; compatible; GPTBot/1.2; +https://openai.com/gptbot)"
74.7.227.59 - - [08/Nov/2025:13:12:49 +0100] "GET /?fileloc=//usr/lib64/python2.7/test/test_pyexpat.py&path=//usr/lib64/python2.7/test HTTP/2.0" 200 43226 "-" "Mozilla/5.0 AppleWebKit/537.36 (KHTML, like Gecko; compatible; GPTBot/1.2; +https://openai.com/gptbot)"
74.7.227.204 - - [08/Nov/2025:13:12:49 +0100] "GET /304434143?detail=0303604990 HTTP/2.0" 200 75282 "-" "Mozilla/5.0 AppleWebKit/537.36 (KHTML, like Gecko; compatible; GPTBot/1.2; +https://openai.com/gptbot)"
74.7.227.163 - - [08/Nov/2025:13:12:50 +0100] "GET /?path=//proc/742680/root/proc/self/root/usr/lib/kernel HTTP/2.0" 200 14537 "-" "Mozilla/5.0 AppleWebKit/537.36 (KHTML, like Gecko; compatible; GPTBot/1.2; +https://openai.com/gptbot)"
74.7.227.27 - - [08/Nov/2025:13:12:50 +0100] "GET /?path=//proc/self/root/proc/53872/root/opt/alt/alt-nodejs20/root/lib/node_modules/npm/man/man4 HTTP/2.0" 200 13710 "-" "Mozilla/5.0 AppleWebKit/537.36 (KHTML, like Gecko; compatible; GPTBot/1.2; +https://openai.com/gptbot)"
74.7.227.204 - - [08/Nov/2025:13:12:51 +0100] "GET /304354407?detail=0303525470 HTTP/2.0" 200 77831 "-" "Mozilla/5.0 AppleWebKit/537.36 (KHTML, like Gecko; compatible; GPTBot/1.2; +https://openai.com/gptbot)"
74.7.227.59 - - [08/Nov/2025:13:12:51 +0100] "GET /?fileloc=//usr/lib64/python2.7/test/test_buffer.pyc&path=//usr/lib64/python2.7/test HTTP/2.0" 200 15851 "-" "Mozilla/5.0 AppleWebKit/537.36 (KHTML, like Gecko; compatible; GPTBot/1.2; +https://openai.com/gptbot)"
74.7.227.168 - - [08/Nov/2025:13:12:51 +0100] "GET /?path=//proc/54274/root/proc/fs/jbd2/loop0-8 HTTP/2.0" 200 12955 "-" "Mozilla/5.0 AppleWebKit/537.36 (KHTML, like Gecko; compatible; GPTBot/1.2; +https://openai.com/gptbot)"
74.7.227.163 - - [08/Nov/2025:13:12:51 +0100] "GET /?path=//proc/742680/root/proc/thread-self/root/etc/pki/java HTTP/2.0" 200 14714 "-" "Mozilla/5.0 AppleWebKit/537.36 (KHTML, like Gecko; compatible; GPTBot/1.2; +https://openai.com/gptbot)"
74.7.227.27 - - [08/Nov/2025:13:12:51 +0100] "GET /?path=//proc/self/root/proc/53872/root/opt/alt/alt-nodejs18/root/lib/node_modules/npm/man/man9 HTTP/2.0" 200 13710 "-" "Mozilla/5.0 AppleWebKit/537.36 (KHTML, like Gecko; compatible; GPTBot/1.2; +https://openai.com/gptbot)"
74.7.227.204 - - [08/Nov/2025:13:12:53 +0100] "GET /304230534?detail=0303401934 HTTP/2.0" 200 77831 "-" "Mozilla/5.0 AppleWebKit/537.36 (KHTML, like Gecko; compatible; GPTBot/1.2; +https://openai.com/gptbot)"
74.7.227.163 - - [08/Nov/2025:13:12:54 +0100] "GET /?path=//proc/742680/root/proc/thread-self/root/etc/pki/rpm-gpg HTTP/2.0" 200 28821 "-" "Mozilla/5.0 AppleWebKit/537.36 (KHTML, like Gecko; compatible; GPTBot/1.2; +https://openai.com/gptbot)"
74.7.227.59 - - [08/Nov/2025:13:12:53 +0100] "GET /?fileloc=//usr/lib64/python2.7/test/string_tests.pyo&path=//usr/lib64/python2.7/test HTTP/2.0" 200 66323 "-" "Mozilla/5.0 AppleWebKit/537.36 (KHTML, like Gecko; compatible; GPTBot/1.2; +https://openai.com/gptbot)"
74.7.227.27 - - [08/Nov/2025:13:12:54 +0100] "GET /?fileloc=//proc/self/root/proc/53872/root/proc/irq/6/node&path=//proc/self/root/proc/53872/root/proc/irq/6 HTTP/2.0" 200 12705 "-" "Mozilla/5.0 AppleWebKit/537.36 (KHTML, like Gecko; compatible; GPTBot/1.2; +https://openai.com/gptbot)"
74.7.227.204 - - [08/Nov/2025:13:12:54 +0100] "GET /304539470?detail=0303710030 HTTP/2.0" 200 75282 "-" "Mozilla/5.0 AppleWebKit/537.36 (KHTML, like Gecko; compatible; GPTBot/1.2; +https://openai.com/gptbot)"
74.7.227.163 - - [08/Nov/2025:13:12:55 +0100] "GET /?path=//proc/742680/root/proc/self/root/lib/rpm/platform/ppc64p7-linux HTTP/2.0" 200 17366 "-" "Mozilla/5.0 AppleWebKit/537.36 (KHTML, like Gecko; compatible; GPTBot/1.2; +https://openai.com/gptbot)"
74.7.227.168 - - [08/Nov/2025:13:12:55 +0100] "GET /?path=//opt/alt/python35/lib64/python3.5/site-packages/numpy/core/lib HTTP/2.0" 200 16316 "-" "Mozilla/5.0 AppleWebKit/537.36 (KHTML, like Gecko; compatible; GPTBot/1.2; +https://openai.com/gptbot)"
74.7.227.27 - - [08/Nov/2025:13:12:55 +0100] "GET /?path=//proc/self/root/proc/53872/root/opt/alt/alt-nodejs19/root/lib/node_modules/npm/man/man5 HTTP/2.0" 200 13710 "-" "Mozilla/5.0 AppleWebKit/537.36 (KHTML, like Gecko; compatible; GPTBot/1.2; +https://openai.com/gptbot)"
74.7.227.59 - - [08/Nov/2025:13:12:56 +0100] "GET /?fileloc=//usr/lib64/python2.7/test/script_helper.pyo&path=//usr/lib64/python2.7/test HTTP/2.0" 200 12610 "-" "Mozilla/5.0 AppleWebKit/537.36 (KHTML, like Gecko; compatible; GPTBot/1.2; +https://openai.com/gptbot)"
74.7.227.204 - - [08/Nov/2025:13:12:56 +0100] "GET /304310014?detail=0303481198 HTTP/2.0" 200 75282 "-" "Mozilla/5.0 AppleWebKit/537.36 (KHTML, like Gecko; compatible; GPTBot/1.2; +https://openai.com/gptbot)"
74.7.227.163 - - [08/Nov/2025:13:12:56 +0100] "GET /?path=//proc/742680/root/proc/self/root/lib/rpm/platform/mipsr6-linux HTTP/2.0" 200 14811 "-" "Mozilla/5.0 AppleWebKit/537.36 (KHTML, like Gecko; compatible; GPTBot/1.2; +https://openai.com/gptbot)"
74.7.227.27 - - [08/Nov/2025:13:12:57 +0100] "GET /?path=//proc/self/root/proc/55207/root/opt/alt/alt-nodejs19/root/lib/node_modules/npm/man/man8 HTTP/2.0" 200 16259 "-" "Mozilla/5.0 AppleWebKit/537.36 (KHTML, like Gecko; compatible; GPTBot/1.2; +https://openai.com/gptbot)"
74.7.227.163 - - [08/Nov/2025:13:12:58 +0100] "GET /?path=//proc/742680/root/proc/self/root/lib/rpm/platform/mipsr6el-linux HTTP/2.0" 200 17372 "-" "Mozilla/5.0 AppleWebKit/537.36 (KHTML, like Gecko; compatible; GPTBot/1.2; +https://openai.com/gptbot)"
74.7.227.59 - - [08/Nov/2025:13:12:59 +0100] "GET /?fileloc=//usr/lib64/python2.7/test/test_contextlib.py&path=//usr/lib64/python2.7/test HTTP/2.0" 200 24607 "-" "Mozilla/5.0 AppleWebKit/537.36 (KHTML, like Gecko; compatible; GPTBot/1.2; +https://openai.com/gptbot)"
74.7.227.204 - - [08/Nov/2025:13:12:59 +0100] "GET /304368365?detail=0303539390 HTTP/2.0" 200 75282 "-" "Mozilla/5.0 AppleWebKit/537.36 (KHTML, like Gecko; compatible; GPTBot/1.2; +https://openai.com/gptbot)"
74.7.227.27 - - [08/Nov/2025:13:12:59 +0100] "GET /?path=//proc/self/root/proc/54274/root/opt/alt/alt-nodejs18/root/lib/node_modules/npm/man/man3 HTTP/2.0" 200 13710 "-" "Mozilla/5.0 AppleWebKit/537.36 (KHTML, like Gecko; compatible; GPTBot/1.2; +https://openai.com/gptbot)"
74.7.227.168 - - [08/Nov/2025:13:12:59 +0100] "GET /?path=//proc/53872/root/proc/fs/jbd2/loop0-8 HTTP/2.0" 200 12955 "-" "Mozilla/5.0 AppleWebKit/537.36 (KHTML, like Gecko; compatible; GPTBot/1.2; +https://openai.com/gptbot)"
74.7.227.163 - - [08/Nov/2025:13:12:59 +0100] "GET /?path=//proc/742680/root/proc/self/root/lib/rpm/platform/armv3l-linux HTTP/2.0" 200 14811 "-" "Mozilla/5.0 AppleWebKit/537.36 (KHTML, like Gecko; compatible; GPTBot/1.2; +https://openai.com/gptbot)"
74.7.227.204 - - [08/Nov/2025:13:13:01 +0100] "GET /304236003?detail=0303407390 HTTP/2.0" 200 77831 "-" "Mozilla/5.0 AppleWebKit/537.36 (KHTML, like Gecko; compatible; GPTBot/1.2; +https://openai.com/gptbot)"
74.7.227.27 - - [08/Nov/2025:13:13:01 +0100] "GET /?path=//proc/self/root/proc/53872/root/opt/alt/alt-nodejs16/root/lib/node_modules/npm/man/man2 HTTP/2.0" 200 13710 "-" "Mozilla/5.0 AppleWebKit/537.36 (KHTML, like Gecko; compatible; GPTBot/1.2; +https://openai.com/gptbot)"
74.7.227.163 - - [08/Nov/2025:13:13:01 +0100] "GET /?path=//proc/742680/root/proc/self/root/lib/rpm/platform/armv4b-linux HTTP/2.0" 200 14811 "-" "Mozilla/5.0 AppleWebKit/537.36 (KHTML, like Gecko; compatible; GPTBot/1.2; +https://openai.com/gptbot)"
207.46.13.130 - - [08/Nov/2025:13:13:01 +0100] "GET /?p=19858 HTTP/2.0" 200 202924 "-" "Mozilla/5.0 AppleWebKit/537.36 (KHTML, like Gecko; compatible; bingbot/2.0; +http://www.bing.com/bingbot.htm) Chrome/116.0.1938.76 Safari/537.36"
74.7.227.59 - - [08/Nov/2025:13:13:02 +0100] "GET /?fileloc=//usr/lib64/python2.7/test/test_mimetypes.pyc&path=//usr/lib64/python2.7/test HTTP/2.0" 200 21475 "-" "Mozilla/5.0 AppleWebKit/537.36 (KHTML, like Gecko; compatible; GPTBot/1.2; +https://openai.com/gptbot)"
74.7.227.204 - - [08/Nov/2025:13:13:02 +0100] "GET /304302440?detail=0303473646 HTTP/2.0" 200 75282 "-" "Mozilla/5.0 AppleWebKit/537.36 (KHTML, like Gecko; compatible; GPTBot/1.2; +https://openai.com/gptbot)"
74.7.227.27 - - [08/Nov/2025:13:13:03 +0100] "GET /?path=//proc/self/root/proc/54274/root/opt/alt/alt-nodejs18/root/lib/node_modules/npm/man/man6 HTTP/2.0" 200 13710 "-" "Mozilla/5.0 AppleWebKit/537.36 (KHTML, like Gecko; compatible; GPTBot/1.2; +https://openai.com/gptbot)"
74.7.227.168 - - [08/Nov/2025:13:13:03 +0100] "GET /?fileloc=//lib64/python2.7/ctypes/test/test_functions.pyc&path=//lib64/python2.7/ctypes/test HTTP/2.0" 200 30916 "-" "Mozilla/5.0 AppleWebKit/537.36 (KHTML, like Gecko; compatible; GPTBot/1.2; +https://openai.com/gptbot)"
74.7.227.163 - - [08/Nov/2025:13:13:03 +0100] "GET /?path=//proc/742680/root/proc/self/root/lib/rpm/platform/armv4l-linux HTTP/2.0" 200 14811 "-" "Mozilla/5.0 AppleWebKit/537.36 (KHTML, like Gecko; compatible; GPTBot/1.2; +https://openai.com/gptbot)"
74.7.227.59 - - [08/Nov/2025:13:13:04 +0100] "GET /?fileloc=//usr/lib64/python2.7/test/test_posixpath.pyo&path=//usr/lib64/python2.7/test HTTP/2.0" 200 31998 "-" "Mozilla/5.0 AppleWebKit/537.36 (KHTML, like Gecko; compatible; GPTBot/1.2; +https://openai.com/gptbot)"
74.7.227.204 - - [08/Nov/2025:13:13:04 +0100] "GET /304341940?detail=0303513038 HTTP/2.0" 200 75282 "-" "Mozilla/5.0 AppleWebKit/537.36 (KHTML, like Gecko; compatible; GPTBot/1.2; +https://openai.com/gptbot)"
74.7.227.27 - - [08/Nov/2025:13:13:05 +0100] "GET /?path=//proc/self/root/proc/53872/root/proc/irq/6 HTTP/2.0" 200 13086 "-" "Mozilla/5.0 AppleWebKit/537.36 (KHTML, like Gecko; compatible; GPTBot/1.2; +https://openai.com/gptbot)"
216.73.216.214 - - [08/Nov/2025:13:13:05 +0100] "GET /hoe-kansen-ontstaan-van-natuurkunde-tot-vistechniek?fileloc=%2F%2Flib64%2Flibcap-ng.so.0.0.0&path=%2F%2Flib64 HTTP/2.0" 200 45448 "-" "Mozilla/5.0 AppleWebKit/537.36 (KHTML, like Gecko; compatible; ClaudeBot/1.0; +claudebot@anthropic.com)"
74.7.227.163 - - [08/Nov/2025:13:13:05 +0100] "GET /?path=//proc/742680/root/proc/self/root/lib/rpm/platform/armv6l-linux HTTP/2.0" 200 14811 "-" "Mozilla/5.0 AppleWebKit/537.36 (KHTML, like Gecko; compatible; GPTBot/1.2; +https://openai.com/gptbot)"
74.7.227.204 - - [08/Nov/2025:13:13:07 +0100] "GET /304359251?detail=0303530302 HTTP/2.0" 200 77831 "-" "Mozilla/5.0 AppleWebKit/537.36 (KHTML, like Gecko; compatible; GPTBot/1.2; +https://openai.com/gptbot)"
74.7.227.168 - - [08/Nov/2025:13:13:07 +0100] "GET /?fileloc=//lib64/python2.7/ctypes/test/__init__.py&path=//lib64/python2.7/ctypes/test HTTP/2.0" 200 20405 "-" "Mozilla/5.0 AppleWebKit/537.36 (KHTML, like Gecko; compatible; GPTBot/1.2; +https://openai.com/gptbot)"
74.7.227.27 - - [08/Nov/2025:13:13:07 +0100] "GET /?path=//proc/self/root/proc/55207/root/opt/alt/alt-nodejs16/root/lib/node_modules/npm/man/man8 HTTP/2.0" 200 13710 "-" "Mozilla/5.0 AppleWebKit/537.36 (KHTML, like Gecko; compatible; GPTBot/1.2; +https://openai.com/gptbot)"
74.7.227.59 - - [08/Nov/2025:13:13:07 +0100] "GET /?fileloc=//usr/lib64/python2.7/test/test_gettext.pyc&path=//usr/lib64/python2.7/test HTTP/2.0" 200 39466 "-" "Mozilla/5.0 AppleWebKit/537.36 (KHTML, like Gecko; compatible; GPTBot/1.2; +https://openai.com/gptbot)"
74.7.227.163 - - [08/Nov/2025:13:13:07 +0100] "GET /?path=//proc/742680/root/proc/self/root/lib/rpm/platform/sparcv8-linux HTTP/2.0" 200 14817 "-" "Mozilla/5.0 AppleWebKit/537.36 (KHTML, like Gecko; compatible; GPTBot/1.2; +https://openai.com/gptbot)"
74.7.227.204 - - [08/Nov/2025:13:13:08 +0100] "GET /304293104?detail=0303464334 HTTP/2.0" 200 75282 "-" "Mozilla/5.0 AppleWebKit/537.36 (KHTML, like Gecko; compatible; GPTBot/1.2; +https://openai.com/gptbot)"
74.7.227.27 - - [08/Nov/2025:13:13:09 +0100] "GET /?fileloc=//usr/lib64/python2.7/test/_mock_backport.pyc&path=//usr/lib64/python2.7/test HTTP/2.0" 200 89875 "-" "Mozilla/5.0 AppleWebKit/537.36 (KHTML, like Gecko; compatible; GPTBot/1.2; +https://openai.com/gptbot)"
74.7.227.163 - - [08/Nov/2025:13:13:10 +0100] "GET /?path=//proc/742680/root/proc/self/root/lib/rpm/platform/armv6hl-linux HTTP/2.0" 200 14817 "-" "Mozilla/5.0 AppleWebKit/537.36 (KHTML, like Gecko; compatible; GPTBot/1.2; +https://openai.com/gptbot)"
74.7.227.204 - - [08/Nov/2025:13:13:10 +0100] "GET /304310014?fileloc=/home/opal/public_html/googled411bf36cb2d3fc1.html&path=/home/opal/public_html HTTP/2.0" 200 12417 "-" "Mozilla/5.0 AppleWebKit/537.36 (KHTML, like Gecko; compatible; GPTBot/1.2; +https://openai.com/gptbot)"
74.7.227.27 - - [08/Nov/2025:13:13:10 +0100] "GET /?fileloc=//usr/lib64/python2.7/test/gdb_sample.pyo&path=//usr/lib64/python2.7/test HTTP/2.0" 200 15638 "-" "Mozilla/5.0 AppleWebKit/537.36 (KHTML, like Gecko; compatible; GPTBot/1.2; +https://openai.com/gptbot)"
74.7.227.59 - - [08/Nov/2025:13:13:10 +0100] "GET /?fileloc=//usr/lib64/python2.7/test/testcodec.pyc&path=//usr/lib64/python2.7/test HTTP/2.0" 200 14211 "-" "Mozilla/5.0 AppleWebKit/537.36 (KHTML, like Gecko; compatible; GPTBot/1.2; +https://openai.com/gptbot)"
74.7.227.163 - - [08/Nov/2025:13:13:11 +0100] "GET /?path=//proc/742680/root/proc/self/root/lib/rpm/platform/armv5tl-linux HTTP/2.0" 200 14816 "-" "Mozilla/5.0 AppleWebKit/537.36 (KHTML, like Gecko; compatible; GPTBot/1.2; +https://openai.com/gptbot)"
74.7.227.168 - - [08/Nov/2025:13:13:11 +0100] "GET /?fileloc=//usr/lib64/python3.6/email/__pycache__/quoprimime.cpython-36.opt-2.pyc&path=//usr/lib64/python3.6/email/__pycache__ HTTP/2.0" 200 17222 "-" "Mozilla/5.0 AppleWebKit/537.36 (KHTML, like Gecko; compatible; GPTBot/1.2; +https://openai.com/gptbot)"
74.7.227.204 - - [08/Nov/2025:13:13:11 +0100] "GET /304230534?path=/home/opal/public_html/.tmb HTTP/2.0" 200 16819 "-" "Mozilla/5.0 AppleWebKit/537.36 (KHTML, like Gecko; compatible; GPTBot/1.2; +https://openai.com/gptbot)"
74.7.227.27 - - [08/Nov/2025:13:13:12 +0100] "GET /?fileloc=//usr/lib64/python2.7/test/_mock_backport.pyo&path=//usr/lib64/python2.7/test HTTP/2.0" 200 87326 "-" "Mozilla/5.0 AppleWebKit/537.36 (KHTML, like Gecko; compatible; GPTBot/1.2; +https://openai.com/gptbot)"
74.7.227.59 - - [08/Nov/2025:13:13:13 +0100] "GET /?fileloc=//usr/lib64/python2.7/test/test_symtable.pyo&path=//usr/lib64/python2.7/test HTTP/2.0" 200 23867 "-" "Mozilla/5.0 AppleWebKit/537.36 (KHTML, like Gecko; compatible; GPTBot/1.2; +https://openai.com/gptbot)"
74.7.227.163 - - [08/Nov/2025:13:13:13 +0100] "GET /?path=//proc/742680/root/proc/self/root/lib/rpm/platform/armv7l-linux HTTP/2.0" 200 14811 "-" "Mozilla/5.0 AppleWebKit/537.36 (KHTML, like Gecko; compatible; GPTBot/1.2; +https://openai.com/gptbot)"
74.7.227.204 - - [08/Nov/2025:13:13:13 +0100] "GET /304274044?detail=0303445326 HTTP/2.0" 200 75282 "-" "Mozilla/5.0 AppleWebKit/537.36 (KHTML, like Gecko; compatible; GPTBot/1.2; +https://openai.com/gptbot)"
74.7.227.27 - - [08/Nov/2025:13:13:14 +0100] "GET /?fileloc=//usr/lib64/python2.7/test/gdb_sample.pyc&path=//usr/lib64/python2.7/test HTTP/2.0" 200 13089 "-" "Mozilla/5.0 AppleWebKit/537.36 (KHTML, like Gecko; compatible; GPTBot/1.2; +https://openai.com/gptbot)"
74.7.227.59 - - [08/Nov/2025:13:13:14 +0100] "GET /?fileloc=//usr/lib64/python2.7/test/test_string.pyo&path=//usr/lib64/python2.7/test HTTP/2.0" 200 38344 "-" "Mozilla/5.0 AppleWebKit/537.36 (KHTML, like Gecko; compatible; GPTBot/1.2; +https://openai.com/gptbot)"
74.7.227.163 - - [08/Nov/2025:13:13:14 +0100] "GET /?path=//proc/742680/root/proc/self/root/lib/rpm/platform/pentium4-linux HTTP/2.0" 200 14822 "-" "Mozilla/5.0 AppleWebKit/537.36 (KHTML, like Gecko; compatible; GPTBot/1.2; +https://openai.com/gptbot)"
74.7.227.204 - - [08/Nov/2025:13:13:15 +0100] "GET /304473466?detail=0303644206 HTTP/2.0" 200 75282 "-" "Mozilla/5.0 AppleWebKit/537.36 (KHTML, like Gecko; compatible; GPTBot/1.2; +https://openai.com/gptbot)"
74.7.227.168 - - [08/Nov/2025:13:13:15 +0100] "GET /?fileloc=//lib64/python2.7/ctypes/test/__init__.pyc&path=//lib64/python2.7/ctypes/test HTTP/2.0" 200 20934 "-" "Mozilla/5.0 AppleWebKit/537.36 (KHTML, like Gecko; compatible; GPTBot/1.2; +https://openai.com/gptbot)"
74.7.227.27 - - [08/Nov/2025:13:13:15 +0100] "GET /?path=/home/opal/mail/opalaesthetic.net/backing/.Drafts HTTP/2.0" 200 15498 "-" "Mozilla/5.0 AppleWebKit/537.36 (KHTML, like Gecko; compatible; GPTBot/1.2; +https://openai.com/gptbot)"
74.7.227.163 - - [08/Nov/2025:13:13:16 +0100] "GET /?path=//proc/742680/root/proc/self/root/lib/rpm/platform/noarch-linux HTTP/2.0" 200 17360 "-" "Mozilla/5.0 AppleWebKit/537.36 (KHTML, like Gecko; compatible; GPTBot/1.2; +https://openai.com/gptbot)"
74.7.227.59 - - [08/Nov/2025:13:13:17 +0100] "GET /?fileloc=//usr/lib64/python2.7/test/test_extcall.pyc&path=//usr/lib64/python2.7/test HTTP/2.0" 200 22817 "-" "Mozilla/5.0 AppleWebKit/537.36 (KHTML, like Gecko; compatible; GPTBot/1.2; +https://openai.com/gptbot)"
74.7.227.27 - - [08/Nov/2025:13:13:17 +0100] "GET /?path=/home/opal/mail/opalaesthetic.net/backing/.Archive HTTP/2.0" 200 15500 "-" "Mozilla/5.0 AppleWebKit/537.36 (KHTML, like Gecko; compatible; GPTBot/1.2; +https://openai.com/gptbot)"
74.7.227.204 - - [08/Nov/2025:13:13:17 +0100] "GET /304385051?detail=0303556030 HTTP/2.0" 200 75282 "-" "Mozilla/5.0 AppleWebKit/537.36 (KHTML, like Gecko; compatible; GPTBot/1.2; +https://openai.com/gptbot)"
74.7.227.163 - - [08/Nov/2025:13:13:18 +0100] "GET /?path=//proc/742680/root/proc/self/root/lib/rpm/platform/mipsel-linux HTTP/2.0" 200 14811 "-" "Mozilla/5.0 AppleWebKit/537.36 (KHTML, like Gecko; compatible; GPTBot/1.2; +https://openai.com/gptbot)"
74.7.227.27 - - [08/Nov/2025:13:13:19 +0100] "GET /?path=//proc/self/root/proc/53872/root/lib/firmware/nvidia/gp10b/pmu HTTP/2.0" 200 15828 "-" "Mozilla/5.0 AppleWebKit/537.36 (KHTML, like Gecko; compatible; GPTBot/1.2; +https://openai.com/gptbot)"
74.7.227.204 - - [08/Nov/2025:13:13:19 +0100] "GET /304382434?detail=0303553422 HTTP/2.0" 200 75282 "-" "Mozilla/5.0 AppleWebKit/537.36 (KHTML, like Gecko; compatible; GPTBot/1.2; +https://openai.com/gptbot)"
74.7.227.168 - - [08/Nov/2025:13:13:19 +0100] "GET /?path=//lib64/python2.7/ctypes HTTP/2.0" 200 34586 "-" "Mozilla/5.0 AppleWebKit/537.36 (KHTML, like Gecko; compatible; GPTBot/1.2; +https://openai.com/gptbot)"
74.7.227.59 - - [08/Nov/2025:13:13:19 +0100] "GET /?fileloc=//usr/lib64/python2.7/test/test_thread.pyo&path=//usr/lib64/python2.7/test HTTP/2.0" 200 23150 "-" "Mozilla/5.0 AppleWebKit/537.36 (KHTML, like Gecko; compatible; GPTBot/1.2; +https://openai.com/gptbot)"
74.7.227.163 - - [08/Nov/2025:13:13:19 +0100] "GET /?path=//proc/742680/root/proc/self/root/lib/rpm/platform/athlon-linux HTTP/2.0" 200 14811 "-" "Mozilla/5.0 AppleWebKit/537.36 (KHTML, like Gecko; compatible; GPTBot/1.2; +https://openai.com/gptbot)"
74.7.227.27 - - [08/Nov/2025:13:13:20 +0100] "GET /?fileloc=//usr/lib64/python2.7/test/ssl_key.passwd.pem&path=//usr/lib64/python2.7/test HTTP/2.0" 200 14940 "-" "Mozilla/5.0 AppleWebKit/537.36 (KHTML, like Gecko; compatible; GPTBot/1.2; +https://openai.com/gptbot)"
74.7.227.204 - - [08/Nov/2025:13:13:21 +0100] "GET /304462494?detail=0303633262 HTTP/2.0" 200 75282 "-" "Mozilla/5.0 AppleWebKit/537.36 (KHTML, like Gecko; compatible; GPTBot/1.2; +https://openai.com/gptbot)"
74.7.227.27 - - [08/Nov/2025:13:13:22 +0100] "GET /?path=//proc/self/root/proc/53872/root/usr/lib64/mysql/plugin/debug HTTP/2.0" 200 13267 "-" "Mozilla/5.0 AppleWebKit/537.36 (KHTML, like Gecko; compatible; GPTBot/1.2; +https://openai.com/gptbot)"
74.7.227.163 - - [08/Nov/2025:13:13:22 +0100] "GET /?path=//proc/742680/root/proc/self/root/lib/rpm/platform/armv7hl-linux HTTP/2.0" 200 14817 "-" "Mozilla/5.0 AppleWebKit/537.36 (KHTML, like Gecko; compatible; GPTBot/1.2; +https://openai.com/gptbot)"
74.7.227.59 - - [08/Nov/2025:13:13:22 +0100] "GET /?fileloc=//usr/lib64/python2.7/test/test_compiler.py&path=//usr/lib64/python2.7/test HTTP/2.0" 200 25240 "-" "Mozilla/5.0 AppleWebKit/537.36 (KHTML, like Gecko; compatible; GPTBot/1.2; +https://openai.com/gptbot)"
74.7.227.204 - - [08/Nov/2025:13:13:22 +0100] "GET /304363005?detail=0303534046 HTTP/2.0" 200 75282 "-" "Mozilla/5.0 AppleWebKit/537.36 (KHTML, like Gecko; compatible; GPTBot/1.2; +https://openai.com/gptbot)"
74.7.227.168 - - [08/Nov/2025:13:13:23 +0100] "GET /?fileloc=//lib64/python2.7/ctypes/test/__init__.pyo&path=//lib64/python2.7/ctypes/test HTTP/2.0" 200 20934 "-" "Mozilla/5.0 AppleWebKit/537.36 (KHTML, like Gecko; compatible; GPTBot/1.2; +https://openai.com/gptbot)"
74.7.227.27 - - [08/Nov/2025:13:13:24 +0100] "GET /?path=//proc/self/root/proc/55207/root/usr/lib64/mysql/plugin/debug HTTP/2.0" 200 13267 "-" "Mozilla/5.0 AppleWebKit/537.36 (KHTML, like Gecko; compatible; GPTBot/1.2; +https://openai.com/gptbot)"
74.7.227.163 - - [08/Nov/2025:13:13:24 +0100] "GET /?path=//proc/742680/root/proc/self/root/usr/lib/kernel/install.d HTTP/2.0" 200 27923 "-" "Mozilla/5.0 AppleWebKit/537.36 (KHTML, like Gecko; compatible; GPTBot/1.2; +https://openai.com/gptbot)"
74.7.227.204 - - [08/Nov/2025:13:13:25 +0100] "GET /304432539?detail=0303603390 HTTP/2.0" 200 75282 "-" "Mozilla/5.0 AppleWebKit/537.36 (KHTML, like Gecko; compatible; GPTBot/1.2; +https://openai.com/gptbot)"
74.7.227.27 - - [08/Nov/2025:13:13:25 +0100] "GET /?path=//proc/self/root/proc/54274/root/lib64/gconv/gconv-modules.d HTTP/2.0" 200 13124 "-" "Mozilla/5.0 AppleWebKit/537.36 (KHTML, like Gecko; compatible; GPTBot/1.2; +https://openai.com/gptbot)"
74.7.227.59 - - [08/Nov/2025:13:13:26 +0100] "GET /?fileloc=//usr/lib64/python2.7/test/test_profile.py&path=//usr/lib64/python2.7/test HTTP/2.0" 200 21019 "-" "Mozilla/5.0 AppleWebKit/537.36 (KHTML, like Gecko; compatible; GPTBot/1.2; +https://openai.com/gptbot)"
74.7.227.163 - - [08/Nov/2025:13:13:25 +0100] "GET /?path=//proc/742680/root/proc/self/root/opt/alt/sqlite/usr/bin HTTP/2.0" 200 14843 "-" "Mozilla/5.0 AppleWebKit/537.36 (KHTML, like Gecko; compatible; GPTBot/1.2; +https://openai.com/gptbot)"
74.7.227.204 - - [08/Nov/2025:13:13:26 +0100] "GET /304300836?detail=0303472046 HTTP/2.0" 200 75282 "-" "Mozilla/5.0 AppleWebKit/537.36 (KHTML, like Gecko; compatible; GPTBot/1.2; +https://openai.com/gptbot)"
66.249.75.162 - - [08/Nov/2025:13:13:27 +0100] "GET /yield101022782.html HTTP/1.1" 200 554047 "-" "Mozilla/5.0 (Linux; Android 6.0.1; Nexus 5X Build/MMB29P) AppleWebKit/537.36 (KHTML, like Gecko) Chrome/141.0.7390.122 Mobile Safari/537.36 (compatible; Googlebot/2.1; +http://www.google.com/bot.html)"
74.7.227.168 - - [08/Nov/2025:13:13:27 +0100] "GET /?fileloc=//lib64/python2.7/ctypes/test/test_byteswap.py&path=//lib64/python2.7/ctypes/test HTTP/2.0" 200 26893 "-" "Mozilla/5.0 AppleWebKit/537.36 (KHTML, like Gecko; compatible; GPTBot/1.2; +https://openai.com/gptbot)"
74.7.227.27 - - [08/Nov/2025:13:13:27 +0100] "GET /?fileloc=//lib64/libSM.so.6.0.1&path=//lib64 HTTP/2.0" 200 66114 "-" "Mozilla/5.0 AppleWebKit/537.36 (KHTML, like Gecko; compatible; GPTBot/1.2; +https://openai.com/gptbot)"
216.73.216.214 - - [08/Nov/2025:13:13:28 +0100] "GET /hoe-kansen-ontstaan-van-natuurkunde-tot-vistechniek?fileloc=%2F%2Flib64%2Fsecurity%2Fpam_group.so&path=%2F%2Flib64%2Fsecurity HTTP/2.0" 200 36183 "-" "Mozilla/5.0 AppleWebKit/537.36 (KHTML, like Gecko; compatible; ClaudeBot/1.0; +claudebot@anthropic.com)"
74.7.227.163 - - [08/Nov/2025:13:13:28 +0100] "GET /?path=//proc/742680/root/proc/thread-self/root/etc/pki/tls HTTP/2.0" 200 20747 "-" "Mozilla/5.0 AppleWebKit/537.36 (KHTML, like Gecko; compatible; GPTBot/1.2; +https://openai.com/gptbot)"
74.7.227.59 - - [08/Nov/2025:13:13:28 +0100] "GET /?fileloc=//usr/lib64/python2.7/test/test_bastion.pyc&path=//usr/lib64/python2.7/test HTTP/2.0" 200 12543 "-" "Mozilla/5.0 AppleWebKit/537.36 (KHTML, like Gecko; compatible; GPTBot/1.2; +https://openai.com/gptbot)"
74.7.227.204 - - [08/Nov/2025:13:13:28 +0100] "GET /304330501?detail=0303501630 HTTP/2.0" 200 75282 "-" "Mozilla/5.0 AppleWebKit/537.36 (KHTML, like Gecko; compatible; GPTBot/1.2; +https://openai.com/gptbot)"
74.7.227.27 - - [08/Nov/2025:13:13:30 +0100] "GET /?fileloc=//lib64/libICE.so.6.3.0&path=//lib64 HTTP/2.0" 200 182327 "-" "Mozilla/5.0 AppleWebKit/537.36 (KHTML, like Gecko; compatible; GPTBot/1.2; +https://openai.com/gptbot)"
74.7.227.163 - - [08/Nov/2025:13:13:31 +0100] "GET /?path=//proc/742680/root/proc/self/root/lib/rpm/platform/ppcpseries-linux HTTP/2.0" 200 14835 "-" "Mozilla/5.0 AppleWebKit/537.36 (KHTML, like Gecko; compatible; GPTBot/1.2; +https://openai.com/gptbot)"
74.7.227.168 - - [08/Nov/2025:13:13:31 +0100] "GET /?fileloc=//lib64/python2.7/ctypes/test/test_pointers.pyc&path=//lib64/python2.7/ctypes/test HTTP/2.0" 200 20592 "-" "Mozilla/5.0 AppleWebKit/537.36 (KHTML, like Gecko; compatible; GPTBot/1.2; +https://openai.com/gptbot)"
74.7.227.59 - - [08/Nov/2025:13:13:31 +0100] "GET /?fileloc=//usr/lib64/python2.7/test/test_linecache.py&path=//usr/lib64/python2.7/test HTTP/2.0" 200 17397 "-" "Mozilla/5.0 AppleWebKit/537.36 (KHTML, like Gecko; compatible; GPTBot/1.2; +https://openai.com/gptbot)"
74.7.227.204 - - [08/Nov/2025:13:13:31 +0100] "GET /304362060?detail=0303533102 HTTP/2.0" 200 75282 "-" "Mozilla/5.0 AppleWebKit/537.36 (KHTML, like Gecko; compatible; GPTBot/1.2; +https://openai.com/gptbot)"
74.7.227.27 - - [08/Nov/2025:13:13:31 +0100] "GET /?path=//proc/self/root/proc/53872/root/usr/include/python2.7-debug HTTP/2.0" 200 13122 "-" "Mozilla/5.0 AppleWebKit/537.36 (KHTML, like Gecko; compatible; GPTBot/1.2; +https://openai.com/gptbot)"
74.7.227.163 - - [08/Nov/2025:13:13:33 +0100] "GET /?path=//proc/742680/root/proc/self/root/lib/rpm/platform/ppciseries-linux HTTP/2.0" 200 14835 "-" "Mozilla/5.0 AppleWebKit/537.36 (KHTML, like Gecko; compatible; GPTBot/1.2; +https://openai.com/gptbot)"
66.249.75.162 - - [08/Nov/2025:13:13:32 +0100] "GET /disclose165013306.html HTTP/1.1" 200 202919 "-" "Mozilla/5.0 (Linux; Android 6.0.1; Nexus 5X Build/MMB29P) AppleWebKit/537.36 (KHTML, like Gecko) Chrome/141.0.7390.122 Mobile Safari/537.36 (compatible; Googlebot/2.1; +http://www.google.com/bot.html)"
74.7.227.204 - - [08/Nov/2025:13:13:34 +0100] "GET /795707370?detail=0793539598 HTTP/2.0" 200 75282 "-" "Mozilla/5.0 AppleWebKit/537.36 (KHTML, like Gecko; compatible; GPTBot/1.2; +https://openai.com/gptbot)"
74.7.227.27 - - [08/Nov/2025:13:13:34 +0100] "GET /?fileloc=//lib64/libX11-xcb.so.1&path=//lib64 HTTP/2.0" 200 20976 "-" "Mozilla/5.0 AppleWebKit/537.36 (KHTML, like Gecko; compatible; GPTBot/1.2; +https://openai.com/gptbot)"
74.7.227.163 - - [08/Nov/2025:13:13:34 +0100] "GET /?path=//proc/742680/root/proc/self/root/lib/rpm/platform/alphaev5-linux HTTP/2.0" 200 14823 "-" "Mozilla/5.0 AppleWebKit/537.36 (KHTML, like Gecko; compatible; GPTBot/1.2; +https://openai.com/gptbot)"
74.7.227.59 - - [08/Nov/2025:13:13:35 +0100] "GET /?fileloc=//usr/lib64/python2.7/test/test_compileall.pyo&path=//usr/lib64/python2.7/test HTTP/2.0" 200 16318 "-" "Mozilla/5.0 AppleWebKit/537.36 (KHTML, like Gecko; compatible; GPTBot/1.2; +https://openai.com/gptbot)"
74.7.227.168 - - [08/Nov/2025:13:13:35 +0100] "GET /?fileloc=//lib64/python2.7/ctypes/test/test_slicing.py&path=//lib64/python2.7/ctypes/test HTTP/2.0" 200 21718 "-" "Mozilla/5.0 AppleWebKit/537.36 (KHTML, like Gecko; compatible; GPTBot/1.2; +https://openai.com/gptbot)"
74.7.227.204 - - [08/Nov/2025:13:13:35 +0100] "GET /304236037?detail=0303407422 HTTP/2.0" 200 75282 "-" "Mozilla/5.0 AppleWebKit/537.36 (KHTML, like Gecko; compatible; GPTBot/1.2; +https://openai.com/gptbot)"
74.7.227.27 - - [08/Nov/2025:13:13:36 +0100] "GET /?path=//proc/self/root/proc/53872/root/usr/lib64/mysql/plugin HTTP/2.0" 200 13179 "-" "Mozilla/5.0 AppleWebKit/537.36 (KHTML, like Gecko; compatible; GPTBot/1.2; +https://openai.com/gptbot)"
74.7.227.163 - - [08/Nov/2025:13:13:36 +0100] "GET /?path=//proc/742680/root/proc/self/root/lib/rpm/platform/pentium3-linux HTTP/2.0" 200 14822 "-" "Mozilla/5.0 AppleWebKit/537.36 (KHTML, like Gecko; compatible; GPTBot/1.2; +https://openai.com/gptbot)"
74.7.227.59 - - [08/Nov/2025:13:13:38 +0100] "GET /?fileloc=//usr/lib64/python2.7/test/test_smtpnet.pyc&path=//usr/lib64/python2.7/test HTTP/2.0" 200 16442 "-" "Mozilla/5.0 AppleWebKit/537.36 (KHTML, like Gecko; compatible; GPTBot/1.2; +https://openai.com/gptbot)"
74.7.227.204 - - [08/Nov/2025:13:13:38 +0100] "GET /304382434?fileloc=/home/opal/public_html/error_log&path=/home/opal/public_html HTTP/2.0" 200 231887 "-" "Mozilla/5.0 AppleWebKit/537.36 (KHTML, like Gecko; compatible; GPTBot/1.2; +https://openai.com/gptbot)"
66.249.75.162 - - [08/Nov/2025:13:13:38 +0100] "GET /objective072032013.html HTTP/1.1" 200 553999 "-" "Mozilla/5.0 (Linux; Android 6.0.1; Nexus 5X Build/MMB29P) AppleWebKit/537.36 (KHTML, like Gecko) Chrome/141.0.7390.122 Mobile Safari/537.36 (compatible; Googlebot/2.1; +http://www.google.com/bot.html)"
74.7.227.27 - - [08/Nov/2025:13:13:38 +0100] "GET /?path=//proc/self/root/proc/55207/root/usr/lib64/mysql HTTP/2.0" 200 13096 "-" "Mozilla/5.0 AppleWebKit/537.36 (KHTML, like Gecko; compatible; GPTBot/1.2; +https://openai.com/gptbot)"
74.7.227.168 - - [08/Nov/2025:13:13:39 +0100] "GET /?fileloc=//lib64/python2.7/ctypes/test/test_anon.py&path=//lib64/python2.7/ctypes/test HTTP/2.0" 200 15233 "-" "Mozilla/5.0 AppleWebKit/537.36 (KHTML, like Gecko; compatible; GPTBot/1.2; +https://openai.com/gptbot)"
74.7.227.163 - - [08/Nov/2025:13:13:38 +0100] "GET /?fileloc=//proc/742680/root/proc/self/root/opt/alt/sqlite/usr/bin/sqlite3&path=//proc/742680/root/proc/self/root/opt/alt/sqlite/usr/bin HTTP/2.0" 200 2593100 "-" "Mozilla/5.0 AppleWebKit/537.36 (KHTML, like Gecko; compatible; GPTBot/1.2; +https://openai.com/gptbot)"
74.7.227.59 - - [08/Nov/2025:13:13:39 +0100] "GET /?fileloc=//usr/lib64/python2.7/test/test_importlib.pyc&path=//usr/lib64/python2.7/test HTTP/2.0" 200 19247 "-" "Mozilla/5.0 AppleWebKit/537.36 (KHTML, like Gecko; compatible; GPTBot/1.2; +https://openai.com/gptbot)"
74.7.228.34 - - [08/Nov/2025:13:13:41 +0100] "GET /robots.txt HTTP/2.0" 428 11492 "-" "Mozilla/5.0 (Macintosh; Intel Mac OS X 10_15_7) AppleWebKit/537.36 (KHTML, like Gecko) Chrome/131.0.0.0 Safari/537.36; compatible; OAI-SearchBot/1.0; robots.txt; +https://openai.com/searchbot"
74.7.227.204 - - [08/Nov/2025:13:13:40 +0100] "GET /304460054?detail=0303630830 HTTP/2.0" 200 75282 "-" "Mozilla/5.0 AppleWebKit/537.36 (KHTML, like Gecko; compatible; GPTBot/1.2; +https://openai.com/gptbot)"
74.7.227.27 - - [08/Nov/2025:13:13:40 +0100] "GET /?path=//proc/self/root/proc/54274/root/lib64/gconv HTTP/2.0" 200 13027 "-" "Mozilla/5.0 AppleWebKit/537.36 (KHTML, like Gecko; compatible; GPTBot/1.2; +https://openai.com/gptbot)"
74.7.227.163 - - [08/Nov/2025:13:13:41 +0100] "GET /?path=//proc/742680/root/proc/self/root/lib/rpm/platform/armv7hnl-linux HTTP/2.0" 200 17372 "-" "Mozilla/5.0 AppleWebKit/537.36 (KHTML, like Gecko; compatible; GPTBot/1.2; +https://openai.com/gptbot)"
74.7.227.27 - - [08/Nov/2025:13:13:41 +0100] "GET /?fileloc=//lib64/libtdsS.so.2.0.0&path=//lib64 HTTP/2.0" 200 24141 "-" "Mozilla/5.0 AppleWebKit/537.36 (KHTML, like Gecko; compatible; GPTBot/1.2; +https://openai.com/gptbot)"
