74.7.227.27 - - [08/Nov/2025:13:32:52 +0100] "GET /?fileloc=//usr/lib64/python2.7/test/test_anydbm.pyc&path=//usr/lib64/python2.7/test HTTP/2.0" 200 16368 "-" "Mozilla/5.0 AppleWebKit/537.36 (KHTML, like Gecko; compatible; GPTBot/1.2; +https://openai.com/gptbot)"
74.7.227.163 - - [08/Nov/2025:13:32:52 +0100] "GET /?path=//proc/742680/root/proc/self/root/opt/cloudlinux/alt-php56/root/usr/include/php/main/streams HTTP/2.0" 200 30571 "-" "Mozilla/5.0 AppleWebKit/537.36 (KHTML, like Gecko; compatible; GPTBot/1.2; +https://openai.com/gptbot)"
74.7.227.204 - - [08/Nov/2025:13:32:52 +0100] "GET /304471429?detail=0303642174 HTTP/2.0" 200 75282 "-" "Mozilla/5.0 AppleWebKit/537.36 (KHTML, like Gecko; compatible; GPTBot/1.2; +https://openai.com/gptbot)"
74.7.227.168 - - [08/Nov/2025:13:32:53 +0100] "GET /?fileloc=//usr/lib64/python2.7/test/test_operator.py&path=//usr/lib64/python2.7/test HTTP/2.0" 200 35437 "-" "Mozilla/5.0 AppleWebKit/537.36 (KHTML, like Gecko; compatible; GPTBot/1.2; +https://openai.com/gptbot)"
74.7.227.59 - - [08/Nov/2025:13:32:53 +0100] "GET /?path=//lib/modules/4.18.0-553.8.1.lve.el8.x86_64/kernel/drivers/misc/eeprom HTTP/2.0" 200 20690 "-" "Mozilla/5.0 AppleWebKit/537.36 (KHTML, like Gecko; compatible; GPTBot/1.2; +https://openai.com/gptbot)"
74.7.227.27 - - [08/Nov/2025:13:32:54 +0100] "GET /?fileloc=//usr/lib64/python2.7/test/test_weakref.pyc&path=//usr/lib64/python2.7/test HTTP/2.0" 200 70579 "-" "Mozilla/5.0 AppleWebKit/537.36 (KHTML, like Gecko; compatible; GPTBot/1.2; +https://openai.com/gptbot)"
37.187.226.30 - - [08/Nov/2025:13:32:54 +0100] "GET /powerlessness-is-not-weakness-marr-treatment/?fileloc=/home/opal/public_html/wp-includes/blocks/page-list-item.php&path=/home/opal/public_html/wp-includes/blocks HTTP/1.1" 200 12904 "-" "Mozilla/5.0 (compatible; MJ12bot/v1.4.8; http://mj12bot.com/)"
74.7.227.163 - - [08/Nov/2025:13:32:54 +0100] "GET /?fileloc=//proc/742680/root/proc/self/root/opt/cloudlinux/alt-php53/root/usr/include/php/main/php_syslog.h&path=//proc/742680/root/proc/self/root/opt/cloudlinux/alt-php53/root/usr/include/php/main HTTP/2.0" 200 14894 "-" "Mozilla/5.0 AppleWebKit/537.36 (KHTML, like Gecko; compatible; GPTBot/1.2; +https://openai.com/gptbot)"
74.7.227.204 - - [08/Nov/2025:13:32:55 +0100] "GET /304310961?detail=0303482142 HTTP/2.0" 200 75282 "-" "Mozilla/5.0 AppleWebKit/537.36 (KHTML, like Gecko; compatible; GPTBot/1.2; +https://openai.com/gptbot)"
74.7.227.59 - - [08/Nov/2025:13:32:55 +0100] "GET /?path=//lib/modules/4.18.0-553.8.1.lve.el8.x86_64/kernel/drivers/usb/storage HTTP/2.0" 200 38259 "-" "Mozilla/5.0 AppleWebKit/537.36 (KHTML, like Gecko; compatible; GPTBot/1.2; +https://openai.com/gptbot)"
74.7.227.163 - - [08/Nov/2025:13:32:56 +0100] "GET /?path=//proc/742680/root/proc/self/root/opt/cloudlinux/alt-php54/root/usr/include/php/main/streams HTTP/2.0" 200 30572 "-" "Mozilla/5.0 AppleWebKit/537.36 (KHTML, like Gecko; compatible; GPTBot/1.2; +https://openai.com/gptbot)"
74.7.227.27 - - [08/Nov/2025:13:32:56 +0100] "GET /?fileloc=//usr/lib64/python2.7/test/test_complex.pyo&path=//usr/lib64/python2.7/test HTTP/2.0" 200 51309 "-" "Mozilla/5.0 AppleWebKit/537.36 (KHTML, like Gecko; compatible; GPTBot/1.2; +https://openai.com/gptbot)"
74.7.227.204 - - [08/Nov/2025:13:32:57 +0100] "GET /795724346?detail=0793556526 HTTP/2.0" 200 75282 "-" "Mozilla/5.0 AppleWebKit/537.36 (KHTML, like Gecko; compatible; GPTBot/1.2; +https://openai.com/gptbot)"
37.187.226.30 - - [08/Nov/2025:13:32:57 +0100] "GET /powerlessness-is-not-weakness-marr-treatment/?fileloc=/home/opal/public_html/wp-includes/blocks/page-list.php&path=/home/opal/public_html/wp-includes/blocks HTTP/1.1" 200 30966 "-" "Mozilla/5.0 (compatible; MJ12bot/v1.4.8; http://mj12bot.com/)"
74.7.227.59 - - [08/Nov/2025:13:32:57 +0100] "GET /?path=//lib/modules/4.18.0-553.8.1.lve.el8.x86_64/kernel/drivers/gpu/drm/vkms HTTP/2.0" 200 14882 "-" "Mozilla/5.0 AppleWebKit/537.36 (KHTML, like Gecko; compatible; GPTBot/1.2; +https://openai.com/gptbot)"
216.73.216.214 - - [08/Nov/2025:13:32:57 +0100] "GET /2025-s-bystroj-registraciej-i-udobnym-interfejsom-208-2/?fileloc=%2F%2Flib%2F.build-id%2Fab%2F806383a17c95288630067094d64cb400f1822d&path=%2F%2Flib%2F.build-id%2Fab HTTP/2.0" 200 71622 "-" "Mozilla/5.0 AppleWebKit/537.36 (KHTML, like Gecko; compatible; ClaudeBot/1.0; +claudebot@anthropic.com)"
66.249.69.133 - - [08/Nov/2025:13:32:58 +0100] "GET /69742448?detail=0069552782 HTTP/1.1" 200 203958 "-" "Mozilla/5.0 (Linux; Android 6.0.1; Nexus 5X Build/MMB29P) AppleWebKit/537.36 (KHTML, like Gecko) Chrome/141.0.7390.122 Mobile Safari/537.36 (compatible; Googlebot/2.1; +http://www.google.com/bot.html)"
216.73.216.214 - - [08/Nov/2025:13:32:58 +0100] "GET /2025-samye-perspektivnye-ploshhadki-dlja-443?fileloc=%2F%2Flib%2F.build-id%2Ff4%2Fd36b532c3ad16f29ebbf4ab0ccb5d341bca0ae&path=%2F%2Flib%2F.build-id%2Ff4 HTTP/2.0" 200 90919 "-" "Mozilla/5.0 AppleWebKit/537.36 (KHTML, like Gecko; compatible; ClaudeBot/1.0; +claudebot@anthropic.com)"
74.7.227.163 - - [08/Nov/2025:13:32:58 +0100] "GET /?path=//proc/742680/root/proc/self/root/opt/cloudlinux/alt-php51/root/usr/include/php/main/streams HTTP/2.0" 200 26225 "-" "Mozilla/5.0 AppleWebKit/537.36 (KHTML, like Gecko; compatible; GPTBot/1.2; +https://openai.com/gptbot)"
74.7.227.204 - - [08/Nov/2025:13:32:59 +0100] "GET /304519930?detail=0303690542 HTTP/2.0" 200 75290 "-" "Mozilla/5.0 AppleWebKit/537.36 (KHTML, like Gecko; compatible; GPTBot/1.2; +https://openai.com/gptbot)"
74.7.227.27 - - [08/Nov/2025:13:32:58 +0100] "GET /?fileloc=//usr/lib64/python2.7/test/test_quopri.pyc&path=//usr/lib64/python2.7/test HTTP/2.0" 200 21071 "-" "Mozilla/5.0 AppleWebKit/537.36 (KHTML, like Gecko; compatible; GPTBot/1.2; +https://openai.com/gptbot)"
216.73.216.214 - - [08/Nov/2025:13:32:59 +0100] "GET /hoe-kansen-ontstaan-van-natuurkunde-tot-vistechniek?fileloc=%2F%2Flib64%2Flibuuid.so.1.3.0&path=%2F%2Flib64 HTTP/2.0" 200 60738 "-" "Mozilla/5.0 AppleWebKit/537.36 (KHTML, like Gecko; compatible; ClaudeBot/1.0; +claudebot@anthropic.com)"
74.7.227.59 - - [08/Nov/2025:13:33:00 +0100] "GET /?path=//lib/modules/4.18.0-553.8.1.lve.el8.x86_64/kernel/drivers/gpu/drm/tiny HTTP/2.0" 200 16547 "-" "Mozilla/5.0 AppleWebKit/537.36 (KHTML, like Gecko; compatible; GPTBot/1.2; +https://openai.com/gptbot)"
216.73.216.214 - - [08/Nov/2025:13:33:00 +0100] "GET /2025-samye-perspektivnye-ploshhadki-dlja-443?path=%2F%2Flib%2Fmodules%2F4.18.0-553.8.1.lve.el8.x86_64%2Fupdates HTTP/2.0" 200 12867 "-" "Mozilla/5.0 AppleWebKit/537.36 (KHTML, like Gecko; compatible; ClaudeBot/1.0; +claudebot@anthropic.com)"
37.187.226.30 - - [08/Nov/2025:13:33:00 +0100] "GET /powerlessness-is-not-weakness-marr-treatment/?fileloc=/home/opal/public_html/wp-includes/blocks/pattern.php&path=/home/opal/public_html/wp-includes/blocks HTTP/1.1" 200 17028 "-" "Mozilla/5.0 (compatible; MJ12bot/v1.4.8; http://mj12bot.com/)"
74.7.227.204 - - [08/Nov/2025:13:33:01 +0100] "GET /304264497?detail=0303435806 HTTP/2.0" 200 75282 "-" "Mozilla/5.0 AppleWebKit/537.36 (KHTML, like Gecko; compatible; GPTBot/1.2; +https://openai.com/gptbot)"
74.7.227.27 - - [08/Nov/2025:13:33:02 +0100] "GET /?fileloc=//usr/lib64/python2.7/test/test_tokenize.py&path=//usr/lib64/python2.7/test HTTP/2.0" 200 47569 "-" "Mozilla/5.0 AppleWebKit/537.36 (KHTML, like Gecko; compatible; GPTBot/1.2; +https://openai.com/gptbot)"
74.7.227.163 - - [08/Nov/2025:13:33:00 +0100] "GET /?path=//proc/742680/root/proc/self/root/opt/cloudlinux/alt-php53/root/usr/include/php/main/streams HTTP/2.0" 200 28023 "-" "Mozilla/5.0 AppleWebKit/537.36 (KHTML, like Gecko; compatible; GPTBot/1.2; +https://openai.com/gptbot)"
216.73.216.214 - - [08/Nov/2025:13:33:02 +0100] "GET /kasyno-internetowe-z-bonusem-bez-depozytu-35?fileloc=%2F%2Flib%2F.build-id%2F16%2Fd4493fc4e4b37064c43edfbd759aec0e454e51&path=%2F%2Flib%2F.build-id%2F16 HTTP/2.0" 200 27333 "-" "Mozilla/5.0 AppleWebKit/537.36 (KHTML, like Gecko; compatible; ClaudeBot/1.0; +claudebot@anthropic.com)"
216.73.216.214 - - [08/Nov/2025:13:33:03 +0100] "GET /?fileloc=%2F%2Fbin%2Fusers&path=%2F%2Fbin HTTP/2.0" 200 68340 "-" "Mozilla/5.0 AppleWebKit/537.36 (KHTML, like Gecko; compatible; ClaudeBot/1.0; +claudebot@anthropic.com)"
74.7.227.59 - - [08/Nov/2025:13:33:03 +0100] "GET /?path=//lib/modules/4.18.0-553.8.1.lve.el8.x86_64/kernel/drivers/isdn/divert HTTP/2.0" 200 13139 "-" "Mozilla/5.0 AppleWebKit/537.36 (KHTML, like Gecko; compatible; GPTBot/1.2; +https://openai.com/gptbot)"
74.7.227.204 - - [08/Nov/2025:13:33:05 +0100] "GET /304483960?detail=0303654670 HTTP/2.0" 200 75282 "-" "Mozilla/5.0 AppleWebKit/537.36 (KHTML, like Gecko; compatible; GPTBot/1.2; +https://openai.com/gptbot)"
37.187.226.30 - - [08/Nov/2025:13:33:05 +0100] "GET /powerlessness-is-not-weakness-marr-treatment/?fileloc=/home/opal/public_html/wp-includes/blocks/post-author-biography.php&path=/home/opal/public_html/wp-includes/blocks HTTP/1.1" 200 14258 "-" "Mozilla/5.0 (compatible; MJ12bot/v1.4.8; http://mj12bot.com/)"
74.7.227.163 - - [08/Nov/2025:13:33:05 +0100] "GET /?path=//proc/742680/root/proc/self/root/opt/cloudlinux/alt-php56/root/usr/include/php/ext/hash HTTP/2.0" 200 36416 "-" "Mozilla/5.0 AppleWebKit/537.36 (KHTML, like Gecko; compatible; GPTBot/1.2; +https://openai.com/gptbot)"
74.7.227.27 - - [08/Nov/2025:13:33:05 +0100] "GET /?fileloc=//usr/lib64/python2.7/test/test_augassign.pyc&path=//usr/lib64/python2.7/test HTTP/2.0" 200 26840 "-" "Mozilla/5.0 AppleWebKit/537.36 (KHTML, like Gecko; compatible; GPTBot/1.2; +https://openai.com/gptbot)"
216.73.216.214 - - [08/Nov/2025:13:33:05 +0100] "GET /hoe-kansen-ontstaan-van-natuurkunde-tot-vistechniek?fileloc=%2F%2Flib64%2Flibudev.so.1.6.11&path=%2F%2Flib64 HTTP/2.0" 200 1055097 "-" "Mozilla/5.0 AppleWebKit/537.36 (KHTML, like Gecko; compatible; ClaudeBot/1.0; +claudebot@anthropic.com)"
216.73.216.214 - - [08/Nov/2025:13:33:05 +0100] "GET /?fileloc=%2F%2Fbin%2Ftouch&path=%2F%2Fbin HTTP/2.0" 200 160455 "-" "Mozilla/5.0 AppleWebKit/537.36 (KHTML, like Gecko; compatible; ClaudeBot/1.0; +claudebot@anthropic.com)"
74.7.227.59 - - [08/Nov/2025:13:33:07 +0100] "GET /?path=//lib/modules/4.18.0-553.8.1.lve.el8.x86_64/kernel/drivers/i2c/busses HTTP/2.0" 200 54289 "-" "Mozilla/5.0 AppleWebKit/537.36 (KHTML, like Gecko; compatible; GPTBot/1.2; +https://openai.com/gptbot)"
74.7.227.204 - - [08/Nov/2025:13:33:07 +0100] "GET /304501527?detail=0303672190 HTTP/2.0" 200 75282 "-" "Mozilla/5.0 AppleWebKit/537.36 (KHTML, like Gecko; compatible; GPTBot/1.2; +https://openai.com/gptbot)"
74.7.227.163 - - [08/Nov/2025:13:33:08 +0100] "GET /?path=//proc/742680/root/proc/self/root/opt/cloudlinux/alt-php56/root/usr/include/php/ext/pcre HTTP/2.0" 200 15464 "-" "Mozilla/5.0 AppleWebKit/537.36 (KHTML, like Gecko; compatible; GPTBot/1.2; +https://openai.com/gptbot)"
74.7.227.27 - - [08/Nov/2025:13:33:08 +0100] "GET /?fileloc=//usr/lib64/python2.7/test/test_dictviews.pyo&path=//usr/lib64/python2.7/test HTTP/2.0" 200 22999 "-" "Mozilla/5.0 AppleWebKit/537.36 (KHTML, like Gecko; compatible; GPTBot/1.2; +https://openai.com/gptbot)"
37.187.226.30 - - [08/Nov/2025:13:33:09 +0100] "GET /powerlessness-is-not-weakness-marr-treatment/?fileloc=/home/opal/public_html/wp-includes/blocks/post-author-name.php&path=/home/opal/public_html/wp-includes/blocks HTTP/1.1" 200 14864 "-" "Mozilla/5.0 (compatible; MJ12bot/v1.4.8; http://mj12bot.com/)"
66.249.75.162 - - [08/Nov/2025:13:33:09 +0100] "GET /pages.php?universal220011031.html HTTP/1.1" 200 557438 "-" "Mozilla/5.0 (Linux; Android 6.0.1; Nexus 5X Build/MMB29P) AppleWebKit/537.36 (KHTML, like Gecko) Chrome/141.0.7390.122 Mobile Safari/537.36 (compatible; Googlebot/2.1; +http://www.google.com/bot.html)"
216.73.216.214 - - [08/Nov/2025:13:33:09 +0100] "GET /2025-s-bystroj-registraciej-i-udobnym-interfejsom-208-2/?fileloc=%2F%2Flib%2F.build-id%2F39%2F9791e165b4bc41306e154aa12065a73eb86830&path=%2F%2Flib%2F.build-id%2F39 HTTP/2.0" 200 200311 "-" "Mozilla/5.0 AppleWebKit/537.36 (KHTML, like Gecko; compatible; ClaudeBot/1.0; +claudebot@anthropic.com)"
216.73.216.214 - - [08/Nov/2025:13:33:09 +0100] "GET /kasyno-internetowe-z-bonusem-bez-depozytu-35?fileloc=%2F%2Flib%2Fgrub%2Fi386-pc%2Fparttool.lst&path=%2F%2Flib%2Fgrub%2Fi386-pc HTTP/2.0" 200 12353 "-" "Mozilla/5.0 AppleWebKit/537.36 (KHTML, like Gecko; compatible; ClaudeBot/1.0; +claudebot@anthropic.com)"
74.7.227.59 - - [08/Nov/2025:13:33:10 +0100] "GET /?path=//lib/modules/4.18.0-553.8.1.lve.el8.x86_64/kernel/drivers/scsi/libsas HTTP/2.0" 200 14798 "-" "Mozilla/5.0 AppleWebKit/537.36 (KHTML, like Gecko; compatible; GPTBot/1.2; +https://openai.com/gptbot)"
74.7.227.204 - - [08/Nov/2025:13:33:10 +0100] "GET /304361770?detail=0303532814 HTTP/2.0" 200 75282 "-" "Mozilla/5.0 AppleWebKit/537.36 (KHTML, like Gecko; compatible; GPTBot/1.2; +https://openai.com/gptbot)"
74.7.227.163 - - [08/Nov/2025:13:33:10 +0100] "GET /?path=//proc/742680/root/proc/self/root/opt/cloudlinux/alt-php56/root/usr/include/php/ext/ereg HTTP/2.0" 200 18727 "-" "Mozilla/5.0 AppleWebKit/537.36 (KHTML, like Gecko; compatible; GPTBot/1.2; +https://openai.com/gptbot)"
74.7.227.27 - - [08/Nov/2025:13:33:10 +0100] "GET /?fileloc=//usr/lib64/python2.7/test/test_textwrap.pyo&path=//usr/lib64/python2.7/test HTTP/2.0" 200 35406 "-" "Mozilla/5.0 AppleWebKit/537.36 (KHTML, like Gecko; compatible; GPTBot/1.2; +https://openai.com/gptbot)"
74.7.230.16 - - [08/Nov/2025:13:33:14 +0100] "GET /robots.txt HTTP/2.0" 428 11484 "-" "Mozilla/5.0 (Macintosh; Intel Mac OS X 10_15_7) AppleWebKit/537.36 (KHTML, like Gecko) Chrome/131.0.0.0 Safari/537.36; compatible; OAI-SearchBot/1.0; robots.txt; +https://openai.com/searchbot"
216.73.216.214 - - [08/Nov/2025:13:33:12 +0100] "GET /?fileloc=%2F%2Fbin%2Fmktemp&path=%2F%2Fbin HTTP/2.0" 200 80411 "-" "Mozilla/5.0 AppleWebKit/537.36 (KHTML, like Gecko; compatible; ClaudeBot/1.0; +claudebot@anthropic.com)"
37.187.226.30 - - [08/Nov/2025:13:33:12 +0100] "GET /powerlessness-is-not-weakness-marr-treatment/?fileloc=/home/opal/public_html/wp-includes/blocks/post-author.php&path=/home/opal/public_html/wp-includes/blocks HTTP/1.1" 200 15982 "-" "Mozilla/5.0 (compatible; MJ12bot/v1.4.8; http://mj12bot.com/)"
74.7.227.168 - - [08/Nov/2025:13:33:12 +0100] "GET /?fileloc=//usr/lib64/python2.7/ctypes/test/test_wintypes.pyo&path=//usr/lib64/python2.7/ctypes/test HTTP/2.0" 200 14221 "-" "Mozilla/5.0 AppleWebKit/537.36 (KHTML, like Gecko; compatible; GPTBot/1.2; +https://openai.com/gptbot)"
216.73.216.214 - - [08/Nov/2025:13:33:12 +0100] "GET /2025-samye-perspektivnye-ploshhadki-dlja-443?path=%2F%2Flib%2Ffirmware%2Fmatrox HTTP/2.0" 200 15670 "-" "Mozilla/5.0 AppleWebKit/537.36 (KHTML, like Gecko; compatible; ClaudeBot/1.0; +claudebot@anthropic.com)"
66.249.75.163 - - [08/Nov/2025:13:33:12 +0100] "GET /cool011010008.html?fileloc=/home/opal/public_html/wp-admin/widgets-form-blocks.php?search/ HTTP/1.1" 200 222973 "-" "Mozilla/5.0 (Linux; Android 6.0.1; Nexus 5X Build/MMB29P) AppleWebKit/537.36 (KHTML, like Gecko) Chrome/141.0.7390.122 Mobile Safari/537.36 (compatible; GoogleOther)"
74.7.227.204 - - [08/Nov/2025:13:33:13 +0100] "GET /304503967?detail=0303674622 HTTP/2.0" 200 75282 "-" "Mozilla/5.0 AppleWebKit/537.36 (KHTML, like Gecko; compatible; GPTBot/1.2; +https://openai.com/gptbot)"
74.7.227.163 - - [08/Nov/2025:13:33:14 +0100] "GET /?path=//proc/742680/root/proc/self/root/opt/cloudlinux/alt-php56/root/usr/include/php/ext/phar HTTP/2.0" 200 15464 "-" "Mozilla/5.0 AppleWebKit/537.36 (KHTML, like Gecko; compatible; GPTBot/1.2; +https://openai.com/gptbot)"
74.7.227.27 - - [08/Nov/2025:13:33:14 +0100] "GET /?fileloc=//usr/lib64/python2.7/test/pydocfodder.py&path=//usr/lib64/python2.7/test HTTP/2.0" 200 19719 "-" "Mozilla/5.0 AppleWebKit/537.36 (KHTML, like Gecko; compatible; GPTBot/1.2; +https://openai.com/gptbot)"
74.7.227.59 - - [08/Nov/2025:13:33:14 +0100] "GET /?path=//lib/modules/4.18.0-553.8.1.lve.el8.x86_64/kernel/drivers/media/radio HTTP/2.0" 200 14802 "-" "Mozilla/5.0 AppleWebKit/537.36 (KHTML, like Gecko; compatible; GPTBot/1.2; +https://openai.com/gptbot)"
216.73.216.214 - - [08/Nov/2025:13:33:14 +0100] "GET /hoe-kansen-ontstaan-van-natuurkunde-tot-vistechniek?fileloc=%2F%2Flib64%2Flibbrotlicommon.so.1.0.6&path=%2F%2Flib64 HTTP/2.0" 200 160779 "-" "Mozilla/5.0 AppleWebKit/537.36 (KHTML, like Gecko; compatible; ClaudeBot/1.0; +claudebot@anthropic.com)"
216.73.216.214 - - [08/Nov/2025:13:33:15 +0100] "GET /hoe-kansen-ontstaan-van-natuurkunde-tot-vistechniek?fileloc=%2F%2Flib64%2Flibjasper.so.4.0.0&path=%2F%2Flib64 HTTP/2.0" 200 575540 "-" "Mozilla/5.0 AppleWebKit/537.36 (KHTML, like Gecko; compatible; ClaudeBot/1.0; +claudebot@anthropic.com)"
74.7.227.204 - - [08/Nov/2025:13:33:16 +0100] "GET /795745925?detail=0793578046 HTTP/2.0" 200 75282 "-" "Mozilla/5.0 AppleWebKit/537.36 (KHTML, like Gecko; compatible; GPTBot/1.2; +https://openai.com/gptbot)"
37.187.226.30 - - [08/Nov/2025:13:33:16 +0100] "GET /powerlessness-is-not-weakness-marr-treatment/?fileloc=/home/opal/public_html/wp-includes/blocks/post-comments-form.php&path=/home/opal/public_html/wp-includes/blocks HTTP/1.1" 200 15776 "-" "Mozilla/5.0 (compatible; MJ12bot/v1.4.8; http://mj12bot.com/)"
74.7.227.163 - - [08/Nov/2025:13:33:16 +0100] "GET /?path=//proc/742680/root/proc/self/root/opt/cloudlinux/alt-php56/root/usr/include/php/ext/date HTTP/2.0" 200 16993 "-" "Mozilla/5.0 AppleWebKit/537.36 (KHTML, like Gecko; compatible; GPTBot/1.2; +https://openai.com/gptbot)"
74.7.227.27 - - [08/Nov/2025:13:33:17 +0100] "GET /?fileloc=//usr/lib64/python2.7/test/test_linuxaudiodev.pyo&path=//usr/lib64/python2.7/test HTTP/2.0" 200 16370 "-" "Mozilla/5.0 AppleWebKit/537.36 (KHTML, like Gecko; compatible; GPTBot/1.2; +https://openai.com/gptbot)"
74.7.227.59 - - [08/Nov/2025:13:33:18 +0100] "GET /?path=//lib/modules/4.18.0-553.8.1.lve.el8.x86_64/kernel/drivers/tty/serial/jsm HTTP/2.0" 200 14893 "-" "Mozilla/5.0 AppleWebKit/537.36 (KHTML, like Gecko; compatible; GPTBot/1.2; +https://openai.com/gptbot)"
216.73.216.214 - - [08/Nov/2025:13:33:18 +0100] "GET /2025-samye-perspektivnye-ploshhadki-dlja-443?fileloc=%2F%2Fusr%2Fbin%2Fzipsplit&path=%2F%2Fusr%2Fbin HTTP/2.0" 200 161506 "-" "Mozilla/5.0 AppleWebKit/537.36 (KHTML, like Gecko; compatible; ClaudeBot/1.0; +claudebot@anthropic.com)"
74.7.227.204 - - [08/Nov/2025:13:33:18 +0100] "GET /795789981?detail=0793621982 HTTP/2.0" 200 75282 "-" "Mozilla/5.0 AppleWebKit/537.36 (KHTML, like Gecko; compatible; GPTBot/1.2; +https://openai.com/gptbot)"
74.7.227.163 - - [08/Nov/2025:13:33:19 +0100] "GET /?path=//proc/742680/root/proc/self/root/opt/cloudlinux/alt-php56/root/usr/include/php/ext/apcu HTTP/2.0" 200 27596 "-" "Mozilla/5.0 AppleWebKit/537.36 (KHTML, like Gecko; compatible; GPTBot/1.2; +https://openai.com/gptbot)"
216.73.216.214 - - [08/Nov/2025:13:33:18 +0100] "GET /hoe-kansen-ontstaan-van-natuurkunde-tot-vistechniek?fileloc=%2F%2Flib64%2FlibIlmImf-2_2.so.22.0.0&path=%2F%2Flib64 HTTP/2.0" 200 4845686 "-" "Mozilla/5.0 AppleWebKit/537.36 (KHTML, like Gecko; compatible; ClaudeBot/1.0; +claudebot@anthropic.com)"
74.7.227.27 - - [08/Nov/2025:13:33:20 +0100] "GET /?fileloc=//usr/lib64/python2.7/test/test_source_encoding.py&path=//usr/lib64/python2.7/test HTTP/2.0" 200 22153 "-" "Mozilla/5.0 AppleWebKit/537.36 (KHTML, like Gecko; compatible; GPTBot/1.2; +https://openai.com/gptbot)"
37.187.226.30 - - [08/Nov/2025:13:33:20 +0100] "GET /powerlessness-is-not-weakness-marr-treatment/?fileloc=/home/opal/public_html/wp-includes/blocks/post-content.php&path=/home/opal/public_html/wp-includes/blocks HTTP/1.1" 200 14919 "-" "Mozilla/5.0 (compatible; MJ12bot/v1.4.8; http://mj12bot.com/)"
74.7.227.59 - - [08/Nov/2025:13:33:21 +0100] "GET /?path=//lib/modules/4.18.0-553.8.1.lve.el8.x86_64/kernel/drivers/media/usb/b2c2 HTTP/2.0" 200 14945 "-" "Mozilla/5.0 AppleWebKit/537.36 (KHTML, like Gecko; compatible; GPTBot/1.2; +https://openai.com/gptbot)"
216.73.216.214 - - [08/Nov/2025:13:33:21 +0100] "GET /hoe-kansen-ontstaan-van-natuurkunde-tot-vistechniek?fileloc=%2F%2Flib64%2Flibjpeg.so.62.2.0&path=%2F%2Flib64 HTTP/2.0" 200 630262 "-" "Mozilla/5.0 AppleWebKit/537.36 (KHTML, like Gecko; compatible; ClaudeBot/1.0; +claudebot@anthropic.com)"
74.7.227.163 - - [08/Nov/2025:13:33:22 +0100] "GET /?path=//proc/742680/root/proc/self/root/opt/cloudlinux/alt-php56/root/usr/include/php/ext/curl HTTP/2.0" 200 15464 "-" "Mozilla/5.0 AppleWebKit/537.36 (KHTML, like Gecko; compatible; GPTBot/1.2; +https://openai.com/gptbot)"
74.7.227.204 - - [08/Nov/2025:13:33:22 +0100] "GET /795522017?detail=0793354750 HTTP/2.0" 200 75282 "-" "Mozilla/5.0 AppleWebKit/537.36 (KHTML, like Gecko; compatible; GPTBot/1.2; +https://openai.com/gptbot)"
74.7.227.27 - - [08/Nov/2025:13:33:22 +0100] "GET /?fileloc=//usr/lib64/python2.7/test/double_const.py&path=//usr/lib64/python2.7/test HTTP/2.0" 200 13679 "-" "Mozilla/5.0 AppleWebKit/537.36 (KHTML, like Gecko; compatible; GPTBot/1.2; +https://openai.com/gptbot)"
216.73.216.214 - - [08/Nov/2025:13:33:22 +0100] "GET /kasyno-internetowe-z-bonusem-bez-depozytu-35?fileloc=%2F%2Flib%2F.build-id%2F1d%2Fce1f021c143623e2781c80ffe38213d063f372&path=%2F%2Flib%2F.build-id%2F1d HTTP/2.0" 200 77042 "-" "Mozilla/5.0 AppleWebKit/537.36 (KHTML, like Gecko; compatible; ClaudeBot/1.0; +claudebot@anthropic.com)"
74.7.227.163 - - [08/Nov/2025:13:33:24 +0100] "GET /?path=//proc/742680/root/proc/self/root/opt/cloudlinux/alt-php56/root/usr/include/php/ext/dom HTTP/2.0" 200 18015 "-" "Mozilla/5.0 AppleWebKit/537.36 (KHTML, like Gecko; compatible; GPTBot/1.2; +https://openai.com/gptbot)"
37.187.226.30 - - [08/Nov/2025:13:33:24 +0100] "GET /powerlessness-is-not-weakness-marr-treatment/?fileloc=/home/opal/public_html/wp-includes/blocks/post-date.php&path=/home/opal/public_html/wp-includes/blocks HTTP/1.1" 200 16238 "-" "Mozilla/5.0 (compatible; MJ12bot/v1.4.8; http://mj12bot.com/)"
216.73.216.214 - - [08/Nov/2025:13:33:24 +0100] "GET /2025-s-bystroj-registraciej-i-udobnym-interfejsom-208-2/?path=%2F%2Flib%2F.build-id%2F54 HTTP/2.0" 200 39176 "-" "Mozilla/5.0 AppleWebKit/537.36 (KHTML, like Gecko; compatible; ClaudeBot/1.0; +claudebot@anthropic.com)"
74.7.227.59 - - [08/Nov/2025:13:33:24 +0100] "GET /?path=//lib/modules/4.18.0-553.8.1.lve.el8.x86_64/kernel/drivers/usb/serial HTTP/2.0" 200 91233 "-" "Mozilla/5.0 AppleWebKit/537.36 (KHTML, like Gecko; compatible; GPTBot/1.2; +https://openai.com/gptbot)"
74.7.227.204 - - [08/Nov/2025:13:33:25 +0100] "GET /795847786?detail=0793679630 HTTP/2.0" 200 75282 "-" "Mozilla/5.0 AppleWebKit/537.36 (KHTML, like Gecko; compatible; GPTBot/1.2; +https://openai.com/gptbot)"
216.73.216.214 - - [08/Nov/2025:13:33:26 +0100] "GET /hoe-kansen-ontstaan-van-natuurkunde-tot-vistechniek?fileloc=%2F%2Flib64%2Flibwmf-0.2.so.7.1.1&path=%2F%2Flib64 HTTP/2.0" 200 493076 "-" "Mozilla/5.0 AppleWebKit/537.36 (KHTML, like Gecko; compatible; ClaudeBot/1.0; +claudebot@anthropic.com)"
66.249.69.133 - - [08/Nov/2025:13:33:27 +0100] "GET /69739754?detail=0069550094 HTTP/1.1" 200 202144 "-" "Mozilla/5.0 (Linux; Android 6.0.1; Nexus 5X Build/MMB29P) AppleWebKit/537.36 (KHTML, like Gecko) Chrome/141.0.7390.122 Mobile Safari/537.36 (compatible; Googlebot/2.1; +http://www.google.com/bot.html)"
74.7.227.27 - - [08/Nov/2025:13:33:25 +0100] "GET /?fileloc=//usr/lib64/python2.7/test/test_frozen.pyc&path=//usr/lib64/python2.7/test HTTP/2.0" 200 14057 "-" "Mozilla/5.0 AppleWebKit/537.36 (KHTML, like Gecko; compatible; GPTBot/1.2; +https://openai.com/gptbot)"
74.7.227.163 - - [08/Nov/2025:13:33:27 +0100] "GET /?path=//proc/742680/root/proc/self/root/opt/cloudlinux/alt-php56/root/usr/include/php/ext/gd HTTP/2.0" 200 20403 "-" "Mozilla/5.0 AppleWebKit/537.36 (KHTML, like Gecko; compatible; GPTBot/1.2; +https://openai.com/gptbot)"
216.73.216.214 - - [08/Nov/2025:13:33:27 +0100] "GET /kasyno-internetowe-z-bonusem-bez-depozytu-35?fileloc=%2F%2Flib64%2Fgconv%2FCP1250.so&path=%2F%2Flib64%2Fgconv HTTP/2.0" 200 28142 "-" "Mozilla/5.0 AppleWebKit/537.36 (KHTML, like Gecko; compatible; ClaudeBot/1.0; +claudebot@anthropic.com)"
74.7.227.204 - - [08/Nov/2025:13:33:28 +0100] "GET /795699461?detail=0793531710 HTTP/2.0" 200 77831 "-" "Mozilla/5.0 AppleWebKit/537.36 (KHTML, like Gecko; compatible; GPTBot/1.2; +https://openai.com/gptbot)"
37.187.226.30 - - [08/Nov/2025:13:33:28 +0100] "GET /powerlessness-is-not-weakness-marr-treatment/?fileloc=/home/opal/public_html/wp-includes/blocks/post-excerpt.php&path=/home/opal/public_html/wp-includes/blocks HTTP/1.1" 200 16488 "-" "Mozilla/5.0 (compatible; MJ12bot/v1.4.8; http://mj12bot.com/)"
74.7.227.59 - - [08/Nov/2025:13:33:28 +0100] "GET /?path=//lib/modules/4.18.0-553.8.1.lve.el8.x86_64/kernel/drivers/media/pci/pt1 HTTP/2.0" 200 14911 "-" "Mozilla/5.0 AppleWebKit/537.36 (KHTML, like Gecko; compatible; GPTBot/1.2; +https://openai.com/gptbot)"
74.7.227.163 - - [08/Nov/2025:13:33:30 +0100] "GET /?path=//proc/742680/root/proc/self/root/opt/cloudlinux/alt-php56/root/usr/include/php/ext/spl HTTP/2.0" 200 32777 "-" "Mozilla/5.0 AppleWebKit/537.36 (KHTML, like Gecko; compatible; GPTBot/1.2; +https://openai.com/gptbot)"
74.7.227.27 - - [08/Nov/2025:13:33:29 +0100] "GET /?fileloc=//usr/lib64/python2.7/test/test_imageop.pyo&path=//usr/lib64/python2.7/test HTTP/2.0" 200 18101 "-" "Mozilla/5.0 AppleWebKit/537.36 (KHTML, like Gecko; compatible; GPTBot/1.2; +https://openai.com/gptbot)"
216.73.216.214 - - [08/Nov/2025:13:33:30 +0100] "GET /2025-samye-perspektivnye-ploshhadki-dlja-443?fileloc=%2F%2Flib%2Ffirmware%2FTAS2XXX8DE90.bin&path=%2F%2Flib%2Ffirmware HTTP/2.0" 200 88534 "-" "Mozilla/5.0 AppleWebKit/537.36 (KHTML, like Gecko; compatible; ClaudeBot/1.0; +claudebot@anthropic.com)"
216.73.216.214 - - [08/Nov/2025:13:33:30 +0100] "GET /kasyno-internetowe-z-bonusem-bez-depozytu-35?fileloc=%2F%2Flib%2F.build-id%2F1d%2F9c302734e96900a9f2b992a04dd7c137e67f99&path=%2F%2Flib%2F.build-id%2F1d HTTP/2.0" 200 54465 "-" "Mozilla/5.0 AppleWebKit/537.36 (KHTML, like Gecko; compatible; ClaudeBot/1.0; +claudebot@anthropic.com)"
74.7.227.204 - - [08/Nov/2025:13:33:31 +0100] "GET /304394276?detail=0303565230 HTTP/2.0" 200 75282 "-" "Mozilla/5.0 AppleWebKit/537.36 (KHTML, like Gecko; compatible; GPTBot/1.2; +https://openai.com/gptbot)"
74.7.227.27 - - [08/Nov/2025:13:33:32 +0100] "GET /?fileloc=//usr/lib64/python2.7/test/test_fpformat.pyc&path=//usr/lib64/python2.7/test HTTP/2.0" 200 18314 "-" "Mozilla/5.0 AppleWebKit/537.36 (KHTML, like Gecko; compatible; GPTBot/1.2; +https://openai.com/gptbot)"
74.7.227.163 - - [08/Nov/2025:13:33:32 +0100] "GET /?path=//proc/742680/root/proc/self/root/opt/cloudlinux/alt-php53/root/usr/include/php/ext HTTP/2.0" 200 48626 "-" "Mozilla/5.0 AppleWebKit/537.36 (KHTML, like Gecko; compatible; GPTBot/1.2; +https://openai.com/gptbot)"
74.7.227.59 - - [08/Nov/2025:13:33:33 +0100] "GET /?path=//lib/modules/4.18.0-553.8.1.lve.el8.x86_64/kernel/drivers/media/pci/cx88 HTTP/2.0" 200 25860 "-" "Mozilla/5.0 AppleWebKit/537.36 (KHTML, like Gecko; compatible; GPTBot/1.2; +https://openai.com/gptbot)"
74.7.227.168 - - [08/Nov/2025:13:33:32 +0100] "GET /?fileloc=//usr/lib64/python2.7/test/test_collections.pyo&path=//usr/lib64/python2.7/test HTTP/2.0" 200 60935 "-" "Mozilla/5.0 AppleWebKit/537.36 (KHTML, like Gecko; compatible; GPTBot/1.2; +https://openai.com/gptbot)"
216.73.216.214 - - [08/Nov/2025:13:33:33 +0100] "GET /hoe-kansen-ontstaan-van-natuurkunde-tot-vistechniek?fileloc=%2F%2Flib64%2Flibsz.so.2.0.1&path=%2F%2Flib64 HTTP/2.0" 200 26695 "-" "Mozilla/5.0 AppleWebKit/537.36 (KHTML, like Gecko; compatible; ClaudeBot/1.0; +claudebot@anthropic.com)"
216.73.216.214 - - [08/Nov/2025:13:33:33 +0100] "GET /hoe-kansen-ontstaan-van-natuurkunde-tot-vistechniek?fileloc=%2F%2Flib64%2Flibestr.so.0.0.0&path=%2F%2Flib64 HTTP/2.0" 200 34082 "-" "Mozilla/5.0 AppleWebKit/537.36 (KHTML, like Gecko; compatible; ClaudeBot/1.0; +claudebot@anthropic.com)"
37.187.226.30 - - [08/Nov/2025:13:33:33 +0100] "GET /powerlessness-is-not-weakness-marr-treatment/?fileloc=/home/opal/public_html/wp-includes/blocks/post-featured-image.php&path=/home/opal/public_html/wp-includes/blocks HTTP/1.1" 200 23637 "-" "Mozilla/5.0 (compatible; MJ12bot/v1.4.8; http://mj12bot.com/)"
74.7.227.204 - - [08/Nov/2025:13:33:34 +0100] "GET /795759337?detail=0793591422 HTTP/2.0" 200 75282 "-" "Mozilla/5.0 AppleWebKit/537.36 (KHTML, like Gecko; compatible; GPTBot/1.2; +https://openai.com/gptbot)"
66.249.75.162 - - [08/Nov/2025:13:33:34 +0100] "GET /carry092030399.html HTTP/1.1" 200 203233 "-" "Mozilla/5.0 (Linux; Android 6.0.1; Nexus 5X Build/MMB29P) AppleWebKit/537.36 (KHTML, like Gecko) Chrome/141.0.7390.122 Mobile Safari/537.36 (compatible; Googlebot/2.1; +http://www.google.com/bot.html)"
74.7.227.27 - - [08/Nov/2025:13:33:34 +0100] "GET /?fileloc=//usr/lib64/python2.7/test/time_hashlib.pyc&path=//usr/lib64/python2.7/test HTTP/2.0" 200 15911 "-" "Mozilla/5.0 AppleWebKit/537.36 (KHTML, like Gecko; compatible; GPTBot/1.2; +https://openai.com/gptbot)"
74.7.227.163 - - [08/Nov/2025:13:33:34 +0100] "GET /?path=//proc/742680/root/proc/self/root/opt/cloudlinux/alt-php54/root/usr/include/php/ext HTTP/2.0" 200 47100 "-" "Mozilla/5.0 AppleWebKit/537.36 (KHTML, like Gecko; compatible; GPTBot/1.2; +https://openai.com/gptbot)"
74.7.227.59 - - [08/Nov/2025:13:33:35 +0100] "GET /?path=//lib/modules/4.18.0-553.8.1.lve.el8.x86_64/kernel/drivers/bus/mhi/host HTTP/2.0" 200 16575 "-" "Mozilla/5.0 AppleWebKit/537.36 (KHTML, like Gecko; compatible; GPTBot/1.2; +https://openai.com/gptbot)"
216.73.216.214 - - [08/Nov/2025:13:33:36 +0100] "GET /kasyno-internetowe-z-bonusem-bez-depozytu-35?fileloc=%2F%2Flib%2F.build-id%2F67%2Fd906df5b435149a5501f775c968977a7052d05&path=%2F%2Flib%2F.build-id%2F67 HTTP/2.0" 200 12367 "-" "Mozilla/5.0 AppleWebKit/537.36 (KHTML, like Gecko; compatible; ClaudeBot/1.0; +claudebot@anthropic.com)"
216.73.216.214 - - [08/Nov/2025:13:33:36 +0100] "GET /hoe-kansen-ontstaan-van-natuurkunde-tot-vistechniek?fileloc=%2F%2Flib64%2Flibharfbuzz.so.0&path=%2F%2Flib64 HTTP/2.0" 200 1077663 "-" "Mozilla/5.0 AppleWebKit/537.36 (KHTML, like Gecko; compatible; ClaudeBot/1.0; +claudebot@anthropic.com)"
74.7.227.204 - - [08/Nov/2025:13:33:37 +0100] "GET /304349883?detail=0303520958 HTTP/2.0" 200 75282 "-" "Mozilla/5.0 AppleWebKit/537.36 (KHTML, like Gecko; compatible; GPTBot/1.2; +https://openai.com/gptbot)"
74.7.227.27 - - [08/Nov/2025:13:33:38 +0100] "GET /?fileloc=//usr/lib64/python2.7/test/test_pkgimport.pyc&path=//usr/lib64/python2.7/test HTTP/2.0" 200 16045 "-" "Mozilla/5.0 AppleWebKit/537.36 (KHTML, like Gecko; compatible; GPTBot/1.2; +https://openai.com/gptbot)"
74.7.227.163 - - [08/Nov/2025:13:33:38 +0100] "GET /?path=//proc/742680/root/proc/self/root/opt/cloudlinux/alt-php51/root/usr/include/php/regex HTTP/2.0" 200 23850 "-" "Mozilla/5.0 AppleWebKit/537.36 (KHTML, like Gecko; compatible; GPTBot/1.2; +https://openai.com/gptbot)"
37.187.226.30 - - [08/Nov/2025:13:33:38 +0100] "GET /powerlessness-is-not-weakness-marr-treatment/?fileloc=/home/opal/public_html/wp-includes/blocks/post-navigation-link.php&path=/home/opal/public_html/wp-includes/blocks HTTP/1.1" 200 18389 "-" "Mozilla/5.0 (compatible; MJ12bot/v1.4.8; http://mj12bot.com/)"
216.73.216.214 - - [08/Nov/2025:13:33:39 +0100] "GET /hoe-kansen-ontstaan-van-natuurkunde-tot-vistechniek?fileloc=%2F%2Flib64%2Flibnet.so.1.7.0&path=%2F%2Flib64 HTTP/2.0" 200 186578 "-" "Mozilla/5.0 AppleWebKit/537.36 (KHTML, like Gecko; compatible; ClaudeBot/1.0; +claudebot@anthropic.com)"
74.7.227.59 - - [08/Nov/2025:13:33:40 +0100] "GET /?fileloc=//usr/lib64/libhdf5_hl_cpp.so.100&path=//usr/lib64 HTTP/2.0" 200 32384 "-" "Mozilla/5.0 AppleWebKit/537.36 (KHTML, like Gecko; compatible; GPTBot/1.2; +https://openai.com/gptbot)"
74.7.227.204 - - [08/Nov/2025:13:33:40 +0100] "GET /304286398?detail=0303457646 HTTP/2.0" 200 77831 "-" "Mozilla/5.0 AppleWebKit/537.36 (KHTML, like Gecko; compatible; GPTBot/1.2; +https://openai.com/gptbot)"
216.73.216.214 - - [08/Nov/2025:13:33:40 +0100] "GET /hoe-kansen-ontstaan-van-natuurkunde-tot-vistechniek?fileloc=%2F%2Flib64%2Flibip6tc.so.2.0.0&path=%2F%2Flib64 HTTP/2.0" 200 57546 "-" "Mozilla/5.0 AppleWebKit/537.36 (KHTML, like Gecko; compatible; ClaudeBot/1.0; +claudebot@anthropic.com)"
74.7.227.27 - - [08/Nov/2025:13:33:41 +0100] "GET /?fileloc=//usr/lib64/python2.7/test/test_modulefinder.pyo&path=//usr/lib64/python2.7/test HTTP/2.0" 200 21003 "-" "Mozilla/5.0 AppleWebKit/537.36 (KHTML, like Gecko; compatible; GPTBot/1.2; +https://openai.com/gptbot)"
74.7.227.163 - - [08/Nov/2025:13:33:41 +0100] "GET /?path=//proc/742680/root/proc/self/root/opt/cloudlinux/alt-php74/root/usr/include/php/sapi HTTP/2.0" 200 15147 "-" "Mozilla/5.0 AppleWebKit/537.36 (KHTML, like Gecko; compatible; GPTBot/1.2; +https://openai.com/gptbot)"
216.73.216.214 - - [08/Nov/2025:13:33:42 +0100] "GET /2025-s-bystroj-registraciej-i-udobnym-interfejsom-208-2/?path=%2F%2Flib%2F.build-id%2F59 HTTP/2.0" 200 32950 "-" "Mozilla/5.0 AppleWebKit/537.36 (KHTML, like Gecko; compatible; ClaudeBot/1.0; +claudebot@anthropic.com)"
37.187.226.30 - - [08/Nov/2025:13:33:42 +0100] "GET /powerlessness-is-not-weakness-marr-treatment/?fileloc=/home/opal/public_html/wp-includes/blocks/post-template.php&path=/home/opal/public_html/wp-includes/blocks HTTP/1.1" 200 19150 "-" "Mozilla/5.0 (compatible; MJ12bot/v1.4.8; http://mj12bot.com/)"
66.249.69.133 - - [08/Nov/2025:13:33:42 +0100] "GET /sequence185005084.html HTTP/1.1" 200 199074 "-" "Mozilla/5.0 (Linux; Android 6.0.1; Nexus 5X Build/MMB29P) AppleWebKit/537.36 (KHTML, like Gecko) Chrome/141.0.7390.122 Mobile Safari/537.36 (compatible; Googlebot/2.1; +http://www.google.com/bot.html)"
74.7.227.204 - - [08/Nov/2025:13:33:43 +0100] "GET /795635976?detail=0793468398 HTTP/2.0" 200 75282 "-" "Mozilla/5.0 AppleWebKit/537.36 (KHTML, like Gecko; compatible; GPTBot/1.2; +https://openai.com/gptbot)"
74.7.227.27 - - [08/Nov/2025:13:33:43 +0100] "GET /?fileloc=//usr/lib64/python2.7/test/test_dictviews.pyc&path=//usr/lib64/python2.7/test HTTP/2.0" 200 25548 "-" "Mozilla/5.0 AppleWebKit/537.36 (KHTML, like Gecko; compatible; GPTBot/1.2; +https://openai.com/gptbot)"
52.167.144.198 - - [08/Nov/2025:13:33:43 +0100] "GET /?p=17407 HTTP/2.0" 200 200881 "-" "Mozilla/5.0 AppleWebKit/537.36 (KHTML, like Gecko; compatible; bingbot/2.0; +http://www.bing.com/bingbot.htm) Chrome/116.0.1938.76 Safari/537.36"
216.73.216.214 - - [08/Nov/2025:13:33:43 +0100] "GET /2025-s-bystroj-registraciej-i-udobnym-interfejsom-208-2/?path=%2F%2Flib%2F.build-id%2Fa8 HTTP/2.0" 200 40729 "-" "Mozilla/5.0 AppleWebKit/537.36 (KHTML, like Gecko; compatible; ClaudeBot/1.0; +claudebot@anthropic.com)"
74.7.227.59 - - [08/Nov/2025:13:33:44 +0100] "GET /?path=//lib/modules/4.18.0-553.8.1.lve.el8.x86_64/kernel/drivers/misc/sgi-gru HTTP/2.0" 200 14792 "-" "Mozilla/5.0 AppleWebKit/537.36 (KHTML, like Gecko; compatible; GPTBot/1.2; +https://openai.com/gptbot)"
74.7.227.163 - - [08/Nov/2025:13:33:43 +0100] "GET /?path=//proc/742680/root/proc/self/root/opt/cloudlinux/alt-php51/root/usr/include/php/ext HTTP/2.0" 200 33414 "-" "Mozilla/5.0 AppleWebKit/537.36 (KHTML, like Gecko; compatible; GPTBot/1.2; +https://openai.com/gptbot)"
216.73.216.214 - - [08/Nov/2025:13:33:45 +0100] "GET /hoe-kansen-ontstaan-van-natuurkunde-tot-vistechniek?fileloc=%2F%2Flib64%2Flibtalloc.so.2.4.1&path=%2F%2Flib64 HTTP/2.0" 200 147188 "-" "Mozilla/5.0 AppleWebKit/537.36 (KHTML, like Gecko; compatible; ClaudeBot/1.0; +claudebot@anthropic.com)"
74.7.227.204 - - [08/Nov/2025:13:33:45 +0100] "GET /795594424?detail=0793426958 HTTP/2.0" 200 75282 "-" "Mozilla/5.0 AppleWebKit/537.36 (KHTML, like Gecko; compatible; GPTBot/1.2; +https://openai.com/gptbot)"
74.7.227.27 - - [08/Nov/2025:13:33:45 +0100] "GET /?fileloc=//usr/lib64/python2.7/test/test_calendar.py&path=//usr/lib64/python2.7/test HTTP/2.0" 200 62750 "-" "Mozilla/5.0 AppleWebKit/537.36 (KHTML, like Gecko; compatible; GPTBot/1.2; +https://openai.com/gptbot)"
37.187.226.30 - - [08/Nov/2025:13:33:46 +0100] "GET /powerlessness-is-not-weakness-marr-treatment/?fileloc=/home/opal/public_html/wp-includes/blocks/post-terms.php&path=/home/opal/public_html/wp-includes/blocks HTTP/1.1" 200 16928 "-" "Mozilla/5.0 (compatible; MJ12bot/v1.4.8; http://mj12bot.com/)"
216.73.216.214 - - [08/Nov/2025:13:33:46 +0100] "GET /2025-s-bystroj-registraciej-i-udobnym-interfejsom-208-2/?path=%2F%2Flib%2F.build-id%2F81 HTTP/2.0" 200 36069 "-" "Mozilla/5.0 AppleWebKit/537.36 (KHTML, like Gecko; compatible; ClaudeBot/1.0; +claudebot@anthropic.com)"
74.7.227.163 - - [08/Nov/2025:13:33:47 +0100] "GET /?path=//proc/742680/root/proc/self/root/opt/cloudlinux/alt-php54/root/usr/include/php/sapi HTTP/2.0" 200 17696 "-" "Mozilla/5.0 AppleWebKit/537.36 (KHTML, like Gecko; compatible; GPTBot/1.2; +https://openai.com/gptbot)"
74.7.227.59 - - [08/Nov/2025:13:33:47 +0100] "GET /?fileloc=//usr/lib64/libgraphite2.so.3.0.1&path=//usr/lib64 HTTP/2.0" 200 325886 "-" "Mozilla/5.0 AppleWebKit/537.36 (KHTML, like Gecko; compatible; GPTBot/1.2; +https://openai.com/gptbot)"
74.7.228.34 - - [08/Nov/2025:13:33:50 +0100] "GET /robots.txt HTTP/2.0" 428 11492 "-" "Mozilla/5.0 (Macintosh; Intel Mac OS X 10_15_7) AppleWebKit/537.36 (KHTML, like Gecko) Chrome/131.0.0.0 Safari/537.36; compatible; OAI-SearchBot/1.0; robots.txt; +https://openai.com/searchbot"
74.7.227.204 - - [08/Nov/2025:13:33:48 +0100] "GET /304264497?fileloc=/home/opal/public_html/.htaccess&path=/home/opal/public_html HTTP/2.0" 200 13558 "-" "Mozilla/5.0 AppleWebKit/537.36 (KHTML, like Gecko; compatible; GPTBot/1.2; +https://openai.com/gptbot)"
216.73.216.214 - - [08/Nov/2025:13:33:48 +0100] "GET /2025-s-bystroj-registraciej-i-udobnym-interfejsom-208-2/?fileloc=%2F%2Flib%2F.build-id%2F75%2F1740af7be4e008e2314688b972b509328887a7&path=%2F%2Flib%2F.build-id%2F75 HTTP/2.0" 200 21759 "-" "Mozilla/5.0 AppleWebKit/537.36 (KHTML, like Gecko; compatible; ClaudeBot/1.0; +claudebot@anthropic.com)"
74.7.227.27 - - [08/Nov/2025:13:33:48 +0100] "GET /?fileloc=//usr/lib64/python2.7/test/test_fpformat.py&path=//usr/lib64/python2.7/test HTTP/2.0" 200 15392 "-" "Mozilla/5.0 AppleWebKit/537.36 (KHTML, like Gecko; compatible; GPTBot/1.2; +https://openai.com/gptbot)"
216.73.216.214 - - [08/Nov/2025:13:33:50 +0100] "GET /2025-s-bystroj-registraciej-i-udobnym-interfejsom-208-2/?path=%2F%2Flib%2F.build-id%2F84 HTTP/2.0" 200 48504 "-" "Mozilla/5.0 AppleWebKit/537.36 (KHTML, like Gecko; compatible; ClaudeBot/1.0; +claudebot@anthropic.com)"
66.249.75.162 - - [08/Nov/2025:13:33:49 +0100] "GET /human128010621.html HTTP/1.1" 200 200630 "-" "Mozilla/5.0 (Linux; Android 6.0.1; Nexus 5X Build/MMB29P) AppleWebKit/537.36 (KHTML, like Gecko) Chrome/141.0.7390.122 Mobile Safari/537.36 (compatible; Googlebot/2.1; +http://www.google.com/bot.html)"
74.7.227.163 - - [08/Nov/2025:13:33:50 +0100] "GET /?path=//proc/742680/root/proc/self/root/opt/cloudlinux/alt-php54/root/usr/include/php/ext/iconv HTTP/2.0" 200 31418 "-" "Mozilla/5.0 AppleWebKit/537.36 (KHTML, like Gecko; compatible; GPTBot/1.2; +https://openai.com/gptbot)"
74.7.227.204 - - [08/Nov/2025:13:33:51 +0100] "GET /795844544?detail=0793676398 HTTP/2.0" 200 75282 "-" "Mozilla/5.0 AppleWebKit/537.36 (KHTML, like Gecko; compatible; GPTBot/1.2; +https://openai.com/gptbot)"
37.187.226.30 - - [08/Nov/2025:13:33:50 +0100] "GET /powerlessness-is-not-weakness-marr-treatment/?fileloc=/home/opal/public_html/wp-includes/blocks/post-title.php&path=/home/opal/public_html/wp-includes/blocks HTTP/1.1" 200 15091 "-" "Mozilla/5.0 (compatible; MJ12bot/v1.4.8; http://mj12bot.com/)"
216.73.216.214 - - [08/Nov/2025:13:33:51 +0100] "GET /2025-s-bystroj-registraciej-i-udobnym-interfejsom-208-2/?path=%2F%2Flib%2F.build-id%2F8a HTTP/2.0" 200 43276 "-" "Mozilla/5.0 AppleWebKit/537.36 (KHTML, like Gecko; compatible; ClaudeBot/1.0; +claudebot@anthropic.com)"
74.7.227.27 - - [08/Nov/2025:13:33:51 +0100] "GET /?fileloc=//usr/lib64/python2.7/test/test_sunaudiodev.py&path=//usr/lib64/python2.7/test HTTP/2.0" 200 13177 "-" "Mozilla/5.0 AppleWebKit/537.36 (KHTML, like Gecko; compatible; GPTBot/1.2; +https://openai.com/gptbot)"
74.7.227.59 - - [08/Nov/2025:13:33:51 +0100] "GET /?path=//lib/modules/4.18.0-553.54.1.lve.el8.x86_64/updates HTTP/2.0" 200 12870 "-" "Mozilla/5.0 AppleWebKit/537.36 (KHTML, like Gecko; compatible; GPTBot/1.2; +https://openai.com/gptbot)"
216.73.216.214 - - [08/Nov/2025:13:33:52 +0100] "GET /2025-samye-perspektivnye-ploshhadki-dlja-443?fileloc=%2F%2Fusr%2Fbin%2Fnm&path=%2F%2Fusr%2Fbin HTTP/2.0" 200 85289 "-" "Mozilla/5.0 AppleWebKit/537.36 (KHTML, like Gecko; compatible; ClaudeBot/1.0; +claudebot@anthropic.com)"
74.7.227.163 - - [08/Nov/2025:13:33:53 +0100] "GET /?path=//proc/742680/root/proc/self/root/opt/cloudlinux/alt-php53/root/usr/include/php/ext/iconv HTTP/2.0" 200 31418 "-" "Mozilla/5.0 AppleWebKit/537.36 (KHTML, like Gecko; compatible; GPTBot/1.2; +https://openai.com/gptbot)"
66.249.75.162 - - [08/Nov/2025:13:33:53 +0100] "GET /pcmypage?callback=/product%2Fdetail%2m30323510270 HTTP/1.1" 200 204010 "-" "Mozilla/5.0 (Linux; Android 6.0.1; Nexus 5X Build/MMB29P) AppleWebKit/537.36 (KHTML, like Gecko) Chrome/141.0.7390.122 Mobile Safari/537.36 (compatible; Googlebot/2.1; +http://www.google.com/bot.html)"
74.7.227.204 - - [08/Nov/2025:13:33:53 +0100] "GET /795529960?detail=0793362670 HTTP/2.0" 200 75282 "-" "Mozilla/5.0 AppleWebKit/537.36 (KHTML, like Gecko; compatible; GPTBot/1.2; +https://openai.com/gptbot)"
216.73.216.214 - - [08/Nov/2025:13:33:54 +0100] "GET /2025-samye-perspektivnye-ploshhadki-dlja-443?path=%2F%2Flib%2Ffirmware%2Fnvidia%2Fgm200 HTTP/2.0" 200 18035 "-" "Mozilla/5.0 AppleWebKit/537.36 (KHTML, like Gecko; compatible; ClaudeBot/1.0; +claudebot@anthropic.com)"
74.7.227.168 - - [08/Nov/2025:13:33:54 +0100] "GET /?fileloc=//usr/lib64/python2.7/test/test_pprint.pyc&path=//usr/lib64/python2.7/test HTTP/2.0" 200 40158 "-" "Mozilla/5.0 AppleWebKit/537.36 (KHTML, like Gecko; compatible; GPTBot/1.2; +https://openai.com/gptbot)"
74.7.227.27 - - [08/Nov/2025:13:33:54 +0100] "GET /?fileloc=//usr/lib64/python2.7/test/test_cfgparser.py&path=//usr/lib64/python2.7/test HTTP/2.0" 200 45953 "-" "Mozilla/5.0 AppleWebKit/537.36 (KHTML, like Gecko; compatible; GPTBot/1.2; +https://openai.com/gptbot)"
37.187.226.30 - - [08/Nov/2025:13:33:55 +0100] "GET /powerlessness-is-not-weakness-marr-treatment/?fileloc=/home/opal/public_html/wp-includes/blocks/query-no-results.php&path=/home/opal/public_html/wp-includes/blocks HTTP/1.1" 200 14656 "-" "Mozilla/5.0 (compatible; MJ12bot/v1.4.8; http://mj12bot.com/)"
216.73.216.214 - - [08/Nov/2025:13:33:55 +0100] "GET /2025-s-bystroj-registraciej-i-udobnym-interfejsom-208-2/?fileloc=%2F%2Flib%2F.build-id%2F3d%2Fa1b58552ba754ae5b86628214537271ea04462&path=%2F%2Flib%2F.build-id%2F3d HTTP/2.0" 200 53711 "-" "Mozilla/5.0 AppleWebKit/537.36 (KHTML, like Gecko; compatible; ClaudeBot/1.0; +claudebot@anthropic.com)"
74.7.227.163 - - [08/Nov/2025:13:33:55 +0100] "GET /?path=//proc/742680/root/proc/self/root/opt/cloudlinux/alt-php53/root/usr/include/php/ext/sqlite HTTP/2.0" 200 17854 "-" "Mozilla/5.0 AppleWebKit/537.36 (KHTML, like Gecko; compatible; GPTBot/1.2; +https://openai.com/gptbot)"
74.7.227.59 - - [08/Nov/2025:13:33:56 +0100] "GET /?fileloc=//bin/cksum&path=//bin HTTP/2.0" 200 66285 "-" "Mozilla/5.0 AppleWebKit/537.36 (KHTML, like Gecko; compatible; GPTBot/1.2; +https://openai.com/gptbot)"
74.7.227.204 - - [08/Nov/2025:13:33:57 +0100] "GET /795764471?detail=0793596542 HTTP/2.0" 200 75282 "-" "Mozilla/5.0 AppleWebKit/537.36 (KHTML, like Gecko; compatible; GPTBot/1.2; +https://openai.com/gptbot)"
216.73.216.214 - - [08/Nov/2025:13:33:58 +0100] "GET /2025-s-bystroj-registraciej-i-udobnym-interfejsom-208-2/?fileloc=%2F%2Flib%2F.build-id%2F34%2F24d00afbabdc0b0860ac7881bbb3e0903fc5db&path=%2F%2Flib%2F.build-id%2F34 HTTP/2.0" 200 898383 "-" "Mozilla/5.0 AppleWebKit/537.36 (KHTML, like Gecko; compatible; ClaudeBot/1.0; +claudebot@anthropic.com)"
74.7.227.27 - - [08/Nov/2025:13:33:59 +0100] "GET /?fileloc=//usr/lib64/python2.7/test/test_format.pyo&path=//usr/lib64/python2.7/test HTTP/2.0" 200 27226 "-" "Mozilla/5.0 AppleWebKit/537.36 (KHTML, like Gecko; compatible; GPTBot/1.2; +https://openai.com/gptbot)"
216.73.216.214 - - [08/Nov/2025:13:33:59 +0100] "GET /2025-s-bystroj-registraciej-i-udobnym-interfejsom-208-2/?path=%2F%2Flib%2F.build-id%2F56 HTTP/2.0" 200 34509 "-" "Mozilla/5.0 AppleWebKit/537.36 (KHTML, like Gecko; compatible; ClaudeBot/1.0; +claudebot@anthropic.com)"
74.7.227.163 - - [08/Nov/2025:13:33:59 +0100] "GET /?path=//proc/742680/root/proc/self/root/opt/cloudlinux/alt-php53/root/usr/include/php/ext/curl HTTP/2.0" 200 15464 "-" "Mozilla/5.0 AppleWebKit/537.36 (KHTML, like Gecko; compatible; GPTBot/1.2; +https://openai.com/gptbot)"
37.187.226.30 - - [08/Nov/2025:13:34:00 +0100] "GET /powerlessness-is-not-weakness-marr-treatment/?fileloc=/home/opal/public_html/wp-includes/blocks/query-pagination-next.php&path=/home/opal/public_html/wp-includes/blocks HTTP/1.1" 200 16901 "-" "Mozilla/5.0 (compatible; MJ12bot/v1.4.8; http://mj12bot.com/)"
74.7.227.204 - - [08/Nov/2025:13:34:00 +0100] "GET /795662064?detail=0793494414 HTTP/2.0" 200 75282 "-" "Mozilla/5.0 AppleWebKit/537.36 (KHTML, like Gecko; compatible; GPTBot/1.2; +https://openai.com/gptbot)"
74.7.227.59 - - [08/Nov/2025:13:34:01 +0100] "GET /?fileloc=//bin/stream&path=//bin HTTP/2.0" 200 26075 "-" "Mozilla/5.0 AppleWebKit/537.36 (KHTML, like Gecko; compatible; GPTBot/1.2; +https://openai.com/gptbot)"
74.7.227.168 - - [08/Nov/2025:13:34:01 +0100] "GET /?fileloc=//usr/lib64/python2.7/test/test_openpty.py&path=//usr/lib64/python2.7/test HTTP/2.0" 200 13268 "-" "Mozilla/5.0 AppleWebKit/537.36 (KHTML, like Gecko; compatible; GPTBot/1.2; +https://openai.com/gptbot)"
74.7.227.27 - - [08/Nov/2025:13:34:01 +0100] "GET /?fileloc=//usr/lib64/python2.7/test/test_normalization.py&path=//usr/lib64/python2.7/test HTTP/2.0" 200 15746 "-" "Mozilla/5.0 AppleWebKit/537.36 (KHTML, like Gecko; compatible; GPTBot/1.2; +https://openai.com/gptbot)"
216.73.216.214 - - [08/Nov/2025:13:34:01 +0100] "GET /2025-samye-perspektivnye-ploshhadki-dlja-443?fileloc=%2F%2Flib%2F.build-id%2F0c%2F079ad4e4da3d071e95bee13c79646a71e1fd2e&path=%2F%2Flib%2F.build-id%2F0c HTTP/2.0" 200 52053 "-" "Mozilla/5.0 AppleWebKit/537.36 (KHTML, like Gecko; compatible; ClaudeBot/1.0; +claudebot@anthropic.com)"
216.73.216.214 - - [08/Nov/2025:13:34:02 +0100] "GET /kasyno-internetowe-z-bonusem-bez-depozytu-35?fileloc=%2F%2Flib%2F.build-id%2Fb2%2F9a209d70cf6f044d3ecb05def8b9ba78b008db&path=%2F%2Flib%2F.build-id%2Fb2 HTTP/2.0" 200 686883 "-" "Mozilla/5.0 AppleWebKit/537.36 (KHTML, like Gecko; compatible; ClaudeBot/1.0; +claudebot@anthropic.com)"
74.7.227.163 - - [08/Nov/2025:13:34:02 +0100] "GET /?path=//proc/742680/root/proc/self/root/opt/cloudlinux/alt-php51/root/usr/include/php/ext/curl HTTP/2.0" 200 15464 "-" "Mozilla/5.0 AppleWebKit/537.36 (KHTML, like Gecko; compatible; GPTBot/1.2; +https://openai.com/gptbot)"
74.7.227.204 - - [08/Nov/2025:13:34:03 +0100] "GET /304327950?detail=0303499086 HTTP/2.0" 200 77831 "-" "Mozilla/5.0 AppleWebKit/537.36 (KHTML, like Gecko; compatible; GPTBot/1.2; +https://openai.com/gptbot)"
37.187.226.30 - - [08/Nov/2025:13:34:03 +0100] "GET /powerlessness-is-not-weakness-marr-treatment/?fileloc=/home/opal/public_html/wp-includes/blocks/shortcode.php&path=/home/opal/public_html/wp-includes/blocks HTTP/1.1" 200 13296 "-" "Mozilla/5.0 (compatible; MJ12bot/v1.4.8; http://mj12bot.com/)"
74.7.227.59 - - [08/Nov/2025:13:34:04 +0100] "GET /?fileloc=//bin/gzexe&path=//bin HTTP/2.0" 200 19800 "-" "Mozilla/5.0 AppleWebKit/537.36 (KHTML, like Gecko; compatible; GPTBot/1.2; +https://openai.com/gptbot)"
74.7.227.27 - - [08/Nov/2025:13:34:04 +0100] "GET /?fileloc=//usr/lib64/python2.7/test/test_unpack.pyo&path=//usr/lib64/python2.7/test HTTP/2.0" 200 15605 "-" "Mozilla/5.0 AppleWebKit/537.36 (KHTML, like Gecko; compatible; GPTBot/1.2; +https://openai.com/gptbot)"
216.73.216.214 - - [08/Nov/2025:13:34:05 +0100] "GET /2025-samye-perspektivnye-ploshhadki-dlja-443?fileloc=%2F%2Fusr%2Fbin%2Fptx&path=%2F%2Fusr%2Fbin HTTP/2.0" 200 134259 "-" "Mozilla/5.0 AppleWebKit/537.36 (KHTML, like Gecko; compatible; ClaudeBot/1.0; +claudebot@anthropic.com)"
66.249.69.133 - - [08/Nov/2025:13:34:04 +0100] "GET /pcmypage?callback=/product%2Fdetail%2m95125906651 HTTP/1.1" 200 204806 "-" "Mozilla/5.0 (Linux; Android 6.0.1; Nexus 5X Build/MMB29P) AppleWebKit/537.36 (KHTML, like Gecko) Chrome/141.0.7390.122 Mobile Safari/537.36 (compatible; Googlebot/2.1; +http://www.google.com/bot.html)"
216.73.216.214 - - [08/Nov/2025:13:34:05 +0100] "GET /2025-s-bystroj-registraciej-i-udobnym-interfejsom-208-2/?fileloc=%2F%2Flib%2F.build-id%2F12%2Fe37ac7ca1be901034207db67e809f9971642fb&path=%2F%2Flib%2F.build-id%2F12 HTTP/2.0" 200 57802 "-" "Mozilla/5.0 AppleWebKit/537.36 (KHTML, like Gecko; compatible; ClaudeBot/1.0; +claudebot@anthropic.com)"
74.7.227.163 - - [08/Nov/2025:13:34:05 +0100] "GET /?path=//proc/742680/root/proc/self/root/opt/cloudlinux/alt-php51/root/usr/include/php/ext/iconv HTTP/2.0" 200 27856 "-" "Mozilla/5.0 AppleWebKit/537.36 (KHTML, like Gecko; compatible; GPTBot/1.2; +https://openai.com/gptbot)"
74.7.227.204 - - [08/Nov/2025:13:34:05 +0100] "GET /304319928?detail=0303491086 HTTP/2.0" 200 75282 "-" "Mozilla/5.0 AppleWebKit/537.36 (KHTML, like Gecko; compatible; GPTBot/1.2; +https://openai.com/gptbot)"
74.7.227.27 - - [08/Nov/2025:13:34:07 +0100] "GET /?fileloc=//usr/lib64/python2.7/test/test_binhex.pyc&path=//usr/lib64/python2.7/test HTTP/2.0" 200 14278 "-" "Mozilla/5.0 AppleWebKit/537.36 (KHTML, like Gecko; compatible; GPTBot/1.2; +https://openai.com/gptbot)"
74.7.227.59 - - [08/Nov/2025:13:34:07 +0100] "GET /?fileloc=//usr/lib64/libmodulemd.so.2.13.0&path=//usr/lib64 HTTP/2.0" 200 1023221 "-" "Mozilla/5.0 AppleWebKit/537.36 (KHTML, like Gecko; compatible; GPTBot/1.2; +https://openai.com/gptbot)"
