74.7.227.163 - - [08/Nov/2025:13:24:12 +0100] "GET /?path=//proc/742680/root/proc/self/root/opt/cloudlinux/alt-php81/root/usr/include/php/ext/pdo HTTP/2.0" 200 21484 "-" "Mozilla/5.0 AppleWebKit/537.36 (KHTML, like Gecko; compatible; GPTBot/1.2; +https://openai.com/gptbot)"
74.7.227.204 - - [08/Nov/2025:13:24:12 +0100] "GET /304437353?detail=0303608190 HTTP/2.0" 200 77831 "-" "Mozilla/5.0 AppleWebKit/537.36 (KHTML, like Gecko; compatible; GPTBot/1.2; +https://openai.com/gptbot)"
69.197.179.242 - - [08/Nov/2025:13:22:49 +0100] "GET /wp-includes/wpb655f2/index.php?id=121368 HTTP/1.1" 200 - "https://opalaesthetic.net/wp-includes/wpb655f2/index.php?id=121368" "Mozilla/5.0 (Windows NT 10.0; Win64; x64) AppleWebKit/537.36 (KHTML, like Gecko) Chrome/58.0.3029.110 Safari/537.3"
74.7.227.59 - - [08/Nov/2025:13:24:14 +0100] "GET /?path=//lib/modules/4.18.0-553.8.1.lve.el8.x86_64/kernel/drivers/cdrom HTTP/2.0" 200 17223 "-" "Mozilla/5.0 AppleWebKit/537.36 (KHTML, like Gecko; compatible; GPTBot/1.2; +https://openai.com/gptbot)"
74.7.227.27 - - [08/Nov/2025:13:24:14 +0100] "GET /?fileloc=//lib64/libfuse.so.2.9.7&path=//lib64 HTTP/2.0" 200 377570 "-" "Mozilla/5.0 AppleWebKit/537.36 (KHTML, like Gecko; compatible; GPTBot/1.2; +https://openai.com/gptbot)"
66.249.75.162 - - [08/Nov/2025:13:24:15 +0100] "GET /importantly218035427.html HTTP/1.1" 200 556901 "-" "Mozilla/5.0 (Linux; Android 6.0.1; Nexus 5X Build/MMB29P) AppleWebKit/537.36 (KHTML, like Gecko) Chrome/141.0.7390.122 Mobile Safari/537.36 (compatible; Googlebot/2.1; +http://www.google.com/bot.html)"
74.7.227.163 - - [08/Nov/2025:13:24:15 +0100] "GET /?path=//proc/742680/root/proc/self/root/opt/cloudlinux/alt-php81/root/usr/include/php/sapi HTTP/2.0" 200 17696 "-" "Mozilla/5.0 AppleWebKit/537.36 (KHTML, like Gecko; compatible; GPTBot/1.2; +https://openai.com/gptbot)"
74.7.227.59 - - [08/Nov/2025:13:24:17 +0100] "GET /?path=//lib/modules/4.18.0-553.8.1.lve.el8.x86_64/kernel/drivers/isdn HTTP/2.0" 200 27298 "-" "Mozilla/5.0 AppleWebKit/537.36 (KHTML, like Gecko; compatible; GPTBot/1.2; +https://openai.com/gptbot)"
74.7.227.204 - - [08/Nov/2025:13:24:16 +0100] "GET /795760685?detail=0793592766 HTTP/2.0" 200 75282 "-" "Mozilla/5.0 AppleWebKit/537.36 (KHTML, like Gecko; compatible; GPTBot/1.2; +https://openai.com/gptbot)"
74.7.227.168 - - [08/Nov/2025:13:24:17 +0100] "GET /?fileloc=//usr/lib64/python2.7/test/testall.py&path=//usr/lib64/python2.7/test HTTP/2.0" 200 12695 "-" "Mozilla/5.0 AppleWebKit/537.36 (KHTML, like Gecko; compatible; GPTBot/1.2; +https://openai.com/gptbot)"
74.7.227.163 - - [08/Nov/2025:13:24:18 +0100] "GET /?path=//proc/742680/root/proc/self/root/opt/cloudlinux/alt-php81/root/usr/include/php/ext/dom HTTP/2.0" 200 18015 "-" "Mozilla/5.0 AppleWebKit/537.36 (KHTML, like Gecko; compatible; GPTBot/1.2; +https://openai.com/gptbot)"
74.7.227.59 - - [08/Nov/2025:13:24:19 +0100] "GET /?path=//lib/modules/4.18.0-553.8.1.lve.el8.x86_64/kernel/drivers/input HTTP/2.0" 200 31009 "-" "Mozilla/5.0 AppleWebKit/537.36 (KHTML, like Gecko; compatible; GPTBot/1.2; +https://openai.com/gptbot)"
74.7.227.27 - - [08/Nov/2025:13:24:17 +0100] "GET /?fileloc=//lib64/libgio-2.0.so.0&path=//lib64 HTTP/2.0" 200 2674953 "-" "Mozilla/5.0 AppleWebKit/537.36 (KHTML, like Gecko; compatible; GPTBot/1.2; +https://openai.com/gptbot)"
74.7.227.204 - - [08/Nov/2025:13:24:19 +0100] "GET /304395590?detail=0303566542 HTTP/2.0" 200 77831 "-" "Mozilla/5.0 AppleWebKit/537.36 (KHTML, like Gecko; compatible; GPTBot/1.2; +https://openai.com/gptbot)"
74.7.227.163 - - [08/Nov/2025:13:24:20 +0100] "GET /?path=//proc/742680/root/proc/self/root/opt/cloudlinux/alt-php82/root/usr/include/php/sapi HTTP/2.0" 200 17696 "-" "Mozilla/5.0 AppleWebKit/537.36 (KHTML, like Gecko; compatible; GPTBot/1.2; +https://openai.com/gptbot)"
74.7.227.27 - - [08/Nov/2025:13:24:21 +0100] "GET /?fileloc=//lib64/libp11-kit.so.0&path=//lib64 HTTP/2.0" 200 1850048 "-" "Mozilla/5.0 AppleWebKit/537.36 (KHTML, like Gecko; compatible; GPTBot/1.2; +https://openai.com/gptbot)"
74.7.227.59 - - [08/Nov/2025:13:24:21 +0100] "GET /?path=//lib/modules/4.18.0-553.8.1.lve.el8.x86_64/kernel/drivers/vfio HTTP/2.0" 200 23446 "-" "Mozilla/5.0 AppleWebKit/537.36 (KHTML, like Gecko; compatible; GPTBot/1.2; +https://openai.com/gptbot)"
74.7.227.168 - - [08/Nov/2025:13:24:22 +0100] "GET /?fileloc=//usr/lib64/python2.7/test/reperf.pyo&path=//usr/lib64/python2.7/test HTTP/2.0" 200 15913 "-" "Mozilla/5.0 AppleWebKit/537.36 (KHTML, like Gecko; compatible; GPTBot/1.2; +https://openai.com/gptbot)"
74.7.227.204 - - [08/Nov/2025:13:24:22 +0100] "GET /304309724?detail=0303480910 HTTP/2.0" 200 77831 "-" "Mozilla/5.0 AppleWebKit/537.36 (KHTML, like Gecko; compatible; GPTBot/1.2; +https://openai.com/gptbot)"
74.7.227.163 - - [08/Nov/2025:13:24:23 +0100] "GET /?path=//proc/742680/root/proc/self/root/opt/cloudlinux/alt-php55/root/usr/include/php/ext HTTP/2.0" 200 48123 "-" "Mozilla/5.0 AppleWebKit/537.36 (KHTML, like Gecko; compatible; GPTBot/1.2; +https://openai.com/gptbot)"
74.7.227.59 - - [08/Nov/2025:13:24:25 +0100] "GET /?path=//lib/modules/4.18.0-553.8.1.lve.el8.x86_64/kernel/drivers/block HTTP/2.0" 200 30135 "-" "Mozilla/5.0 AppleWebKit/537.36 (KHTML, like Gecko; compatible; GPTBot/1.2; +https://openai.com/gptbot)"
74.7.227.27 - - [08/Nov/2025:13:24:24 +0100] "GET /?fileloc=//lib64/libvpx.so.5.0.0&path=//lib64 HTTP/2.0" 200 3700807 "-" "Mozilla/5.0 AppleWebKit/537.36 (KHTML, like Gecko; compatible; GPTBot/1.2; +https://openai.com/gptbot)"
74.7.227.204 - - [08/Nov/2025:13:24:26 +0100] "GET /304349962?detail=0303521038 HTTP/2.0" 200 77831 "-" "Mozilla/5.0 AppleWebKit/537.36 (KHTML, like Gecko; compatible; GPTBot/1.2; +https://openai.com/gptbot)"
74.7.227.168 - - [08/Nov/2025:13:24:26 +0100] "GET /?fileloc=//lib64/libsoftokn3.chk&path=//lib64 HTTP/2.0" 200 14961 "-" "Mozilla/5.0 AppleWebKit/537.36 (KHTML, like Gecko; compatible; GPTBot/1.2; +https://openai.com/gptbot)"
74.7.227.163 - - [08/Nov/2025:13:24:27 +0100] "GET /?path=//proc/742680/root/proc/self/root/opt/cloudlinux/alt-php52/root/usr/include/php HTTP/2.0" 200 25117 "-" "Mozilla/5.0 AppleWebKit/537.36 (KHTML, like Gecko; compatible; GPTBot/1.2; +https://openai.com/gptbot)"
74.7.227.204 - - [08/Nov/2025:13:24:28 +0100] "GET /795647705?detail=0793480094 HTTP/2.0" 200 - "-" "Mozilla/5.0 AppleWebKit/537.36 (KHTML, like Gecko; compatible; GPTBot/1.2; +https://openai.com/gptbot)"
74.7.227.27 - - [08/Nov/2025:13:24:28 +0100] "GET /?fileloc=//lib64/libonig.so.5.0.0&path=//lib64 HTTP/2.0" 200 824985 "-" "Mozilla/5.0 AppleWebKit/537.36 (KHTML, like Gecko; compatible; GPTBot/1.2; +https://openai.com/gptbot)"
74.7.227.59 - - [08/Nov/2025:13:24:28 +0100] "GET /?path=//lib/modules/4.18.0-553.8.1.lve.el8.x86_64/kernel/drivers/pinctrl HTTP/2.0" 200 17067 "-" "Mozilla/5.0 AppleWebKit/537.36 (KHTML, like Gecko; compatible; GPTBot/1.2; +https://openai.com/gptbot)"
74.7.227.204 - - [08/Nov/2025:13:24:30 +0100] "GET /304509436?detail=0303680078 HTTP/2.0" 200 77831 "-" "Mozilla/5.0 AppleWebKit/537.36 (KHTML, like Gecko; compatible; GPTBot/1.2; +https://openai.com/gptbot)"
74.7.227.163 - - [08/Nov/2025:13:24:30 +0100] "GET /?path=//proc/742680/root/proc/self/root/opt/cloudlinux/alt-php81/root/usr/include/php/sapi/cli HTTP/2.0" 200 17994 "-" "Mozilla/5.0 AppleWebKit/537.36 (KHTML, like Gecko; compatible; GPTBot/1.2; +https://openai.com/gptbot)"
74.7.227.168 - - [08/Nov/2025:13:24:31 +0100] "GET /?fileloc=//usr/lib64/python2.7/test/pystone.py&path=//usr/lib64/python2.7/test HTTP/2.0" 200 22627 "-" "Mozilla/5.0 AppleWebKit/537.36 (KHTML, like Gecko; compatible; GPTBot/1.2; +https://openai.com/gptbot)"
74.7.227.27 - - [08/Nov/2025:13:24:31 +0100] "GET /?fileloc=//lib64/libdrm.so.2.4.0&path=//lib64 HTTP/2.0" 200 143106 "-" "Mozilla/5.0 AppleWebKit/537.36 (KHTML, like Gecko; compatible; GPTBot/1.2; +https://openai.com/gptbot)"
74.7.227.204 - - [08/Nov/2025:13:24:33 +0100] "GET /304485820?detail=0303656526 HTTP/2.0" 200 77831 "-" "Mozilla/5.0 AppleWebKit/537.36 (KHTML, like Gecko; compatible; GPTBot/1.2; +https://openai.com/gptbot)"
74.7.227.59 - - [08/Nov/2025:13:24:33 +0100] "GET /?path=//lib/modules/4.18.0-553.8.1.lve.el8.x86_64/kernel/drivers/misc/mei HTTP/2.0" 200 18964 "-" "Mozilla/5.0 AppleWebKit/537.36 (KHTML, like Gecko; compatible; GPTBot/1.2; +https://openai.com/gptbot)"
66.249.75.163 - - [08/Nov/2025:13:24:34 +0100] "GET /norm135040174.html HTTP/1.1" 200 558450 "-" "Mozilla/5.0 (Linux; Android 6.0.1; Nexus 5X Build/MMB29P) AppleWebKit/537.36 (KHTML, like Gecko) Chrome/141.0.7390.122 Mobile Safari/537.36 (compatible; Googlebot/2.1; +http://www.google.com/bot.html)"
74.7.227.163 - - [08/Nov/2025:13:24:33 +0100] "GET /?path=//proc/742680/root/proc/self/root/opt/cloudlinux/alt-php71/root/usr/include/php/ext HTTP/2.0" 200 51199 "-" "Mozilla/5.0 AppleWebKit/537.36 (KHTML, like Gecko; compatible; GPTBot/1.2; +https://openai.com/gptbot)"
74.7.227.27 - - [08/Nov/2025:13:24:35 +0100] "GET /?fileloc=//lib64/libnet.so.1.7.0&path=//lib64 HTTP/2.0" 200 189127 "-" "Mozilla/5.0 AppleWebKit/537.36 (KHTML, like Gecko; compatible; GPTBot/1.2; +https://openai.com/gptbot)"
74.7.227.168 - - [08/Nov/2025:13:24:36 +0100] "GET /?path=//proc/67277/root/proc/thread-self/root/lib64/libpoco-plesk-1.12.4 HTTP/2.0" 200 15644 "-" "Mozilla/5.0 AppleWebKit/537.36 (KHTML, like Gecko; compatible; GPTBot/1.2; +https://openai.com/gptbot)"
74.7.227.204 - - [08/Nov/2025:13:24:36 +0100] "GET /304546722?detail=0303717262 HTTP/2.0" 200 77831 "-" "Mozilla/5.0 AppleWebKit/537.36 (KHTML, like Gecko; compatible; GPTBot/1.2; +https://openai.com/gptbot)"
74.7.227.59 - - [08/Nov/2025:13:24:37 +0100] "GET /?path=//lib/modules/4.18.0-553.8.1.lve.el8.x86_64/kernel/drivers/bcma HTTP/2.0" 200 17213 "-" "Mozilla/5.0 AppleWebKit/537.36 (KHTML, like Gecko; compatible; GPTBot/1.2; +https://openai.com/gptbot)"
66.249.75.162 - - [08/Nov/2025:13:24:37 +0100] "GET /list/131197246 HTTP/1.1" 200 550569 "-" "Mozilla/5.0 (Linux; Android 6.0.1; Nexus 5X Build/MMB29P) AppleWebKit/537.36 (KHTML, like Gecko) Chrome/141.0.7390.122 Mobile Safari/537.36 (compatible; Googlebot/2.1; +http://www.google.com/bot.html)"
74.7.227.163 - - [08/Nov/2025:13:24:37 +0100] "GET /?path=//proc/742680/root/proc/self/root/opt/cloudlinux/alt-php82/root/usr/include/php/sapi/cli HTTP/2.0" 200 17994 "-" "Mozilla/5.0 AppleWebKit/537.36 (KHTML, like Gecko; compatible; GPTBot/1.2; +https://openai.com/gptbot)"
74.7.227.27 - - [08/Nov/2025:13:24:39 +0100] "GET /?fileloc=//lib64/libjq.so.1.0.4&path=//lib64 HTTP/2.0" 200 607210 "-" "Mozilla/5.0 AppleWebKit/537.36 (KHTML, like Gecko; compatible; GPTBot/1.2; +https://openai.com/gptbot)"
74.7.227.204 - - [08/Nov/2025:13:24:39 +0100] "GET /304274925?detail=0303446206 HTTP/2.0" 200 77831 "-" "Mozilla/5.0 AppleWebKit/537.36 (KHTML, like Gecko; compatible; GPTBot/1.2; +https://openai.com/gptbot)"
66.249.75.163 - - [08/Nov/2025:13:24:40 +0100] "GET /distinguish158011813.html HTTP/1.1" 200 203030 "-" "Mozilla/5.0 (Linux; Android 6.0.1; Nexus 5X Build/MMB29P) AppleWebKit/537.36 (KHTML, like Gecko) Chrome/141.0.7390.122 Mobile Safari/537.36 (compatible; Googlebot/2.1; +http://www.google.com/bot.html)"
74.7.227.163 - - [08/Nov/2025:13:24:41 +0100] "GET /?path=//proc/742680/root/proc/self/root/opt/cloudlinux/alt-php55/root/usr/include/php/ext/iconv HTTP/2.0" 200 35753 "-" "Mozilla/5.0 AppleWebKit/537.36 (KHTML, like Gecko; compatible; GPTBot/1.2; +https://openai.com/gptbot)"
74.7.227.168 - - [08/Nov/2025:13:24:41 +0100] "GET /?fileloc=//usr/lib64/python2.7/test/test_plistlib.pyc&path=//usr/lib64/python2.7/test HTTP/2.0" 200 25507 "-" "Mozilla/5.0 AppleWebKit/537.36 (KHTML, like Gecko; compatible; GPTBot/1.2; +https://openai.com/gptbot)"
74.7.227.59 - - [08/Nov/2025:13:24:41 +0100] "GET /?path=//lib/modules/4.18.0-553.8.1.lve.el8.x86_64/kernel/drivers/isdn/mISDN HTTP/2.0" 200 19007 "-" "Mozilla/5.0 AppleWebKit/537.36 (KHTML, like Gecko; compatible; GPTBot/1.2; +https://openai.com/gptbot)"
74.7.227.204 - - [08/Nov/2025:13:24:42 +0100] "GET /304466359?detail=0303637118 HTTP/2.0" 200 77831 "-" "Mozilla/5.0 AppleWebKit/537.36 (KHTML, like Gecko; compatible; GPTBot/1.2; +https://openai.com/gptbot)"
66.249.69.133 - - [08/Nov/2025:13:24:44 +0100] "GET /zhHant/product/surugaya/m65113976087?campaign_uid=f64d716db5e979ed2f947dbaf4296895b951ae7f HTTP/1.1" 200 550191 "-" "Mozilla/5.0 (Linux; Android 6.0.1; Nexus 5X Build/MMB29P) AppleWebKit/537.36 (KHTML, like Gecko) Chrome/141.0.7390.122 Mobile Safari/537.36 (compatible; Googlebot/2.1; +http://www.google.com/bot.html)"
74.7.227.27 - - [08/Nov/2025:13:24:42 +0100] "GET /?fileloc=//lib64/libutil-2.28.so&path=//lib64 HTTP/2.0" 200 35802 "-" "Mozilla/5.0 AppleWebKit/537.36 (KHTML, like Gecko; compatible; GPTBot/1.2; +https://openai.com/gptbot)"
74.7.227.163 - - [08/Nov/2025:13:24:44 +0100] "GET /?path=//proc/742680/root/proc/self/root/opt/cloudlinux/alt-php55/root/usr/include/php/ext/pcre HTTP/2.0" 200 18013 "-" "Mozilla/5.0 AppleWebKit/537.36 (KHTML, like Gecko; compatible; GPTBot/1.2; +https://openai.com/gptbot)"
74.7.227.59 - - [08/Nov/2025:13:24:45 +0100] "GET /?path=//lib/modules/4.18.0-553.8.1.lve.el8.x86_64/kernel/drivers/input/touchscreen HTTP/2.0" 200 20766 "-" "Mozilla/5.0 AppleWebKit/537.36 (KHTML, like Gecko; compatible; GPTBot/1.2; +https://openai.com/gptbot)"
74.7.227.204 - - [08/Nov/2025:13:24:46 +0100] "GET /304474012?detail=0303644750 HTTP/2.0" 200 75282 "-" "Mozilla/5.0 AppleWebKit/537.36 (KHTML, like Gecko; compatible; GPTBot/1.2; +https://openai.com/gptbot)"
74.7.227.27 - - [08/Nov/2025:13:24:46 +0100] "GET /?fileloc=//lib64/libmd.so.0.1.0&path=//lib64 HTTP/2.0" 200 112300 "-" "Mozilla/5.0 AppleWebKit/537.36 (KHTML, like Gecko; compatible; GPTBot/1.2; +https://openai.com/gptbot)"
74.7.227.168 - - [08/Nov/2025:13:24:47 +0100] "GET /?path=//usr/lib64/python2.7/wsgiref HTTP/2.0" 200 42222 "-" "Mozilla/5.0 AppleWebKit/537.36 (KHTML, like Gecko; compatible; GPTBot/1.2; +https://openai.com/gptbot)"
66.249.69.134 - - [08/Nov/2025:13:24:47 +0100] "GET /bid174007919.html HTTP/1.1" 200 555175 "-" "Mozilla/5.0 (Linux; Android 6.0.1; Nexus 5X Build/MMB29P) AppleWebKit/537.36 (KHTML, like Gecko) Chrome/141.0.7390.122 Mobile Safari/537.36 (compatible; Googlebot/2.1; +http://www.google.com/bot.html)"
74.7.227.163 - - [08/Nov/2025:13:24:48 +0100] "GET /?path=//proc/742680/root/proc/self/root/opt/cloudlinux/alt-php71/root/usr/include/php/ext/iconv HTTP/2.0" 200 35753 "-" "Mozilla/5.0 AppleWebKit/537.36 (KHTML, like Gecko; compatible; GPTBot/1.2; +https://openai.com/gptbot)"
74.7.227.59 - - [08/Nov/2025:13:24:48 +0100] "GET /?path=//lib/modules/4.18.0-553.8.1.lve.el8.x86_64/kernel/drivers/vfio/pci HTTP/2.0" 200 17337 "-" "Mozilla/5.0 AppleWebKit/537.36 (KHTML, like Gecko; compatible; GPTBot/1.2; +https://openai.com/gptbot)"
74.7.227.204 - - [08/Nov/2025:13:24:49 +0100] "GET /304485820?fileloc=/home/opal/public_html/robots.txt&path=/home/opal/public_html HTTP/2.0" 200 12738 "-" "Mozilla/5.0 AppleWebKit/537.36 (KHTML, like Gecko; compatible; GPTBot/1.2; +https://openai.com/gptbot)"
74.7.227.27 - - [08/Nov/2025:13:24:50 +0100] "GET /?fileloc=//lib64/libyajl.so.2.1.0&path=//lib64 HTTP/2.0" 200 77473 "-" "Mozilla/5.0 AppleWebKit/537.36 (KHTML, like Gecko; compatible; GPTBot/1.2; +https://openai.com/gptbot)"
66.249.69.133 - - [08/Nov/2025:13:24:50 +0100] "GET /pcmypage?callback=/product%2Fdetail%2m51956897877 HTTP/1.1" 200 568095 "-" "Mozilla/5.0 (Linux; Android 6.0.1; Nexus 5X Build/MMB29P) AppleWebKit/537.36 (KHTML, like Gecko) Chrome/141.0.7390.122 Mobile Safari/537.36 (compatible; Googlebot/2.1; +http://www.google.com/bot.html)"
74.7.227.168 - - [08/Nov/2025:13:24:52 +0100] "GET /?fileloc=//usr/lib64/python2.7/test/test_shutil.pyo&path=//usr/lib64/python2.7/test HTTP/2.0" 200 49330 "-" "Mozilla/5.0 AppleWebKit/537.36 (KHTML, like Gecko; compatible; GPTBot/1.2; +https://openai.com/gptbot)"
74.7.227.163 - - [08/Nov/2025:13:24:52 +0100] "GET /?path=//proc/742680/root/proc/self/root/opt/cloudlinux/alt-php71/root/usr/include/php/ext/hash HTTP/2.0" 200 40706 "-" "Mozilla/5.0 AppleWebKit/537.36 (KHTML, like Gecko; compatible; GPTBot/1.2; +https://openai.com/gptbot)"
74.7.227.204 - - [08/Nov/2025:13:24:53 +0100] "GET /795593445?detail=0793425982 HTTP/2.0" 200 75282 "-" "Mozilla/5.0 AppleWebKit/537.36 (KHTML, like Gecko; compatible; GPTBot/1.2; +https://openai.com/gptbot)"
74.7.227.59 - - [08/Nov/2025:13:24:53 +0100] "GET /?path=//lib/modules/4.18.0-553.8.1.lve.el8.x86_64/kernel/drivers/input/mouse HTTP/2.0" 200 29050 "-" "Mozilla/5.0 AppleWebKit/537.36 (KHTML, like Gecko; compatible; GPTBot/1.2; +https://openai.com/gptbot)"
74.7.227.27 - - [08/Nov/2025:13:24:54 +0100] "GET /?path=//lib/modules/4.18.0-553.54.1.lve.el8.x86_64/kernel/samples HTTP/2.0" 200 16971 "-" "Mozilla/5.0 AppleWebKit/537.36 (KHTML, like Gecko; compatible; GPTBot/1.2; +https://openai.com/gptbot)"
66.249.75.162 - - [08/Nov/2025:13:24:54 +0100] "GET /drama120019635.html HTTP/1.1" 200 559536 "-" "Mozilla/5.0 (Linux; Android 6.0.1; Nexus 5X Build/MMB29P) AppleWebKit/537.36 (KHTML, like Gecko) Chrome/141.0.7390.122 Mobile Safari/537.36 (compatible; Googlebot/2.1; +http://www.google.com/bot.html)"
57.141.0.18 - - [08/Nov/2025:13:24:55 +0100] "GET /hair-transplantation/?fileloc=/home/opal/public_html/robots.txt&path=/home/opal/public_html HTTP/2.0" 200 15287 "-" "meta-externalagent/1.1 (+https://developers.facebook.com/docs/sharing/webmasters/crawler)"
74.7.227.163 - - [08/Nov/2025:13:24:56 +0100] "GET /?path=//proc/742680/root/proc/self/root/opt/cloudlinux/alt-php71/root/usr/include/php/ext/date HTTP/2.0" 200 19542 "-" "Mozilla/5.0 AppleWebKit/537.36 (KHTML, like Gecko; compatible; GPTBot/1.2; +https://openai.com/gptbot)"
74.7.227.204 - - [08/Nov/2025:13:24:56 +0100] "GET /304466359?path=/ HTTP/2.0" 200 32962 "-" "Mozilla/5.0 AppleWebKit/537.36 (KHTML, like Gecko; compatible; GPTBot/1.2; +https://openai.com/gptbot)"
74.7.227.168 - - [08/Nov/2025:13:24:56 +0100] "GET /?fileloc=//usr/lib64/python2.7/test/test_itertools.py&path=//usr/lib64/python2.7/test HTTP/2.0" 200 94427 "-" "Mozilla/5.0 AppleWebKit/537.36 (KHTML, like Gecko; compatible; GPTBot/1.2; +https://openai.com/gptbot)"
74.7.227.59 - - [08/Nov/2025:13:24:57 +0100] "GET /?path=//lib/modules/4.18.0-553.8.1.lve.el8.x86_64/kernel/drivers/isdn/capi HTTP/2.0" 200 19006 "-" "Mozilla/5.0 AppleWebKit/537.36 (KHTML, like Gecko; compatible; GPTBot/1.2; +https://openai.com/gptbot)"
66.249.75.162 - - [08/Nov/2025:13:24:57 +0100] "GET /additional115034520.html HTTP/1.1" 200 559623 "-" "Mozilla/5.0 (Linux; Android 6.0.1; Nexus 5X Build/MMB29P) AppleWebKit/537.36 (KHTML, like Gecko) Chrome/141.0.7390.122 Mobile Safari/537.36 (compatible; Googlebot/2.1; +http://www.google.com/bot.html)"
74.7.227.27 - - [08/Nov/2025:13:24:57 +0100] "GET /?path=//lib/modules/4.18.0-553.8.1.lve.el8.x86_64/kernel/samples HTTP/2.0" 200 16964 "-" "Mozilla/5.0 AppleWebKit/537.36 (KHTML, like Gecko; compatible; GPTBot/1.2; +https://openai.com/gptbot)"
74.7.227.163 - - [08/Nov/2025:13:24:59 +0100] "GET /?path=//proc/742680/root/proc/self/root/opt/cloudlinux/alt-php71/root/usr/include/php/ext/apcu HTTP/2.0" 200 38776 "-" "Mozilla/5.0 AppleWebKit/537.36 (KHTML, like Gecko; compatible; GPTBot/1.2; +https://openai.com/gptbot)"
66.249.69.133 - - [08/Nov/2025:13:25:02 +0100] "GET /resistance115041002.html HTTP/1.1" 200 558495 "-" "Mozilla/5.0 (Linux; Android 6.0.1; Nexus 5X Build/MMB29P) AppleWebKit/537.36 (KHTML, like Gecko) Chrome/141.0.7390.122 Mobile Safari/537.36 (compatible; Googlebot/2.1; +http://www.google.com/bot.html)"
74.7.227.204 - - [08/Nov/2025:13:25:00 +0100] "GET /795575332?detail=0793407918 HTTP/2.0" 200 77831 "-" "Mozilla/5.0 AppleWebKit/537.36 (KHTML, like Gecko; compatible; GPTBot/1.2; +https://openai.com/gptbot)"
74.7.227.27 - - [08/Nov/2025:13:25:02 +0100] "GET /?fileloc=//lib64/python2.7/test/decimaltestdata/rotate.decTest&path=//lib64/python2.7/test/decimaltestdata HTTP/2.0" 200 27248 "-" "Mozilla/5.0 AppleWebKit/537.36 (KHTML, like Gecko; compatible; GPTBot/1.2; +https://openai.com/gptbot)"
74.7.227.59 - - [08/Nov/2025:13:25:02 +0100] "GET /?path=//lib/modules/4.18.0-553.8.1.lve.el8.x86_64/kernel/drivers/message HTTP/2.0" 200 17071 "-" "Mozilla/5.0 AppleWebKit/537.36 (KHTML, like Gecko; compatible; GPTBot/1.2; +https://openai.com/gptbot)"
74.7.227.163 - - [08/Nov/2025:13:25:03 +0100] "GET /?path=//proc/742680/root/proc/self/root/opt/cloudlinux/alt-php52/root/usr/include/php/main HTTP/2.0" 200 70878 "-" "Mozilla/5.0 AppleWebKit/537.36 (KHTML, like Gecko; compatible; GPTBot/1.2; +https://openai.com/gptbot)"
74.7.227.168 - - [08/Nov/2025:13:25:03 +0100] "GET /?fileloc=//usr/lib64/python2.7/test/test_collections.py&path=//usr/lib64/python2.7/test HTTP/2.0" 200 58135 "-" "Mozilla/5.0 AppleWebKit/537.36 (KHTML, like Gecko; compatible; GPTBot/1.2; +https://openai.com/gptbot)"
74.7.227.204 - - [08/Nov/2025:13:25:03 +0100] "GET /795643550?detail=0793475950 HTTP/2.0" 200 77831 "-" "Mozilla/5.0 AppleWebKit/537.36 (KHTML, like Gecko; compatible; GPTBot/1.2; +https://openai.com/gptbot)"
66.249.75.162 - - [08/Nov/2025:13:25:05 +0100] "GET /agree225041212.html HTTP/1.1" 200 199894 "-" "Mozilla/5.0 (Linux; Android 6.0.1; Nexus 5X Build/MMB29P) AppleWebKit/537.36 (KHTML, like Gecko) Chrome/141.0.7390.122 Mobile Safari/537.36 (compatible; Googlebot/2.1; +http://www.google.com/bot.html)"
69.197.179.242 - - [08/Nov/2025:13:23:41 +0100] "GET /wp-content/ad1f3ec7/edit.php?id=873934 HTTP/1.1" 200 - "https://opalaesthetic.net/wp-content/ad1f3ec7/edit.php?id=873934" "Mozilla/5.0 (Windows NT 10.0; Win64; x64) AppleWebKit/537.36 (KHTML, like Gecko) Chrome/58.0.3029.110 Safari/537.3"
74.7.227.27 - - [08/Nov/2025:13:25:05 +0100] "GET /?fileloc=//lib64/python2.7/test/decimaltestdata/base.decTest&path=//lib64/python2.7/test/decimaltestdata HTTP/2.0" 200 86238 "-" "Mozilla/5.0 AppleWebKit/537.36 (KHTML, like Gecko; compatible; GPTBot/1.2; +https://openai.com/gptbot)"
74.7.227.59 - - [08/Nov/2025:13:25:06 +0100] "GET /?path=//lib/modules/4.18.0-553.8.1.lve.el8.x86_64/kernel/drivers/scsi HTTP/2.0" 200 78025 "-" "Mozilla/5.0 AppleWebKit/537.36 (KHTML, like Gecko; compatible; GPTBot/1.2; +https://openai.com/gptbot)"
74.7.227.163 - - [08/Nov/2025:13:25:05 +0100] "GET /?path=//proc/742680/root/proc/self/root/opt/cloudlinux/alt-php55/root/usr/include/php/ext/ereg HTTP/2.0" 200 21276 "-" "Mozilla/5.0 AppleWebKit/537.36 (KHTML, like Gecko; compatible; GPTBot/1.2; +https://openai.com/gptbot)"
74.7.227.204 - - [08/Nov/2025:13:25:07 +0100] "GET /795627009?detail=0793459454 HTTP/2.0" 200 77831 "-" "Mozilla/5.0 AppleWebKit/537.36 (KHTML, like Gecko; compatible; GPTBot/1.2; +https://openai.com/gptbot)"
74.7.227.168 - - [08/Nov/2025:13:25:08 +0100] "GET /?fileloc=//usr/lib64/python2.7/test/test_itertools.pyo&path=//usr/lib64/python2.7/test HTTP/2.0" 200 113690 "-" "Mozilla/5.0 AppleWebKit/537.36 (KHTML, like Gecko; compatible; GPTBot/1.2; +https://openai.com/gptbot)"
66.249.75.162 - - [08/Nov/2025:13:25:08 +0100] "GET /failure016049353.html HTTP/1.1" 200 200297 "-" "Mozilla/5.0 (Linux; Android 6.0.1; Nexus 5X Build/MMB29P) AppleWebKit/537.36 (KHTML, like Gecko) Chrome/141.0.7390.122 Mobile Safari/537.36 (compatible; Googlebot/2.1; +http://www.google.com/bot.html)"
74.7.227.27 - - [08/Nov/2025:13:25:09 +0100] "GET /?fileloc=//lib64/python2.7/test/decimaltestdata/scaleb.decTest&path=//lib64/python2.7/test/decimaltestdata HTTP/2.0" 200 25175 "-" "Mozilla/5.0 AppleWebKit/537.36 (KHTML, like Gecko; compatible; GPTBot/1.2; +https://openai.com/gptbot)"
74.7.227.163 - - [08/Nov/2025:13:25:09 +0100] "GET /?path=//proc/742680/root/proc/self/root/opt/cloudlinux/alt-php55/root/usr/include/php/ext/date HTTP/2.0" 200 16993 "-" "Mozilla/5.0 AppleWebKit/537.36 (KHTML, like Gecko; compatible; GPTBot/1.2; +https://openai.com/gptbot)"
74.7.227.204 - - [08/Nov/2025:13:25:11 +0100] "GET /304490890?detail=0303661582 HTTP/2.0" 200 77831 "-" "Mozilla/5.0 AppleWebKit/537.36 (KHTML, like Gecko; compatible; GPTBot/1.2; +https://openai.com/gptbot)"
74.7.227.59 - - [08/Nov/2025:13:25:10 +0100] "GET /?path=//lib/modules/4.18.0-553.8.1.lve.el8.x86_64/kernel/drivers/acpi HTTP/2.0" 200 32149 "-" "Mozilla/5.0 AppleWebKit/537.36 (KHTML, like Gecko; compatible; GPTBot/1.2; +https://openai.com/gptbot)"
66.249.75.162 - - [08/Nov/2025:13:25:11 +0100] "GET /poverty017022438.html HTTP/1.1" 200 554824 "-" "Mozilla/5.0 (Linux; Android 6.0.1; Nexus 5X Build/MMB29P) AppleWebKit/537.36 (KHTML, like Gecko) Chrome/141.0.7390.122 Mobile Safari/537.36 (compatible; Googlebot/2.1; +http://www.google.com/bot.html)"
74.7.227.27 - - [08/Nov/2025:13:25:12 +0100] "GET /?path=//lib/modules/4.18.0-553.54.1.lve.el8.x86_64/kernel/samples/vfio-mdev HTTP/2.0" 200 15605 "-" "Mozilla/5.0 AppleWebKit/537.36 (KHTML, like Gecko; compatible; GPTBot/1.2; +https://openai.com/gptbot)"
74.7.227.204 - - [08/Nov/2025:13:25:13 +0100] "GET /304391356?detail=0303562318 HTTP/2.0" 200 77831 "-" "Mozilla/5.0 AppleWebKit/537.36 (KHTML, like Gecko; compatible; GPTBot/1.2; +https://openai.com/gptbot)"
74.7.227.163 - - [08/Nov/2025:13:25:13 +0100] "GET /?path=//proc/742680/root/proc/self/root/opt/cloudlinux/alt-php55/root/usr/include/php/ext/apcu HTTP/2.0" 200 27596 "-" "Mozilla/5.0 AppleWebKit/537.36 (KHTML, like Gecko; compatible; GPTBot/1.2; +https://openai.com/gptbot)"
74.7.227.168 - - [08/Nov/2025:13:25:13 +0100] "GET /?fileloc=//usr/lib64/python2.7/test/test_itertools.pyc&path=//usr/lib64/python2.7/test HTTP/2.0" 200 113690 "-" "Mozilla/5.0 AppleWebKit/537.36 (KHTML, like Gecko; compatible; GPTBot/1.2; +https://openai.com/gptbot)"
74.7.227.59 - - [08/Nov/2025:13:25:14 +0100] "GET /?path=//lib/modules/4.18.0-553.8.1.lve.el8.x86_64/kernel/drivers/parport HTTP/2.0" 200 20575 "-" "Mozilla/5.0 AppleWebKit/537.36 (KHTML, like Gecko; compatible; GPTBot/1.2; +https://openai.com/gptbot)"
74.7.227.27 - - [08/Nov/2025:13:25:14 +0100] "GET /?path=//lib/modules/4.18.0-553.8.1.lve.el8.x86_64/kernel/samples/vfio-mdev HTTP/2.0" 200 13051 "-" "Mozilla/5.0 AppleWebKit/537.36 (KHTML, like Gecko; compatible; GPTBot/1.2; +https://openai.com/gptbot)"
66.249.75.162 - - [08/Nov/2025:13:25:15 +0100] "GET /protein130045837.html HTTP/1.1" 200 198714 "-" "Mozilla/5.0 (Linux; Android 6.0.1; Nexus 5X Build/MMB29P) AppleWebKit/537.36 (KHTML, like Gecko) Chrome/141.0.7390.122 Mobile Safari/537.36 (compatible; Googlebot/2.1; +http://www.google.com/bot.html)"
74.7.227.163 - - [08/Nov/2025:13:25:15 +0100] "GET /?path=//proc/742680/root/proc/self/root/opt/cloudlinux/alt-php52/root/usr/include/php/main/streams HTTP/2.0" 200 28773 "-" "Mozilla/5.0 AppleWebKit/537.36 (KHTML, like Gecko; compatible; GPTBot/1.2; +https://openai.com/gptbot)"
74.7.227.204 - - [08/Nov/2025:13:25:15 +0100] "GET /304429956?detail=0303600814 HTTP/2.0" 200 77831 "-" "Mozilla/5.0 AppleWebKit/537.36 (KHTML, like Gecko; compatible; GPTBot/1.2; +https://openai.com/gptbot)"
57.141.0.59 - - [08/Nov/2025:13:25:16 +0100] "GET /le-slot-in-realta-si-possono-preferire-durante-segno-al-sforzo-di-purchessia/?path=/home/opal/public_html/wp-admin HTTP/2.0" 200 167967 "-" "meta-externalagent/1.1 (+https://developers.facebook.com/docs/sharing/webmasters/crawler)"
74.7.227.59 - - [08/Nov/2025:13:25:17 +0100] "GET /?path=//lib/modules/4.18.0-553.8.1.lve.el8.x86_64/kernel/drivers/iommu HTTP/2.0" 200 17049 "-" "Mozilla/5.0 AppleWebKit/537.36 (KHTML, like Gecko; compatible; GPTBot/1.2; +https://openai.com/gptbot)"
74.7.227.27 - - [08/Nov/2025:13:25:17 +0100] "GET /?fileloc=//lib64/python2.7/test/decimaltestdata/ddRotate.decTest&path=//lib64/python2.7/test/decimaltestdata HTTP/2.0" 200 29480 "-" "Mozilla/5.0 AppleWebKit/537.36 (KHTML, like Gecko; compatible; GPTBot/1.2; +https://openai.com/gptbot)"
74.7.227.168 - - [08/Nov/2025:13:25:17 +0100] "GET /?fileloc=//usr/lib64/python2.7/test/test_distutils.pyo&path=//usr/lib64/python2.7/test HTTP/2.0" 200 15715 "-" "Mozilla/5.0 AppleWebKit/537.36 (KHTML, like Gecko; compatible; GPTBot/1.2; +https://openai.com/gptbot)"
66.249.75.163 - - [08/Nov/2025:13:25:18 +0100] "GET /bury135013714.html HTTP/1.1" 200 562949 "-" "Mozilla/5.0 (Linux; Android 6.0.1; Nexus 5X Build/MMB29P) AppleWebKit/537.36 (KHTML, like Gecko) Chrome/141.0.7390.122 Mobile Safari/537.36 (compatible; Googlebot/2.1; +http://www.google.com/bot.html)"
74.7.227.163 - - [08/Nov/2025:13:25:19 +0100] "GET /?path=//proc/742680/root/proc/self/root/opt/cloudlinux/alt-php55/root/usr/include/php/ext/phar HTTP/2.0" 200 18013 "-" "Mozilla/5.0 AppleWebKit/537.36 (KHTML, like Gecko; compatible; GPTBot/1.2; +https://openai.com/gptbot)"
74.7.227.204 - - [08/Nov/2025:13:25:19 +0100] "GET /795734550?detail=0793566702 HTTP/2.0" 200 77831 "-" "Mozilla/5.0 AppleWebKit/537.36 (KHTML, like Gecko; compatible; GPTBot/1.2; +https://openai.com/gptbot)"
74.7.227.27 - - [08/Nov/2025:13:25:21 +0100] "GET /?fileloc=//lib64/python2.7/test/decimaltestdata/class.decTest&path=//lib64/python2.7/test/decimaltestdata HTTP/2.0" 200 21515 "-" "Mozilla/5.0 AppleWebKit/537.36 (KHTML, like Gecko; compatible; GPTBot/1.2; +https://openai.com/gptbot)"
74.7.227.59 - - [08/Nov/2025:13:25:22 +0100] "GET /?path=//lib/modules/4.18.0-553.8.1.lve.el8.x86_64/kernel/drivers/thermal HTTP/2.0" 200 17067 "-" "Mozilla/5.0 AppleWebKit/537.36 (KHTML, like Gecko; compatible; GPTBot/1.2; +https://openai.com/gptbot)"
66.249.75.162 - - [08/Nov/2025:13:25:23 +0100] "GET /pages.php?respect227006686.html HTTP/1.1" 200 553042 "-" "Mozilla/5.0 (Linux; Android 6.0.1; Nexus 5X Build/MMB29P) AppleWebKit/537.36 (KHTML, like Gecko) Chrome/141.0.7390.122 Mobile Safari/537.36 (compatible; Googlebot/2.1; +http://www.google.com/bot.html)"
43.173.182.79 - - [08/Nov/2025:13:25:23 +0100] "GET /?path=/home/opal/public_html/wp-content/uploads-webpc HTTP/1.1" 200 19725 "-" "Mozilla/5.0 (Windows NT 6.1; Win64; x64) AppleWebKit/537.36 (KHTML, like Gecko) Chrome/126.0.6478.114 Safari/537.36"
74.7.227.163 - - [08/Nov/2025:13:25:23 +0100] "GET /?path=//proc/742680/root/proc/self/root/opt/cloudlinux/alt-php71/root/usr/include/php/ext/curl HTTP/2.0" 200 18013 "-" "Mozilla/5.0 AppleWebKit/537.36 (KHTML, like Gecko; compatible; GPTBot/1.2; +https://openai.com/gptbot)"
74.7.227.168 - - [08/Nov/2025:13:25:24 +0100] "GET /?fileloc=//usr/lib64/python2.7/test/test_int_literal.py&path=//usr/lib64/python2.7/test HTTP/2.0" 200 24127 "-" "Mozilla/5.0 AppleWebKit/537.36 (KHTML, like Gecko; compatible; GPTBot/1.2; +https://openai.com/gptbot)"
74.7.227.204 - - [08/Nov/2025:13:25:24 +0100] "GET /795643550?fileloc=/home/opal/public_html/ex.php&path=/home/opal/public_html HTTP/2.0" 200 21238 "-" "Mozilla/5.0 AppleWebKit/537.36 (KHTML, like Gecko; compatible; GPTBot/1.2; +https://openai.com/gptbot)"
74.7.227.27 - - [08/Nov/2025:13:25:25 +0100] "GET /?fileloc=//lib64/libgcab-1.0.so.0&path=//lib64 HTTP/2.0" 200 130201 "-" "Mozilla/5.0 AppleWebKit/537.36 (KHTML, like Gecko; compatible; GPTBot/1.2; +https://openai.com/gptbot)"
74.7.227.59 - - [08/Nov/2025:13:25:25 +0100] "GET /?path=//lib/modules/4.18.0-553.8.1.lve.el8.x86_64/kernel/drivers/gpio HTTP/2.0" 200 22193 "-" "Mozilla/5.0 AppleWebKit/537.36 (KHTML, like Gecko; compatible; GPTBot/1.2; +https://openai.com/gptbot)"
66.249.69.134 - - [08/Nov/2025:13:25:26 +0100] "GET /debris050038177.html HTTP/1.1" 200 557877 "-" "Mozilla/5.0 (Linux; Android 6.0.1; Nexus 5X Build/MMB29P) AppleWebKit/537.36 (KHTML, like Gecko) Chrome/141.0.7390.122 Mobile Safari/537.36 (compatible; Googlebot/2.1; +http://www.google.com/bot.html)"
74.7.227.163 - - [08/Nov/2025:13:25:27 +0100] "GET /?path=//proc/742680/root/proc/self/root/opt/cloudlinux/alt-php55/root/usr/include/php/ext/curl HTTP/2.0" 200 18013 "-" "Mozilla/5.0 AppleWebKit/537.36 (KHTML, like Gecko; compatible; GPTBot/1.2; +https://openai.com/gptbot)"
74.7.227.204 - - [08/Nov/2025:13:25:29 +0100] "GET /795627009?fileloc=/home/opal/public_html/robots.txt&path=/home/opal/public_html HTTP/2.0" 200 15287 "-" "Mozilla/5.0 AppleWebKit/537.36 (KHTML, like Gecko; compatible; GPTBot/1.2; +https://openai.com/gptbot)"
74.7.227.27 - - [08/Nov/2025:13:25:29 +0100] "GET /?fileloc=//lib64/python2.7/test/decimaltestdata/add.decTest&path=//lib64/python2.7/test/decimaltestdata HTTP/2.0" 200 169297 "-" "Mozilla/5.0 AppleWebKit/537.36 (KHTML, like Gecko; compatible; GPTBot/1.2; +https://openai.com/gptbot)"
216.73.216.214 - - [08/Nov/2025:13:25:29 +0100] "GET /2025-s-bystroj-registraciej-i-udobnym-interfejsom-208-2/?fileloc=%2Fhome%2Fopal%2F.trash%2Fwp-admin.2%2Fcustom-header.php&path=%2Fhome%2Fopal%2F.trash%2Fwp-admin.2 HTTP/2.0" 200 15526 "-" "Mozilla/5.0 AppleWebKit/537.36 (KHTML, like Gecko; compatible; ClaudeBot/1.0; +claudebot@anthropic.com)"
216.73.216.214 - - [08/Nov/2025:13:25:29 +0100] "GET /2025-samye-perspektivnye-ploshhadki-dlja-443?fileloc=%2Fhome%2Fopal%2F.trash%2Fbk%2Fwp-includes%2Frest-api%2Fendpoints%2Fclass-wp-rest-autosaves-controller.php&path=%2Fhome%2Fopal%2F.trash%2Fbk%2Fwp-includes%2Frest-api%2Fendpoints HTTP/2.0" 200 32002 "-" "Mozilla/5.0 AppleWebKit/537.36 (KHTML, like Gecko; compatible; ClaudeBot/1.0; +claudebot@anthropic.com)"
74.7.227.168 - - [08/Nov/2025:13:25:30 +0100] "GET /?fileloc=//usr/lib64/python2.7/test/test_builtin.pyo&path=//usr/lib64/python2.7/test HTTP/2.0" 200 103975 "-" "Mozilla/5.0 AppleWebKit/537.36 (KHTML, like Gecko; compatible; GPTBot/1.2; +https://openai.com/gptbot)"
66.249.75.163 - - [08/Nov/2025:13:25:30 +0100] "GET /sand070015853.html HTTP/1.1" 200 562545 "-" "Mozilla/5.0 (Linux; Android 6.0.1; Nexus 5X Build/MMB29P) AppleWebKit/537.36 (KHTML, like Gecko) Chrome/141.0.7390.122 Mobile Safari/537.36 (compatible; Googlebot/2.1; +http://www.google.com/bot.html)"
74.7.227.59 - - [08/Nov/2025:13:25:30 +0100] "GET /?path=//lib/modules/4.18.0-553.8.1.lve.el8.x86_64/kernel/drivers/scsi/cxgbi HTTP/2.0" 200 18833 "-" "Mozilla/5.0 AppleWebKit/537.36 (KHTML, like Gecko; compatible; GPTBot/1.2; +https://openai.com/gptbot)"
74.7.227.163 - - [08/Nov/2025:13:25:31 +0100] "GET /?path=//proc/742680/root/proc/self/root/opt/cloudlinux/alt-php83/root/usr/include/php/sapi HTTP/2.0" 200 17696 "-" "Mozilla/5.0 AppleWebKit/537.36 (KHTML, like Gecko; compatible; GPTBot/1.2; +https://openai.com/gptbot)"
74.7.227.204 - - [08/Nov/2025:13:25:32 +0100] "GET /304425176?detail=0303596046 HTTP/2.0" 200 75282 "-" "Mozilla/5.0 AppleWebKit/537.36 (KHTML, like Gecko; compatible; GPTBot/1.2; +https://openai.com/gptbot)"
74.7.227.27 - - [08/Nov/2025:13:25:33 +0100] "GET /?fileloc=//lib64/python2.7/test/test_queue.py&path=//lib64/python2.7/test HTTP/2.0" 200 27522 "-" "Mozilla/5.0 AppleWebKit/537.36 (KHTML, like Gecko; compatible; GPTBot/1.2; +https://openai.com/gptbot)"
216.73.216.214 - - [08/Nov/2025:13:25:33 +0100] "GET /2025-s-bystroj-registraciej-i-udobnym-interfejsom-208-2/?fileloc=%2Fhome%2Fopal%2F.trash%2Fwp-admin.2%2Fupgrade-functions.php&path=%2Fhome%2Fopal%2F.trash%2Fwp-admin.2 HTTP/2.0" 200 15337 "-" "Mozilla/5.0 AppleWebKit/537.36 (KHTML, like Gecko; compatible; ClaudeBot/1.0; +claudebot@anthropic.com)"
216.73.216.214 - - [08/Nov/2025:13:25:34 +0100] "GET /2025-samye-perspektivnye-ploshhadki-dlja-443?fileloc=%2Fhome%2Fopal%2F.trash%2Fbk%2Fwp-includes%2Frest-api%2Fendpoints%2Fclass-wp-rest-template-autosaves-controller.php&path=%2Fhome%2Fopal%2F.trash%2Fbk%2Fwp-includes%2Frest-api%2Fendpoints HTTP/2.0" 200 24187 "-" "Mozilla/5.0 AppleWebKit/537.36 (KHTML, like Gecko; compatible; ClaudeBot/1.0; +claudebot@anthropic.com)"
66.249.75.164 - - [08/Nov/2025:13:25:35 +0100] "GET /pages.php?pcmypage?callback=product%2Fdetail%2Fdeco-maison-ds-1325750 HTTP/1.1" 200 559660 "-" "Mozilla/5.0 (Linux; Android 6.0.1; Nexus 5X Build/MMB29P) AppleWebKit/537.36 (KHTML, like Gecko) Chrome/141.0.7390.122 Mobile Safari/537.36 (compatible; Googlebot/2.1; +http://www.google.com/bot.html)"
74.7.227.163 - - [08/Nov/2025:13:25:36 +0100] "GET /?path=//proc/742680/root/proc/self/root/opt/cloudlinux/alt-php71/root/usr/include/php/ext/pcre HTTP/2.0" 200 19558 "-" "Mozilla/5.0 AppleWebKit/537.36 (KHTML, like Gecko; compatible; GPTBot/1.2; +https://openai.com/gptbot)"
74.7.227.168 - - [08/Nov/2025:13:25:36 +0100] "GET /?fileloc=//usr/lib64/python2.7/test/test_httplib.pyo&path=//usr/lib64/python2.7/test HTTP/2.0" 200 58792 "-" "Mozilla/5.0 AppleWebKit/537.36 (KHTML, like Gecko; compatible; GPTBot/1.2; +https://openai.com/gptbot)"
74.7.227.59 - - [08/Nov/2025:13:25:37 +0100] "GET /?path=//lib/modules/4.18.0-553.8.1.lve.el8.x86_64/kernel/drivers/scsi/qla2xxx HTTP/2.0" 200 17358 "-" "Mozilla/5.0 AppleWebKit/537.36 (KHTML, like Gecko; compatible; GPTBot/1.2; +https://openai.com/gptbot)"
74.7.227.204 - - [08/Nov/2025:13:25:37 +0100] "GET /304518695?detail=0303689310 HTTP/2.0" 200 77831 "-" "Mozilla/5.0 AppleWebKit/537.36 (KHTML, like Gecko; compatible; GPTBot/1.2; +https://openai.com/gptbot)"
74.7.227.27 - - [08/Nov/2025:13:25:38 +0100] "GET /?path=//opt/alt/python35/lib64/python3.5/lib2to3/tests/data/fixers/myfixes HTTP/2.0" 200 27224 "-" "Mozilla/5.0 AppleWebKit/537.36 (KHTML, like Gecko; compatible; GPTBot/1.2; +https://openai.com/gptbot)"
216.73.216.214 - - [08/Nov/2025:13:25:38 +0100] "GET /2025-samye-perspektivnye-ploshhadki-dlja-443?fileloc=%2F%2Fhome%2Fopal%2F.trash%2Fwp-includes.2%2FSimplePie%2Fsrc%2FCore.php&path=%2F%2Fhome%2Fopal%2F.trash%2Fwp-includes.2%2FSimplePie%2Fsrc HTTP/2.0" 200 17370 "-" "Mozilla/5.0 AppleWebKit/537.36 (KHTML, like Gecko; compatible; ClaudeBot/1.0; +claudebot@anthropic.com)"
216.73.216.214 - - [08/Nov/2025:13:25:39 +0100] "GET /2025-samye-perspektivnye-ploshhadki-dlja-443?fileloc=%2F%2Fhome%2Fopal%2F.trash%2Fwp-includes.2%2FSimplePie%2Fsrc%2FException.php&path=%2F%2Fhome%2Fopal%2F.trash%2Fwp-includes.2%2FSimplePie%2Fsrc HTTP/2.0" 200 17427 "-" "Mozilla/5.0 AppleWebKit/537.36 (KHTML, like Gecko; compatible; ClaudeBot/1.0; +claudebot@anthropic.com)"
69.197.179.242 - - [08/Nov/2025:13:24:17 +0100] "GET /wp-includes/wpb655f2/index.php?id=121368 HTTP/1.1" 200 - "https://opalaesthetic.net/wp-includes/wpb655f2/index.php?id=121368" "Mozilla/5.0 (Windows NT 10.0; Win64; x64) AppleWebKit/537.36 (KHTML, like Gecko) Chrome/58.0.3029.110 Safari/537.3"
66.249.75.162 - - [08/Nov/2025:13:25:40 +0100] "GET /scared230013983.html HTTP/1.1" 200 553415 "-" "Mozilla/5.0 (Linux; Android 6.0.1; Nexus 5X Build/MMB29P) AppleWebKit/537.36 (KHTML, like Gecko) Chrome/141.0.7390.122 Mobile Safari/537.36 (compatible; Googlebot/2.1; +http://www.google.com/bot.html)"
74.7.227.163 - - [08/Nov/2025:13:25:40 +0100] "GET /?path=//proc/742680/root/proc/self/root/opt/cloudlinux/alt-php71/root/usr/include/php/ext/spl HTTP/2.0" 200 35326 "-" "Mozilla/5.0 AppleWebKit/537.36 (KHTML, like Gecko; compatible; GPTBot/1.2; +https://openai.com/gptbot)"
74.7.227.59 - - [08/Nov/2025:13:25:43 +0100] "GET /?path=//lib/modules/4.18.0-553.8.1.lve.el8.x86_64/kernel/drivers/scsi/qedf HTTP/2.0" 200 17327 "-" "Mozilla/5.0 AppleWebKit/537.36 (KHTML, like Gecko; compatible; GPTBot/1.2; +https://openai.com/gptbot)"
74.7.227.204 - - [08/Nov/2025:13:25:43 +0100] "GET /304547445?detail=0303717982 HTTP/2.0" 200 77831 "-" "Mozilla/5.0 AppleWebKit/537.36 (KHTML, like Gecko; compatible; GPTBot/1.2; +https://openai.com/gptbot)"
74.7.227.168 - - [08/Nov/2025:13:25:43 +0100] "GET /?fileloc=//usr/lib64/python2.7/test/test_poplib.pyo&path=//usr/lib64/python2.7/test HTTP/2.0" 200 29145 "-" "Mozilla/5.0 AppleWebKit/537.36 (KHTML, like Gecko; compatible; GPTBot/1.2; +https://openai.com/gptbot)"
74.7.227.27 - - [08/Nov/2025:13:25:44 +0100] "GET /?path=//opt/alt/python37/lib64/python3.7/lib2to3/tests/data/fixers/myfixes HTTP/2.0" 200 24675 "-" "Mozilla/5.0 AppleWebKit/537.36 (KHTML, like Gecko; compatible; GPTBot/1.2; +https://openai.com/gptbot)"
216.73.216.214 - - [08/Nov/2025:13:25:45 +0100] "GET /?fileloc=%2F%2Flib64%2Fpython2.7%2Fdecimal.pyo&path=%2F%2Flib64%2Fpython2.7 HTTP/2.0" 200 208360 "-" "Mozilla/5.0 AppleWebKit/537.36 (KHTML, like Gecko; compatible; ClaudeBot/1.0; +claudebot@anthropic.com)"
66.249.69.133 - - [08/Nov/2025:13:25:45 +0100] "GET /busy120005863.html HTTP/1.1" 200 558780 "-" "Mozilla/5.0 (Linux; Android 6.0.1; Nexus 5X Build/MMB29P) AppleWebKit/537.36 (KHTML, like Gecko) Chrome/141.0.7390.122 Mobile Safari/537.36 (compatible; Googlebot/2.1; +http://www.google.com/bot.html)"
216.73.216.214 - - [08/Nov/2025:13:25:45 +0100] "GET /?fileloc=%2F%2Flib64%2Fpython2.7%2Fnntplib.pyo&path=%2F%2Flib64%2Fpython2.7 HTTP/2.0" 200 37011 "-" "Mozilla/5.0 AppleWebKit/537.36 (KHTML, like Gecko; compatible; ClaudeBot/1.0; +claudebot@anthropic.com)"
74.7.227.59 - - [08/Nov/2025:13:25:47 +0100] "GET /?path=//lib/modules/4.18.0-553.8.1.lve.el8.x86_64/kernel/drivers/scsi/fnic HTTP/2.0" 200 17326 "-" "Mozilla/5.0 AppleWebKit/537.36 (KHTML, like Gecko; compatible; GPTBot/1.2; +https://openai.com/gptbot)"
74.7.227.163 - - [08/Nov/2025:13:25:46 +0100] "GET /?path=//proc/742680/root/proc/self/root/opt/cloudlinux/alt-php55/root/usr/include/php/ext/dom HTTP/2.0" 200 18015 "-" "Mozilla/5.0 AppleWebKit/537.36 (KHTML, like Gecko; compatible; GPTBot/1.2; +https://openai.com/gptbot)"
74.7.227.204 - - [08/Nov/2025:13:25:48 +0100] "GET /304290632?detail=0303461870 HTTP/2.0" 200 77831 "-" "Mozilla/5.0 AppleWebKit/537.36 (KHTML, like Gecko; compatible; GPTBot/1.2; +https://openai.com/gptbot)"
74.7.227.27 - - [08/Nov/2025:13:25:48 +0100] "GET /?path=//opt/alt/python38/lib64/python3.8/lib2to3/tests/data/fixers/myfixes HTTP/2.0" 200 27224 "-" "Mozilla/5.0 AppleWebKit/537.36 (KHTML, like Gecko; compatible; GPTBot/1.2; +https://openai.com/gptbot)"
216.73.216.214 - - [08/Nov/2025:13:25:49 +0100] "GET /?fileloc=%2F%2Flib64%2Fpython2.7%2Fre.pyo&path=%2F%2Flib64%2Fpython2.7 HTTP/2.0" 200 26270 "-" "Mozilla/5.0 AppleWebKit/537.36 (KHTML, like Gecko; compatible; ClaudeBot/1.0; +claudebot@anthropic.com)"
66.249.75.163 - - [08/Nov/2025:13:25:50 +0100] "GET /tourism216040047.html HTTP/1.1" 200 549100 "-" "Mozilla/5.0 (Linux; Android 6.0.1; Nexus 5X Build/MMB29P) AppleWebKit/537.36 (KHTML, like Gecko) Chrome/141.0.7390.122 Mobile Safari/537.36 (compatible; Googlebot/2.1; +http://www.google.com/bot.html)"
74.7.227.168 - - [08/Nov/2025:13:25:49 +0100] "GET /?fileloc=//usr/lib64/python2.7/test/test_hotshot.py&path=//usr/lib64/python2.7/test HTTP/2.0" 200 20362 "-" "Mozilla/5.0 AppleWebKit/537.36 (KHTML, like Gecko; compatible; GPTBot/1.2; +https://openai.com/gptbot)"
216.73.216.214 - - [08/Nov/2025:13:25:50 +0100] "GET /2025-samye-perspektivnye-ploshhadki-dlja-443?fileloc=%2F%2Fhome%2Fopal%2Fpublic_html%2Fwp-admin%2Fload-scripts.php&path=%2F%2Fhome%2Fopal%2Fpublic_html%2Fwp-admin HTTP/2.0" 200 17395 "-" "Mozilla/5.0 AppleWebKit/537.36 (KHTML, like Gecko; compatible; ClaudeBot/1.0; +claudebot@anthropic.com)"
74.7.227.163 - - [08/Nov/2025:13:25:50 +0100] "GET /?path=//proc/742680/root/proc/self/root/opt/cloudlinux/alt-php83/root/usr/include/php/sapi/cli HTTP/2.0" 200 17994 "-" "Mozilla/5.0 AppleWebKit/537.36 (KHTML, like Gecko; compatible; GPTBot/1.2; +https://openai.com/gptbot)"
74.7.227.59 - - [08/Nov/2025:13:25:51 +0100] "GET /?path=//lib/modules/4.18.0-553.8.1.lve.el8.x86_64/kernel/drivers/acpi/dptf HTTP/2.0" 200 14801 "-" "Mozilla/5.0 AppleWebKit/537.36 (KHTML, like Gecko; compatible; GPTBot/1.2; +https://openai.com/gptbot)"
74.7.227.204 - - [08/Nov/2025:13:25:51 +0100] "GET /795568993?detail=0793401598 HTTP/2.0" 200 77831 "-" "Mozilla/5.0 AppleWebKit/537.36 (KHTML, like Gecko; compatible; GPTBot/1.2; +https://openai.com/gptbot)"
74.7.227.27 - - [08/Nov/2025:13:25:51 +0100] "GET /?path=//opt/alt/python313/lib64/python3.13/test/test_tools/i18n_data HTTP/2.0" 200 31768 "-" "Mozilla/5.0 AppleWebKit/537.36 (KHTML, like Gecko; compatible; GPTBot/1.2; +https://openai.com/gptbot)"
216.73.216.214 - - [08/Nov/2025:13:25:52 +0100] "GET /?fileloc=%2F%2Flib64%2Fpython2.7%2Fcompileall.pyo&path=%2F%2Flib64%2Fpython2.7 HTTP/2.0" 200 22191 "-" "Mozilla/5.0 AppleWebKit/537.36 (KHTML, like Gecko; compatible; ClaudeBot/1.0; +claudebot@anthropic.com)"
216.73.216.214 - - [08/Nov/2025:13:25:53 +0100] "GET /?fileloc=%2F%2Flib64%2Fpython2.7%2Fcsv.pyo&path=%2F%2Flib64%2Fpython2.7 HTTP/2.0" 200 29298 "-" "Mozilla/5.0 AppleWebKit/537.36 (KHTML, like Gecko; compatible; ClaudeBot/1.0; +claudebot@anthropic.com)"
74.7.227.163 - - [08/Nov/2025:13:25:55 +0100] "GET /?path=//proc/742680/root/proc/self/root/opt/cloudlinux/alt-php71/root/usr/include/php/ext/dom HTTP/2.0" 200 18015 "-" "Mozilla/5.0 AppleWebKit/537.36 (KHTML, like Gecko; compatible; GPTBot/1.2; +https://openai.com/gptbot)"
66.249.69.134 - - [08/Nov/2025:13:25:55 +0100] "GET /while055019978.html HTTP/1.1" 200 556453 "-" "Mozilla/5.0 (Linux; Android 6.0.1; Nexus 5X Build/MMB29P) AppleWebKit/537.36 (KHTML, like Gecko) Chrome/141.0.7390.122 Mobile Safari/537.36 (compatible; Googlebot/2.1; +http://www.google.com/bot.html)"
74.7.227.204 - - [08/Nov/2025:13:25:56 +0100] "GET /304479805?detail=0303650526 HTTP/2.0" 200 77831 "-" "Mozilla/5.0 AppleWebKit/537.36 (KHTML, like Gecko; compatible; GPTBot/1.2; +https://openai.com/gptbot)"
74.7.227.59 - - [08/Nov/2025:13:25:56 +0100] "GET /?path=//lib/modules/4.18.0-553.8.1.lve.el8.x86_64/kernel/drivers/acpi/nfit HTTP/2.0" 200 17327 "-" "Mozilla/5.0 AppleWebKit/537.36 (KHTML, like Gecko; compatible; GPTBot/1.2; +https://openai.com/gptbot)"
74.7.227.27 - - [08/Nov/2025:13:25:57 +0100] "GET /?fileloc=//proc/self/root/proc/54274/root/proc/irq/7/node&path=//proc/self/root/proc/54274/root/proc/irq/7 HTTP/2.0" 200 15254 "-" "Mozilla/5.0 AppleWebKit/537.36 (KHTML, like Gecko; compatible; GPTBot/1.2; +https://openai.com/gptbot)"
216.73.216.214 - - [08/Nov/2025:13:25:58 +0100] "GET /?fileloc=%2F%2Flib64%2Fpython2.7%2Fgetpass.pyo&path=%2F%2Flib64%2Fpython2.7 HTTP/2.0" 200 19775 "-" "Mozilla/5.0 AppleWebKit/537.36 (KHTML, like Gecko; compatible; ClaudeBot/1.0; +claudebot@anthropic.com)"
74.7.227.163 - - [08/Nov/2025:13:25:59 +0100] "GET /?fileloc=//proc/742680/root/proc/self/root/opt/cloudlinux/alt-php71/root/usr/include/php/ext/spl/spl_exceptions.h&path=//proc/742680/root/proc/self/root/opt/cloudlinux/alt-php71/root/usr/include/php/ext/spl HTTP/2.0" 200 18202 "-" "Mozilla/5.0 AppleWebKit/537.36 (KHTML, like Gecko; compatible; GPTBot/1.2; +https://openai.com/gptbot)"
179.221.52.122 - - [08/Nov/2025:13:26:00 +0100] "GET //xmlrpc.php HTTP/1.1" 403 77831 "-" "Mozilla/5.0 (Windows NT 10.0; WOW64; rv:45.0) Gecko/20100101 Firefox/45.0"
74.7.227.204 - - [08/Nov/2025:13:26:00 +0100] "GET /795687909?detail=0793520190 HTTP/2.0" 200 77831 "-" "Mozilla/5.0 AppleWebKit/537.36 (KHTML, like Gecko; compatible; GPTBot/1.2; +https://openai.com/gptbot)"
74.7.227.27 - - [08/Nov/2025:13:26:02 +0100] "GET /?path=//usr/lib64/GraphicsMagick-1.3.38 HTTP/2.0" 200 18086 "-" "Mozilla/5.0 AppleWebKit/537.36 (KHTML, like Gecko; compatible; GPTBot/1.2; +https://openai.com/gptbot)"
74.7.227.59 - - [08/Nov/2025:13:26:02 +0100] "GET /?path=//lib/modules/4.18.0-553.8.1.lve.el8.x86_64/kernel/drivers/scsi/libfc HTTP/2.0" 200 17337 "-" "Mozilla/5.0 AppleWebKit/537.36 (KHTML, like Gecko; compatible; GPTBot/1.2; +https://openai.com/gptbot)"
216.73.216.214 - - [08/Nov/2025:13:26:03 +0100] "GET /?fileloc=%2F%2Flib64%2Fpython2.7%2Fgzip.pyo&path=%2F%2Flib64%2Fpython2.7 HTTP/2.0" 200 31016 "-" "Mozilla/5.0 AppleWebKit/537.36 (KHTML, like Gecko; compatible; ClaudeBot/1.0; +claudebot@anthropic.com)"
74.7.227.163 - - [08/Nov/2025:13:26:04 +0100] "GET /?path=//proc/742680/root/proc/self/root/opt/cloudlinux/alt-php71/root/usr/include/php/ext/pdo HTTP/2.0" 200 21483 "-" "Mozilla/5.0 AppleWebKit/537.36 (KHTML, like Gecko; compatible; GPTBot/1.2; +https://openai.com/gptbot)"
74.7.227.204 - - [08/Nov/2025:13:26:05 +0100] "GET /304313913?detail=0303485086 HTTP/2.0" 200 77831 "-" "Mozilla/5.0 AppleWebKit/537.36 (KHTML, like Gecko; compatible; GPTBot/1.2; +https://openai.com/gptbot)"
74.7.227.27 - - [08/Nov/2025:13:26:06 +0100] "GET /?fileloc=//proc/self/root/proc/55207/root/proc/irq/0/node&path=//proc/self/root/proc/55207/root/proc/irq/0 HTTP/2.0" 200 15254 "-" "Mozilla/5.0 AppleWebKit/537.36 (KHTML, like Gecko; compatible; GPTBot/1.2; +https://openai.com/gptbot)"
74.7.227.59 - - [08/Nov/2025:13:26:07 +0100] "GET /?path=//lib/modules/4.18.0-553.8.1.lve.el8.x86_64/kernel/drivers/scsi/qedi HTTP/2.0" 200 17327 "-" "Mozilla/5.0 AppleWebKit/537.36 (KHTML, like Gecko; compatible; GPTBot/1.2; +https://openai.com/gptbot)"
216.73.216.214 - - [08/Nov/2025:13:26:07 +0100] "GET /?fileloc=%2F%2Flib64%2Fpython2.7%2Fcopy_reg.pyc&path=%2F%2Flib64%2Fpython2.7 HTTP/2.0" 200 20274 "-" "Mozilla/5.0 AppleWebKit/537.36 (KHTML, like Gecko; compatible; ClaudeBot/1.0; +claudebot@anthropic.com)"
74.7.227.168 - - [08/Nov/2025:13:26:08 +0100] "GET /?fileloc=//usr/lib64/python2.7/test/test_struct.pyc&path=//usr/lib64/python2.7/test HTTP/2.0" 200 36483 "-" "Mozilla/5.0 AppleWebKit/537.36 (KHTML, like Gecko; compatible; GPTBot/1.2; +https://openai.com/gptbot)"
74.7.227.204 - - [08/Nov/2025:13:26:09 +0100] "GET /795633024?detail=0793465454 HTTP/2.0" 200 77831 "-" "Mozilla/5.0 AppleWebKit/537.36 (KHTML, like Gecko; compatible; GPTBot/1.2; +https://openai.com/gptbot)"
74.7.227.163 - - [08/Nov/2025:13:26:08 +0100] "GET /?path=//proc/742680/root/proc/self/root/opt/cloudlinux/alt-php55/root/usr/include/php/ext/pdo HTTP/2.0" 200 19746 "-" "Mozilla/5.0 AppleWebKit/537.36 (KHTML, like Gecko; compatible; GPTBot/1.2; +https://openai.com/gptbot)"
74.7.227.27 - - [08/Nov/2025:13:26:09 +0100] "GET /?fileloc=//proc/self/root/proc/55207/root/proc/irq/5/node&path=//proc/self/root/proc/55207/root/proc/irq/5 HTTP/2.0" 200 15254 "-" "Mozilla/5.0 AppleWebKit/537.36 (KHTML, like Gecko; compatible; GPTBot/1.2; +https://openai.com/gptbot)"
74.7.227.59 - - [08/Nov/2025:13:26:11 +0100] "GET /?path=//lib/modules/4.18.0-553.8.1.lve.el8.x86_64/kernel/drivers/scsi/fcoe HTTP/2.0" 200 17339 "-" "Mozilla/5.0 AppleWebKit/537.36 (KHTML, like Gecko; compatible; GPTBot/1.2; +https://openai.com/gptbot)"
