66.249.69.133 - - [08/Nov/2025:13:52:58 +0100] "GET /154763362?detail=0154342030 HTTP/1.1" 200 561555 "-" "Mozilla/5.0 (Linux; Android 6.0.1; Nexus 5X Build/MMB29P) AppleWebKit/537.36 (KHTML, like Gecko) Chrome/141.0.7390.122 Mobile Safari/537.36 (compatible; Googlebot/2.1; +http://www.google.com/bot.html)"
74.7.227.204 - - [08/Nov/2025:13:52:57 +0100] "GET /795571576?fileloc=/home/opal/public_html/networks.php&path=/home/opal/public_html HTTP/2.0" 200 14292 "-" "Mozilla/5.0 AppleWebKit/537.36 (KHTML, like Gecko; compatible; GPTBot/1.2; +https://openai.com/gptbot)"
74.7.227.27 - - [08/Nov/2025:13:52:58 +0100] "GET /?fileloc=//lib64/python2.7/test/test_doctest2.pyc&path=//lib64/python2.7/test HTTP/2.0" 200 18816 "-" "Mozilla/5.0 AppleWebKit/537.36 (KHTML, like Gecko; compatible; GPTBot/1.2; +https://openai.com/gptbot)"
74.7.227.163 - - [08/Nov/2025:13:52:58 +0100] "GET /?path=//proc/742680/root/proc/fs/ext4/md2 HTTP/2.0" 200 20029 "-" "Mozilla/5.0 AppleWebKit/537.36 (KHTML, like Gecko; compatible; GPTBot/1.2; +https://openai.com/gptbot)"
74.7.227.59 - - [08/Nov/2025:13:52:59 +0100] "GET /?path=//opt/plesk/php/8.2 HTTP/2.0" 200 16652 "-" "Mozilla/5.0 AppleWebKit/537.36 (KHTML, like Gecko; compatible; GPTBot/1.2; +https://openai.com/gptbot)"
74.7.227.204 - - [08/Nov/2025:13:53:00 +0100] "GET /304501384?detail=0303672046 HTTP/2.0" 200 77831 "-" "Mozilla/5.0 AppleWebKit/537.36 (KHTML, like Gecko; compatible; GPTBot/1.2; +https://openai.com/gptbot)"
74.7.227.168 - - [08/Nov/2025:13:53:00 +0100] "GET /?path=//proc/142086/root/var/www/html/.well-known/acme-challenge HTTP/2.0" 200 13063 "-" "Mozilla/5.0 AppleWebKit/537.36 (KHTML, like Gecko; compatible; GPTBot/1.2; +https://openai.com/gptbot)"
74.7.227.27 - - [08/Nov/2025:13:53:00 +0100] "GET /?fileloc=//lib64/python2.7/test/test_urllib2net.pyo&path=//lib64/python2.7/test HTTP/2.0" 200 25729 "-" "Mozilla/5.0 AppleWebKit/537.36 (KHTML, like Gecko; compatible; GPTBot/1.2; +https://openai.com/gptbot)"
74.7.227.163 - - [08/Nov/2025:13:53:01 +0100] "GET /?path=//proc/742680/root/proc/self/root/opt/alt/openssl/etc/pki/CA/crl HTTP/2.0" 200 15988 "-" "Mozilla/5.0 AppleWebKit/537.36 (KHTML, like Gecko; compatible; GPTBot/1.2; +https://openai.com/gptbot)"
74.7.227.59 - - [08/Nov/2025:13:53:02 +0100] "GET /?path=//opt/plesk/php/7.1 HTTP/2.0" 200 16652 "-" "Mozilla/5.0 AppleWebKit/537.36 (KHTML, like Gecko; compatible; GPTBot/1.2; +https://openai.com/gptbot)"
74.7.227.204 - - [08/Nov/2025:13:53:03 +0100] "GET /304525979?detail=0303696574 HTTP/2.0" 200 77831 "-" "Mozilla/5.0 AppleWebKit/537.36 (KHTML, like Gecko; compatible; GPTBot/1.2; +https://openai.com/gptbot)"
74.7.227.27 - - [08/Nov/2025:13:53:03 +0100] "GET /?fileloc=//lib64/python2.7/test/test_doctest3.txt&path=//lib64/python2.7/test HTTP/2.0" 200 15017 "-" "Mozilla/5.0 AppleWebKit/537.36 (KHTML, like Gecko; compatible; GPTBot/1.2; +https://openai.com/gptbot)"
74.7.227.168 - - [08/Nov/2025:13:53:04 +0100] "GET /?path=//proc/142086/root/usr/include/krb5 HTTP/2.0" 200 15454 "-" "Mozilla/5.0 AppleWebKit/537.36 (KHTML, like Gecko; compatible; GPTBot/1.2; +https://openai.com/gptbot)"
74.7.227.163 - - [08/Nov/2025:13:53:04 +0100] "GET /?path=//proc/742680/root/proc/self/root/var/cpanel/php/sessions/ea-php73 HTTP/2.0" 200 15839 "-" "Mozilla/5.0 AppleWebKit/537.36 (KHTML, like Gecko; compatible; GPTBot/1.2; +https://openai.com/gptbot)"
74.7.227.59 - - [08/Nov/2025:13:53:05 +0100] "GET /?path=//opt/plesk/php/7.3/lib64 HTTP/2.0" 200 16714 "-" "Mozilla/5.0 AppleWebKit/537.36 (KHTML, like Gecko; compatible; GPTBot/1.2; +https://openai.com/gptbot)"
74.7.227.204 - - [08/Nov/2025:13:53:05 +0100] "GET /304368075?fileloc=/home/opal/public_html/wp-log1n.php&path=/home/opal/public_html HTTP/2.0" 200 17064 "-" "Mozilla/5.0 AppleWebKit/537.36 (KHTML, like Gecko; compatible; GPTBot/1.2; +https://openai.com/gptbot)"
74.7.227.27 - - [08/Nov/2025:13:53:05 +0100] "GET /?path=//proc/2589545/root/proc/thread-self/root/opt/alt/php80/usr/include/php/ext HTTP/2.0" 200 16078 "-" "Mozilla/5.0 AppleWebKit/537.36 (KHTML, like Gecko; compatible; GPTBot/1.2; +https://openai.com/gptbot)"
74.7.227.163 - - [08/Nov/2025:13:53:06 +0100] "GET /?path=//proc/742680/root/proc/self/root/var/cpanel/php/sessions/ea-php80 HTTP/2.0" 200 15839 "-" "Mozilla/5.0 AppleWebKit/537.36 (KHTML, like Gecko; compatible; GPTBot/1.2; +https://openai.com/gptbot)"
74.7.227.204 - - [08/Nov/2025:13:53:08 +0100] "GET /795773807?detail=0793605854 HTTP/2.0" 200 77831 "-" "Mozilla/5.0 AppleWebKit/537.36 (KHTML, like Gecko; compatible; GPTBot/1.2; +https://openai.com/gptbot)"
74.7.227.27 - - [08/Nov/2025:13:53:08 +0100] "GET /?fileloc=//lib64/python2.7/test/test_file2k.pyc&path=//lib64/python2.7/test HTTP/2.0" 200 51701 "-" "Mozilla/5.0 AppleWebKit/537.36 (KHTML, like Gecko; compatible; GPTBot/1.2; +https://openai.com/gptbot)"
74.7.227.59 - - [08/Nov/2025:13:53:08 +0100] "GET /?path=//opt/plesk/php/5.6 HTTP/2.0" 200 14103 "-" "Mozilla/5.0 AppleWebKit/537.36 (KHTML, like Gecko; compatible; GPTBot/1.2; +https://openai.com/gptbot)"
74.7.227.163 - - [08/Nov/2025:13:53:08 +0100] "GET /?path=//proc/742680/root/proc/self/root/usr/lib/firmware/cirrus/cs35l41 HTTP/2.0" 200 29523 "-" "Mozilla/5.0 AppleWebKit/537.36 (KHTML, like Gecko; compatible; GPTBot/1.2; +https://openai.com/gptbot)"
74.7.227.168 - - [08/Nov/2025:13:53:08 +0100] "GET /?path=//proc/67277/root/proc/self/root/usr/selector.etc HTTP/2.0" 200 15587 "-" "Mozilla/5.0 AppleWebKit/537.36 (KHTML, like Gecko; compatible; GPTBot/1.2; +https://openai.com/gptbot)"
74.7.227.204 - - [08/Nov/2025:13:53:10 +0100] "GET /304426490?detail=0303597358 HTTP/2.0" 200 77831 "-" "Mozilla/5.0 AppleWebKit/537.36 (KHTML, like Gecko; compatible; GPTBot/1.2; +https://openai.com/gptbot)"
74.7.227.27 - - [08/Nov/2025:13:53:11 +0100] "GET /?fileloc=//lib64/python2.7/sqlite3/test/transactions.pyc&path=//lib64/python2.7/sqlite3/test HTTP/2.0" 200 23486 "-" "Mozilla/5.0 AppleWebKit/537.36 (KHTML, like Gecko; compatible; GPTBot/1.2; +https://openai.com/gptbot)"
74.7.227.59 - - [08/Nov/2025:13:53:11 +0100] "GET /?path=//opt/plesk/php/5.5 HTTP/2.0" 200 16652 "-" "Mozilla/5.0 AppleWebKit/537.36 (KHTML, like Gecko; compatible; GPTBot/1.2; +https://openai.com/gptbot)"
74.7.227.163 - - [08/Nov/2025:13:53:11 +0100] "GET /?path=//proc/742680/root/proc/self/root/var/cpanel/php/sessions/ea-php70 HTTP/2.0" 200 13290 "-" "Mozilla/5.0 AppleWebKit/537.36 (KHTML, like Gecko; compatible; GPTBot/1.2; +https://openai.com/gptbot)"
74.7.227.204 - - [08/Nov/2025:13:53:13 +0100] "GET /304312565?detail=0303483742 HTTP/2.0" 200 77831 "-" "Mozilla/5.0 AppleWebKit/537.36 (KHTML, like Gecko; compatible; GPTBot/1.2; +https://openai.com/gptbot)"
74.7.227.27 - - [08/Nov/2025:13:53:13 +0100] "GET /?fileloc=//lib64/python2.7/sqlite3/test/regression.py&path=//lib64/python2.7/sqlite3/test HTTP/2.0" 200 31959 "-" "Mozilla/5.0 AppleWebKit/537.36 (KHTML, like Gecko; compatible; GPTBot/1.2; +https://openai.com/gptbot)"
74.7.227.168 - - [08/Nov/2025:13:53:14 +0100] "GET /?path=//opt/alt/python36/lib64/python3.6/lib2to3 HTTP/2.0" 200 44410 "-" "Mozilla/5.0 AppleWebKit/537.36 (KHTML, like Gecko; compatible; GPTBot/1.2; +https://openai.com/gptbot)"
74.7.227.163 - - [08/Nov/2025:13:53:14 +0100] "GET /?path=//proc/742680/root/proc/self/root/var/cpanel/php/sessions/ea-php71 HTTP/2.0" 200 15839 "-" "Mozilla/5.0 AppleWebKit/537.36 (KHTML, like Gecko; compatible; GPTBot/1.2; +https://openai.com/gptbot)"
74.7.227.59 - - [08/Nov/2025:13:53:14 +0100] "GET /?path=//opt/plesk/php/8.3/lib64 HTTP/2.0" 200 16714 "-" "Mozilla/5.0 AppleWebKit/537.36 (KHTML, like Gecko; compatible; GPTBot/1.2; +https://openai.com/gptbot)"
74.7.227.27 - - [08/Nov/2025:13:53:15 +0100] "GET /?fileloc=//lib64/python2.7/sqlite3/test/regression.pyc&path=//lib64/python2.7/sqlite3/test HTTP/2.0" 200 34783 "-" "Mozilla/5.0 AppleWebKit/537.36 (KHTML, like Gecko; compatible; GPTBot/1.2; +https://openai.com/gptbot)"
74.7.227.204 - - [08/Nov/2025:13:53:15 +0100] "GET /304431850?detail=0303602702 HTTP/2.0" 200 77831 "-" "Mozilla/5.0 AppleWebKit/537.36 (KHTML, like Gecko; compatible; GPTBot/1.2; +https://openai.com/gptbot)"
66.249.75.163 - - [08/Nov/2025:13:53:16 +0100] "GET /?pcmypage?callback=/product%2Fdetail%2m10606925521 HTTP/1.1" 200 559693 "-" "Mozilla/5.0 (Linux; Android 6.0.1; Nexus 5X Build/MMB29P) AppleWebKit/537.36 (KHTML, like Gecko) Chrome/141.0.7390.122 Mobile Safari/537.36 (compatible; Googlebot/2.1; +http://www.google.com/bot.html)"
74.7.227.163 - - [08/Nov/2025:13:53:17 +0100] "GET /?path=//proc/742680/root/proc/self/root/var/cpanel/php/sessions/ea-php83 HTTP/2.0" 200 15839 "-" "Mozilla/5.0 AppleWebKit/537.36 (KHTML, like Gecko; compatible; GPTBot/1.2; +https://openai.com/gptbot)"
74.7.227.59 - - [08/Nov/2025:13:53:18 +0100] "GET /?path=//opt/plesk/php/7.2/lib64 HTTP/2.0" 500 - "-" "Mozilla/5.0 AppleWebKit/537.36 (KHTML, like Gecko; compatible; GPTBot/1.2; +https://openai.com/gptbot)"
74.7.227.27 - - [08/Nov/2025:13:53:18 +0100] "GET /?fileloc=//lib64/python2.7/sqlite3/test/regression.pyo&path=//lib64/python2.7/sqlite3/test HTTP/2.0" 200 34783 "-" "Mozilla/5.0 AppleWebKit/537.36 (KHTML, like Gecko; compatible; GPTBot/1.2; +https://openai.com/gptbot)"
74.7.227.204 - - [08/Nov/2025:13:53:18 +0100] "GET /795529670?detail=0793362382 HTTP/2.0" 200 77831 "-" "Mozilla/5.0 AppleWebKit/537.36 (KHTML, like Gecko; compatible; GPTBot/1.2; +https://openai.com/gptbot)"
74.7.227.163 - - [08/Nov/2025:13:53:18 +0100] "GET /?path=//proc/742680/root/proc/self/root/var/cpanel/php/sessions/ea-php74 HTTP/2.0" 200 15839 "-" "Mozilla/5.0 AppleWebKit/537.36 (KHTML, like Gecko; compatible; GPTBot/1.2; +https://openai.com/gptbot)"
74.7.230.16 - - [08/Nov/2025:13:53:20 +0100] "GET /robots.txt HTTP/2.0" 428 11484 "-" "Mozilla/5.0 (Macintosh; Intel Mac OS X 10_15_7) AppleWebKit/537.36 (KHTML, like Gecko) Chrome/131.0.0.0 Safari/537.36; compatible; OAI-SearchBot/1.0; robots.txt; +https://openai.com/searchbot"
74.7.227.27 - - [08/Nov/2025:13:53:19 +0100] "GET /?fileloc=//lib/systemd/systemd-timedated&path=//lib/systemd HTTP/2.0" 200 64280 "-" "Mozilla/5.0 AppleWebKit/537.36 (KHTML, like Gecko; compatible; GPTBot/1.2; +https://openai.com/gptbot)"
74.7.227.59 - - [08/Nov/2025:13:53:19 +0100] "GET /?path=//opt/plesk/php/8.2/lib64 HTTP/2.0" 200 14165 "-" "Mozilla/5.0 AppleWebKit/537.36 (KHTML, like Gecko; compatible; GPTBot/1.2; +https://openai.com/gptbot)"
74.7.227.204 - - [08/Nov/2025:13:53:20 +0100] "GET /795662979?detail=0793495326 HTTP/2.0" 200 75282 "-" "Mozilla/5.0 AppleWebKit/537.36 (KHTML, like Gecko; compatible; GPTBot/1.2; +https://openai.com/gptbot)"
74.7.227.163 - - [08/Nov/2025:13:53:20 +0100] "GET /?path=//proc/742680/root/proc/self/root/var/cpanel/php/sessions/ea-php84 HTTP/2.0" 200 13290 "-" "Mozilla/5.0 AppleWebKit/537.36 (KHTML, like Gecko; compatible; GPTBot/1.2; +https://openai.com/gptbot)"
74.7.227.27 - - [08/Nov/2025:13:53:21 +0100] "GET /?path=//proc/self/root/proc/53872/root/lib64/aspell-0.60 HTTP/2.0" 200 15588 "-" "Mozilla/5.0 AppleWebKit/537.36 (KHTML, like Gecko; compatible; GPTBot/1.2; +https://openai.com/gptbot)"
66.249.69.133 - - [08/Nov/2025:13:53:22 +0100] "GET /154765945?detail=0154344606 HTTP/1.1" 200 559415 "-" "Mozilla/5.0 (Linux; Android 6.0.1; Nexus 5X Build/MMB29P) AppleWebKit/537.36 (KHTML, like Gecko) Chrome/141.0.7390.122 Mobile Safari/537.36 (compatible; Googlebot/2.1; +http://www.google.com/bot.html)"
74.7.227.204 - - [08/Nov/2025:13:53:22 +0100] "GET /304327871?detail=0303499006 HTTP/2.0" 200 77831 "-" "Mozilla/5.0 AppleWebKit/537.36 (KHTML, like Gecko; compatible; GPTBot/1.2; +https://openai.com/gptbot)"
74.7.227.163 - - [08/Nov/2025:13:53:22 +0100] "GET /?path=//proc/742680/root/proc/self/root/var/cpanel/php/sessions/ea-php81 HTTP/2.0" 200 13290 "-" "Mozilla/5.0 AppleWebKit/537.36 (KHTML, like Gecko; compatible; GPTBot/1.2; +https://openai.com/gptbot)"
216.73.216.214 - - [08/Nov/2025:13:53:23 +0100] "GET /kasyno-internetowe-z-bonusem-bez-depozytu-35?fileloc=%2F%2Fopt%2Fcpanel%2Fea-openssl11%2Fshare%2Fdoc%2Fopenssl%2Fhtml%2Fman3%2FSSL_SESSION_set_time.html&path=%2F%2Fopt%2Fcpanel%2Fea-openssl11%2Fshare%2Fdoc%2Fopenssl%2Fhtml%2Fman3 HTTP/2.0" 200 19774 "-" "Mozilla/5.0 AppleWebKit/537.36 (KHTML, like Gecko; compatible; ClaudeBot/1.0; +claudebot@anthropic.com)"
74.7.227.27 - - [08/Nov/2025:13:53:23 +0100] "GET /?path=//proc/self/root/proc/142086/root/usr/lib/firmware/cirrus/cs35l41/v6.83.0 HTTP/2.0" 200 13383 "-" "Mozilla/5.0 AppleWebKit/537.36 (KHTML, like Gecko; compatible; GPTBot/1.2; +https://openai.com/gptbot)"
74.7.227.59 - - [08/Nov/2025:13:53:23 +0100] "GET /?path=//opt/plesk/php/7.1/lib64 HTTP/2.0" 200 14165 "-" "Mozilla/5.0 AppleWebKit/537.36 (KHTML, like Gecko; compatible; GPTBot/1.2; +https://openai.com/gptbot)"
74.7.227.204 - - [08/Nov/2025:13:53:24 +0100] "GET /795751394?detail=0793583502 HTTP/2.0" 200 75282 "-" "Mozilla/5.0 AppleWebKit/537.36 (KHTML, like Gecko; compatible; GPTBot/1.2; +https://openai.com/gptbot)"
74.7.227.163 - - [08/Nov/2025:13:53:25 +0100] "GET /?path=//proc/742680/root/proc/self/root/var/cpanel/php/sessions/ea-php54 HTTP/2.0" 200 15839 "-" "Mozilla/5.0 AppleWebKit/537.36 (KHTML, like Gecko; compatible; GPTBot/1.2; +https://openai.com/gptbot)"
74.7.227.27 - - [08/Nov/2025:13:53:26 +0100] "GET /?path=/home/opal/wordpress-backups HTTP/2.0" 200 12755 "-" "Mozilla/5.0 AppleWebKit/537.36 (KHTML, like Gecko; compatible; GPTBot/1.2; +https://openai.com/gptbot)"
74.7.227.204 - - [08/Nov/2025:13:53:27 +0100] "GET /304515854?detail=0303686478 HTTP/2.0" 200 77831 "-" "Mozilla/5.0 AppleWebKit/537.36 (KHTML, like Gecko; compatible; GPTBot/1.2; +https://openai.com/gptbot)"
74.7.227.163 - - [08/Nov/2025:13:53:28 +0100] "GET /?path=//proc/742680/root/proc/self/root/var/cpanel/php/sessions/ea-php55 HTTP/2.0" 200 15839 "-" "Mozilla/5.0 AppleWebKit/537.36 (KHTML, like Gecko; compatible; GPTBot/1.2; +https://openai.com/gptbot)"
74.7.227.27 - - [08/Nov/2025:13:53:28 +0100] "GET /?path=//proc/self/root/proc/142086/root/usr/lib/firmware/cirrus/cs35l41/v6.68.0 HTTP/2.0" 200 15932 "-" "Mozilla/5.0 AppleWebKit/537.36 (KHTML, like Gecko; compatible; GPTBot/1.2; +https://openai.com/gptbot)"
74.7.227.59 - - [08/Nov/2025:13:53:28 +0100] "GET /?path=//opt/plesk/php/7.0 HTTP/2.0" 200 14103 "-" "Mozilla/5.0 AppleWebKit/537.36 (KHTML, like Gecko; compatible; GPTBot/1.2; +https://openai.com/gptbot)"
74.7.227.204 - - [08/Nov/2025:13:53:29 +0100] "GET /304299488?detail=0303470702 HTTP/2.0" 200 77831 "-" "Mozilla/5.0 AppleWebKit/537.36 (KHTML, like Gecko; compatible; GPTBot/1.2; +https://openai.com/gptbot)"
74.7.227.59 - - [08/Nov/2025:13:53:31 +0100] "GET /?path=//opt/plesk/php/8.0 HTTP/2.0" 200 - "-" "Mozilla/5.0 AppleWebKit/537.36 (KHTML, like Gecko; compatible; GPTBot/1.2; +https://openai.com/gptbot)"
74.7.227.163 - - [08/Nov/2025:13:53:30 +0100] "GET /?path=//proc/742680/root/proc/self/root/var/cpanel/php/sessions/ea-php56 HTTP/2.0" 200 15839 "-" "Mozilla/5.0 AppleWebKit/537.36 (KHTML, like Gecko; compatible; GPTBot/1.2; +https://openai.com/gptbot)"
74.7.227.27 - - [08/Nov/2025:13:53:30 +0100] "GET /?path=//proc/self/root/proc/142086/root/usr/lib/firmware/cirrus/cs35l41/v6.51.0 HTTP/2.0" 200 13383 "-" "Mozilla/5.0 AppleWebKit/537.36 (KHTML, like Gecko; compatible; GPTBot/1.2; +https://openai.com/gptbot)"
74.7.227.168 - - [08/Nov/2025:13:53:31 +0100] "GET /?fileloc=//opt/alt/python39/lib64/python3.9/lib2to3/__pycache__/__init__.cpython-39.opt-1.pyc&path=//opt/alt/python39/lib64/python3.9/lib2to3/__pycache__ HTTP/2.0" 200 13009 "-" "Mozilla/5.0 AppleWebKit/537.36 (KHTML, like Gecko; compatible; GPTBot/1.2; +https://openai.com/gptbot)"
74.7.227.204 - - [08/Nov/2025:13:53:31 +0100] "GET /304307431?detail=0303478622 HTTP/2.0" 200 77831 "-" "Mozilla/5.0 AppleWebKit/537.36 (KHTML, like Gecko; compatible; GPTBot/1.2; +https://openai.com/gptbot)"
74.7.227.163 - - [08/Nov/2025:13:53:32 +0100] "GET /?path=//proc/742680/root/proc/self/root/var/cpanel/php/sessions/ea-php82 HTTP/2.0" 200 15839 "-" "Mozilla/5.0 AppleWebKit/537.36 (KHTML, like Gecko; compatible; GPTBot/1.2; +https://openai.com/gptbot)"
74.7.227.27 - - [08/Nov/2025:13:53:33 +0100] "GET /?path=//proc/self/root/proc/142086/root/usr/lib/firmware/cirrus/cs35l41/v6.56.0 HTTP/2.0" 200 15932 "-" "Mozilla/5.0 AppleWebKit/537.36 (KHTML, like Gecko; compatible; GPTBot/1.2; +https://openai.com/gptbot)"
66.249.75.162 - - [08/Nov/2025:13:53:33 +0100] "GET /?w=2674829843548&channel=144e46&from=https://opalaesthetic.net/buy.jsp?sue100024453.html HTTP/1.1" 200 571123 "-" "Mozilla/5.0 (Linux; Android 6.0.1; Nexus 5X Build/MMB29P) AppleWebKit/537.36 (KHTML, like Gecko) Chrome/141.0.7390.122 Mobile Safari/537.36 (compatible; Googlebot/2.1; +http://www.google.com/bot.html)"
74.7.227.59 - - [08/Nov/2025:13:53:34 +0100] "GET /?path=//opt/plesk/php/8.1 HTTP/2.0" 200 16652 "-" "Mozilla/5.0 AppleWebKit/537.36 (KHTML, like Gecko; compatible; GPTBot/1.2; +https://openai.com/gptbot)"
74.7.227.204 - - [08/Nov/2025:13:53:34 +0100] "GET /795735721?detail=0793567870 HTTP/2.0" 200 77831 "-" "Mozilla/5.0 AppleWebKit/537.36 (KHTML, like Gecko; compatible; GPTBot/1.2; +https://openai.com/gptbot)"
74.7.227.163 - - [08/Nov/2025:13:53:34 +0100] "GET /?path=//proc/742680/root/etc/scl HTTP/2.0" 200 20952 "-" "Mozilla/5.0 AppleWebKit/537.36 (KHTML, like Gecko; compatible; GPTBot/1.2; +https://openai.com/gptbot)"
74.7.227.27 - - [08/Nov/2025:13:53:35 +0100] "GET /?path=//proc/self/root/proc/142086/root/usr/lib/firmware/cirrus/cs35l41/v6.61.1 HTTP/2.0" 200 15932 "-" "Mozilla/5.0 AppleWebKit/537.36 (KHTML, like Gecko; compatible; GPTBot/1.2; +https://openai.com/gptbot)"
74.7.227.59 - - [08/Nov/2025:13:53:36 +0100] "GET /?path=//opt/plesk/php/8.4 HTTP/2.0" 200 16652 "-" "Mozilla/5.0 AppleWebKit/537.36 (KHTML, like Gecko; compatible; GPTBot/1.2; +https://openai.com/gptbot)"
74.7.227.204 - - [08/Nov/2025:13:53:36 +0100] "GET /304312275?detail=0303483454 HTTP/2.0" 200 77831 "-" "Mozilla/5.0 AppleWebKit/537.36 (KHTML, like Gecko; compatible; GPTBot/1.2; +https://openai.com/gptbot)"
74.7.227.163 - - [08/Nov/2025:13:53:36 +0100] "GET /?path=//proc/742680/root/var/run HTTP/2.0" 200 34693 "-" "Mozilla/5.0 AppleWebKit/537.36 (KHTML, like Gecko; compatible; GPTBot/1.2; +https://openai.com/gptbot)"
74.7.227.27 - - [08/Nov/2025:13:53:37 +0100] "GET /?path=//proc/self/root/proc/142086/root/usr/lib/firmware/cirrus/cs35l41/v6.63.0 HTTP/2.0" 200 13383 "-" "Mozilla/5.0 AppleWebKit/537.36 (KHTML, like Gecko; compatible; GPTBot/1.2; +https://openai.com/gptbot)"
74.7.227.204 - - [08/Nov/2025:13:53:38 +0100] "GET /304327871?fileloc=/home/opal/public_html/ex.php&path=/home/opal/public_html HTTP/2.0" 200 21238 "-" "Mozilla/5.0 AppleWebKit/537.36 (KHTML, like Gecko; compatible; GPTBot/1.2; +https://openai.com/gptbot)"
74.7.227.163 - - [08/Nov/2025:13:53:38 +0100] "GET /?path=//proc/742680/root/var/lve HTTP/2.0" 200 19633 "-" "Mozilla/5.0 AppleWebKit/537.36 (KHTML, like Gecko; compatible; GPTBot/1.2; +https://openai.com/gptbot)"
74.7.227.27 - - [08/Nov/2025:13:53:39 +0100] "GET /?path=//proc/self/root/proc/142086/root/usr/lib/firmware/cirrus/cs35l41/v6.80.0 HTTP/2.0" 200 15932 "-" "Mozilla/5.0 AppleWebKit/537.36 (KHTML, like Gecko; compatible; GPTBot/1.2; +https://openai.com/gptbot)"
74.7.227.59 - - [08/Nov/2025:13:53:38 +0100] "GET /?path=//proc/55207/root/opt/cpanel/ea-libxml2-devel HTTP/2.0" 200 12920 "-" "Mozilla/5.0 AppleWebKit/537.36 (KHTML, like Gecko; compatible; GPTBot/1.2; +https://openai.com/gptbot)"
74.7.227.204 - - [08/Nov/2025:13:53:41 +0100] "GET /304407944?detail=0303578862 HTTP/2.0" 200 77831 "-" "Mozilla/5.0 AppleWebKit/537.36 (KHTML, like Gecko; compatible; GPTBot/1.2; +https://openai.com/gptbot)"
74.7.227.163 - - [08/Nov/2025:13:53:41 +0100] "GET /?path=//proc/742680/root/var/log HTTP/2.0" 200 34001 "-" "Mozilla/5.0 AppleWebKit/537.36 (KHTML, like Gecko; compatible; GPTBot/1.2; +https://openai.com/gptbot)"
74.7.227.27 - - [08/Nov/2025:13:53:41 +0100] "GET /?path=//proc/self/root/proc/142086/root/opt/cloudlinux/alt-php52/root/etc/mariadb103 HTTP/2.0" 200 15965 "-" "Mozilla/5.0 AppleWebKit/537.36 (KHTML, like Gecko; compatible; GPTBot/1.2; +https://openai.com/gptbot)"
74.7.227.59 - - [08/Nov/2025:13:53:42 +0100] "GET /?path=//proc/67277/root/opt/cpanel/ea-libxml2-devel HTTP/2.0" 200 15469 "-" "Mozilla/5.0 AppleWebKit/537.36 (KHTML, like Gecko; compatible; GPTBot/1.2; +https://openai.com/gptbot)"
216.73.216.214 - - [08/Nov/2025:13:53:43 +0100] "GET /kasyno-internetowe-z-bonusem-bez-depozytu-35?fileloc=%2F%2Fopt%2Fcpanel%2Fea-openssl11%2Fshare%2Fdoc%2Fopenssl%2Fhtml%2Fman3%2FBIO_set_mem_buf.html&path=%2F%2Fopt%2Fcpanel%2Fea-openssl11%2Fshare%2Fdoc%2Fopenssl%2Fhtml%2Fman3 HTTP/2.0" 200 24310 "-" "Mozilla/5.0 AppleWebKit/537.36 (KHTML, like Gecko; compatible; ClaudeBot/1.0; +claudebot@anthropic.com)"
74.7.227.204 - - [08/Nov/2025:13:53:43 +0100] "GET /795796365?detail=0793628350 HTTP/2.0" 200 75282 "-" "Mozilla/5.0 AppleWebKit/537.36 (KHTML, like Gecko; compatible; GPTBot/1.2; +https://openai.com/gptbot)"
74.7.227.163 - - [08/Nov/2025:13:53:43 +0100] "GET /?path=//proc/742680/root/usr/lib HTTP/2.0" 200 63451 "-" "Mozilla/5.0 AppleWebKit/537.36 (KHTML, like Gecko; compatible; GPTBot/1.2; +https://openai.com/gptbot)"
74.7.227.27 - - [08/Nov/2025:13:53:44 +0100] "GET /?path=//proc/self/root/proc/142086/root/lib/firmware/cirrus/cs35l41/v6.61.1 HTTP/2.0" 200 13301 "-" "Mozilla/5.0 AppleWebKit/537.36 (KHTML, like Gecko; compatible; GPTBot/1.2; +https://openai.com/gptbot)"
74.7.227.59 - - [08/Nov/2025:13:53:44 +0100] "GET /?path=//opt/plesk/php/7.0/lib64 HTTP/2.0" 200 16714 "-" "Mozilla/5.0 AppleWebKit/537.36 (KHTML, like Gecko; compatible; GPTBot/1.2; +https://openai.com/gptbot)"
74.7.227.204 - - [08/Nov/2025:13:53:45 +0100] "GET /795574963?detail=0793407550 HTTP/2.0" 200 77831 "-" "Mozilla/5.0 AppleWebKit/537.36 (KHTML, like Gecko; compatible; GPTBot/1.2; +https://openai.com/gptbot)"
74.7.227.163 - - [08/Nov/2025:13:53:46 +0100] "GET /?path=//proc/742680/root/etc/scl/conf HTTP/2.0" 200 64608 "-" "Mozilla/5.0 AppleWebKit/537.36 (KHTML, like Gecko; compatible; GPTBot/1.2; +https://openai.com/gptbot)"
74.7.227.27 - - [08/Nov/2025:13:53:46 +0100] "GET /?path=//proc/self/root/proc/142086/root/opt/cloudlinux/alt-php53/root/etc/mariadb106 HTTP/2.0" 200 15965 "-" "Mozilla/5.0 AppleWebKit/537.36 (KHTML, like Gecko; compatible; GPTBot/1.2; +https://openai.com/gptbot)"
74.7.227.59 - - [08/Nov/2025:13:53:47 +0100] "GET /?path=//opt/alt/python27/lib64/python2.7/Demo/embed HTTP/2.0" 200 23233 "-" "Mozilla/5.0 AppleWebKit/537.36 (KHTML, like Gecko; compatible; GPTBot/1.2; +https://openai.com/gptbot)"
74.7.227.204 - - [08/Nov/2025:13:53:47 +0100] "GET /795735721?path=/ HTTP/2.0" 200 32962 "-" "Mozilla/5.0 AppleWebKit/537.36 (KHTML, like Gecko; compatible; GPTBot/1.2; +https://openai.com/gptbot)"
74.7.227.163 - - [08/Nov/2025:13:53:48 +0100] "GET /?path=//proc/742680/root/var/lib HTTP/2.0" 200 19490 "-" "Mozilla/5.0 AppleWebKit/537.36 (KHTML, like Gecko; compatible; GPTBot/1.2; +https://openai.com/gptbot)"
74.7.227.27 - - [08/Nov/2025:13:53:48 +0100] "GET /?path=//proc/self/root/proc/142086/root/opt/cloudlinux/alt-php53/root/etc/mariadb102 HTTP/2.0" 200 13416 "-" "Mozilla/5.0 AppleWebKit/537.36 (KHTML, like Gecko; compatible; GPTBot/1.2; +https://openai.com/gptbot)"
74.7.227.204 - - [08/Nov/2025:13:53:49 +0100] "GET /304530213?detail=0303700798 HTTP/2.0" 200 77831 "-" "Mozilla/5.0 AppleWebKit/537.36 (KHTML, like Gecko; compatible; GPTBot/1.2; +https://openai.com/gptbot)"
74.7.227.59 - - [08/Nov/2025:13:53:49 +0100] "GET /?path=//opt/plesk/php/8.1/lib64 HTTP/2.0" 200 16714 "-" "Mozilla/5.0 AppleWebKit/537.36 (KHTML, like Gecko; compatible; GPTBot/1.2; +https://openai.com/gptbot)"
66.249.69.133 - - [08/Nov/2025:13:53:49 +0100] "GET /154762993?detail=0154341662 HTTP/1.1" 200 206209 "-" "Mozilla/5.0 (Linux; Android 6.0.1; Nexus 5X Build/MMB29P) AppleWebKit/537.36 (KHTML, like Gecko) Chrome/141.0.7390.122 Mobile Safari/537.36 (compatible; Googlebot/2.1; +http://www.google.com/bot.html)"
74.7.227.168 - - [08/Nov/2025:13:53:50 +0100] "GET /?fileloc=//opt/alt/python35/lib64/python3.5/lib2to3/refactor.py&path=//opt/alt/python35/lib64/python3.5/lib2to3 HTTP/2.0" 200 44915 "-" "Mozilla/5.0 AppleWebKit/537.36 (KHTML, like Gecko; compatible; GPTBot/1.2; +https://openai.com/gptbot)"
74.7.227.163 - - [08/Nov/2025:13:53:50 +0100] "GET /?path=//proc/742680/root/etc/scl/modulefiles HTTP/2.0" 200 15456 "-" "Mozilla/5.0 AppleWebKit/537.36 (KHTML, like Gecko; compatible; GPTBot/1.2; +https://openai.com/gptbot)"
74.7.227.204 - - [08/Nov/2025:13:53:51 +0100] "GET /304361691?detail=0303532734 HTTP/2.0" 200 77831 "-" "Mozilla/5.0 AppleWebKit/537.36 (KHTML, like Gecko; compatible; GPTBot/1.2; +https://openai.com/gptbot)"
74.7.227.27 - - [08/Nov/2025:13:53:50 +0100] "GET /?path=//proc/self/root/proc/142086/root/opt/cloudlinux/alt-php74/root/etc/mariadb105 HTTP/2.0" 200 13416 "-" "Mozilla/5.0 AppleWebKit/537.36 (KHTML, like Gecko; compatible; GPTBot/1.2; +https://openai.com/gptbot)"
74.7.227.59 - - [08/Nov/2025:13:53:52 +0100] "GET /?path=//proc/54274/root/opt/cpanel/ea-libxml2-devel HTTP/2.0" 200 15469 "-" "Mozilla/5.0 AppleWebKit/537.36 (KHTML, like Gecko; compatible; GPTBot/1.2; +https://openai.com/gptbot)"
66.249.75.162 - - [08/Nov/2025:13:53:52 +0100] "GET /?zhHant/product/surugaya/m47688888563?campaign_uid=f64d716db5e979ed2f947dbaf4296895b951ae7f HTTP/1.1" 200 559613 "-" "Mozilla/5.0 (Linux; Android 6.0.1; Nexus 5X Build/MMB29P) AppleWebKit/537.36 (KHTML, like Gecko) Chrome/141.0.7390.122 Mobile Safari/537.36 (compatible; Googlebot/2.1; +http://www.google.com/bot.html)"
69.197.179.242 - - [08/Nov/2025:13:52:27 +0100] "GET /wp-content/ad1f3ec7/edit.php?id=873934 HTTP/1.1" 200 - "https://opalaesthetic.net/wp-content/ad1f3ec7/edit.php?id=873934" "Mozilla/5.0 (Windows NT 10.0; Win64; x64) AppleWebKit/537.36 (KHTML, like Gecko) Chrome/58.0.3029.110 Safari/537.3"
74.7.227.163 - - [08/Nov/2025:13:53:52 +0100] "GET /?path=//proc/742680/root/var/run/nscd HTTP/2.0" 200 16928 "-" "Mozilla/5.0 AppleWebKit/537.36 (KHTML, like Gecko; compatible; GPTBot/1.2; +https://openai.com/gptbot)"
74.7.227.204 - - [08/Nov/2025:13:53:53 +0100] "GET /795750191?detail=0793582302 HTTP/2.0" 200 77831 "-" "Mozilla/5.0 AppleWebKit/537.36 (KHTML, like Gecko; compatible; GPTBot/1.2; +https://openai.com/gptbot)"
74.7.227.27 - - [08/Nov/2025:13:53:54 +0100] "GET /?path=//proc/self/root/proc/67277/root/opt/cpanel/ea-nodejs10/include/node/openssl/archs/linux-x86_64/asm/include HTTP/2.0" 200 16449 "-" "Mozilla/5.0 AppleWebKit/537.36 (KHTML, like Gecko; compatible; GPTBot/1.2; +https://openai.com/gptbot)"
74.7.227.59 - - [08/Nov/2025:13:53:54 +0100] "GET /?path=//proc/142086/root/proc/self/root/lib64/php HTTP/2.0" 200 15583 "-" "Mozilla/5.0 AppleWebKit/537.36 (KHTML, like Gecko; compatible; GPTBot/1.2; +https://openai.com/gptbot)"
216.73.216.214 - - [08/Nov/2025:13:53:55 +0100] "GET /?path=%2Fhome%2Fopal%2F.trash%2Fwp-includes.2%2Fblocks%2Fcomment-author-name HTTP/2.0" 200 23611 "-" "Mozilla/5.0 AppleWebKit/537.36 (KHTML, like Gecko; compatible; ClaudeBot/1.0; +claudebot@anthropic.com)"
74.7.227.163 - - [08/Nov/2025:13:53:55 +0100] "GET /?path=//proc/742680/root/var/run/dbus HTTP/2.0" 200 12893 "-" "Mozilla/5.0 AppleWebKit/537.36 (KHTML, like Gecko; compatible; GPTBot/1.2; +https://openai.com/gptbot)"
74.7.227.204 - - [08/Nov/2025:13:53:56 +0100] "GET /795836957?detail=0793668830 HTTP/2.0" 200 77831 "-" "Mozilla/5.0 AppleWebKit/537.36 (KHTML, like Gecko; compatible; GPTBot/1.2; +https://openai.com/gptbot)"
74.7.227.27 - - [08/Nov/2025:13:53:56 +0100] "GET /?path=//proc/self/root/proc/67277/root/opt/cpanel/ea-nodejs10/include/node/openssl/archs/linux-x86_64/no-asm/include HTTP/2.0" 200 13909 "-" "Mozilla/5.0 AppleWebKit/537.36 (KHTML, like Gecko; compatible; GPTBot/1.2; +https://openai.com/gptbot)"
74.7.227.59 - - [08/Nov/2025:13:53:57 +0100] "GET /?path=//proc/67277/root/proc/self/root/lib/python3.6/site-packages/setuptools/extern/__pycache__ HTTP/2.0" 200 16008 "-" "Mozilla/5.0 AppleWebKit/537.36 (KHTML, like Gecko; compatible; GPTBot/1.2; +https://openai.com/gptbot)"
74.7.228.34 - - [08/Nov/2025:13:53:59 +0100] "GET /robots.txt HTTP/2.0" 428 11492 "-" "Mozilla/5.0 (Macintosh; Intel Mac OS X 10_15_7) AppleWebKit/537.36 (KHTML, like Gecko) Chrome/131.0.0.0 Safari/537.36; compatible; OAI-SearchBot/1.0; robots.txt; +https://openai.com/searchbot"
74.7.227.163 - - [08/Nov/2025:13:53:57 +0100] "GET /?path=//proc/742680/root/usr/lib/udev HTTP/2.0" 200 33549 "-" "Mozilla/5.0 AppleWebKit/537.36 (KHTML, like Gecko; compatible; GPTBot/1.2; +https://openai.com/gptbot)"
74.7.227.204 - - [08/Nov/2025:13:53:58 +0100] "GET /304451021?detail=0303621822 HTTP/2.0" 200 75282 "-" "Mozilla/5.0 AppleWebKit/537.36 (KHTML, like Gecko; compatible; GPTBot/1.2; +https://openai.com/gptbot)"
74.7.227.27 - - [08/Nov/2025:13:53:58 +0100] "GET /?path=//proc/self/root/proc/142086/root/opt/cpanel/ea-php84/root/lib64/games HTTP/2.0" 200 13383 "-" "Mozilla/5.0 AppleWebKit/537.36 (KHTML, like Gecko; compatible; GPTBot/1.2; +https://openai.com/gptbot)"
74.7.227.168 - - [08/Nov/2025:13:53:58 +0100] "GET /?fileloc=//usr/lib64/python2.7/test/mp_fork_bomb.py&path=//usr/lib64/python2.7/test HTTP/2.0" 200 12823 "-" "Mozilla/5.0 AppleWebKit/537.36 (KHTML, like Gecko; compatible; GPTBot/1.2; +https://openai.com/gptbot)"
74.7.227.59 - - [08/Nov/2025:13:53:59 +0100] "GET /?path=//opt/alt/python313/lib64/pkgconfig HTTP/2.0" 200 22056 "-" "Mozilla/5.0 AppleWebKit/537.36 (KHTML, like Gecko; compatible; GPTBot/1.2; +https://openai.com/gptbot)"
74.7.227.163 - - [08/Nov/2025:13:53:59 +0100] "GET /?path=//proc/742680/root/usr/lib/kbd HTTP/2.0" 200 18415 "-" "Mozilla/5.0 AppleWebKit/537.36 (KHTML, like Gecko; compatible; GPTBot/1.2; +https://openai.com/gptbot)"
74.7.227.204 - - [08/Nov/2025:13:54:00 +0100] "GET /795778798?detail=0793610830 HTTP/2.0" 200 75282 "-" "Mozilla/5.0 AppleWebKit/537.36 (KHTML, like Gecko; compatible; GPTBot/1.2; +https://openai.com/gptbot)"
74.7.227.27 - - [08/Nov/2025:13:54:00 +0100] "GET /?fileloc=//usr/lib64/libleveldb.so.1.22.0&path=//usr/lib64 HTTP/2.0" 200 820234 "-" "Mozilla/5.0 AppleWebKit/537.36 (KHTML, like Gecko; compatible; GPTBot/1.2; +https://openai.com/gptbot)"
66.249.75.162 - - [08/Nov/2025:13:54:00 +0100] "GET /preach022020697.html?fileloc=/home/opal/public_html/ex.php?list/11200947 HTTP/1.1" 200 213837 "-" "Mozilla/5.0 (Linux; Android 6.0.1; Nexus 5X Build/MMB29P) AppleWebKit/537.36 (KHTML, like Gecko) Chrome/141.0.7390.122 Mobile Safari/537.36 (compatible; Googlebot/2.1; +http://www.google.com/bot.html)"
74.7.227.163 - - [08/Nov/2025:13:54:01 +0100] "GET /?path=//proc/742680/root/usr/lib/exim HTTP/2.0" 200 16800 "-" "Mozilla/5.0 AppleWebKit/537.36 (KHTML, like Gecko; compatible; GPTBot/1.2; +https://openai.com/gptbot)"
74.7.227.204 - - [08/Nov/2025:13:54:02 +0100] "GET /795574673?detail=0793407262 HTTP/2.0" 200 75282 "-" "Mozilla/5.0 AppleWebKit/537.36 (KHTML, like Gecko; compatible; GPTBot/1.2; +https://openai.com/gptbot)"
74.7.227.59 - - [08/Nov/2025:13:54:02 +0100] "GET /?path=//opt/alt/python311/lib64/pkgconfig HTTP/2.0" 200 22057 "-" "Mozilla/5.0 AppleWebKit/537.36 (KHTML, like Gecko; compatible; GPTBot/1.2; +https://openai.com/gptbot)"
74.7.227.27 - - [08/Nov/2025:13:54:02 +0100] "GET /?path=//lib/modules/4.18.0-553.8.1.lve.el8.x86_64/kernel/drivers/mtd HTTP/2.0" 200 20842 "-" "Mozilla/5.0 AppleWebKit/537.36 (KHTML, like Gecko; compatible; GPTBot/1.2; +https://openai.com/gptbot)"
74.7.227.168 - - [08/Nov/2025:13:54:02 +0100] "GET /?path=//opt/alt/python37/lib64/python3.7/lib2to3/__pycache__ HTTP/2.0" 200 67583 "-" "Mozilla/5.0 AppleWebKit/537.36 (KHTML, like Gecko; compatible; GPTBot/1.2; +https://openai.com/gptbot)"
74.7.227.163 - - [08/Nov/2025:13:54:02 +0100] "GET /?path=//proc/742680/root/usr/lib/gems HTTP/2.0" 200 14255 "-" "Mozilla/5.0 AppleWebKit/537.36 (KHTML, like Gecko; compatible; GPTBot/1.2; +https://openai.com/gptbot)"
74.7.227.204 - - [08/Nov/2025:13:54:03 +0100] "GET /304481008?detail=0303651726 HTTP/2.0" 200 75282 "-" "Mozilla/5.0 AppleWebKit/537.36 (KHTML, like Gecko; compatible; GPTBot/1.2; +https://openai.com/gptbot)"
66.249.69.134 - - [08/Nov/2025:13:54:04 +0100] "GET /273740013?detail=0272994494 HTTP/1.1" 200 558728 "-" "Mozilla/5.0 (Linux; Android 6.0.1; Nexus 5X Build/MMB29P) AppleWebKit/537.36 (KHTML, like Gecko) Chrome/141.0.7390.122 Mobile Safari/537.36 (compatible; Googlebot/2.1; +http://www.google.com/bot.html)"
74.7.227.27 - - [08/Nov/2025:13:54:04 +0100] "GET /?path=//proc/self/root/proc/142086/root/opt/cpanel/ea-php84/root/lib64/pm-utils HTTP/2.0" 200 15938 "-" "Mozilla/5.0 AppleWebKit/537.36 (KHTML, like Gecko; compatible; GPTBot/1.2; +https://openai.com/gptbot)"
74.7.227.59 - - [08/Nov/2025:13:54:04 +0100] "GET /?path=//opt/alt/python310/lib64/pkgconfig HTTP/2.0" 200 24603 "-" "Mozilla/5.0 AppleWebKit/537.36 (KHTML, like Gecko; compatible; GPTBot/1.2; +https://openai.com/gptbot)"
74.7.227.163 - - [08/Nov/2025:13:54:05 +0100] "GET /?path=//proc/742680/root/var/lib/mysql HTTP/2.0" 200 15444 "-" "Mozilla/5.0 AppleWebKit/537.36 (KHTML, like Gecko; compatible; GPTBot/1.2; +https://openai.com/gptbot)"
74.7.227.204 - - [08/Nov/2025:13:54:06 +0100] "GET /304361691?path=/ HTTP/2.0" 200 32962 "-" "Mozilla/5.0 AppleWebKit/537.36 (KHTML, like Gecko; compatible; GPTBot/1.2; +https://openai.com/gptbot)"
66.249.75.162 - - [08/Nov/2025:13:54:06 +0100] "GET /outstanding061016532.html HTTP/1.1" 200 556327 "-" "Mozilla/5.0 (Linux; Android 6.0.1; Nexus 5X Build/MMB29P) AppleWebKit/537.36 (KHTML, like Gecko) Chrome/141.0.7390.122 Mobile Safari/537.36 (compatible; Googlebot/2.1; +http://www.google.com/bot.html)"
74.7.227.27 - - [08/Nov/2025:13:54:06 +0100] "GET /?path=//proc/self/root/proc/67277/root/opt/cpanel/ea-nodejs10/include/node/openssl/archs/linux-x86_64/no-asm HTTP/2.0" 200 16319 "-" "Mozilla/5.0 AppleWebKit/537.36 (KHTML, like Gecko; compatible; GPTBot/1.2; +https://openai.com/gptbot)"
74.7.227.168 - - [08/Nov/2025:13:54:07 +0100] "GET /?fileloc=//lib64/python2.7/test/test_pep352.pyo&path=//lib64/python2.7/test HTTP/2.0" 200 24347 "-" "Mozilla/5.0 AppleWebKit/537.36 (KHTML, like Gecko; compatible; GPTBot/1.2; +https://openai.com/gptbot)"
74.7.227.163 - - [08/Nov/2025:13:54:07 +0100] "GET /?path=//proc/742680/root/usr/lib/games HTTP/2.0" 200 15444 "-" "Mozilla/5.0 AppleWebKit/537.36 (KHTML, like Gecko; compatible; GPTBot/1.2; +https://openai.com/gptbot)"
74.7.227.59 - - [08/Nov/2025:13:54:08 +0100] "GET /?path=//opt/alt/python39/lib64/python3.9/test/test_importlib/data02/two HTTP/2.0" 200 17947 "-" "Mozilla/5.0 AppleWebKit/537.36 (KHTML, like Gecko; compatible; GPTBot/1.2; +https://openai.com/gptbot)"
74.7.227.204 - - [08/Nov/2025:13:54:08 +0100] "GET /304288659?detail=0303459902 HTTP/2.0" 200 75282 "-" "Mozilla/5.0 AppleWebKit/537.36 (KHTML, like Gecko; compatible; GPTBot/1.2; +https://openai.com/gptbot)"
74.7.227.27 - - [08/Nov/2025:13:54:08 +0100] "GET /?path=//proc/self/root/proc/67277/root/opt/cpanel/ea-nodejs10/include/node/openssl/archs/linux-x86_64/asm HTTP/2.0" 200 16313 "-" "Mozilla/5.0 AppleWebKit/537.36 (KHTML, like Gecko; compatible; GPTBot/1.2; +https://openai.com/gptbot)"
74.7.227.163 - - [08/Nov/2025:13:54:10 +0100] "GET /?path=//proc/742680/root/usr/lib/kdump HTTP/2.0" 200 20015 "-" "Mozilla/5.0 AppleWebKit/537.36 (KHTML, like Gecko; compatible; GPTBot/1.2; +https://openai.com/gptbot)"
74.7.227.168 - - [08/Nov/2025:13:54:11 +0100] "GET /?path=//opt/alt/python27/lib64/python2.7/lib2to3 HTTP/2.0" 200 76999 "-" "Mozilla/5.0 AppleWebKit/537.36 (KHTML, like Gecko; compatible; GPTBot/1.2; +https://openai.com/gptbot)"
74.7.227.204 - - [08/Nov/2025:13:54:11 +0100] "GET /304280059?detail=0303451326 HTTP/2.0" 200 77831 "-" "Mozilla/5.0 AppleWebKit/537.36 (KHTML, like Gecko; compatible; GPTBot/1.2; +https://openai.com/gptbot)"
74.7.227.59 - - [08/Nov/2025:13:54:11 +0100] "GET /?path=//opt/alt/python310/lib64/python3.10/tkinter/test/test_tkinter HTTP/2.0" 200 36827 "-" "Mozilla/5.0 AppleWebKit/537.36 (KHTML, like Gecko; compatible; GPTBot/1.2; +https://openai.com/gptbot)"
74.7.227.27 - - [08/Nov/2025:13:54:12 +0100] "GET /?path=//lib/modules/4.18.0-553.8.1.lve.el8.x86_64/kernel/drivers/dma HTTP/2.0" 200 23030 "-" "Mozilla/5.0 AppleWebKit/537.36 (KHTML, like Gecko; compatible; GPTBot/1.2; +https://openai.com/gptbot)"
74.7.227.163 - - [08/Nov/2025:13:54:12 +0100] "GET /?path=//proc/742680/root/usr/lib/debug HTTP/2.0" 200 26372 "-" "Mozilla/5.0 AppleWebKit/537.36 (KHTML, like Gecko; compatible; GPTBot/1.2; +https://openai.com/gptbot)"
74.7.227.204 - - [08/Nov/2025:13:54:14 +0100] "GET /795576567?detail=0793409150 HTTP/2.0" 200 77831 "-" "Mozilla/5.0 AppleWebKit/537.36 (KHTML, like Gecko; compatible; GPTBot/1.2; +https://openai.com/gptbot)"
74.7.227.59 - - [08/Nov/2025:13:54:14 +0100] "GET /?path=//opt/alt/python38/lib64/python3.8/test/test_importlib/data01 HTTP/2.0" 200 25069 "-" "Mozilla/5.0 AppleWebKit/537.36 (KHTML, like Gecko; compatible; GPTBot/1.2; +https://openai.com/gptbot)"
74.7.227.27 - - [08/Nov/2025:13:54:14 +0100] "GET /?path=//lib/modules/4.18.0-553.8.1.lve.el8.x86_64/kernel/drivers/ntb HTTP/2.0" 200 19210 "-" "Mozilla/5.0 AppleWebKit/537.36 (KHTML, like Gecko; compatible; GPTBot/1.2; +https://openai.com/gptbot)"
66.249.75.162 - - [08/Nov/2025:13:54:15 +0100] "GET /preach022020697.html?fileloc=/home/opal/public_html/ex.php?list/111008506 HTTP/1.1" 200 550332 "-" "Mozilla/5.0 (Linux; Android 6.0.1; Nexus 5X Build/MMB29P) AppleWebKit/537.36 (KHTML, like Gecko) Chrome/141.0.7390.122 Mobile Safari/537.36 (compatible; Googlebot/2.1; +http://www.google.com/bot.html)"
216.73.216.214 - - [08/Nov/2025:13:54:15 +0100] "GET /kasyno-internetowe-z-bonusem-bez-depozytu-35?fileloc=%2F%2Fopt%2Fcpanel%2Fea-openssl11%2Fshare%2Fdoc%2Fopenssl%2Fhtml%2Fman3%2FEVP_aria_128_gcm.html&path=%2F%2Fopt%2Fcpanel%2Fea-openssl11%2Fshare%2Fdoc%2Fopenssl%2Fhtml%2Fman3 HTTP/2.0" 200 17857 "-" "Mozilla/5.0 AppleWebKit/537.36 (KHTML, like Gecko; compatible; ClaudeBot/1.0; +claudebot@anthropic.com)"
74.7.227.163 - - [08/Nov/2025:13:54:15 +0100] "GET /?path=//proc/742680/root/usr/lib/tuned HTTP/2.0" 200 45071 "-" "Mozilla/5.0 AppleWebKit/537.36 (KHTML, like Gecko; compatible; GPTBot/1.2; +https://openai.com/gptbot)"
74.7.227.168 - - [08/Nov/2025:13:54:15 +0100] "GET /?fileloc=//lib64/python2.7/test/test_pep352.pyc&path=//lib64/python2.7/test HTTP/2.0" 200 24347 "-" "Mozilla/5.0 AppleWebKit/537.36 (KHTML, like Gecko; compatible; GPTBot/1.2; +https://openai.com/gptbot)"
74.7.227.204 - - [08/Nov/2025:13:54:16 +0100] "GET /304408234?detail=0303579150 HTTP/2.0" 200 75282 "-" "Mozilla/5.0 AppleWebKit/537.36 (KHTML, like Gecko; compatible; GPTBot/1.2; +https://openai.com/gptbot)"
74.7.227.27 - - [08/Nov/2025:13:54:17 +0100] "GET /?path=//lib/modules/4.18.0-553.8.1.lve.el8.x86_64/kernel/drivers/mtd/ubi HTTP/2.0" 200 17310 "-" "Mozilla/5.0 AppleWebKit/537.36 (KHTML, like Gecko; compatible; GPTBot/1.2; +https://openai.com/gptbot)"
74.7.227.59 - - [08/Nov/2025:13:54:17 +0100] "GET /?path=//proc/67277/root/proc/self/root/lib/python3.6/site-packages/setuptools/extern HTTP/2.0" 200 13336 "-" "Mozilla/5.0 AppleWebKit/537.36 (KHTML, like Gecko; compatible; GPTBot/1.2; +https://openai.com/gptbot)"
74.7.227.163 - - [08/Nov/2025:13:54:18 +0100] "GET /?path=//proc/742680/root/usr/lib/rpm HTTP/2.0" 200 47974 "-" "Mozilla/5.0 AppleWebKit/537.36 (KHTML, like Gecko; compatible; GPTBot/1.2; +https://openai.com/gptbot)"
74.7.227.204 - - [08/Nov/2025:13:54:20 +0100] "GET /304288113?detail=0303459358 HTTP/2.0" 200 77831 "-" "Mozilla/5.0 AppleWebKit/537.36 (KHTML, like Gecko; compatible; GPTBot/1.2; +https://openai.com/gptbot)"
74.7.227.27 - - [08/Nov/2025:13:54:20 +0100] "GET /?path=//lib/modules/4.18.0-553.8.1.lve.el8.x86_64/kernel/drivers/mtd/chips HTTP/2.0" 200 17337 "-" "Mozilla/5.0 AppleWebKit/537.36 (KHTML, like Gecko; compatible; GPTBot/1.2; +https://openai.com/gptbot)"
74.7.227.163 - - [08/Nov/2025:13:54:21 +0100] "GET /?path=//proc/742680/root/usr/lib/gcc HTTP/2.0" 200 16859 "-" "Mozilla/5.0 AppleWebKit/537.36 (KHTML, like Gecko; compatible; GPTBot/1.2; +https://openai.com/gptbot)"
74.7.227.168 - - [08/Nov/2025:13:54:21 +0100] "GET /?path=//opt/alt/python36/lib64/python3.6/lib2to3/__pycache__ HTTP/2.0" 200 67582 "-" "Mozilla/5.0 AppleWebKit/537.36 (KHTML, like Gecko; compatible; GPTBot/1.2; +https://openai.com/gptbot)"
74.7.227.204 - - [08/Nov/2025:13:54:21 +0100] "GET /795721104?detail=0793553294 HTTP/2.0" 200 77831 "-" "Mozilla/5.0 AppleWebKit/537.36 (KHTML, like Gecko; compatible; GPTBot/1.2; +https://openai.com/gptbot)"
74.7.227.27 - - [08/Nov/2025:13:54:22 +0100] "GET /?path=//lib/modules/4.18.0-553.8.1.lve.el8.x86_64/kernel/drivers/uio HTTP/2.0" 200 27090 "-" "Mozilla/5.0 AppleWebKit/537.36 (KHTML, like Gecko; compatible; GPTBot/1.2; +https://openai.com/gptbot)"
74.7.227.163 - - [08/Nov/2025:13:54:22 +0100] "GET /?path=//proc/742680/root/usr/lib/.build-id HTTP/2.0" 200 365916 "-" "Mozilla/5.0 AppleWebKit/537.36 (KHTML, like Gecko; compatible; GPTBot/1.2; +https://openai.com/gptbot)"
74.7.227.59 - - [08/Nov/2025:13:54:24 +0100] "GET /?path=//opt/alt/python38/lib64/python3.8/test/test_importlib/data03 HTTP/2.0" 200 20208 "-" "Mozilla/5.0 AppleWebKit/537.36 (KHTML, like Gecko; compatible; GPTBot/1.2; +https://openai.com/gptbot)"
74.7.227.27 - - [08/Nov/2025:13:54:24 +0100] "GET /?path=//lib/modules/4.18.0-553.8.1.lve.el8.x86_64/kernel/drivers/dma/dw HTTP/2.0" 200 17319 "-" "Mozilla/5.0 AppleWebKit/537.36 (KHTML, like Gecko; compatible; GPTBot/1.2; +https://openai.com/gptbot)"
74.7.227.204 - - [08/Nov/2025:13:54:24 +0100] "GET /795524600?detail=0793357326 HTTP/2.0" 200 75282 "-" "Mozilla/5.0 AppleWebKit/537.36 (KHTML, like Gecko; compatible; GPTBot/1.2; +https://openai.com/gptbot)"
74.7.227.163 - - [08/Nov/2025:13:54:25 +0100] "GET /?path=//proc/742680/root/var/lib/spamassassin HTTP/2.0" 200 19664 "-" "Mozilla/5.0 AppleWebKit/537.36 (KHTML, like Gecko; compatible; GPTBot/1.2; +https://openai.com/gptbot)"
74.7.227.168 - - [08/Nov/2025:13:54:26 +0100] "GET /?fileloc=//usr/lib64/python2.7/test/mp_fork_bomb.pyc&path=//usr/lib64/python2.7/test HTTP/2.0" 200 15547 "-" "Mozilla/5.0 AppleWebKit/537.36 (KHTML, like Gecko; compatible; GPTBot/1.2; +https://openai.com/gptbot)"
74.7.227.27 - - [08/Nov/2025:13:54:26 +0100] "GET /?path=//lib/modules/4.18.0-553.8.1.lve.el8.x86_64/kernel/drivers/ptp HTTP/2.0" 200 16299 "-" "Mozilla/5.0 AppleWebKit/537.36 (KHTML, like Gecko; compatible; GPTBot/1.2; +https://openai.com/gptbot)"
74.7.227.59 - - [08/Nov/2025:13:54:26 +0100] "GET /?path=//opt/alt/python39/lib64/python3.9/test/test_importlib/data02/one HTTP/2.0" 200 20496 "-" "Mozilla/5.0 AppleWebKit/537.36 (KHTML, like Gecko; compatible; GPTBot/1.2; +https://openai.com/gptbot)"
66.249.75.162 - - [08/Nov/2025:13:54:26 +0100] "GET /clean196007105.html HTTP/1.1" 200 199029 "-" "Mozilla/5.0 (Linux; Android 6.0.1; Nexus 5X Build/MMB29P) AppleWebKit/537.36 (KHTML, like Gecko) Chrome/141.0.7390.122 Mobile Safari/537.36 (compatible; Googlebot/2.1; +http://www.google.com/bot.html)"
74.7.227.204 - - [08/Nov/2025:13:54:26 +0100] "GET /795776904?detail=0793608942 HTTP/2.0" 200 77831 "-" "Mozilla/5.0 AppleWebKit/537.36 (KHTML, like Gecko; compatible; GPTBot/1.2; +https://openai.com/gptbot)"
74.7.227.163 - - [08/Nov/2025:13:54:27 +0100] "GET /?path=//proc/742680/root/usr/lib/tuned/desktop HTTP/2.0" 200 17043 "-" "Mozilla/5.0 AppleWebKit/537.36 (KHTML, like Gecko; compatible; GPTBot/1.2; +https://openai.com/gptbot)"
74.7.227.27 - - [08/Nov/2025:13:54:28 +0100] "GET /?path=//lib/modules/4.18.0-553.8.1.lve.el8.x86_64/kernel/drivers/dma/ptdma HTTP/2.0" 200 17328 "-" "Mozilla/5.0 AppleWebKit/537.36 (KHTML, like Gecko; compatible; GPTBot/1.2; +https://openai.com/gptbot)"
66.249.69.133 - - [08/Nov/2025:13:54:29 +0100] "GET /154758548?detail=0154337230 HTTP/1.1" 200 565883 "-" "Mozilla/5.0 (Linux; Android 6.0.1; Nexus 5X Build/MMB29P) AppleWebKit/537.36 (KHTML, like Gecko) Chrome/141.0.7390.122 Mobile Safari/537.36 (compatible; Googlebot/2.1; +http://www.google.com/bot.html)"
74.7.227.59 - - [08/Nov/2025:13:54:29 +0100] "GET /?path=//opt/alt/python39/lib64/python3.9/test/test_importlib/data03 HTTP/2.0" 200 20208 "-" "Mozilla/5.0 AppleWebKit/537.36 (KHTML, like Gecko; compatible; GPTBot/1.2; +https://openai.com/gptbot)"
74.7.227.204 - - [08/Nov/2025:13:54:29 +0100] "GET /795674787?detail=0793507102 HTTP/2.0" 200 77831 "-" "Mozilla/5.0 AppleWebKit/537.36 (KHTML, like Gecko; compatible; GPTBot/1.2; +https://openai.com/gptbot)"
74.7.227.163 - - [08/Nov/2025:13:54:30 +0100] "GET /?path=//proc/742680/root/usr/lib/tuned/accelerator-performance HTTP/2.0" 200 14589 "-" "Mozilla/5.0 AppleWebKit/537.36 (KHTML, like Gecko; compatible; GPTBot/1.2; +https://openai.com/gptbot)"
74.7.227.168 - - [08/Nov/2025:13:54:30 +0100] "GET /?path=//proc/67277/root/proc/self/root/lib/firmware/ath11k/QCA2066 HTTP/2.0" 200 13199 "-" "Mozilla/5.0 AppleWebKit/537.36 (KHTML, like Gecko; compatible; GPTBot/1.2; +https://openai.com/gptbot)"
74.7.227.27 - - [08/Nov/2025:13:54:30 +0100] "GET /?path=//lib/modules/4.18.0-553.8.1.lve.el8.x86_64/kernel/drivers/dma/ioat HTTP/2.0" 200 17332 "-" "Mozilla/5.0 AppleWebKit/537.36 (KHTML, like Gecko; compatible; GPTBot/1.2; +https://openai.com/gptbot)"
74.7.227.204 - - [08/Nov/2025:13:54:31 +0100] "GET /304405715?detail=0303576638 HTTP/2.0" 200 77831 "-" "Mozilla/5.0 AppleWebKit/537.36 (KHTML, like Gecko; compatible; GPTBot/1.2; +https://openai.com/gptbot)"
216.73.216.214 - - [08/Nov/2025:13:54:32 +0100] "GET /url%20=%3Cwidth%3Ex%3Cheight%3E%20%22optional%20title%22?fileloc=%2F%2Flib64%2Flibgdbm.so.6&path=%2F%2Flib64 HTTP/2.0" 200 113878 "-" "Mozilla/5.0 AppleWebKit/537.36 (KHTML, like Gecko; compatible; ClaudeBot/1.0; +claudebot@anthropic.com)"
66.249.69.133 - - [08/Nov/2025:13:54:33 +0100] "GET /53719846?detail=0053573838 HTTP/1.1" 200 550510 "-" "Mozilla/5.0 (Linux; Android 6.0.1; Nexus 5X Build/MMB29P) AppleWebKit/537.36 (KHTML, like Gecko) Chrome/141.0.7390.122 Mobile Safari/537.36 (compatible; Googlebot/2.1; +http://www.google.com/bot.html)"
74.7.227.59 - - [08/Nov/2025:13:54:32 +0100] "GET /?path=//opt/alt/python38/lib64/python3.8/test/test_importlib/data02 HTTP/2.0" 200 21632 "-" "Mozilla/5.0 AppleWebKit/537.36 (KHTML, like Gecko; compatible; GPTBot/1.2; +https://openai.com/gptbot)"
74.7.227.163 - - [08/Nov/2025:13:54:32 +0100] "GET /?path=//proc/742680/root/usr/lib/grub HTTP/2.0" 200 16816 "-" "Mozilla/5.0 AppleWebKit/537.36 (KHTML, like Gecko; compatible; GPTBot/1.2; +https://openai.com/gptbot)"
74.7.227.168 - - [08/Nov/2025:13:54:35 +0100] "GET /?path=//opt/alt/python35/lib64/python3.5/lib2to3/__pycache__ HTTP/2.0" 200 - "-" "Mozilla/5.0 AppleWebKit/537.36 (KHTML, like Gecko; compatible; GPTBot/1.2; +https://openai.com/gptbot)"
74.7.227.27 - - [08/Nov/2025:13:54:33 +0100] "GET /?path=//lib/modules/4.18.0-553.8.1.lve.el8.x86_64/kernel/drivers/ntb/hw HTTP/2.0" 200 18605 "-" "Mozilla/5.0 AppleWebKit/537.36 (KHTML, like Gecko; compatible; GPTBot/1.2; +https://openai.com/gptbot)"
66.249.69.133 - - [08/Nov/2025:13:54:35 +0100] "GET /?e=2788977591256&channel=159e17&from=https://www.opalaesthetic.net/spark.htm?fruit013034770.html HTTP/1.1" 200 554631 "-" "Mozilla/5.0 (Linux; Android 6.0.1; Nexus 5X Build/MMB29P) AppleWebKit/537.36 (KHTML, like Gecko) Chrome/141.0.7390.122 Mobile Safari/537.36 (compatible; Googlebot/2.1; +http://www.google.com/bot.html)"
74.7.227.204 - - [08/Nov/2025:13:54:34 +0100] "GET /304496683?detail=0303667358 HTTP/2.0" 200 77831 "-" "Mozilla/5.0 AppleWebKit/537.36 (KHTML, like Gecko; compatible; GPTBot/1.2; +https://openai.com/gptbot)"
74.7.227.163 - - [08/Nov/2025:13:54:35 +0100] "GET /?path=//proc/742680/root/usr/lib/motd.d HTTP/2.0" 200 15446 "-" "Mozilla/5.0 AppleWebKit/537.36 (KHTML, like Gecko; compatible; GPTBot/1.2; +https://openai.com/gptbot)"
74.7.227.59 - - [08/Nov/2025:13:54:36 +0100] "GET /?path=//opt/alt/python311/lib64/python3.11/tkinter/test/test_tkinter HTTP/2.0" 200 36824 "-" "Mozilla/5.0 AppleWebKit/537.36 (KHTML, like Gecko; compatible; GPTBot/1.2; +https://openai.com/gptbot)"
74.7.227.27 - - [08/Nov/2025:13:54:36 +0100] "GET /?path=//lib/modules/4.18.0-553.8.1.lve.el8.x86_64/kernel/drivers/ntb/test HTTP/2.0" 200 18112 "-" "Mozilla/5.0 AppleWebKit/537.36 (KHTML, like Gecko; compatible; GPTBot/1.2; +https://openai.com/gptbot)"
74.7.227.204 - - [08/Nov/2025:13:54:37 +0100] "GET /304349593?detail=0303520670 HTTP/2.0" 200 77831 "-" "Mozilla/5.0 AppleWebKit/537.36 (KHTML, like Gecko; compatible; GPTBot/1.2; +https://openai.com/gptbot)"
74.7.227.168 - - [08/Nov/2025:13:54:36 +0100] "GET /?path=//proc/67277/root/proc/self/root/lib/firmware/ath11k/WCN6750 HTTP/2.0" 200 13199 "-" "Mozilla/5.0 AppleWebKit/537.36 (KHTML, like Gecko; compatible; GPTBot/1.2; +https://openai.com/gptbot)"
74.7.227.163 - - [08/Nov/2025:13:54:37 +0100] "GET /?path=//proc/742680/root/usr/lib/rpm/platform HTTP/2.0" 200 106401 "-" "Mozilla/5.0 AppleWebKit/537.36 (KHTML, like Gecko; compatible; GPTBot/1.2; +https://openai.com/gptbot)"
74.7.227.27 - - [08/Nov/2025:13:54:39 +0100] "GET /?path=//lib/modules/4.18.0-553.8.1.lve.el8.x86_64/kernel/drivers/dma/idxd HTTP/2.0" 200 18973 "-" "Mozilla/5.0 AppleWebKit/537.36 (KHTML, like Gecko; compatible; GPTBot/1.2; +https://openai.com/gptbot)"
66.249.75.162 - - [08/Nov/2025:13:54:40 +0100] "GET /preach022020697.html?fileloc=/home/opal/public_html/ex.php?list/11165523 HTTP/1.1" 200 550082 "-" "Mozilla/5.0 (Linux; Android 6.0.1; Nexus 5X Build/MMB29P) AppleWebKit/537.36 (KHTML, like Gecko) Chrome/141.0.7390.122 Mobile Safari/537.36 (compatible; Googlebot/2.1; +http://www.google.com/bot.html)"
74.7.227.59 - - [08/Nov/2025:13:54:40 +0100] "GET /?path=//proc/142086/root/lib/systemd/system/default.target.wants HTTP/2.0" 200 15558 "-" "Mozilla/5.0 AppleWebKit/537.36 (KHTML, like Gecko; compatible; GPTBot/1.2; +https://openai.com/gptbot)"
