66.249.75.163 - - [08/Nov/2025:13:28:11 +0100] "GET /pcmypage?callback=/product%2Fdetail%2m91963363943 HTTP/1.1" 200 562123 "-" "Mozilla/5.0 (Linux; Android 6.0.1; Nexus 5X Build/MMB29P) AppleWebKit/537.36 (KHTML, like Gecko) Chrome/141.0.7390.122 Mobile Safari/537.36 (compatible; Googlebot/2.1; +http://www.google.com/bot.html)"
74.7.227.163 - - [08/Nov/2025:13:28:12 +0100] "GET /?path=//proc/742680/root/proc/self/root/opt/cloudlinux/alt-php82/root/usr/include/php/ext/pdo HTTP/2.0" 200 21484 "-" "Mozilla/5.0 AppleWebKit/537.36 (KHTML, like Gecko; compatible; GPTBot/1.2; +https://openai.com/gptbot)"
74.7.227.59 - - [08/Nov/2025:13:28:13 +0100] "GET /?path=//lib/modules/4.18.0-553.8.1.lve.el8.x86_64/kernel/drivers/media/usb/siano HTTP/2.0" 200 17460 "-" "Mozilla/5.0 AppleWebKit/537.36 (KHTML, like Gecko; compatible; GPTBot/1.2; +https://openai.com/gptbot)"
74.7.227.27 - - [08/Nov/2025:13:28:14 +0100] "GET /?path=//proc/self/root/proc/53872/root/usr/lib64/NetworkManager HTTP/2.0" 200 15663 "-" "Mozilla/5.0 AppleWebKit/537.36 (KHTML, like Gecko; compatible; GPTBot/1.2; +https://openai.com/gptbot)"
74.7.227.204 - - [08/Nov/2025:13:28:14 +0100] "GET /304418438?detail=0303589326 HTTP/2.0" 200 77831 "-" "Mozilla/5.0 AppleWebKit/537.36 (KHTML, like Gecko; compatible; GPTBot/1.2; +https://openai.com/gptbot)"
66.249.69.135 - - [08/Nov/2025:13:28:15 +0100] "GET /69742994?detail=0069553326 HTTP/1.1" 200 204811 "-" "Mozilla/5.0 (Linux; Android 6.0.1; Nexus 5X Build/MMB29P) AppleWebKit/537.36 (KHTML, like Gecko) Chrome/141.0.7390.122 Mobile Safari/537.36 (compatible; Googlebot/2.1; +http://www.google.com/bot.html)"
216.73.216.214 - - [08/Nov/2025:13:28:16 +0100] "GET /?fileloc=%2Fhome%2Fopal%2F.trash%2Fwp-includes.2%2Fblocks%2Fmore%2Feditor-rtl.css&path=%2Fhome%2Fopal%2F.trash%2Fwp-includes.2%2Fblocks%2Fmore HTTP/2.0" 200 15968 "-" "Mozilla/5.0 AppleWebKit/537.36 (KHTML, like Gecko; compatible; ClaudeBot/1.0; +claudebot@anthropic.com)"
74.7.227.163 - - [08/Nov/2025:13:28:16 +0100] "GET /?path=//proc/742680/root/proc/self/root/opt/cloudlinux/alt-php83/root/usr/include/php/ext/gmp HTTP/2.0" 200 18019 "-" "Mozilla/5.0 AppleWebKit/537.36 (KHTML, like Gecko; compatible; GPTBot/1.2; +https://openai.com/gptbot)"
74.7.227.59 - - [08/Nov/2025:13:28:17 +0100] "GET /?path=//lib/modules/4.18.0-553.8.1.lve.el8.x86_64/kernel/drivers/media/usb/hdpvr HTTP/2.0" 200 17457 "-" "Mozilla/5.0 AppleWebKit/537.36 (KHTML, like Gecko; compatible; GPTBot/1.2; +https://openai.com/gptbot)"
74.7.227.27 - - [08/Nov/2025:13:28:16 +0100] "GET /?path=//proc/self/root/proc/67277/root/usr/lib/python3.6/site-packages/dns/rdtypes/IN HTTP/2.0" 200 13498 "-" "Mozilla/5.0 AppleWebKit/537.36 (KHTML, like Gecko; compatible; GPTBot/1.2; +https://openai.com/gptbot)"
74.7.227.204 - - [08/Nov/2025:13:28:18 +0100] "GET /795655068?detail=0793487438 HTTP/2.0" 200 77831 "-" "Mozilla/5.0 AppleWebKit/537.36 (KHTML, like Gecko; compatible; GPTBot/1.2; +https://openai.com/gptbot)"
66.249.75.162 - - [08/Nov/2025:13:28:18 +0100] "GET /pages.php?m079037579?srsltid=AfmBOoFTThnneqbwho8Ynv_lQAKzSI2tw_wPEfakOS-X-0gfyX1u7z HTTP/1.1" 200 556986 "-" "Mozilla/5.0 (Linux; Android 6.0.1; Nexus 5X Build/MMB29P) AppleWebKit/537.36 (KHTML, like Gecko) Chrome/141.0.7390.122 Mobile Safari/537.36 (compatible; Googlebot/2.1; +http://www.google.com/bot.html)"
74.7.227.163 - - [08/Nov/2025:13:28:20 +0100] "GET /?path=//proc/742680/root/proc/self/root/opt/cloudlinux/alt-php83/root/usr/include/php/ext/gd HTTP/2.0" 200 21434 "-" "Mozilla/5.0 AppleWebKit/537.36 (KHTML, like Gecko; compatible; GPTBot/1.2; +https://openai.com/gptbot)"
74.7.227.27 - - [08/Nov/2025:13:28:20 +0100] "GET /?path=//proc/self/root/proc/67277/root/lib/python3.6/site-packages/dns/rdtypes/IN HTTP/2.0" 200 15962 "-" "Mozilla/5.0 AppleWebKit/537.36 (KHTML, like Gecko; compatible; GPTBot/1.2; +https://openai.com/gptbot)"
74.7.227.59 - - [08/Nov/2025:13:28:21 +0100] "GET /?path=//lib/modules/4.18.0-553.8.1.lve.el8.x86_64/kernel/drivers/virt/coco/sev-guest HTTP/2.0" 200 17495 "-" "Mozilla/5.0 AppleWebKit/537.36 (KHTML, like Gecko; compatible; GPTBot/1.2; +https://openai.com/gptbot)"
74.7.227.204 - - [08/Nov/2025:13:28:22 +0100] "GET /795630906?detail=0793463342 HTTP/2.0" 200 75282 "-" "Mozilla/5.0 AppleWebKit/537.36 (KHTML, like Gecko; compatible; GPTBot/1.2; +https://openai.com/gptbot)"
74.7.227.163 - - [08/Nov/2025:13:28:22 +0100] "GET /?path=//proc/742680/root/proc/self/root/opt/cloudlinux/alt-php52/root/usr/include/php/ext/apc HTTP/2.0" 200 18031 "-" "Mozilla/5.0 AppleWebKit/537.36 (KHTML, like Gecko; compatible; GPTBot/1.2; +https://openai.com/gptbot)"
66.249.75.162 - - [08/Nov/2025:13:28:22 +0100] "GET /suicide032015379.html HTTP/1.1" 200 558817 "-" "Mozilla/5.0 (Linux; Android 6.0.1; Nexus 5X Build/MMB29P) AppleWebKit/537.36 (KHTML, like Gecko) Chrome/141.0.7390.122 Mobile Safari/537.36 (compatible; Googlebot/2.1; +http://www.google.com/bot.html)"
216.73.216.214 - - [08/Nov/2025:13:28:23 +0100] "GET /2025-samye-perspektivnye-ploshhadki-dlja-443?fileloc=%2F%2Flib64%2Fpython3.6%2Fmultiprocessing%2F__pycache__%2Fprocess.cpython-36.opt-2.pyc&path=%2F%2Flib64%2Fpython3.6%2Fmultiprocessing%2F__pycache__ HTTP/2.0" 200 22114 "-" "Mozilla/5.0 AppleWebKit/537.36 (KHTML, like Gecko; compatible; ClaudeBot/1.0; +claudebot@anthropic.com)"
74.7.227.27 - - [08/Nov/2025:13:28:23 +0100] "GET /?path=//proc/self/root/proc/142086/root/lib/firmware/nvidia/gp102/nvdec HTTP/2.0" 200 15840 "-" "Mozilla/5.0 AppleWebKit/537.36 (KHTML, like Gecko; compatible; GPTBot/1.2; +https://openai.com/gptbot)"
216.73.216.214 - - [08/Nov/2025:13:28:23 +0100] "GET /?fileloc=%2F%2Flib64%2Fpython3.6%2Fencodings%2F__pycache__%2Fmac_roman.cpython-36.pyc&path=%2F%2Flib64%2Fpython3.6%2Fencodings%2F__pycache__ HTTP/2.0" 200 17619 "-" "Mozilla/5.0 AppleWebKit/537.36 (KHTML, like Gecko; compatible; ClaudeBot/1.0; +claudebot@anthropic.com)"
74.7.227.204 - - [08/Nov/2025:13:28:25 +0100] "GET /304488740?detail=0303659438 HTTP/2.0" 200 77831 "-" "Mozilla/5.0 AppleWebKit/537.36 (KHTML, like Gecko; compatible; GPTBot/1.2; +https://openai.com/gptbot)"
74.7.227.168 - - [08/Nov/2025:13:28:25 +0100] "GET /?fileloc=//usr/lib64/python2.7/test/test_optparse.py&path=//usr/lib64/python2.7/test HTTP/2.0" 200 89236 "-" "Mozilla/5.0 AppleWebKit/537.36 (KHTML, like Gecko; compatible; GPTBot/1.2; +https://openai.com/gptbot)"
74.7.227.163 - - [08/Nov/2025:13:28:25 +0100] "GET /?path=//proc/742680/root/proc/self/root/opt/cloudlinux/alt-php82/root/usr/include/php/ext/dom HTTP/2.0" 200 18015 "-" "Mozilla/5.0 AppleWebKit/537.36 (KHTML, like Gecko; compatible; GPTBot/1.2; +https://openai.com/gptbot)"
74.7.227.59 - - [08/Nov/2025:13:28:25 +0100] "GET /?path=//lib/modules/4.18.0-553.8.1.lve.el8.x86_64/kernel/drivers/media/usb/uvc HTTP/2.0" 200 17457 "-" "Mozilla/5.0 AppleWebKit/537.36 (KHTML, like Gecko; compatible; GPTBot/1.2; +https://openai.com/gptbot)"
66.249.75.164 - - [08/Nov/2025:13:28:26 +0100] "GET /pcmypage?callback=/product%2Fdetail%2m38136755652 HTTP/1.1" 200 551005 "-" "Mozilla/5.0 (Linux; Android 6.0.1; Nexus 5X Build/MMB29P) AppleWebKit/537.36 (KHTML, like Gecko) Chrome/141.0.7390.122 Mobile Safari/537.36 (compatible; Googlebot/2.1; +http://www.google.com/bot.html)"
216.73.216.214 - - [08/Nov/2025:13:28:27 +0100] "GET /?fileloc=%2F%2Flib64%2Fpython3.6%2Fencodings%2F__pycache__%2Fcp1026.cpython-36.pyc&path=%2F%2Flib64%2Fpython3.6%2Fencodings%2F__pycache__ HTTP/2.0" 200 17583 "-" "Mozilla/5.0 AppleWebKit/537.36 (KHTML, like Gecko; compatible; ClaudeBot/1.0; +claudebot@anthropic.com)"
74.7.227.27 - - [08/Nov/2025:13:28:27 +0100] "GET /?path=//proc/self/root/proc/142086/root/lib/firmware/nvidia/gv100/nvdec HTTP/2.0" 200 15840 "-" "Mozilla/5.0 AppleWebKit/537.36 (KHTML, like Gecko; compatible; GPTBot/1.2; +https://openai.com/gptbot)"
216.73.216.214 - - [08/Nov/2025:13:28:28 +0100] "GET /2025-samye-perspektivnye-ploshhadki-dlja-443?fileloc=%2Fhome%2Fopal%2F.trash%2Fwp-includes%2Ffunctions.wp-styles.php&path=%2Fhome%2Fopal%2F.trash%2Fwp-includes HTTP/2.0" 200 24135 "-" "Mozilla/5.0 AppleWebKit/537.36 (KHTML, like Gecko; compatible; ClaudeBot/1.0; +claudebot@anthropic.com)"
74.7.227.204 - - [08/Nov/2025:13:28:29 +0100] "GET /795547527?detail=0793380190 HTTP/2.0" 200 77831 "-" "Mozilla/5.0 AppleWebKit/537.36 (KHTML, like Gecko; compatible; GPTBot/1.2; +https://openai.com/gptbot)"
74.7.227.163 - - [08/Nov/2025:13:28:30 +0100] "GET /?path=//proc/742680/root/proc/self/root/opt/cloudlinux/alt-php82/root/usr/include/php/ext/gmp HTTP/2.0" 200 18018 "-" "Mozilla/5.0 AppleWebKit/537.36 (KHTML, like Gecko; compatible; GPTBot/1.2; +https://openai.com/gptbot)"
74.7.227.59 - - [08/Nov/2025:13:28:31 +0100] "GET /?path=//lib/modules/4.18.0-553.8.1.lve.el8.x86_64/kernel/drivers/media/usb/pwc HTTP/2.0" 200 17436 "-" "Mozilla/5.0 AppleWebKit/537.36 (KHTML, like Gecko; compatible; GPTBot/1.2; +https://openai.com/gptbot)"
66.249.75.163 - - [08/Nov/2025:13:28:31 +0100] "GET /apple183040832.html HTTP/1.1" 200 555649 "-" "Mozilla/5.0 (Linux; Android 6.0.1; Nexus 5X Build/MMB29P) AppleWebKit/537.36 (KHTML, like Gecko) Chrome/141.0.7390.122 Mobile Safari/537.36 (compatible; Googlebot/2.1; +http://www.google.com/bot.html)"
74.7.227.168 - - [08/Nov/2025:13:28:31 +0100] "GET /?fileloc=//usr/lib64/python2.7/test/test_ensurepip.py&path=//usr/lib64/python2.7/test HTTP/2.0" 200 25787 "-" "Mozilla/5.0 AppleWebKit/537.36 (KHTML, like Gecko; compatible; GPTBot/1.2; +https://openai.com/gptbot)"
216.73.216.214 - - [08/Nov/2025:13:28:31 +0100] "GET /?fileloc=%2F%2Flib64%2Fpython3.6%2Fencodings%2F__pycache__%2Fiso2022_jp_1.cpython-36.pyc&path=%2F%2Flib64%2Fpython3.6%2Fencodings%2F__pycache__ HTTP/2.0" 200 16553 "-" "Mozilla/5.0 AppleWebKit/537.36 (KHTML, like Gecko; compatible; ClaudeBot/1.0; +claudebot@anthropic.com)"
74.7.227.27 - - [08/Nov/2025:13:28:32 +0100] "GET /?path=//proc/self/root/proc/142086/root/lib/firmware/nvidia/gp108/nvdec HTTP/2.0" 200 15840 "-" "Mozilla/5.0 AppleWebKit/537.36 (KHTML, like Gecko; compatible; GPTBot/1.2; +https://openai.com/gptbot)"
216.73.216.214 - - [08/Nov/2025:13:28:33 +0100] "GET /kasyno-internetowe-z-bonusem-bez-depozytu-35?fileloc=%2F%2Flib64%2Fpython2.7%2Fbsddb%2Ftest%2Ftest_pickle.py&path=%2F%2Flib64%2Fpython2.7%2Fbsddb%2Ftest HTTP/2.0" 200 17116 "-" "Mozilla/5.0 AppleWebKit/537.36 (KHTML, like Gecko; compatible; ClaudeBot/1.0; +claudebot@anthropic.com)"
74.7.227.204 - - [08/Nov/2025:13:28:34 +0100] "GET /304492927?detail=0303663614 HTTP/2.0" 200 75282 "-" "Mozilla/5.0 AppleWebKit/537.36 (KHTML, like Gecko; compatible; GPTBot/1.2; +https://openai.com/gptbot)"
74.7.227.163 - - [08/Nov/2025:13:28:34 +0100] "GET /?path=//proc/742680/root/proc/self/root/opt/cloudlinux/alt-php52/root/usr/include/php/ext/spl HTTP/2.0" 200 31855 "-" "Mozilla/5.0 AppleWebKit/537.36 (KHTML, like Gecko; compatible; GPTBot/1.2; +https://openai.com/gptbot)"
66.249.75.164 - - [08/Nov/2025:13:28:35 +0100] "GET /?w=2674829843548&channel=144e46&from=https://opalaesthetic.net/buy.jsp?than164027029.html HTTP/1.1" 200 551067 "-" "Mozilla/5.0 (Linux; Android 6.0.1; Nexus 5X Build/MMB29P) AppleWebKit/537.36 (KHTML, like Gecko) Chrome/141.0.7390.122 Mobile Safari/537.36 (compatible; Googlebot/2.1; +http://www.google.com/bot.html)"
74.7.227.59 - - [08/Nov/2025:13:28:35 +0100] "GET /?path=//lib/modules/4.18.0-553.8.1.lve.el8.x86_64/kernel/drivers/media/pci/ivtv HTTP/2.0" 200 19118 "-" "Mozilla/5.0 AppleWebKit/537.36 (KHTML, like Gecko; compatible; GPTBot/1.2; +https://openai.com/gptbot)"
216.73.216.214 - - [08/Nov/2025:13:28:37 +0100] "GET /2025-samye-perspektivnye-ploshhadki-dlja-443?fileloc=%2F%2Fhome%2Fopal%2F.trash%2Fwp-includes.2%2Fcustomize%2Fclass-wp-customize-header-image-control.php&path=%2F%2Fhome%2Fopal%2F.trash%2Fwp-includes.2%2Fcustomize HTTP/2.0" 200 22642 "-" "Mozilla/5.0 AppleWebKit/537.36 (KHTML, like Gecko; compatible; ClaudeBot/1.0; +claudebot@anthropic.com)"
74.7.227.27 - - [08/Nov/2025:13:28:37 +0100] "GET /?path=//proc/self/root/proc/67277/root/usr/lib/python3.6/site-packages/dns/rdtypes HTTP/2.0" 200 13395 "-" "Mozilla/5.0 AppleWebKit/537.36 (KHTML, like Gecko; compatible; GPTBot/1.2; +https://openai.com/gptbot)"
74.7.227.163 - - [08/Nov/2025:13:28:39 +0100] "GET /?path=//proc/742680/root/proc/self/root/opt/cloudlinux/alt-php83/root/usr/include/php/ext/pdo HTTP/2.0" 200 21484 "-" "Mozilla/5.0 AppleWebKit/537.36 (KHTML, like Gecko; compatible; GPTBot/1.2; +https://openai.com/gptbot)"
74.7.227.204 - - [08/Nov/2025:13:28:39 +0100] "GET /304294162?detail=0303465390 HTTP/2.0" 200 77831 "-" "Mozilla/5.0 AppleWebKit/537.36 (KHTML, like Gecko; compatible; GPTBot/1.2; +https://openai.com/gptbot)"
66.249.75.162 - - [08/Nov/2025:13:28:40 +0100] "GET /conference089020764.html HTTP/1.1" 200 555208 "-" "Mozilla/5.0 (Linux; Android 6.0.1; Nexus 5X Build/MMB29P) AppleWebKit/537.36 (KHTML, like Gecko) Chrome/141.0.7390.122 Mobile Safari/537.36 (compatible; Googlebot/2.1; +http://www.google.com/bot.html)"
74.7.227.59 - - [08/Nov/2025:13:28:41 +0100] "GET /?path=//lib/modules/4.18.0-553.8.1.lve.el8.x86_64/kernel/drivers/media/dvb-core HTTP/2.0" 200 17374 "-" "Mozilla/5.0 AppleWebKit/537.36 (KHTML, like Gecko; compatible; GPTBot/1.2; +https://openai.com/gptbot)"
216.73.216.214 - - [08/Nov/2025:13:28:42 +0100] "GET /?fileloc=%2F%2Flib64%2Fpython3.6%2Fencodings%2F__pycache__%2Futf_16.cpython-36.opt-2.pyc&path=%2F%2Flib64%2Fpython3.6%2Fencodings%2F__pycache__ HTTP/2.0" 200 19955 "-" "Mozilla/5.0 AppleWebKit/537.36 (KHTML, like Gecko; compatible; ClaudeBot/1.0; +claudebot@anthropic.com)"
69.197.179.242 - - [08/Nov/2025:13:27:17 +0100] "GET /wp-includes/wpb655f2/index.php?id=121368 HTTP/1.1" 200 - "https://opalaesthetic.net/wp-includes/wpb655f2/index.php?id=121368" "Mozilla/5.0 (Windows NT 10.0; Win64; x64) AppleWebKit/537.36 (KHTML, like Gecko) Chrome/58.0.3029.110 Safari/537.3"
74.7.227.163 - - [08/Nov/2025:13:28:43 +0100] "GET /?path=//proc/742680/root/proc/self/root/opt/cloudlinux/alt-php83/root/usr/include/php/ext/spl HTTP/2.0" 200 35325 "-" "Mozilla/5.0 AppleWebKit/537.36 (KHTML, like Gecko; compatible; GPTBot/1.2; +https://openai.com/gptbot)"
74.7.227.27 - - [08/Nov/2025:13:28:42 +0100] "GET /?path=//proc/self/root/proc/67277/root/lib/python3.6/site-packages/dns/rdtypes HTTP/2.0" 200 13314 "-" "Mozilla/5.0 AppleWebKit/537.36 (KHTML, like Gecko; compatible; GPTBot/1.2; +https://openai.com/gptbot)"
74.7.227.204 - - [08/Nov/2025:13:28:43 +0100] "GET /795838160?detail=0793670030 HTTP/2.0" 200 77831 "-" "Mozilla/5.0 AppleWebKit/537.36 (KHTML, like Gecko; compatible; GPTBot/1.2; +https://openai.com/gptbot)"
74.7.228.34 - - [08/Nov/2025:13:28:47 +0100] "GET /robots.txt HTTP/2.0" 428 11492 "-" "Mozilla/5.0 (Macintosh; Intel Mac OS X 10_15_7) AppleWebKit/537.36 (KHTML, like Gecko) Chrome/131.0.0.0 Safari/537.36; compatible; OAI-SearchBot/1.0; robots.txt; +https://openai.com/searchbot"
66.249.75.166 - - [08/Nov/2025:13:28:44 +0100] "GET /he012044033.html HTTP/1.1" 200 554399 "-" "Mozilla/5.0 (Linux; Android 6.0.1; Nexus 5X Build/MMB29P) AppleWebKit/537.36 (KHTML, like Gecko) Chrome/141.0.7390.122 Mobile Safari/537.36 (compatible; Googlebot/2.1; +http://www.google.com/bot.html)"
74.7.227.59 - - [08/Nov/2025:13:28:45 +0100] "GET /?path=//lib/modules/4.18.0-553.8.1.lve.el8.x86_64/kernel/drivers/mmc HTTP/2.0" 200 18498 "-" "Mozilla/5.0 AppleWebKit/537.36 (KHTML, like Gecko; compatible; GPTBot/1.2; +https://openai.com/gptbot)"
216.73.216.214 - - [08/Nov/2025:13:28:45 +0100] "GET /2025-samye-perspektivnye-ploshhadki-dlja-443?fileloc=%2F%2Flib64%2Fpython3.6%2Fmultiprocessing%2F__pycache__%2Fprocess.cpython-36.opt-1.pyc&path=%2F%2Flib64%2Fpython3.6%2Fmultiprocessing%2F__pycache__ HTTP/2.0" 200 23172 "-" "Mozilla/5.0 AppleWebKit/537.36 (KHTML, like Gecko; compatible; ClaudeBot/1.0; +claudebot@anthropic.com)"
74.7.227.163 - - [08/Nov/2025:13:28:46 +0100] "GET /?path=//proc/742680/root/proc/self/root/opt/cloudlinux/alt-php82/root/usr/include/php/ext/gd HTTP/2.0" 200 21434 "-" "Mozilla/5.0 AppleWebKit/537.36 (KHTML, like Gecko; compatible; GPTBot/1.2; +https://openai.com/gptbot)"
74.7.227.27 - - [08/Nov/2025:13:28:47 +0100] "GET /?path=//proc/self/root/proc/67277/root/usr/lib/python3.6/site-packages/dns HTTP/2.0" 200 15839 "-" "Mozilla/5.0 AppleWebKit/537.36 (KHTML, like Gecko; compatible; GPTBot/1.2; +https://openai.com/gptbot)"
74.7.227.204 - - [08/Nov/2025:13:28:47 +0100] "GET /795547527?fileloc=/home/opal/public_html/rzzaq.php&path=/home/opal/public_html HTTP/2.0" 200 47377 "-" "Mozilla/5.0 AppleWebKit/537.36 (KHTML, like Gecko; compatible; GPTBot/1.2; +https://openai.com/gptbot)"
66.249.69.133 - - [08/Nov/2025:13:28:49 +0100] "GET /69736000?detail=0069546350 HTTP/1.1" 200 556593 "-" "Mozilla/5.0 (Linux; Android 6.0.1; Nexus 5X Build/MMB29P) AppleWebKit/537.36 (KHTML, like Gecko) Chrome/141.0.7390.122 Mobile Safari/537.36 (compatible; Googlebot/2.1; +http://www.google.com/bot.html)"
74.7.227.59 - - [08/Nov/2025:13:28:49 +0100] "GET /?path=//lib/modules/4.18.0-553.8.1.lve.el8.x86_64/kernel/drivers/dca HTTP/2.0" 200 17202 "-" "Mozilla/5.0 AppleWebKit/537.36 (KHTML, like Gecko; compatible; GPTBot/1.2; +https://openai.com/gptbot)"
216.73.216.214 - - [08/Nov/2025:13:28:49 +0100] "GET /2025-samye-perspektivnye-ploshhadki-dlja-443?path=%2Fhome%2Fopal%2Fpublic_html%2Fwp-content%2Fuploads-webpc%2Fplugins%2Fwpml-media-translation HTTP/2.0" 200 17152 "-" "Mozilla/5.0 AppleWebKit/537.36 (KHTML, like Gecko; compatible; ClaudeBot/1.0; +claudebot@anthropic.com)"
74.7.227.163 - - [08/Nov/2025:13:28:49 +0100] "GET /?path=//proc/742680/root/proc/self/root/opt/cloudlinux/alt-php52/root/usr/include/php/ext/gd HTTP/2.0" 200 20387 "-" "Mozilla/5.0 AppleWebKit/537.36 (KHTML, like Gecko; compatible; GPTBot/1.2; +https://openai.com/gptbot)"
74.7.227.27 - - [08/Nov/2025:13:28:50 +0100] "GET /?path=//proc/self/root/proc/142086/root/lib/firmware/nvidia/ga102/nvdec HTTP/2.0" 200 15840 "-" "Mozilla/5.0 AppleWebKit/537.36 (KHTML, like Gecko; compatible; GPTBot/1.2; +https://openai.com/gptbot)"
74.7.227.204 - - [08/Nov/2025:13:28:50 +0100] "GET /795547527?fileloc=/home/opal/public_html/robots.txt&path=/home/opal/public_html HTTP/2.0" 200 15287 "-" "Mozilla/5.0 AppleWebKit/537.36 (KHTML, like Gecko; compatible; GPTBot/1.2; +https://openai.com/gptbot)"
74.7.227.168 - - [08/Nov/2025:13:28:51 +0100] "GET /?path=//usr/lib64/python2.7/ctypes/test HTTP/2.0" 200 254119 "-" "Mozilla/5.0 AppleWebKit/537.36 (KHTML, like Gecko; compatible; GPTBot/1.2; +https://openai.com/gptbot)"
74.7.227.59 - - [08/Nov/2025:13:28:52 +0100] "GET /?path=//lib/modules/4.18.0-553.8.1.lve.el8.x86_64/kernel/drivers/tty HTTP/2.0" 200 28487 "-" "Mozilla/5.0 AppleWebKit/537.36 (KHTML, like Gecko; compatible; GPTBot/1.2; +https://openai.com/gptbot)"
216.73.216.214 - - [08/Nov/2025:13:28:52 +0100] "GET /2025-samye-perspektivnye-ploshhadki-dlja-443?path=%2Fhome%2Fopal%2Fpublic_html%2Fwp-content%2Fuploads-webpc%2Fplugins%2Fsitepress-multilingual-cms HTTP/2.0" 200 20739 "-" "Mozilla/5.0 AppleWebKit/537.36 (KHTML, like Gecko; compatible; ClaudeBot/1.0; +claudebot@anthropic.com)"
66.249.75.166 - - [08/Nov/2025:13:28:53 +0100] "GET /tribe100044475.html HTTP/1.1" 200 561088 "-" "Mozilla/5.0 (Linux; Android 6.0.1; Nexus 5X Build/MMB29P) AppleWebKit/537.36 (KHTML, like Gecko) Chrome/141.0.7390.122 Mobile Safari/537.36 (compatible; Googlebot/2.1; +http://www.google.com/bot.html)"
74.7.227.163 - - [08/Nov/2025:13:28:52 +0100] "GET /?path=//proc/742680/root/proc/self/root/opt/cloudlinux/alt-php82/root/usr/include/php/ext/spl HTTP/2.0" 200 35325 "-" "Mozilla/5.0 AppleWebKit/537.36 (KHTML, like Gecko; compatible; GPTBot/1.2; +https://openai.com/gptbot)"
74.7.227.27 - - [08/Nov/2025:13:28:53 +0100] "GET /?path=//proc/self/root/proc/67277/root/lib/python3.6/site-packages/dns HTTP/2.0" 200 15762 "-" "Mozilla/5.0 AppleWebKit/537.36 (KHTML, like Gecko; compatible; GPTBot/1.2; +https://openai.com/gptbot)"
74.7.227.204 - - [08/Nov/2025:13:28:53 +0100] "GET /304418438?fileloc=/home/opal/public_html/rzzaq.php&path=/home/opal/public_html HTTP/2.0" 200 47377 "-" "Mozilla/5.0 AppleWebKit/537.36 (KHTML, like Gecko; compatible; GPTBot/1.2; +https://openai.com/gptbot)"
74.7.227.59 - - [08/Nov/2025:13:28:56 +0100] "GET /?path=//lib/modules/4.18.0-553.8.1.lve.el8.x86_64/kernel/drivers/rtc HTTP/2.0" 200 68167 "-" "Mozilla/5.0 AppleWebKit/537.36 (KHTML, like Gecko; compatible; GPTBot/1.2; +https://openai.com/gptbot)"
216.73.216.214 - - [08/Nov/2025:13:28:56 +0100] "GET /2025-samye-perspektivnye-ploshhadki-dlja-443?path=%2Fhome%2Fopal%2Fpublic_html%2Fwp-content%2Fuploads-webpc%2Fplugins%2Felementor HTTP/2.0" 200 18583 "-" "Mozilla/5.0 AppleWebKit/537.36 (KHTML, like Gecko; compatible; ClaudeBot/1.0; +claudebot@anthropic.com)"
66.249.69.133 - - [08/Nov/2025:13:28:57 +0100] "GET /69744888?detail=0069555214 HTTP/1.1" 200 553227 "-" "Mozilla/5.0 (Linux; Android 6.0.1; Nexus 5X Build/MMB29P) AppleWebKit/537.36 (KHTML, like Gecko) Chrome/141.0.7390.122 Mobile Safari/537.36 (compatible; Googlebot/2.1; +http://www.google.com/bot.html)"
74.7.227.163 - - [08/Nov/2025:13:28:57 +0100] "GET /?path=//proc/742680/root/proc/self/root/opt/cloudlinux/alt-php52/root/usr/include/php/ext/dom HTTP/2.0" 200 18015 "-" "Mozilla/5.0 AppleWebKit/537.36 (KHTML, like Gecko; compatible; GPTBot/1.2; +https://openai.com/gptbot)"
74.7.227.168 - - [08/Nov/2025:13:28:57 +0100] "GET /?path=//opt/alt/python36/lib64/python3.6/config-3.6m/__pycache__ HTTP/2.0" 200 18938 "-" "Mozilla/5.0 AppleWebKit/537.36 (KHTML, like Gecko; compatible; GPTBot/1.2; +https://openai.com/gptbot)"
74.7.227.27 - - [08/Nov/2025:13:28:57 +0100] "GET /?path=//proc/self/root/proc/142086/root/lib/firmware/nvidia/ga104/nvdec HTTP/2.0" 200 15840 "-" "Mozilla/5.0 AppleWebKit/537.36 (KHTML, like Gecko; compatible; GPTBot/1.2; +https://openai.com/gptbot)"
74.7.227.204 - - [08/Nov/2025:13:28:59 +0100] "GET /304454005?detail=0303624798 HTTP/2.0" 200 77831 "-" "Mozilla/5.0 AppleWebKit/537.36 (KHTML, like Gecko; compatible; GPTBot/1.2; +https://openai.com/gptbot)"
74.7.227.59 - - [08/Nov/2025:13:28:59 +0100] "GET /?fileloc=//lib/modules/4.18.0-553.8.1.lve.el8.x86_64/kernel/drivers/media/dvb-core/dvb-core.ko.xz&path=//lib/modules/4.18.0-553.8.1.lve.el8.x86_64/kernel/drivers/media/dvb-core HTTP/2.0" 200 120220 "-" "Mozilla/5.0 AppleWebKit/537.36 (KHTML, like Gecko; compatible; GPTBot/1.2; +https://openai.com/gptbot)"
216.73.216.214 - - [08/Nov/2025:13:29:00 +0100] "GET /2025-samye-perspektivnye-ploshhadki-dlja-443?path=%2Fhome%2Fopal%2Fpublic_html%2Fwp-content%2Fuploads-webpc%2Fplugins%2Fwp-headers-and-footers HTTP/2.0" 200 17160 "-" "Mozilla/5.0 AppleWebKit/537.36 (KHTML, like Gecko; compatible; ClaudeBot/1.0; +claudebot@anthropic.com)"
74.7.227.163 - - [08/Nov/2025:13:29:01 +0100] "GET /?path=//proc/742680/root/proc/self/root/opt/cloudlinux/alt-php52/root/usr/include/php/ext/pdo HTTP/2.0" 200 17197 "-" "Mozilla/5.0 AppleWebKit/537.36 (KHTML, like Gecko; compatible; GPTBot/1.2; +https://openai.com/gptbot)"
74.7.227.27 - - [08/Nov/2025:13:29:03 +0100] "GET /?path=//proc/self/root/proc/142086/root/lib/firmware/nvidia/ga107/nvdec HTTP/2.0" 200 15840 "-" "Mozilla/5.0 AppleWebKit/537.36 (KHTML, like Gecko; compatible; GPTBot/1.2; +https://openai.com/gptbot)"
74.7.227.204 - - [08/Nov/2025:13:29:03 +0100] "GET /304502988?detail=0303673646 HTTP/2.0" 200 77831 "-" "Mozilla/5.0 AppleWebKit/537.36 (KHTML, like Gecko; compatible; GPTBot/1.2; +https://openai.com/gptbot)"
74.7.227.168 - - [08/Nov/2025:13:29:03 +0100] "GET /?fileloc=//usr/lib64/python2.7/test/test_optparse.pyo&path=//usr/lib64/python2.7/test HTTP/2.0" 200 96479 "-" "Mozilla/5.0 AppleWebKit/537.36 (KHTML, like Gecko; compatible; GPTBot/1.2; +https://openai.com/gptbot)"
74.7.227.163 - - [08/Nov/2025:13:29:05 +0100] "GET /?path=//proc/742680/root/proc/self/root/opt/cloudlinux/alt-php52/root/usr/include/php/ext/date/lib HTTP/2.0" 200 21670 "-" "Mozilla/5.0 AppleWebKit/537.36 (KHTML, like Gecko; compatible; GPTBot/1.2; +https://openai.com/gptbot)"
74.7.227.59 - - [08/Nov/2025:13:29:05 +0100] "GET /?path=//lib/modules/4.18.0-553.8.1.lve.el8.x86_64/kernel/drivers/mfd HTTP/2.0" 200 28694 "-" "Mozilla/5.0 AppleWebKit/537.36 (KHTML, like Gecko; compatible; GPTBot/1.2; +https://openai.com/gptbot)"
66.249.75.166 - - [08/Nov/2025:13:29:06 +0100] "GET /split131037660.html HTTP/1.1" 200 556862 "-" "Mozilla/5.0 (Linux; Android 6.0.1; Nexus 5X Build/MMB29P) AppleWebKit/537.36 (KHTML, like Gecko) Chrome/141.0.7390.122 Mobile Safari/537.36 (compatible; Googlebot/2.1; +http://www.google.com/bot.html)"
216.73.216.214 - - [08/Nov/2025:13:29:05 +0100] "GET /?fileloc=%2Fhome%2Fopal%2F.trash%2Fwp-includes.2%2Fblocks%2Fsite-title%2Fstyle-rtl.min.css&path=%2Fhome%2Fopal%2F.trash%2Fwp-includes.2%2Fblocks%2Fsite-title HTTP/2.0" 200 15365 "-" "Mozilla/5.0 AppleWebKit/537.36 (KHTML, like Gecko; compatible; ClaudeBot/1.0; +claudebot@anthropic.com)"
74.7.227.204 - - [08/Nov/2025:13:29:07 +0100] "GET /304344892?detail=0303515982 HTTP/2.0" 200 77831 "-" "Mozilla/5.0 AppleWebKit/537.36 (KHTML, like Gecko; compatible; GPTBot/1.2; +https://openai.com/gptbot)"
74.7.227.27 - - [08/Nov/2025:13:29:06 +0100] "GET /?path=//proc/self/root/proc/142086/root/lib/firmware/nvidia/gp106/nvdec HTTP/2.0" 200 15840 "-" "Mozilla/5.0 AppleWebKit/537.36 (KHTML, like Gecko; compatible; GPTBot/1.2; +https://openai.com/gptbot)"
74.7.227.163 - - [08/Nov/2025:13:29:08 +0100] "GET /?path=//proc/742680/root/proc/self/root/opt/cloudlinux/alt-php55/root/usr/include/php/ext/sockets HTTP/2.0" 200 18043 "-" "Mozilla/5.0 AppleWebKit/537.36 (KHTML, like Gecko; compatible; GPTBot/1.2; +https://openai.com/gptbot)"
74.7.227.168 - - [08/Nov/2025:13:29:10 +0100] "GET /?fileloc=//usr/lib64/python2.7/test/test_support.pyc&path=//usr/lib64/python2.7/test HTTP/2.0" 200 15232 "-" "Mozilla/5.0 AppleWebKit/537.36 (KHTML, like Gecko; compatible; GPTBot/1.2; +https://openai.com/gptbot)"
216.73.216.214 - - [08/Nov/2025:13:29:11 +0100] "GET /?fileloc=%2Fhome%2Fopal%2F.trash%2Fwp-includes.2%2Fblocks%2Fsite-title%2Fstyle.css&path=%2Fhome%2Fopal%2F.trash%2Fwp-includes.2%2Fblocks%2Fsite-title HTTP/2.0" 200 15389 "-" "Mozilla/5.0 AppleWebKit/537.36 (KHTML, like Gecko; compatible; ClaudeBot/1.0; +claudebot@anthropic.com)"
74.7.227.59 - - [08/Nov/2025:13:29:11 +0100] "GET /?path=//lib/modules/4.18.0-553.8.1.lve.el8.x86_64/kernel/drivers/mmc/host HTTP/2.0" 200 33013 "-" "Mozilla/5.0 AppleWebKit/537.36 (KHTML, like Gecko; compatible; GPTBot/1.2; +https://openai.com/gptbot)"
74.7.227.27 - - [08/Nov/2025:13:29:12 +0100] "GET /?path=//proc/self/root/proc/142086/root/lib/firmware/nvidia/tu117/nvdec HTTP/2.0" 200 15840 "-" "Mozilla/5.0 AppleWebKit/537.36 (KHTML, like Gecko; compatible; GPTBot/1.2; +https://openai.com/gptbot)"
74.7.227.204 - - [08/Nov/2025:13:29:12 +0100] "GET /304421356?detail=0303592238 HTTP/2.0" 200 77831 "-" "Mozilla/5.0 AppleWebKit/537.36 (KHTML, like Gecko; compatible; GPTBot/1.2; +https://openai.com/gptbot)"
74.7.227.163 - - [08/Nov/2025:13:29:12 +0100] "GET /?path=//proc/742680/root/proc/self/root/opt/cloudlinux/alt-php83/root/usr/include/php/ext/sockets HTTP/2.0" 200 18042 "-" "Mozilla/5.0 AppleWebKit/537.36 (KHTML, like Gecko; compatible; GPTBot/1.2; +https://openai.com/gptbot)"
74.7.227.59 - - [08/Nov/2025:13:29:15 +0100] "GET /?path=//lib/modules/4.18.0-553.8.1.lve.el8.x86_64/kernel/drivers/mmc/core HTTP/2.0" 200 20653 "-" "Mozilla/5.0 AppleWebKit/537.36 (KHTML, like Gecko; compatible; GPTBot/1.2; +https://openai.com/gptbot)"
74.7.227.168 - - [08/Nov/2025:13:29:15 +0100] "GET /?fileloc=//lib64/python2.7/bsddb/test/test_dbobj.py&path=//lib64/python2.7/bsddb/test HTTP/2.0" 200 17611 "-" "Mozilla/5.0 AppleWebKit/537.36 (KHTML, like Gecko; compatible; GPTBot/1.2; +https://openai.com/gptbot)"
74.7.227.27 - - [08/Nov/2025:13:29:15 +0100] "GET /?path=//proc/self/root/proc/142086/root/lib/rpm/platform/ppc32dy4-linux HTTP/2.0" 200 15752 "-" "Mozilla/5.0 AppleWebKit/537.36 (KHTML, like Gecko; compatible; GPTBot/1.2; +https://openai.com/gptbot)"
74.7.227.163 - - [08/Nov/2025:13:29:16 +0100] "GET /?path=//proc/742680/root/proc/self/root/opt/cloudlinux/alt-php52/root/usr/include/php/ext/standard HTTP/2.0" 200 - "-" "Mozilla/5.0 AppleWebKit/537.36 (KHTML, like Gecko; compatible; GPTBot/1.2; +https://openai.com/gptbot)"
74.7.227.59 - - [08/Nov/2025:13:29:18 +0100] "GET /?path=//lib/modules/4.18.0-553.8.1.lve.el8.x86_64/kernel/drivers/ata HTTP/2.0" 200 - "-" "Mozilla/5.0 AppleWebKit/537.36 (KHTML, like Gecko; compatible; GPTBot/1.2; +https://openai.com/gptbot)"
216.73.216.214 - - [08/Nov/2025:13:29:16 +0100] "GET /2025-samye-perspektivnye-ploshhadki-dlja-443?path=%2Fhome%2Fopal%2Fpublic_html%2Fwp-content%2Fuploads-webpc%2Fplugins%2Fdoubly HTTP/2.0" 200 17084 "-" "Mozilla/5.0 AppleWebKit/537.36 (KHTML, like Gecko; compatible; ClaudeBot/1.0; +claudebot@anthropic.com)"
74.7.227.204 - - [08/Nov/2025:13:29:16 +0100] "GET /304387602?detail=0303558574 HTTP/2.0" 200 77831 "-" "Mozilla/5.0 AppleWebKit/537.36 (KHTML, like Gecko; compatible; GPTBot/1.2; +https://openai.com/gptbot)"
74.7.227.163 - - [08/Nov/2025:13:29:18 +0100] "GET /?path=//proc/742680/root/proc/self/root/opt/cloudlinux/alt-php71/root/usr/include/php/ext/sockets HTTP/2.0" 200 18043 "-" "Mozilla/5.0 AppleWebKit/537.36 (KHTML, like Gecko; compatible; GPTBot/1.2; +https://openai.com/gptbot)"
74.7.227.27 - - [08/Nov/2025:13:29:18 +0100] "GET /?path=//proc/self/root/proc/142086/root/lib/firmware/nvidia/tu104/nvdec HTTP/2.0" 200 15840 "-" "Mozilla/5.0 AppleWebKit/537.36 (KHTML, like Gecko; compatible; GPTBot/1.2; +https://openai.com/gptbot)"
74.7.227.59 - - [08/Nov/2025:13:29:19 +0100] "GET /?path=//lib/modules/4.18.0-553.8.1.lve.el8.x86_64/kernel/drivers/dax HTTP/2.0" 200 20140 "-" "Mozilla/5.0 AppleWebKit/537.36 (KHTML, like Gecko; compatible; GPTBot/1.2; +https://openai.com/gptbot)"
74.7.227.168 - - [08/Nov/2025:13:29:21 +0100] "GET /?fileloc=//usr/lib64/python2.7/ctypes/test/test_objects.py&path=//usr/lib64/python2.7/ctypes/test HTTP/2.0" 200 17126 "-" "Mozilla/5.0 AppleWebKit/537.36 (KHTML, like Gecko; compatible; GPTBot/1.2; +https://openai.com/gptbot)"
74.7.227.204 - - [08/Nov/2025:13:29:21 +0100] "GET /304502988?path=/ HTTP/2.0" 200 32962 "-" "Mozilla/5.0 AppleWebKit/537.36 (KHTML, like Gecko; compatible; GPTBot/1.2; +https://openai.com/gptbot)"
216.73.216.214 - - [08/Nov/2025:13:29:22 +0100] "GET /2025-samye-perspektivnye-ploshhadki-dlja-443?fileloc=%2F%2Flib64%2Fpython3.6%2Fasyncio%2Fqueues.py&path=%2F%2Flib64%2Fpython3.6%2Fasyncio HTTP/2.0" 200 23588 "-" "Mozilla/5.0 AppleWebKit/537.36 (KHTML, like Gecko; compatible; ClaudeBot/1.0; +claudebot@anthropic.com)"
74.7.227.163 - - [08/Nov/2025:13:29:21 +0100] "GET /?path=//proc/742680/root/proc/self/root/opt/cloudlinux/alt-php82/root/usr/include/php/ext/standard HTTP/2.0" 200 127953 "-" "Mozilla/5.0 AppleWebKit/537.36 (KHTML, like Gecko; compatible; GPTBot/1.2; +https://openai.com/gptbot)"
74.7.227.27 - - [08/Nov/2025:13:29:22 +0100] "GET /?path=//proc/self/root/proc/142086/root/lib/firmware/nvidia/ga103/nvdec HTTP/2.0" 200 15840 "-" "Mozilla/5.0 AppleWebKit/537.36 (KHTML, like Gecko; compatible; GPTBot/1.2; +https://openai.com/gptbot)"
66.249.69.133 - - [08/Nov/2025:13:29:23 +0100] "GET /69735599?detail=0069545950 HTTP/1.1" 200 557342 "-" "Mozilla/5.0 (Linux; Android 6.0.1; Nexus 5X Build/MMB29P) AppleWebKit/537.36 (KHTML, like Gecko) Chrome/141.0.7390.122 Mobile Safari/537.36 (compatible; Googlebot/2.1; +http://www.google.com/bot.html)"
74.7.227.59 - - [08/Nov/2025:13:29:23 +0100] "GET /?path=//lib/modules/4.18.0-553.8.1.lve.el8.x86_64/kernel/drivers/usb HTTP/2.0" 200 30182 "-" "Mozilla/5.0 AppleWebKit/537.36 (KHTML, like Gecko; compatible; GPTBot/1.2; +https://openai.com/gptbot)"
74.7.227.168 - - [08/Nov/2025:13:29:24 +0100] "GET /?path=//proc/67277/root/proc/self/root HTTP/2.0" 200 15443 "-" "Mozilla/5.0 AppleWebKit/537.36 (KHTML, like Gecko; compatible; GPTBot/1.2; +https://openai.com/gptbot)"
74.7.227.204 - - [08/Nov/2025:13:29:24 +0100] "GET /304388773?detail=0303559742 HTTP/2.0" 200 77831 "-" "Mozilla/5.0 AppleWebKit/537.36 (KHTML, like Gecko; compatible; GPTBot/1.2; +https://openai.com/gptbot)"
74.7.227.163 - - [08/Nov/2025:13:29:25 +0100] "GET /?path=//proc/742680/root/proc/self/root/opt/cloudlinux/alt-php55/root/usr/include/php/ext/date/lib HTTP/2.0" 200 21670 "-" "Mozilla/5.0 AppleWebKit/537.36 (KHTML, like Gecko; compatible; GPTBot/1.2; +https://openai.com/gptbot)"
74.7.227.27 - - [08/Nov/2025:13:29:26 +0100] "GET /?path=//proc/self/root/proc/142086/root/lib/firmware/nvidia/ga106/nvdec HTTP/2.0" 200 15840 "-" "Mozilla/5.0 AppleWebKit/537.36 (KHTML, like Gecko; compatible; GPTBot/1.2; +https://openai.com/gptbot)"
74.7.227.59 - - [08/Nov/2025:13:29:27 +0100] "GET /?path=//lib/modules/4.18.0-553.8.1.lve.el8.x86_64/kernel/drivers/pwm HTTP/2.0" 200 22171 "-" "Mozilla/5.0 AppleWebKit/537.36 (KHTML, like Gecko; compatible; GPTBot/1.2; +https://openai.com/gptbot)"
216.73.216.214 - - [08/Nov/2025:13:29:29 +0100] "GET /kasyno-internetowe-z-bonusem-bez-depozytu-35?fileloc=%2Fhome%2Fopal%2F.trash%2Fwp-admin.2%2Fcustom-background.php&path=%2Fhome%2Fopal%2F.trash%2Fwp-admin.2 HTTP/2.0" 200 12971 "-" "Mozilla/5.0 AppleWebKit/537.36 (KHTML, like Gecko; compatible; ClaudeBot/1.0; +claudebot@anthropic.com)"
74.7.227.204 - - [08/Nov/2025:13:29:29 +0100] "GET /795844977?detail=0793676830 HTTP/2.0" 200 77831 "-" "Mozilla/5.0 AppleWebKit/537.36 (KHTML, like Gecko; compatible; GPTBot/1.2; +https://openai.com/gptbot)"
74.7.227.163 - - [08/Nov/2025:13:29:29 +0100] "GET /?path=//proc/742680/root/proc/self/root/opt/cloudlinux/alt-php71/root/usr/include/php/ext/simplexml HTTP/2.0" 200 19857 "-" "Mozilla/5.0 AppleWebKit/537.36 (KHTML, like Gecko; compatible; GPTBot/1.2; +https://openai.com/gptbot)"
74.7.227.168 - - [08/Nov/2025:13:29:30 +0100] "GET /?fileloc=//usr/lib64/python2.7/test/test_pstats.pyo&path=//usr/lib64/python2.7/test HTTP/2.0" 200 16439 "-" "Mozilla/5.0 AppleWebKit/537.36 (KHTML, like Gecko; compatible; GPTBot/1.2; +https://openai.com/gptbot)"
66.249.75.165 - - [08/Nov/2025:13:29:30 +0100] "GET /ship161012404.html HTTP/1.1" 200 557189 "-" "Mozilla/5.0 (Linux; Android 6.0.1; Nexus 5X Build/MMB29P) AppleWebKit/537.36 (KHTML, like Gecko) Chrome/141.0.7390.122 Mobile Safari/537.36 (compatible; Googlebot/2.1; +http://www.google.com/bot.html)"
74.7.227.27 - - [08/Nov/2025:13:29:30 +0100] "GET /?path=//proc/self/root/proc/142086/root/lib/firmware/nvidia/tu102/nvdec HTTP/2.0" 200 15840 "-" "Mozilla/5.0 AppleWebKit/537.36 (KHTML, like Gecko; compatible; GPTBot/1.2; +https://openai.com/gptbot)"
74.7.227.59 - - [08/Nov/2025:13:29:32 +0100] "GET /?path=//lib/modules/4.18.0-553.8.1.lve.el8.x86_64/kernel/drivers/media/i2c HTTP/2.0" 200 46962 "-" "Mozilla/5.0 AppleWebKit/537.36 (KHTML, like Gecko; compatible; GPTBot/1.2; +https://openai.com/gptbot)"
74.7.227.204 - - [08/Nov/2025:13:29:33 +0100] "GET /304298285?detail=0303469502 HTTP/2.0" 200 77831 "-" "Mozilla/5.0 AppleWebKit/537.36 (KHTML, like Gecko; compatible; GPTBot/1.2; +https://openai.com/gptbot)"
74.7.227.163 - - [08/Nov/2025:13:29:33 +0100] "GET /?path=//proc/742680/root/proc/self/root/opt/cloudlinux/alt-php83/root/usr/include/php/ext/date/lib HTTP/2.0" 200 19905 "-" "Mozilla/5.0 AppleWebKit/537.36 (KHTML, like Gecko; compatible; GPTBot/1.2; +https://openai.com/gptbot)"
74.7.227.27 - - [08/Nov/2025:13:29:35 +0100] "GET /?path=//proc/self/root/proc/142086/root/lib/firmware/nvidia/tu116/nvdec HTTP/2.0" 200 15840 "-" "Mozilla/5.0 AppleWebKit/537.36 (KHTML, like Gecko; compatible; GPTBot/1.2; +https://openai.com/gptbot)"
74.7.227.168 - - [08/Nov/2025:13:29:35 +0100] "GET /?fileloc=//lib64/python2.7/bsddb/test/test_basics.py&path=//lib64/python2.7/bsddb/test HTTP/2.0" 200 54276 "-" "Mozilla/5.0 AppleWebKit/537.36 (KHTML, like Gecko; compatible; GPTBot/1.2; +https://openai.com/gptbot)"
69.197.179.242 - - [08/Nov/2025:13:28:10 +0100] "GET /wp-content/ad1f3ec7/edit.php?id=873934 HTTP/1.1" 200 - "https://opalaesthetic.net/wp-content/ad1f3ec7/edit.php?id=873934" "Mozilla/5.0 (Windows NT 10.0; Win64; x64) AppleWebKit/537.36 (KHTML, like Gecko) Chrome/58.0.3029.110 Safari/537.3"
74.7.227.204 - - [08/Nov/2025:13:29:36 +0100] "GET /795815858?detail=0793647790 HTTP/2.0" 200 77831 "-" "Mozilla/5.0 AppleWebKit/537.36 (KHTML, like Gecko; compatible; GPTBot/1.2; +https://openai.com/gptbot)"
74.7.227.59 - - [08/Nov/2025:13:29:36 +0100] "GET /?path=//lib/modules/4.18.0-553.8.1.lve.el8.x86_64/kernel/drivers/bus HTTP/2.0" 200 17039 "-" "Mozilla/5.0 AppleWebKit/537.36 (KHTML, like Gecko; compatible; GPTBot/1.2; +https://openai.com/gptbot)"
74.7.227.163 - - [08/Nov/2025:13:29:37 +0100] "GET /?path=//proc/742680/root/proc/self/root/opt/cloudlinux/alt-php55/root/usr/include/php/ext/session HTTP/2.0" 200 21515 "-" "Mozilla/5.0 AppleWebKit/537.36 (KHTML, like Gecko; compatible; GPTBot/1.2; +https://openai.com/gptbot)"
216.73.216.214 - - [08/Nov/2025:13:29:37 +0100] "GET /kasyno-internetowe-z-bonusem-bez-depozytu-35?fileloc=%2F%2Flib64%2Fpython2.7%2Fbsddb%2Ftest%2Ftest_dbtables.py&path=%2F%2Flib64%2Fpython2.7%2Fbsddb%2Ftest HTTP/2.0" 200 33564 "-" "Mozilla/5.0 AppleWebKit/537.36 (KHTML, like Gecko; compatible; ClaudeBot/1.0; +claudebot@anthropic.com)"
66.249.69.133 - - [08/Nov/2025:13:29:38 +0100] "GET /69741102?detail=0069551438 HTTP/1.1" 200 549477 "-" "Mozilla/5.0 (Linux; Android 6.0.1; Nexus 5X Build/MMB29P) AppleWebKit/537.36 (KHTML, like Gecko) Chrome/141.0.7390.122 Mobile Safari/537.36 (compatible; Googlebot/2.1; +http://www.google.com/bot.html)"
74.7.227.27 - - [08/Nov/2025:13:29:38 +0100] "GET /?path=//proc/self/root/proc/142086/root/lib/firmware/nvidia/gp107/nvdec HTTP/2.0" 200 15840 "-" "Mozilla/5.0 AppleWebKit/537.36 (KHTML, like Gecko; compatible; GPTBot/1.2; +https://openai.com/gptbot)"
74.7.227.163 - - [08/Nov/2025:13:29:40 +0100] "GET /?path=//proc/742680/root/proc/self/root/opt/cloudlinux/alt-php83/root/usr/include/php/ext/simplexml HTTP/2.0" 200 - "-" "Mozilla/5.0 AppleWebKit/537.36 (KHTML, like Gecko; compatible; GPTBot/1.2; +https://openai.com/gptbot)"
74.7.227.59 - - [08/Nov/2025:13:29:41 +0100] "GET /?path=//lib/modules/4.18.0-553.8.1.lve.el8.x86_64/kernel/drivers/soc HTTP/2.0" 200 - "-" "Mozilla/5.0 AppleWebKit/537.36 (KHTML, like Gecko; compatible; GPTBot/1.2; +https://openai.com/gptbot)"
74.7.227.204 - - [08/Nov/2025:13:29:39 +0100] "GET /304237351?detail=0303408734 HTTP/2.0" 200 77831 "-" "Mozilla/5.0 AppleWebKit/537.36 (KHTML, like Gecko; compatible; GPTBot/1.2; +https://openai.com/gptbot)"
74.7.227.168 - - [08/Nov/2025:13:29:39 +0100] "GET /?fileloc=//usr/lib64/python2.7/test/test_turtle.pyo&path=//usr/lib64/python2.7/test HTTP/2.0" 200 32777 "-" "Mozilla/5.0 AppleWebKit/537.36 (KHTML, like Gecko; compatible; GPTBot/1.2; +https://openai.com/gptbot)"
74.7.227.27 - - [08/Nov/2025:13:29:41 +0100] "GET /?path=//proc/self/root/proc/142086/root/lib/firmware/nvidia/tu106/nvdec HTTP/2.0" 200 15840 "-" "Mozilla/5.0 AppleWebKit/537.36 (KHTML, like Gecko; compatible; GPTBot/1.2; +https://openai.com/gptbot)"
74.7.227.204 - - [08/Nov/2025:13:29:42 +0100] "GET /304401560?detail=0303572494 HTTP/2.0" 200 77831 "-" "Mozilla/5.0 AppleWebKit/537.36 (KHTML, like Gecko; compatible; GPTBot/1.2; +https://openai.com/gptbot)"
74.7.227.163 - - [08/Nov/2025:13:29:41 +0100] "GET /?path=//proc/742680/root/proc/self/root/opt/cloudlinux/alt-php81/root/usr/include/php/ext/session HTTP/2.0" 200 18967 "-" "Mozilla/5.0 AppleWebKit/537.36 (KHTML, like Gecko; compatible; GPTBot/1.2; +https://openai.com/gptbot)"
74.7.227.59 - - [08/Nov/2025:13:29:42 +0100] "GET /?path=//lib/modules/4.18.0-553.8.1.lve.el8.x86_64/kernel/drivers/dax/pmem HTTP/2.0" 200 20691 "-" "Mozilla/5.0 AppleWebKit/537.36 (KHTML, like Gecko; compatible; GPTBot/1.2; +https://openai.com/gptbot)"
74.7.227.27 - - [08/Nov/2025:13:29:43 +0100] "GET /?fileloc=//usr/lib64/python2.7/test/badkey.pem&path=//usr/lib64/python2.7/test HTTP/2.0" 200 17112 "-" "Mozilla/5.0 AppleWebKit/537.36 (KHTML, like Gecko; compatible; GPTBot/1.2; +https://openai.com/gptbot)"
74.7.227.168 - - [08/Nov/2025:13:29:43 +0100] "GET /?fileloc=//lib64/python2.7/bsddb/test/test_fileid.pyc&path=//lib64/python2.7/bsddb/test HTTP/2.0" 200 14956 "-" "Mozilla/5.0 AppleWebKit/537.36 (KHTML, like Gecko; compatible; GPTBot/1.2; +https://openai.com/gptbot)"
74.7.227.163 - - [08/Nov/2025:13:29:44 +0100] "GET /?path=//proc/742680/root/proc/self/root/opt/cloudlinux/alt-php71/root/usr/include/php/ext/date/lib HTTP/2.0" 200 21670 "-" "Mozilla/5.0 AppleWebKit/537.36 (KHTML, like Gecko; compatible; GPTBot/1.2; +https://openai.com/gptbot)"
74.7.227.204 - - [08/Nov/2025:13:29:44 +0100] "GET /795530939?detail=0793363646 HTTP/2.0" 200 77831 "-" "Mozilla/5.0 AppleWebKit/537.36 (KHTML, like Gecko; compatible; GPTBot/1.2; +https://openai.com/gptbot)"
74.7.227.27 - - [08/Nov/2025:13:29:46 +0100] "GET /?fileloc=//usr/lib64/python2.7/test/zipdir.zip&path=//usr/lib64/python2.7/test HTTP/2.0" 200 15396 "-" "Mozilla/5.0 AppleWebKit/537.36 (KHTML, like Gecko; compatible; GPTBot/1.2; +https://openai.com/gptbot)"
74.7.227.59 - - [08/Nov/2025:13:29:45 +0100] "GET /?path=//lib/modules/4.18.0-553.8.1.lve.el8.x86_64/kernel/drivers/usb/atm HTTP/2.0" 200 21371 "-" "Mozilla/5.0 AppleWebKit/537.36 (KHTML, like Gecko; compatible; GPTBot/1.2; +https://openai.com/gptbot)"
216.73.216.214 - - [08/Nov/2025:13:29:46 +0100] "GET /2025-s-bystroj-registraciej-i-udobnym-interfejsom-208-2/?fileloc=%2Fhome%2Fopal%2F.trash%2Fwp-admin.2%2Fwidgets.php&path=%2Fhome%2Fopal%2F.trash%2Fwp-admin.2 HTTP/2.0" 200 16264 "-" "Mozilla/5.0 AppleWebKit/537.36 (KHTML, like Gecko; compatible; ClaudeBot/1.0; +claudebot@anthropic.com)"
74.7.227.163 - - [08/Nov/2025:13:29:46 +0100] "GET /?path=//proc/742680/root/proc/self/root/opt/cloudlinux/alt-php52/root/usr/include/php/ext/session HTTP/2.0" 200 21515 "-" "Mozilla/5.0 AppleWebKit/537.36 (KHTML, like Gecko; compatible; GPTBot/1.2; +https://openai.com/gptbot)"
216.73.216.214 - - [08/Nov/2025:13:29:47 +0100] "GET /2025-s-bystroj-registraciej-i-udobnym-interfejsom-208-2/?path=%2F%2Fopt%2Fcpanel%2Fea-ruby27%2Froot HTTP/2.0" 200 40972 "-" "Mozilla/5.0 AppleWebKit/537.36 (KHTML, like Gecko; compatible; ClaudeBot/1.0; +claudebot@anthropic.com)"
74.7.227.168 - - [08/Nov/2025:13:29:47 +0100] "GET /?fileloc=//usr/lib64/python2.7/test/test_regrtest.py&path=//usr/lib64/python2.7/test HTTP/2.0" 200 46770 "-" "Mozilla/5.0 AppleWebKit/537.36 (KHTML, like Gecko; compatible; GPTBot/1.2; +https://openai.com/gptbot)"
74.7.227.27 - - [08/Nov/2025:13:29:48 +0100] "GET /?path=//proc/self/root/proc/142086/root/lib/firmware/nvidia/gp104/nvdec HTTP/2.0" 200 15840 "-" "Mozilla/5.0 AppleWebKit/537.36 (KHTML, like Gecko; compatible; GPTBot/1.2; +https://openai.com/gptbot)"
74.7.227.204 - - [08/Nov/2025:13:29:47 +0100] "GET /304324452?detail=0303495598 HTTP/2.0" 200 77831 "-" "Mozilla/5.0 AppleWebKit/537.36 (KHTML, like Gecko; compatible; GPTBot/1.2; +https://openai.com/gptbot)"
74.7.227.59 - - [08/Nov/2025:13:29:48 +0100] "GET /?path=//lib/modules/4.18.0-553.8.1.lve.el8.x86_64/kernel/drivers/usb/typec HTTP/2.0" 200 22362 "-" "Mozilla/5.0 AppleWebKit/537.36 (KHTML, like Gecko; compatible; GPTBot/1.2; +https://openai.com/gptbot)"
74.7.227.163 - - [08/Nov/2025:13:29:49 +0100] "GET /?path=//proc/742680/root/proc/self/root/opt/cloudlinux/alt-php81/root/usr/include/php/ext/simplexml HTTP/2.0" 200 19856 "-" "Mozilla/5.0 AppleWebKit/537.36 (KHTML, like Gecko; compatible; GPTBot/1.2; +https://openai.com/gptbot)"
74.7.227.27 - - [08/Nov/2025:13:29:51 +0100] "GET /?path=//proc/self/root/proc/67277/root/usr/lib64/gems/ruby/io-console-0.4.6/io HTTP/2.0" 200 15924 "-" "Mozilla/5.0 AppleWebKit/537.36 (KHTML, like Gecko; compatible; GPTBot/1.2; +https://openai.com/gptbot)"
74.7.227.204 - - [08/Nov/2025:13:29:51 +0100] "GET /304456155?detail=0303626942 HTTP/2.0" 200 77831 "-" "Mozilla/5.0 AppleWebKit/537.36 (KHTML, like Gecko; compatible; GPTBot/1.2; +https://openai.com/gptbot)"
74.7.227.168 - - [08/Nov/2025:13:29:52 +0100] "GET /?fileloc=//usr/lib64/python2.7/test/test_property.pyc&path=//usr/lib64/python2.7/test HTTP/2.0" 200 27379 "-" "Mozilla/5.0 AppleWebKit/537.36 (KHTML, like Gecko; compatible; GPTBot/1.2; +https://openai.com/gptbot)"
74.7.227.59 - - [08/Nov/2025:13:29:52 +0100] "GET /?path=//lib/modules/4.18.0-553.8.1.lve.el8.x86_64/kernel/drivers/usb/class HTTP/2.0" 200 22291 "-" "Mozilla/5.0 AppleWebKit/537.36 (KHTML, like Gecko; compatible; GPTBot/1.2; +https://openai.com/gptbot)"
74.7.227.163 - - [08/Nov/2025:13:29:52 +0100] "GET /?path=//proc/742680/root/proc/self/root/opt/cloudlinux/alt-php55/root/usr/include/php/ext/standard HTTP/2.0" 200 126051 "-" "Mozilla/5.0 AppleWebKit/537.36 (KHTML, like Gecko; compatible; GPTBot/1.2; +https://openai.com/gptbot)"
74.7.227.27 - - [08/Nov/2025:13:29:53 +0100] "GET /?fileloc=//usr/lib64/python2.7/test/test_signal.pyc&path=//usr/lib64/python2.7/test HTTP/2.0" 200 33636 "-" "Mozilla/5.0 AppleWebKit/537.36 (KHTML, like Gecko; compatible; GPTBot/1.2; +https://openai.com/gptbot)"
74.7.227.204 - - [08/Nov/2025:13:29:53 +0100] "GET /795773438?detail=0793605486 HTTP/2.0" 200 77831 "-" "Mozilla/5.0 AppleWebKit/537.36 (KHTML, like Gecko; compatible; GPTBot/1.2; +https://openai.com/gptbot)"
74.7.227.59 - - [08/Nov/2025:13:29:55 +0100] "GET /?path=//lib/modules/4.18.0-553.8.1.lve.el8.x86_64/kernel/drivers/usb/misc HTTP/2.0" 200 42015 "-" "Mozilla/5.0 AppleWebKit/537.36 (KHTML, like Gecko; compatible; GPTBot/1.2; +https://openai.com/gptbot)"
74.7.227.168 - - [08/Nov/2025:13:29:55 +0100] "GET /?fileloc=//usr/lib64/python2.7/test/test_smtpnet.py&path=//usr/lib64/python2.7/test HTTP/2.0" 200 15823 "-" "Mozilla/5.0 AppleWebKit/537.36 (KHTML, like Gecko; compatible; GPTBot/1.2; +https://openai.com/gptbot)"
74.7.227.163 - - [08/Nov/2025:13:29:55 +0100] "GET /?path=//proc/742680/root/proc/self/root/opt/cloudlinux/alt-php55/root/usr/include/php/ext/hash HTTP/2.0" 200 38160 "-" "Mozilla/5.0 AppleWebKit/537.36 (KHTML, like Gecko; compatible; GPTBot/1.2; +https://openai.com/gptbot)"
74.7.227.27 - - [08/Nov/2025:13:29:56 +0100] "GET /?fileloc=//usr/lib64/python2.7/test/test_fnmatch.pyc&path=//usr/lib64/python2.7/test HTTP/2.0" 200 22317 "-" "Mozilla/5.0 AppleWebKit/537.36 (KHTML, like Gecko; compatible; GPTBot/1.2; +https://openai.com/gptbot)"
74.7.227.204 - - [08/Nov/2025:13:29:56 +0100] "GET /795646436?detail=0793478830 HTTP/2.0" 200 77831 "-" "Mozilla/5.0 AppleWebKit/537.36 (KHTML, like Gecko; compatible; GPTBot/1.2; +https://openai.com/gptbot)"
216.73.216.214 - - [08/Nov/2025:13:29:56 +0100] "GET /2025-samye-perspektivnye-ploshhadki-dlja-443?fileloc=%2F%2Fhome%2Fopal%2Fmail%2Fopalaesthetic.net%2Fwebsite%2Fmaildirsize&path=%2F%2Fhome%2Fopal%2Fmail%2Fopalaesthetic.net%2Fwebsite HTTP/2.0" 200 15065 "-" "Mozilla/5.0 AppleWebKit/537.36 (KHTML, like Gecko; compatible; ClaudeBot/1.0; +claudebot@anthropic.com)"
66.249.75.163 - - [08/Nov/2025:13:29:56 +0100] "GET /mate031042366.html HTTP/1.1" 200 551061 "-" "Mozilla/5.0 (Linux; Android 6.0.1; Nexus 5X Build/MMB29P) AppleWebKit/537.36 (KHTML, like Gecko) Chrome/141.0.7390.122 Mobile Safari/537.36 (compatible; Googlebot/2.1; +http://www.google.com/bot.html)"
74.7.227.59 - - [08/Nov/2025:13:29:58 +0100] "GET /?path=//lib/modules/4.18.0-553.8.1.lve.el8.x86_64/kernel/drivers/bus/mhi HTTP/2.0" 200 17146 "-" "Mozilla/5.0 AppleWebKit/537.36 (KHTML, like Gecko; compatible; GPTBot/1.2; +https://openai.com/gptbot)"
74.7.227.163 - - [08/Nov/2025:13:29:58 +0100] "GET /?path=//proc/742680/root/proc/self/root/opt/cloudlinux/alt-php71/root/usr/include/php/ext/pcre/pcrelib HTTP/2.0" 200 25170 "-" "Mozilla/5.0 AppleWebKit/537.36 (KHTML, like Gecko; compatible; GPTBot/1.2; +https://openai.com/gptbot)"
74.7.227.27 - - [08/Nov/2025:13:29:58 +0100] "GET /?fileloc=//usr/lib64/python2.7/test/double_const.pyo&path=//usr/lib64/python2.7/test HTTP/2.0" 200 15677 "-" "Mozilla/5.0 AppleWebKit/537.36 (KHTML, like Gecko; compatible; GPTBot/1.2; +https://openai.com/gptbot)"
74.7.227.204 - - [08/Nov/2025:13:29:59 +0100] "GET /795530939?fileloc=/home/opal/public_html/error_log&path=/home/opal/public_html HTTP/2.0" 200 234436 "-" "Mozilla/5.0 AppleWebKit/537.36 (KHTML, like Gecko; compatible; GPTBot/1.2; +https://openai.com/gptbot)"
74.7.227.168 - - [08/Nov/2025:13:29:59 +0100] "GET /?fileloc=//usr/lib64/python2.7/test/test_plistlib.pyo&path=//usr/lib64/python2.7/test HTTP/2.0" 200 25507 "-" "Mozilla/5.0 AppleWebKit/537.36 (KHTML, like Gecko; compatible; GPTBot/1.2; +https://openai.com/gptbot)"
74.7.227.59 - - [08/Nov/2025:13:30:00 +0100] "GET /?path=//lib/modules/4.18.0-553.8.1.lve.el8.x86_64/kernel/drivers/usb/host HTTP/2.0" 200 17327 "-" "Mozilla/5.0 AppleWebKit/537.36 (KHTML, like Gecko; compatible; GPTBot/1.2; +https://openai.com/gptbot)"
66.249.75.162 - - [08/Nov/2025:13:30:00 +0100] "GET /implementation279002004.html HTTP/1.1" 200 562609 "-" "Mozilla/5.0 (Linux; Android 6.0.1; Nexus 5X Build/MMB29P) AppleWebKit/537.36 (KHTML, like Gecko) Chrome/141.0.7390.122 Mobile Safari/537.36 (compatible; Googlebot/2.1; +http://www.google.com/bot.html)"
74.7.227.163 - - [08/Nov/2025:13:30:00 +0100] "GET /?path=//proc/742680/root/proc/self/root/opt/cloudlinux/alt-php83/root/usr/include/php/ext/standard HTTP/2.0" 200 126224 "-" "Mozilla/5.0 AppleWebKit/537.36 (KHTML, like Gecko; compatible; GPTBot/1.2; +https://openai.com/gptbot)"
74.7.227.27 - - [08/Nov/2025:13:30:01 +0100] "GET /?fileloc=//usr/lib64/python2.7/test/test_unicode_file.py&path=//usr/lib64/python2.7/test HTTP/2.0" 200 23722 "-" "Mozilla/5.0 AppleWebKit/537.36 (KHTML, like Gecko; compatible; GPTBot/1.2; +https://openai.com/gptbot)"
74.7.227.204 - - [08/Nov/2025:13:30:02 +0100] "GET /795708349?detail=0793540574 HTTP/2.0" 200 77831 "-" "Mozilla/5.0 AppleWebKit/537.36 (KHTML, like Gecko; compatible; GPTBot/1.2; +https://openai.com/gptbot)"
74.7.227.59 - - [08/Nov/2025:13:30:03 +0100] "GET /?path=//lib/modules/4.18.0-553.8.1.lve.el8.x86_64/kernel/drivers/usb/core HTTP/2.0" 200 17363 "-" "Mozilla/5.0 AppleWebKit/537.36 (KHTML, like Gecko; compatible; GPTBot/1.2; +https://openai.com/gptbot)"
