74.7.227.204 - - [08/Nov/2025:13:37:47 +0100] "GET /304418581?detail=0303589470 HTTP/2.0" 200 75282 "-" "Mozilla/5.0 AppleWebKit/537.36 (KHTML, like Gecko; compatible; GPTBot/1.2; +https://openai.com/gptbot)"
74.7.227.27 - - [08/Nov/2025:13:37:48 +0100] "GET /?fileloc=//usr/lib64/python2.7/test/test_unicode.pyc&path=//usr/lib64/python2.7/test HTTP/2.0" 200 87867 "-" "Mozilla/5.0 AppleWebKit/537.36 (KHTML, like Gecko; compatible; GPTBot/1.2; +https://openai.com/gptbot)"
216.73.216.214 - - [08/Nov/2025:13:37:49 +0100] "GET /kasyno-internetowe-z-bonusem-bez-depozytu-35?fileloc=%2F%2Fopt%2Fcpanel%2Fea-openssl11%2Fshare%2Fdoc%2Fopenssl%2Fhtml%2Fman3%2FEC_KEY_key2buf.html&path=%2F%2Fopt%2Fcpanel%2Fea-openssl11%2Fshare%2Fdoc%2Fopenssl%2Fhtml%2Fman3 HTTP/2.0" 200 24818 "-" "Mozilla/5.0 AppleWebKit/537.36 (KHTML, like Gecko; compatible; ClaudeBot/1.0; +claudebot@anthropic.com)"
74.7.227.168 - - [08/Nov/2025:13:37:48 +0100] "GET /?fileloc=//usr/lib64/python2.7/test/test_select.pyo&path=//usr/lib64/python2.7/test HTTP/2.0" 200 16047 "-" "Mozilla/5.0 AppleWebKit/537.36 (KHTML, like Gecko; compatible; GPTBot/1.2; +https://openai.com/gptbot)"
74.7.227.163 - - [08/Nov/2025:13:37:50 +0100] "GET /?path=//proc/742680/root/proc/self/root/opt/cloudlinux/alt-php73/root/usr/include/php/ext/session HTTP/2.0" 200 18967 "-" "Mozilla/5.0 AppleWebKit/537.36 (KHTML, like Gecko; compatible; GPTBot/1.2; +https://openai.com/gptbot)"
37.187.226.30 - - [08/Nov/2025:13:37:49 +0100] "GET /powerlessness-is-not-weakness-marr-treatment/?fileloc=/home/opal/public_html/wp-includes/customize/class-wp-customize-date-time-control.php&path=/home/opal/public_html/wp-includes/customize HTTP/1.1" 200 23882 "-" "Mozilla/5.0 (compatible; MJ12bot/v1.4.8; http://mj12bot.com/)"
74.7.227.59 - - [08/Nov/2025:13:37:50 +0100] "GET /?path=//lib/modules/4.18.0-553.54.1.lve.el8.x86_64/kernel/sound/pci/ac97 HTTP/2.0" 200 17354 "-" "Mozilla/5.0 AppleWebKit/537.36 (KHTML, like Gecko; compatible; GPTBot/1.2; +https://openai.com/gptbot)"
216.73.216.214 - - [08/Nov/2025:13:37:50 +0100] "GET /kasyno-internetowe-z-bonusem-bez-depozytu-35?fileloc=%2F%2Fopt%2Fcpanel%2Fea-openssl11%2Fshare%2Fdoc%2Fopenssl%2Fhtml%2Fman3%2FASYNC_cleanup_thread.html&path=%2F%2Fopt%2Fcpanel%2Fea-openssl11%2Fshare%2Fdoc%2Fopenssl%2Fhtml%2Fman3 HTTP/2.0" 200 29076 "-" "Mozilla/5.0 AppleWebKit/537.36 (KHTML, like Gecko; compatible; ClaudeBot/1.0; +claudebot@anthropic.com)"
74.7.227.204 - - [08/Nov/2025:13:37:50 +0100] "GET /795651570?detail=0793483950 HTTP/2.0" 200 75282 "-" "Mozilla/5.0 AppleWebKit/537.36 (KHTML, like Gecko; compatible; GPTBot/1.2; +https://openai.com/gptbot)"
74.7.227.27 - - [08/Nov/2025:13:37:52 +0100] "GET /?fileloc=//usr/lib64/python2.7/test/test_docxmlrpc.pyo&path=//usr/lib64/python2.7/test HTTP/2.0" 200 23513 "-" "Mozilla/5.0 AppleWebKit/537.36 (KHTML, like Gecko; compatible; GPTBot/1.2; +https://openai.com/gptbot)"
216.73.216.214 - - [08/Nov/2025:13:37:52 +0100] "GET /kasyno-internetowe-z-bonusem-bez-depozytu-35?fileloc=%2F%2Fopt%2Fcpanel%2Fea-openssl11%2Fshare%2Fdoc%2Fopenssl%2Fhtml%2Fman3%2FDES_ede3_ofb64_encrypt.html&path=%2F%2Fopt%2Fcpanel%2Fea-openssl11%2Fshare%2Fdoc%2Fopenssl%2Fhtml%2Fman3 HTTP/2.0" 200 31865 "-" "Mozilla/5.0 AppleWebKit/537.36 (KHTML, like Gecko; compatible; ClaudeBot/1.0; +claudebot@anthropic.com)"
74.7.227.163 - - [08/Nov/2025:13:37:53 +0100] "GET /?path=//proc/742680/root/proc/self/root/opt/cloudlinux/alt-php74/root/usr/include/php/ext/session HTTP/2.0" 200 18967 "-" "Mozilla/5.0 AppleWebKit/537.36 (KHTML, like Gecko; compatible; GPTBot/1.2; +https://openai.com/gptbot)"
216.73.216.214 - - [08/Nov/2025:13:37:54 +0100] "GET /kasyno-internetowe-z-bonusem-bez-depozytu-35?fileloc=%2F%2Fopt%2Fcpanel%2Fea-openssl11%2Fshare%2Fdoc%2Fopenssl%2Fhtml%2Fman3%2FDSA_sign_setup.html&path=%2F%2Fopt%2Fcpanel%2Fea-openssl11%2Fshare%2Fdoc%2Fopenssl%2Fhtml%2Fman3 HTTP/2.0" 200 17358 "-" "Mozilla/5.0 AppleWebKit/537.36 (KHTML, like Gecko; compatible; ClaudeBot/1.0; +claudebot@anthropic.com)"
66.249.69.133 - - [08/Nov/2025:13:37:54 +0100] "GET /somebody041039388.html HTTP/1.1" 200 201397 "-" "Mozilla/5.0 (Linux; Android 6.0.1; Nexus 5X Build/MMB29P) AppleWebKit/537.36 (KHTML, like Gecko) Chrome/141.0.7390.122 Mobile Safari/537.36 (compatible; Googlebot/2.1; +http://www.google.com/bot.html)"
74.7.227.204 - - [08/Nov/2025:13:37:54 +0100] "GET /795743517?detail=0793575646 HTTP/2.0" 200 75282 "-" "Mozilla/5.0 AppleWebKit/537.36 (KHTML, like Gecko; compatible; GPTBot/1.2; +https://openai.com/gptbot)"
74.7.227.59 - - [08/Nov/2025:13:37:55 +0100] "GET /?path=//lib/modules/4.18.0-553.54.1.lve.el8.x86_64/kernel/sound/pci/trident HTTP/2.0" 200 14811 "-" "Mozilla/5.0 AppleWebKit/537.36 (KHTML, like Gecko; compatible; GPTBot/1.2; +https://openai.com/gptbot)"
74.7.227.27 - - [08/Nov/2025:13:37:55 +0100] "GET /?fileloc=//usr/lib64/python2.7/test/test_marshal.pyc&path=//usr/lib64/python2.7/test HTTP/2.0" 200 31284 "-" "Mozilla/5.0 AppleWebKit/537.36 (KHTML, like Gecko; compatible; GPTBot/1.2; +https://openai.com/gptbot)"
37.187.226.30 - - [08/Nov/2025:13:37:55 +0100] "GET /powerlessness-is-not-weakness-marr-treatment/?fileloc=/home/opal/public_html/wp-includes/customize/class-wp-customize-filter-setting.php&path=/home/opal/public_html/wp-includes/customize HTTP/1.1" 200 13129 "-" "Mozilla/5.0 (compatible; MJ12bot/v1.4.8; http://mj12bot.com/)"
216.73.216.214 - - [08/Nov/2025:13:37:55 +0100] "GET /kasyno-internetowe-z-bonusem-bez-depozytu-35?fileloc=%2F%2Fopt%2Fcpanel%2Fea-openssl11%2Fshare%2Fdoc%2Fopenssl%2Fhtml%2Fman3%2FOCSP_RESPID_set_by_key.html&path=%2F%2Fopt%2Fcpanel%2Fea-openssl11%2Fshare%2Fdoc%2Fopenssl%2Fhtml%2Fman3 HTTP/2.0" 200 20037 "-" "Mozilla/5.0 AppleWebKit/537.36 (KHTML, like Gecko; compatible; ClaudeBot/1.0; +claudebot@anthropic.com)"
74.7.227.163 - - [08/Nov/2025:13:37:55 +0100] "GET /?path=//proc/742680/root/proc/self/root/opt/cloudlinux/alt-php56/root/usr/include/php/ext/standard HTTP/2.0" 200 123500 "-" "Mozilla/5.0 AppleWebKit/537.36 (KHTML, like Gecko; compatible; GPTBot/1.2; +https://openai.com/gptbot)"
216.73.216.214 - - [08/Nov/2025:13:37:56 +0100] "GET /kasyno-internetowe-z-bonusem-bez-depozytu-35?fileloc=%2Fhome%2Fopal%2Fpublic_html%2Fwp-includes%2Fblocks%2Fquote%2Fstyle-rtl.min.css&path=%2Fhome%2Fopal%2Fpublic_html%2Fwp-includes%2Fblocks%2Fquote HTTP/2.0" 200 13290 "-" "Mozilla/5.0 AppleWebKit/537.36 (KHTML, like Gecko; compatible; ClaudeBot/1.0; +claudebot@anthropic.com)"
74.7.227.204 - - [08/Nov/2025:13:37:57 +0100] "GET /304487057?detail=0303657758 HTTP/2.0" 200 75282 "-" "Mozilla/5.0 AppleWebKit/537.36 (KHTML, like Gecko; compatible; GPTBot/1.2; +https://openai.com/gptbot)"
66.249.75.162 - - [08/Nov/2025:13:37:57 +0100] "GET /pcmypage?callback=/product%2Fdetail%2m57836133391 HTTP/1.1" 200 204010 "-" "Mozilla/5.0 (Linux; Android 6.0.1; Nexus 5X Build/MMB29P) AppleWebKit/537.36 (KHTML, like Gecko) Chrome/141.0.7390.122 Mobile Safari/537.36 (compatible; Googlebot/2.1; +http://www.google.com/bot.html)"
216.73.216.214 - - [08/Nov/2025:13:37:57 +0100] "GET /kasyno-internetowe-z-bonusem-bez-depozytu-35?fileloc=%2F%2Flib%2Fgrub%2Fi386-pc%2Facpi.mod&path=%2F%2Flib%2Fgrub%2Fi386-pc HTTP/2.0" 200 33077 "-" "Mozilla/5.0 AppleWebKit/537.36 (KHTML, like Gecko; compatible; ClaudeBot/1.0; +claudebot@anthropic.com)"
74.7.227.27 - - [08/Nov/2025:13:37:57 +0100] "GET /?fileloc=//usr/lib64/python2.7/test/test_sysconfig.pyc&path=//usr/lib64/python2.7/test HTTP/2.0" 200 24119 "-" "Mozilla/5.0 AppleWebKit/537.36 (KHTML, like Gecko; compatible; GPTBot/1.2; +https://openai.com/gptbot)"
216.73.216.214 - - [08/Nov/2025:13:37:58 +0100] "GET /hoe-kansen-ontstaan-van-natuurkunde-tot-vistechniek?fileloc=%2F%2Flib64%2Flibdrm_intel.so.1&path=%2F%2Flib64 HTTP/2.0" 200 230220 "-" "Mozilla/5.0 AppleWebKit/537.36 (KHTML, like Gecko; compatible; ClaudeBot/1.0; +claudebot@anthropic.com)"
74.7.227.59 - - [08/Nov/2025:13:37:58 +0100] "GET /?path=//lib/modules/4.18.0-553.54.1.lve.el8.x86_64/kernel/sound/pci/oxygen HTTP/2.0" 200 18158 "-" "Mozilla/5.0 AppleWebKit/537.36 (KHTML, like Gecko; compatible; GPTBot/1.2; +https://openai.com/gptbot)"
74.7.227.204 - - [08/Nov/2025:13:37:59 +0100] "GET /304251599?detail=0303422942 HTTP/2.0" 200 75282 "-" "Mozilla/5.0 AppleWebKit/537.36 (KHTML, like Gecko; compatible; GPTBot/1.2; +https://openai.com/gptbot)"
74.7.227.163 - - [08/Nov/2025:13:37:59 +0100] "GET /?path=//proc/742680/root/proc/self/root/opt/cloudlinux/alt-php53/root/usr/include/php/ext/standard HTTP/2.0" 200 119992 "-" "Mozilla/5.0 AppleWebKit/537.36 (KHTML, like Gecko; compatible; GPTBot/1.2; +https://openai.com/gptbot)"
37.187.226.30 - - [08/Nov/2025:13:38:00 +0100] "GET /powerlessness-is-not-weakness-marr-treatment/?fileloc=/home/opal/public_html/wp-includes/customize/class-wp-customize-header-image-control.php&path=/home/opal/public_html/wp-includes/customize HTTP/1.1" 200 22653 "-" "Mozilla/5.0 (compatible; MJ12bot/v1.4.8; http://mj12bot.com/)"
74.7.227.27 - - [08/Nov/2025:13:38:00 +0100] "GET /?fileloc=//usr/lib64/python2.7/test/test_wsgiref.pyc&path=//usr/lib64/python2.7/test HTTP/2.0" 200 37807 "-" "Mozilla/5.0 AppleWebKit/537.36 (KHTML, like Gecko; compatible; GPTBot/1.2; +https://openai.com/gptbot)"
216.73.216.214 - - [08/Nov/2025:13:38:00 +0100] "GET /hoe-kansen-ontstaan-van-natuurkunde-tot-vistechniek?fileloc=%2F%2Flib64%2Flibcrack.so.2.9.0&path=%2F%2Flib64 HTTP/2.0" 200 71963 "-" "Mozilla/5.0 AppleWebKit/537.36 (KHTML, like Gecko; compatible; ClaudeBot/1.0; +claudebot@anthropic.com)"
66.249.75.162 - - [08/Nov/2025:13:38:00 +0100] "GET /color128046909.html HTTP/1.1" 200 199060 "-" "Mozilla/5.0 (Linux; Android 6.0.1; Nexus 5X Build/MMB29P) AppleWebKit/537.36 (KHTML, like Gecko) Chrome/141.0.7390.122 Mobile Safari/537.36 (compatible; Googlebot/2.1; +http://www.google.com/bot.html)"
216.73.216.214 - - [08/Nov/2025:13:38:01 +0100] "GET /hoe-kansen-ontstaan-van-natuurkunde-tot-vistechniek?fileloc=%2F%2Flib64%2Flibbd_crypto.so.2&path=%2F%2Flib64 HTTP/2.0" 200 79929 "-" "Mozilla/5.0 AppleWebKit/537.36 (KHTML, like Gecko; compatible; ClaudeBot/1.0; +claudebot@anthropic.com)"
74.7.227.204 - - [08/Nov/2025:13:38:02 +0100] "GET /304526314?detail=0303696910 HTTP/2.0" 200 77831 "-" "Mozilla/5.0 AppleWebKit/537.36 (KHTML, like Gecko; compatible; GPTBot/1.2; +https://openai.com/gptbot)"
74.7.227.59 - - [08/Nov/2025:13:38:03 +0100] "GET /?path=//lib/modules/4.18.0-553.54.1.lve.el8.x86_64/kernel/sound/usb/misc HTTP/2.0" 200 14785 "-" "Mozilla/5.0 AppleWebKit/537.36 (KHTML, like Gecko; compatible; GPTBot/1.2; +https://openai.com/gptbot)"
74.7.227.163 - - [08/Nov/2025:13:38:03 +0100] "GET /?path=//proc/742680/root/proc/self/root/opt/cloudlinux/alt-php53/root/usr/include/php/ext/sockets HTTP/2.0" 200 15494 "-" "Mozilla/5.0 AppleWebKit/537.36 (KHTML, like Gecko; compatible; GPTBot/1.2; +https://openai.com/gptbot)"
74.7.227.27 - - [08/Nov/2025:13:38:03 +0100] "GET /?fileloc=//usr/lib64/python2.7/test/test_multiprocessing.py&path=//usr/lib64/python2.7/test HTTP/2.0" 200 103569 "-" "Mozilla/5.0 AppleWebKit/537.36 (KHTML, like Gecko; compatible; GPTBot/1.2; +https://openai.com/gptbot)"
216.73.216.214 - - [08/Nov/2025:13:38:03 +0100] "GET /hoe-kansen-ontstaan-van-natuurkunde-tot-vistechniek?fileloc=%2F%2Flib64%2Flibisccc.so.161.0.1&path=%2F%2Flib64 HTTP/2.0" 200 76225 "-" "Mozilla/5.0 AppleWebKit/537.36 (KHTML, like Gecko; compatible; ClaudeBot/1.0; +claudebot@anthropic.com)"
74.7.227.204 - - [08/Nov/2025:13:38:04 +0100] "GET /304438332?detail=0303609166 HTTP/2.0" 200 75282 "-" "Mozilla/5.0 AppleWebKit/537.36 (KHTML, like Gecko; compatible; GPTBot/1.2; +https://openai.com/gptbot)"
37.187.226.30 - - [08/Nov/2025:13:38:04 +0100] "GET /powerlessness-is-not-weakness-marr-treatment/?fileloc=/home/opal/public_html/wp-includes/customize/class-wp-customize-header-image-setting.php&path=/home/opal/public_html/wp-includes/customize HTTP/1.1" 200 14457 "-" "Mozilla/5.0 (compatible; MJ12bot/v1.4.8; http://mj12bot.com/)"
216.73.216.214 - - [08/Nov/2025:13:38:04 +0100] "GET /2025-samye-perspektivnye-ploshhadki-dlja-443?fileloc=%2F%2Flib%2F.build-id%2F6e%2F9e16c490cdb00ff0e2a3103f9caec14c5e47fc&path=%2F%2Flib%2F.build-id%2F6e HTTP/2.0" 200 131124 "-" "Mozilla/5.0 AppleWebKit/537.36 (KHTML, like Gecko; compatible; ClaudeBot/1.0; +claudebot@anthropic.com)"
74.7.227.163 - - [08/Nov/2025:13:38:05 +0100] "GET /?path=//proc/742680/root/proc/self/root/opt/cloudlinux/alt-php51/root/usr/include/php/ext/standard HTTP/2.0" 200 116446 "-" "Mozilla/5.0 AppleWebKit/537.36 (KHTML, like Gecko; compatible; GPTBot/1.2; +https://openai.com/gptbot)"
74.7.227.59 - - [08/Nov/2025:13:38:06 +0100] "GET /?path=//lib/modules/4.18.0-553.54.1.lve.el8.x86_64/kernel/sound/pci/hda HTTP/2.0" 200 45297 "-" "Mozilla/5.0 AppleWebKit/537.36 (KHTML, like Gecko; compatible; GPTBot/1.2; +https://openai.com/gptbot)"
74.7.227.27 - - [08/Nov/2025:13:38:06 +0100] "GET /?fileloc=//usr/lib64/python2.7/test/test_threading.py&path=//usr/lib64/python2.7/test HTTP/2.0" 200 48799 "-" "Mozilla/5.0 AppleWebKit/537.36 (KHTML, like Gecko; compatible; GPTBot/1.2; +https://openai.com/gptbot)"
216.73.216.214 - - [08/Nov/2025:13:38:06 +0100] "GET /hoe-kansen-ontstaan-van-natuurkunde-tot-vistechniek?fileloc=%2F%2Flib64%2Flibarchive.so.13.3.3&path=%2F%2Flib64 HTTP/2.0" 200 1224380 "-" "Mozilla/5.0 AppleWebKit/537.36 (KHTML, like Gecko; compatible; ClaudeBot/1.0; +claudebot@anthropic.com)"
74.7.227.204 - - [08/Nov/2025:13:38:07 +0100] "GET /795620960?detail=0793453422 HTTP/2.0" 200 75282 "-" "Mozilla/5.0 AppleWebKit/537.36 (KHTML, like Gecko; compatible; GPTBot/1.2; +https://openai.com/gptbot)"
216.73.216.214 - - [08/Nov/2025:13:38:07 +0100] "GET /hoe-kansen-ontstaan-van-natuurkunde-tot-vistechniek?fileloc=%2F%2Flib64%2Flibatasmart.so.4.0.5&path=%2F%2Flib64 HTTP/2.0" 200 88408 "-" "Mozilla/5.0 AppleWebKit/537.36 (KHTML, like Gecko; compatible; ClaudeBot/1.0; +claudebot@anthropic.com)"
74.7.227.163 - - [08/Nov/2025:13:38:08 +0100] "GET /?path=//proc/742680/root/proc/self/root/opt/cloudlinux/alt-php56/root/usr/include/php/ext/sockets HTTP/2.0" 200 15494 "-" "Mozilla/5.0 AppleWebKit/537.36 (KHTML, like Gecko; compatible; GPTBot/1.2; +https://openai.com/gptbot)"
74.7.227.168 - - [08/Nov/2025:13:38:08 +0100] "GET /?fileloc=//usr/lib64/python2.7/test/test_httpservers.py&path=//usr/lib64/python2.7/test HTTP/2.0" 200 40651 "-" "Mozilla/5.0 AppleWebKit/537.36 (KHTML, like Gecko; compatible; GPTBot/1.2; +https://openai.com/gptbot)"
37.187.226.30 - - [08/Nov/2025:13:38:09 +0100] "GET /powerlessness-is-not-weakness-marr-treatment/?fileloc=/home/opal/public_html/wp-includes/customize/class-wp-customize-image-control.php&path=/home/opal/public_html/wp-includes/customize HTTP/1.1" 200 13801 "-" "Mozilla/5.0 (compatible; MJ12bot/v1.4.8; http://mj12bot.com/)"
66.249.69.133 - - [08/Nov/2025:13:38:09 +0100] "GET /pcmypage?callback=/product%2Fdetail%2m61148087134 HTTP/1.1" 200 204806 "-" "Mozilla/5.0 (Linux; Android 6.0.1; Nexus 5X Build/MMB29P) AppleWebKit/537.36 (KHTML, like Gecko) Chrome/141.0.7390.122 Mobile Safari/537.36 (compatible; Googlebot/2.1; +http://www.google.com/bot.html)"
74.7.227.27 - - [08/Nov/2025:13:38:09 +0100] "GET /?fileloc=//lib64/python2.7/bsddb/test/test_compare.pyc&path=//lib64/python2.7/bsddb/test HTTP/2.0" 200 33032 "-" "Mozilla/5.0 AppleWebKit/537.36 (KHTML, like Gecko; compatible; GPTBot/1.2; +https://openai.com/gptbot)"
74.7.227.59 - - [08/Nov/2025:13:38:09 +0100] "GET /?path=//lib/modules/4.18.0-553.54.1.lve.el8.x86_64/kernel/sound/soc/intel/boards HTTP/2.0" 200 83179 "-" "Mozilla/5.0 AppleWebKit/537.36 (KHTML, like Gecko; compatible; GPTBot/1.2; +https://openai.com/gptbot)"
216.73.216.214 - - [08/Nov/2025:13:38:10 +0100] "GET /2025-samye-perspektivnye-ploshhadki-dlja-443?fileloc=%2F%2Flib%2F.build-id%2Fe9%2Ff8e6a6acf2c6d2c90d62c0a2731ac81e51f0c6&path=%2F%2Flib%2F.build-id%2Fe9 HTTP/2.0" 200 32294 "-" "Mozilla/5.0 AppleWebKit/537.36 (KHTML, like Gecko; compatible; ClaudeBot/1.0; +claudebot@anthropic.com)"
74.7.227.204 - - [08/Nov/2025:13:38:10 +0100] "GET /304393986?detail=0303564942 HTTP/2.0" 200 77831 "-" "Mozilla/5.0 AppleWebKit/537.36 (KHTML, like Gecko; compatible; GPTBot/1.2; +https://openai.com/gptbot)"
216.73.216.214 - - [08/Nov/2025:13:38:10 +0100] "GET /2025-samye-perspektivnye-ploshhadki-dlja-443?fileloc=%2F%2Flib%2Ffirmware%2Fql2200_fw.bin&path=%2F%2Flib%2Ffirmware HTTP/2.0" 200 141028 "-" "Mozilla/5.0 AppleWebKit/537.36 (KHTML, like Gecko; compatible; ClaudeBot/1.0; +claudebot@anthropic.com)"
74.7.227.163 - - [08/Nov/2025:13:38:10 +0100] "GET /?path=//proc/742680/root/proc/self/root/opt/cloudlinux/alt-php51/root/usr/include/php/ext/date/lib HTTP/2.0" 200 19120 "-" "Mozilla/5.0 AppleWebKit/537.36 (KHTML, like Gecko; compatible; GPTBot/1.2; +https://openai.com/gptbot)"
74.7.227.27 - - [08/Nov/2025:13:38:12 +0100] "GET /?fileloc=//usr/lib64/python2.7/test/test_py_compile.pyo&path=//usr/lib64/python2.7/test HTTP/2.0" 200 14993 "-" "Mozilla/5.0 AppleWebKit/537.36 (KHTML, like Gecko; compatible; GPTBot/1.2; +https://openai.com/gptbot)"
74.7.230.16 - - [08/Nov/2025:13:38:15 +0100] "GET /robots.txt HTTP/2.0" 428 11484 "-" "Mozilla/5.0 (Macintosh; Intel Mac OS X 10_15_7) AppleWebKit/537.36 (KHTML, like Gecko) Chrome/131.0.0.0 Safari/537.36; compatible; OAI-SearchBot/1.0; robots.txt; +https://openai.com/searchbot"
216.73.216.214 - - [08/Nov/2025:13:38:13 +0100] "GET /kasyno-internetowe-z-bonusem-bez-depozytu-35?fileloc=%2F%2Flib%2Fgrub%2Fi386-pc%2Fuhci.mod&path=%2F%2Flib%2Fgrub%2Fi386-pc HTTP/2.0" 200 24432 "-" "Mozilla/5.0 AppleWebKit/537.36 (KHTML, like Gecko; compatible; ClaudeBot/1.0; +claudebot@anthropic.com)"
37.187.226.30 - - [08/Nov/2025:13:38:13 +0100] "GET /powerlessness-is-not-weakness-marr-treatment/?fileloc=/home/opal/public_html/wp-includes/customize/class-wp-customize-media-control.php&path=/home/opal/public_html/wp-includes/customize HTTP/1.1" 200 24294 "-" "Mozilla/5.0 (compatible; MJ12bot/v1.4.8; http://mj12bot.com/)"
74.7.227.59 - - [08/Nov/2025:13:38:13 +0100] "GET /?path=//lib/modules/4.18.0-553.54.1.lve.el8.x86_64/kernel/sound/soc/amd HTTP/2.0" 200 19202 "-" "Mozilla/5.0 AppleWebKit/537.36 (KHTML, like Gecko; compatible; GPTBot/1.2; +https://openai.com/gptbot)"
74.7.227.204 - - [08/Nov/2025:13:38:13 +0100] "GET /795781059?detail=0793613086 HTTP/2.0" 200 75282 "-" "Mozilla/5.0 AppleWebKit/537.36 (KHTML, like Gecko; compatible; GPTBot/1.2; +https://openai.com/gptbot)"
216.73.216.214 - - [08/Nov/2025:13:38:14 +0100] "GET /2025-samye-perspektivnye-ploshhadki-dlja-443?fileloc=%2F%2Flib%2F.build-id%2F89%2Fb1f23f58d95a82520ef3b99b9186a24b11d59e&path=%2F%2Flib%2F.build-id%2F89 HTTP/2.0" 200 27946 "-" "Mozilla/5.0 AppleWebKit/537.36 (KHTML, like Gecko; compatible; ClaudeBot/1.0; +claudebot@anthropic.com)"
74.7.227.163 - - [08/Nov/2025:13:38:14 +0100] "GET /?path=//proc/742680/root/proc/self/root/opt/cloudlinux/alt-php53/root/usr/include/php/ext/session HTTP/2.0" 200 18966 "-" "Mozilla/5.0 AppleWebKit/537.36 (KHTML, like Gecko; compatible; GPTBot/1.2; +https://openai.com/gptbot)"
74.7.227.27 - - [08/Nov/2025:13:38:14 +0100] "GET /?fileloc=//usr/lib64/python2.7/test/test_pkgutil.pyo&path=//usr/lib64/python2.7/test HTTP/2.0" 200 18189 "-" "Mozilla/5.0 AppleWebKit/537.36 (KHTML, like Gecko; compatible; GPTBot/1.2; +https://openai.com/gptbot)"
74.7.227.168 - - [08/Nov/2025:13:38:14 +0100] "GET /?fileloc=//usr/lib64/python2.7/test/profilee.pyo&path=//usr/lib64/python2.7/test HTTP/2.0" 200 15529 "-" "Mozilla/5.0 AppleWebKit/537.36 (KHTML, like Gecko; compatible; GPTBot/1.2; +https://openai.com/gptbot)"
74.7.227.59 - - [08/Nov/2025:13:38:16 +0100] "GET /?path=//lib/modules/4.18.0-553.54.1.lve.el8.x86_64/kernel/sound/pci/lola HTTP/2.0" 200 17330 "-" "Mozilla/5.0 AppleWebKit/537.36 (KHTML, like Gecko; compatible; GPTBot/1.2; +https://openai.com/gptbot)"
216.73.216.214 - - [08/Nov/2025:13:38:16 +0100] "GET /2025-samye-perspektivnye-ploshhadki-dlja-443?path=%2F%2Flib%2Ffirmware%2F4.18.0-553.62.1.lve.el8.x86_64 HTTP/2.0" 200 25378 "-" "Mozilla/5.0 AppleWebKit/537.36 (KHTML, like Gecko; compatible; ClaudeBot/1.0; +claudebot@anthropic.com)"
216.73.216.214 - - [08/Nov/2025:13:38:16 +0100] "GET /?fileloc=%2F%2Fproc%2Fscsi%2Fscsi&path=%2F%2Fproc%2Fscsi HTTP/2.0" 200 12613 "-" "Mozilla/5.0 AppleWebKit/537.36 (KHTML, like Gecko; compatible; ClaudeBot/1.0; +claudebot@anthropic.com)"
74.7.227.204 - - [08/Nov/2025:13:38:16 +0100] "GET /304534368?detail=0303704942 HTTP/2.0" 200 75282 "-" "Mozilla/5.0 AppleWebKit/537.36 (KHTML, like Gecko; compatible; GPTBot/1.2; +https://openai.com/gptbot)"
37.187.226.30 - - [08/Nov/2025:13:38:18 +0100] "GET /powerlessness-is-not-weakness-marr-treatment/?fileloc=/home/opal/public_html/wp-includes/customize/class-wp-customize-nav-menu-auto-add-control.php&path=/home/opal/public_html/wp-includes/customize HTTP/1.1" 200 13845 "-" "Mozilla/5.0 (compatible; MJ12bot/v1.4.8; http://mj12bot.com/)"
74.7.227.163 - - [08/Nov/2025:13:38:18 +0100] "GET /?path=//proc/742680/root/proc/self/root/opt/cloudlinux/alt-php73/root/usr/include/php/ext/simplexml HTTP/2.0" 200 17308 "-" "Mozilla/5.0 AppleWebKit/537.36 (KHTML, like Gecko; compatible; GPTBot/1.2; +https://openai.com/gptbot)"
216.73.216.214 - - [08/Nov/2025:13:38:18 +0100] "GET /kasyno-internetowe-z-bonusem-bez-depozytu-35?fileloc=%2F%2Flib%2F.build-id%2F18%2F8a06839395d4f40eae14335b21d31ccae1bec8&path=%2F%2Flib%2F.build-id%2F18 HTTP/2.0" 200 33733 "-" "Mozilla/5.0 AppleWebKit/537.36 (KHTML, like Gecko; compatible; ClaudeBot/1.0; +claudebot@anthropic.com)"
216.73.216.214 - - [08/Nov/2025:13:38:18 +0100] "GET /2025-samye-perspektivnye-ploshhadki-dlja-443?fileloc=%2F%2Flib64%2Fgirepository-1.0%2FGUsb-1.0.typelib&path=%2F%2Flib64%2Fgirepository-1.0 HTTP/2.0" 200 27583 "-" "Mozilla/5.0 AppleWebKit/537.36 (KHTML, like Gecko; compatible; ClaudeBot/1.0; +claudebot@anthropic.com)"
74.7.227.27 - - [08/Nov/2025:13:38:18 +0100] "GET /?fileloc=//usr/lib64/python2.7/test/test_docxmlrpc.py&path=//usr/lib64/python2.7/test HTTP/2.0" 200 25615 "-" "Mozilla/5.0 AppleWebKit/537.36 (KHTML, like Gecko; compatible; GPTBot/1.2; +https://openai.com/gptbot)"
74.7.227.59 - - [08/Nov/2025:13:38:20 +0100] "GET /?path=//lib/modules/4.18.0-553.54.1.lve.el8.x86_64/kernel/sound/soc/intel/catpt HTTP/2.0" 200 14931 "-" "Mozilla/5.0 AppleWebKit/537.36 (KHTML, like Gecko; compatible; GPTBot/1.2; +https://openai.com/gptbot)"
74.7.227.204 - - [08/Nov/2025:13:38:21 +0100] "GET /304385932?detail=0303556910 HTTP/2.0" 200 75282 "-" "Mozilla/5.0 AppleWebKit/537.36 (KHTML, like Gecko; compatible; GPTBot/1.2; +https://openai.com/gptbot)"
74.7.227.163 - - [08/Nov/2025:13:38:21 +0100] "GET /?path=//proc/742680/root/proc/self/root/opt/cloudlinux/alt-php73/root/usr/include/php/ext/sockets HTTP/2.0" 200 15494 "-" "Mozilla/5.0 AppleWebKit/537.36 (KHTML, like Gecko; compatible; GPTBot/1.2; +https://openai.com/gptbot)"
216.73.216.214 - - [08/Nov/2025:13:38:21 +0100] "GET /kasyno-internetowe-z-bonusem-bez-depozytu-35?fileloc=%2Fhome%2Fopal%2F.trash%2Fwp-includes.2%2Fjs%2Fdist%2Fpriority-queue.min.js&path=%2Fhome%2Fopal%2F.trash%2Fwp-includes.2%2Fjs%2Fdist HTTP/2.0" 200 16413 "-" "Mozilla/5.0 AppleWebKit/537.36 (KHTML, like Gecko; compatible; ClaudeBot/1.0; +claudebot@anthropic.com)"
216.73.216.214 - - [08/Nov/2025:13:38:21 +0100] "GET /?fileloc=%2F%2Flib64%2Fpython3.6%2Fencodings%2Fmac_roman.py&path=%2F%2Flib64%2Fpython3.6%2Fencodings HTTP/2.0" 200 31824 "-" "Mozilla/5.0 AppleWebKit/537.36 (KHTML, like Gecko; compatible; ClaudeBot/1.0; +claudebot@anthropic.com)"
74.7.227.27 - - [08/Nov/2025:13:38:22 +0100] "GET /?fileloc=//usr/lib64/python2.7/test/test_compileall.pyc&path=//usr/lib64/python2.7/test HTTP/2.0" 200 16318 "-" "Mozilla/5.0 AppleWebKit/537.36 (KHTML, like Gecko; compatible; GPTBot/1.2; +https://openai.com/gptbot)"
37.187.226.30 - - [08/Nov/2025:13:38:22 +0100] "GET /powerlessness-is-not-weakness-marr-treatment/?fileloc=/home/opal/public_html/wp-includes/customize/class-wp-customize-nav-menu-control.php&path=/home/opal/public_html/wp-includes/customize HTTP/1.1" 200 17626 "-" "Mozilla/5.0 (compatible; MJ12bot/v1.4.8; http://mj12bot.com/)"
74.7.227.163 - - [08/Nov/2025:13:38:23 +0100] "GET /?path=//proc/742680/root/proc/self/root/opt/cloudlinux/alt-php51/root/usr/include/php/ext/session HTTP/2.0" 200 18966 "-" "Mozilla/5.0 AppleWebKit/537.36 (KHTML, like Gecko; compatible; GPTBot/1.2; +https://openai.com/gptbot)"
74.7.227.59 - - [08/Nov/2025:13:38:23 +0100] "GET /?path=//lib/modules/4.18.0-553.54.1.lve.el8.x86_64/kernel/sound/soc/intel/avs HTTP/2.0" 200 14911 "-" "Mozilla/5.0 AppleWebKit/537.36 (KHTML, like Gecko; compatible; GPTBot/1.2; +https://openai.com/gptbot)"
74.7.227.204 - - [08/Nov/2025:13:38:24 +0100] "GET /304416030?detail=0303586926 HTTP/2.0" 200 75282 "-" "Mozilla/5.0 AppleWebKit/537.36 (KHTML, like Gecko; compatible; GPTBot/1.2; +https://openai.com/gptbot)"
216.73.216.214 - - [08/Nov/2025:13:38:24 +0100] "GET /2025-samye-perspektivnye-ploshhadki-dlja-443?fileloc=%2F%2Fhome%2Fopal%2Fpublic_html%2Fwp-admin%2Foptions-writing.php&path=%2F%2Fhome%2Fopal%2Fpublic_html%2Fwp-admin HTTP/2.0" 200 25157 "-" "Mozilla/5.0 AppleWebKit/537.36 (KHTML, like Gecko; compatible; ClaudeBot/1.0; +claudebot@anthropic.com)"
216.73.216.214 - - [08/Nov/2025:13:38:25 +0100] "GET /kasyno-internetowe-z-bonusem-bez-depozytu-35?fileloc=%2F%2Fopt%2Fcpanel%2Fea-openssl11%2Fshare%2Fdoc%2Fopenssl%2Fhtml%2Fman3%2FSSL_SESSION_get_protocol_version.html&path=%2F%2Fopt%2Fcpanel%2Fea-openssl11%2Fshare%2Fdoc%2Fopenssl%2Fhtml%2Fman3 HTTP/2.0" 200 16618 "-" "Mozilla/5.0 AppleWebKit/537.36 (KHTML, like Gecko; compatible; ClaudeBot/1.0; +claudebot@anthropic.com)"
74.7.227.27 - - [08/Nov/2025:13:38:25 +0100] "GET /?fileloc=//usr/lib64/python2.7/test/test_normalization.pyo&path=//usr/lib64/python2.7/test HTTP/2.0" 200 16763 "-" "Mozilla/5.0 AppleWebKit/537.36 (KHTML, like Gecko; compatible; GPTBot/1.2; +https://openai.com/gptbot)"
74.7.227.163 - - [08/Nov/2025:13:38:26 +0100] "GET /?path=//proc/742680/root/proc/self/root/opt/cloudlinux/alt-php54/root/usr/include/php/ext/libxml HTTP/2.0" 200 15484 "-" "Mozilla/5.0 AppleWebKit/537.36 (KHTML, like Gecko; compatible; GPTBot/1.2; +https://openai.com/gptbot)"
74.7.227.204 - - [08/Nov/2025:13:38:26 +0100] "GET /304366761?detail=0303537790 HTTP/2.0" 200 75282 "-" "Mozilla/5.0 AppleWebKit/537.36 (KHTML, like Gecko; compatible; GPTBot/1.2; +https://openai.com/gptbot)"
74.7.227.59 - - [08/Nov/2025:13:38:26 +0100] "GET /?path=//lib/modules/4.18.0-553.54.1.lve.el8.x86_64/kernel/sound/soc/intel/atom HTTP/2.0" 200 16478 "-" "Mozilla/5.0 AppleWebKit/537.36 (KHTML, like Gecko; compatible; GPTBot/1.2; +https://openai.com/gptbot)"
216.73.216.214 - - [08/Nov/2025:13:38:27 +0100] "GET /?fileloc=%2F%2Flib64%2Fpython3.6%2Flib2to3%2F__init__.py&path=%2F%2Flib64%2Fpython3.6%2Flib2to3 HTTP/2.0" 200 12372 "-" "Mozilla/5.0 AppleWebKit/537.36 (KHTML, like Gecko; compatible; ClaudeBot/1.0; +claudebot@anthropic.com)"
37.187.226.30 - - [08/Nov/2025:13:38:27 +0100] "GET /powerlessness-is-not-weakness-marr-treatment/?fileloc=/home/opal/public_html/wp-includes/customize/class-wp-customize-nav-menu-item-control.php&path=/home/opal/public_html/wp-includes/customize HTTP/1.1" 200 22722 "-" "Mozilla/5.0 (compatible; MJ12bot/v1.4.8; http://mj12bot.com/)"
66.249.75.162 - - [08/Nov/2025:13:38:27 +0100] "GET /restaurant112037737.html HTTP/1.1" 200 201112 "-" "Mozilla/5.0 (Linux; Android 6.0.1; Nexus 5X Build/MMB29P) AppleWebKit/537.36 (KHTML, like Gecko) Chrome/141.0.7390.122 Mobile Safari/537.36 (compatible; Googlebot/2.1; +http://www.google.com/bot.html)"
216.73.216.214 - - [08/Nov/2025:13:38:27 +0100] "GET /kasyno-internetowe-z-bonusem-bez-depozytu-35?fileloc=%2F%2Fopt%2Fcpanel%2Fea-openssl11%2Fshare%2Fdoc%2Fopenssl%2Fhtml%2Fman3%2FBIO_meth_get_ctrl.html&path=%2F%2Fopt%2Fcpanel%2Fea-openssl11%2Fshare%2Fdoc%2Fopenssl%2Fhtml%2Fman3 HTTP/2.0" 200 23149 "-" "Mozilla/5.0 AppleWebKit/537.36 (KHTML, like Gecko; compatible; ClaudeBot/1.0; +claudebot@anthropic.com)"
74.7.227.163 - - [08/Nov/2025:13:38:28 +0100] "GET /?path=//proc/742680/root/proc/self/root/opt/cloudlinux/alt-php51/root/usr/include/php/ext/libxml HTTP/2.0" 200 15484 "-" "Mozilla/5.0 AppleWebKit/537.36 (KHTML, like Gecko; compatible; GPTBot/1.2; +https://openai.com/gptbot)"
74.7.227.27 - - [08/Nov/2025:13:38:28 +0100] "GET /?fileloc=//usr/lib64/python2.7/test/test_long_future.pyc&path=//usr/lib64/python2.7/test HTTP/2.0" 200 25584 "-" "Mozilla/5.0 AppleWebKit/537.36 (KHTML, like Gecko; compatible; GPTBot/1.2; +https://openai.com/gptbot)"
74.7.227.204 - - [08/Nov/2025:13:38:29 +0100] "GET /795533569?detail=0793366270 HTTP/2.0" 200 75282 "-" "Mozilla/5.0 AppleWebKit/537.36 (KHTML, like Gecko; compatible; GPTBot/1.2; +https://openai.com/gptbot)"
216.73.216.214 - - [08/Nov/2025:13:38:29 +0100] "GET /2025-samye-perspektivnye-ploshhadki-dlja-443?fileloc=%2Fhome%2Fopal%2Fpublic_html%2Fwp-includes%2Fcss%2Fclassic-themes.css&path=%2Fhome%2Fopal%2Fpublic_html%2Fwp-includes%2Fcss HTTP/2.0" 200 13235 "-" "Mozilla/5.0 AppleWebKit/537.36 (KHTML, like Gecko; compatible; ClaudeBot/1.0; +claudebot@anthropic.com)"
74.7.227.59 - - [08/Nov/2025:13:38:30 +0100] "GET /?fileloc=//usr/lib64/libsecureio.so&path=//usr/lib64 HTTP/2.0" 200 33274 "-" "Mozilla/5.0 AppleWebKit/537.36 (KHTML, like Gecko; compatible; GPTBot/1.2; +https://openai.com/gptbot)"
216.73.216.214 - - [08/Nov/2025:13:38:31 +0100] "GET /kasyno-internetowe-z-bonusem-bez-depozytu-35?fileloc=%2F%2Fopt%2Fcpanel%2Fea-openssl11%2Fshare%2Fdoc%2Fopenssl%2Fhtml%2Fman3%2FOPENSSL_strlcat.html&path=%2F%2Fopt%2Fcpanel%2Fea-openssl11%2Fshare%2Fdoc%2Fopenssl%2Fhtml%2Fman3 HTTP/2.0" 200 26352 "-" "Mozilla/5.0 AppleWebKit/537.36 (KHTML, like Gecko; compatible; ClaudeBot/1.0; +claudebot@anthropic.com)"
74.7.227.163 - - [08/Nov/2025:13:38:31 +0100] "GET /?path=//proc/742680/root/proc/self/root/opt/cloudlinux/alt-php56/root/usr/include/php/ext/libxml HTTP/2.0" 200 15484 "-" "Mozilla/5.0 AppleWebKit/537.36 (KHTML, like Gecko; compatible; GPTBot/1.2; +https://openai.com/gptbot)"
37.187.226.30 - - [08/Nov/2025:13:38:31 +0100] "GET /powerlessness-is-not-weakness-marr-treatment/?fileloc=/home/opal/public_html/wp-includes/customize/class-wp-customize-nav-menu-item-setting.php&path=/home/opal/public_html/wp-includes/customize HTTP/1.1" 200 44111 "-" "Mozilla/5.0 (compatible; MJ12bot/v1.4.8; http://mj12bot.com/)"
74.7.227.27 - - [08/Nov/2025:13:38:32 +0100] "GET /?fileloc=//usr/lib64/python2.7/test/test_longexp.pyc&path=//usr/lib64/python2.7/test HTTP/2.0" 200 13359 "-" "Mozilla/5.0 AppleWebKit/537.36 (KHTML, like Gecko; compatible; GPTBot/1.2; +https://openai.com/gptbot)"
74.7.227.168 - - [08/Nov/2025:13:38:32 +0100] "GET /?fileloc=//usr/lib64/python2.7/test/test_iterlen.pyo&path=//usr/lib64/python2.7/test HTTP/2.0" 200 25606 "-" "Mozilla/5.0 AppleWebKit/537.36 (KHTML, like Gecko; compatible; GPTBot/1.2; +https://openai.com/gptbot)"
74.7.227.204 - - [08/Nov/2025:13:38:32 +0100] "GET /795620960?fileloc=/home/opal/public_html/wp-config.php&path=/home/opal/public_html HTTP/2.0" 200 16114 "-" "Mozilla/5.0 AppleWebKit/537.36 (KHTML, like Gecko; compatible; GPTBot/1.2; +https://openai.com/gptbot)"
66.249.69.133 - - [08/Nov/2025:13:38:33 +0100] "GET /rice154038447.html HTTP/1.1" 200 205080 "-" "Mozilla/5.0 (Linux; Android 6.0.1; Nexus 5X Build/MMB29P) AppleWebKit/537.36 (KHTML, like Gecko) Chrome/141.0.7390.122 Mobile Safari/537.36 (compatible; Googlebot/2.1; +http://www.google.com/bot.html)"
216.73.216.214 - - [08/Nov/2025:13:38:33 +0100] "GET /kasyno-internetowe-z-bonusem-bez-depozytu-35?fileloc=%2Fhome%2Fopal%2Fwww%2Fwp-content%2Fplugins%2Flitespeed-cache%2Fpackage.json&path=%2Fhome%2Fopal%2Fwww%2Fwp-content%2Fplugins%2Flitespeed-cache HTTP/2.0" 200 16270 "-" "Mozilla/5.0 AppleWebKit/537.36 (KHTML, like Gecko; compatible; ClaudeBot/1.0; +claudebot@anthropic.com)"
216.73.216.214 - - [08/Nov/2025:13:38:34 +0100] "GET /kasyno-internetowe-z-bonusem-bez-depozytu-35?fileloc=%2F%2Fopt%2Fcpanel%2Fea-openssl11%2Fshare%2Fdoc%2Fopenssl%2Fhtml%2Fman3%2FSSL_is_server.html&path=%2F%2Fopt%2Fcpanel%2Fea-openssl11%2Fshare%2Fdoc%2Fopenssl%2Fhtml%2Fman3 HTTP/2.0" 200 18489 "-" "Mozilla/5.0 AppleWebKit/537.36 (KHTML, like Gecko; compatible; ClaudeBot/1.0; +claudebot@anthropic.com)"
74.7.227.59 - - [08/Nov/2025:13:38:34 +0100] "GET /?path=//lib/modules/4.18.0-553.54.1.lve.el8.x86_64/kernel/sound/soc/amd/yc HTTP/2.0" 200 18289 "-" "Mozilla/5.0 AppleWebKit/537.36 (KHTML, like Gecko; compatible; GPTBot/1.2; +https://openai.com/gptbot)"
74.7.227.163 - - [08/Nov/2025:13:38:34 +0100] "GET /?path=//proc/742680/root/proc/self/root/opt/cloudlinux/alt-php73/root/usr/include/php/ext/libxml HTTP/2.0" 200 15484 "-" "Mozilla/5.0 AppleWebKit/537.36 (KHTML, like Gecko; compatible; GPTBot/1.2; +https://openai.com/gptbot)"
74.7.227.27 - - [08/Nov/2025:13:38:35 +0100] "GET /?fileloc=//usr/lib64/python2.7/test/test_module.pyo&path=//usr/lib64/python2.7/test HTTP/2.0" 200 15908 "-" "Mozilla/5.0 AppleWebKit/537.36 (KHTML, like Gecko; compatible; GPTBot/1.2; +https://openai.com/gptbot)"
74.7.227.204 - - [08/Nov/2025:13:38:36 +0100] "GET /304421021?detail=0303591902 HTTP/2.0" 200 75282 "-" "Mozilla/5.0 AppleWebKit/537.36 (KHTML, like Gecko; compatible; GPTBot/1.2; +https://openai.com/gptbot)"
37.187.226.30 - - [08/Nov/2025:13:38:37 +0100] "GET /powerlessness-is-not-weakness-marr-treatment/?fileloc=/home/opal/public_html/wp-includes/customize/class-wp-customize-nav-menu-location-control.php&path=/home/opal/public_html/wp-includes/customize HTTP/1.1" 200 15320 "-" "Mozilla/5.0 (compatible; MJ12bot/v1.4.8; http://mj12bot.com/)"
216.73.216.214 - - [08/Nov/2025:13:38:37 +0100] "GET /kasyno-internetowe-z-bonusem-bez-depozytu-35?fileloc=%2F%2Fopt%2Fcpanel%2Fea-openssl11%2Fshare%2Fdoc%2Fopenssl%2Fhtml%2Fman3%2FEVP_DecryptInit_ex.html&path=%2F%2Fopt%2Fcpanel%2Fea-openssl11%2Fshare%2Fdoc%2Fopenssl%2Fhtml%2Fman3 HTTP/2.0" 200 47633 "-" "Mozilla/5.0 AppleWebKit/537.36 (KHTML, like Gecko; compatible; ClaudeBot/1.0; +claudebot@anthropic.com)"
216.73.216.214 - - [08/Nov/2025:13:38:38 +0100] "GET /kasyno-internetowe-z-bonusem-bez-depozytu-35?fileloc=%2F%2Fusr%2Flib64%2Fpython2.7%2Fsndhdr.pyo&path=%2F%2Fusr%2Flib64%2Fpython2.7 HTTP/2.0" 200 22679 "-" "Mozilla/5.0 AppleWebKit/537.36 (KHTML, like Gecko; compatible; ClaudeBot/1.0; +claudebot@anthropic.com)"
74.7.227.163 - - [08/Nov/2025:13:38:38 +0100] "GET /?path=//proc/742680/root/proc/self/root/opt/cloudlinux/alt-php53/root/usr/include/php/ext/libxml HTTP/2.0" 200 18033 "-" "Mozilla/5.0 AppleWebKit/537.36 (KHTML, like Gecko; compatible; GPTBot/1.2; +https://openai.com/gptbot)"
74.7.227.59 - - [08/Nov/2025:13:38:38 +0100] "GET /?path=//lib/modules/4.18.0-553.54.1.lve.el8.x86_64/kernel/sound/soc/amd/vangogh HTTP/2.0" 200 20057 "-" "Mozilla/5.0 AppleWebKit/537.36 (KHTML, like Gecko; compatible; GPTBot/1.2; +https://openai.com/gptbot)"
74.7.227.27 - - [08/Nov/2025:13:38:39 +0100] "GET /?fileloc=//usr/lib64/python2.7/test/test_importhooks.pyc&path=//usr/lib64/python2.7/test HTTP/2.0" 200 22982 "-" "Mozilla/5.0 AppleWebKit/537.36 (KHTML, like Gecko; compatible; GPTBot/1.2; +https://openai.com/gptbot)"
74.7.227.204 - - [08/Nov/2025:13:38:39 +0100] "GET /304385932?fileloc=/home/opal/public_html/wp-activate.php&path=/home/opal/public_html HTTP/2.0" 200 87461 "-" "Mozilla/5.0 AppleWebKit/537.36 (KHTML, like Gecko; compatible; GPTBot/1.2; +https://openai.com/gptbot)"
216.73.216.214 - - [08/Nov/2025:13:38:41 +0100] "GET /kasyno-internetowe-z-bonusem-bez-depozytu-35?fileloc=%2F%2Fopt%2Fcpanel%2Fea-openssl11%2Fshare%2Fdoc%2Fopenssl%2Fhtml%2Fman3%2FEC_GROUP_get_cofactor.html&path=%2F%2Fopt%2Fcpanel%2Fea-openssl11%2Fshare%2Fdoc%2Fopenssl%2Fhtml%2Fman3 HTTP/2.0" 200 27936 "-" "Mozilla/5.0 AppleWebKit/537.36 (KHTML, like Gecko; compatible; ClaudeBot/1.0; +claudebot@anthropic.com)"
216.73.216.214 - - [08/Nov/2025:13:38:41 +0100] "GET /kasyno-internetowe-z-bonusem-bez-depozytu-35?fileloc=%2F%2Fopt%2Fcpanel%2Fea-openssl11%2Fshare%2Fdoc%2Fopenssl%2Fhtml%2Fman3%2FASN1_STRING_set.html&path=%2F%2Fopt%2Fcpanel%2Fea-openssl11%2Fshare%2Fdoc%2Fopenssl%2Fhtml%2Fman3 HTTP/2.0" 200 19362 "-" "Mozilla/5.0 AppleWebKit/537.36 (KHTML, like Gecko; compatible; ClaudeBot/1.0; +claudebot@anthropic.com)"
74.7.227.163 - - [08/Nov/2025:13:38:42 +0100] "GET /?path=//proc/742680/root/proc/self/root/opt/cloudlinux/alt-php54/root/usr/include/php/ext/gd/libgd HTTP/2.0" 200 38125 "-" "Mozilla/5.0 AppleWebKit/537.36 (KHTML, like Gecko; compatible; GPTBot/1.2; +https://openai.com/gptbot)"
37.187.226.30 - - [08/Nov/2025:13:38:42 +0100] "GET /powerlessness-is-not-weakness-marr-treatment/?fileloc=/home/opal/public_html/wp-includes/customize/class-wp-customize-nav-menu-locations-control.php&path=/home/opal/public_html/wp-includes/customize HTTP/1.1" 200 15961 "-" "Mozilla/5.0 (compatible; MJ12bot/v1.4.8; http://mj12bot.com/)"
74.7.227.59 - - [08/Nov/2025:13:38:43 +0100] "GET /?path=//lib/modules/4.18.0-553.54.1.lve.el8.x86_64/kernel/sound/soc/amd/renoir HTTP/2.0" 200 18334 "-" "Mozilla/5.0 AppleWebKit/537.36 (KHTML, like Gecko; compatible; GPTBot/1.2; +https://openai.com/gptbot)"
74.7.227.27 - - [08/Nov/2025:13:38:43 +0100] "GET /?fileloc=//usr/lib64/python2.7/test/test_readline.pyc&path=//usr/lib64/python2.7/test HTTP/2.0" 200 15171 "-" "Mozilla/5.0 AppleWebKit/537.36 (KHTML, like Gecko; compatible; GPTBot/1.2; +https://openai.com/gptbot)"
74.7.227.204 - - [08/Nov/2025:13:38:43 +0100] "GET /304378279?detail=0303549278 HTTP/2.0" 200 75282 "-" "Mozilla/5.0 AppleWebKit/537.36 (KHTML, like Gecko; compatible; GPTBot/1.2; +https://openai.com/gptbot)"
216.73.216.214 - - [08/Nov/2025:13:38:44 +0100] "GET /kasyno-internetowe-z-bonusem-bez-depozytu-35?fileloc=%2Fhome%2Fopal%2F.trash%2Fwp-includes%2Fclass-wp-http-ixr-client.php&path=%2Fhome%2Fopal%2F.trash%2Fwp-includes HTTP/2.0" 200 16462 "-" "Mozilla/5.0 AppleWebKit/537.36 (KHTML, like Gecko; compatible; ClaudeBot/1.0; +claudebot@anthropic.com)"
216.73.216.214 - - [08/Nov/2025:13:38:44 +0100] "GET /kasyno-internetowe-z-bonusem-bez-depozytu-35?fileloc=%2F%2Fopt%2Fcpanel%2Fea-openssl11%2Fshare%2Fdoc%2Fopenssl%2Fhtml%2Fman3%2FX509_CRL_set1_nextUpdate.html&path=%2F%2Fopt%2Fcpanel%2Fea-openssl11%2Fshare%2Fdoc%2Fopenssl%2Fhtml%2Fman3 HTTP/2.0" 200 21912 "-" "Mozilla/5.0 AppleWebKit/537.36 (KHTML, like Gecko; compatible; ClaudeBot/1.0; +claudebot@anthropic.com)"
74.7.227.163 - - [08/Nov/2025:13:38:45 +0100] "GET /?path=//proc/742680/root/proc/self/root/opt/cloudlinux/alt-php73/root/usr/include/php/ext/gd/libgd HTTP/2.0" 200 38110 "-" "Mozilla/5.0 AppleWebKit/537.36 (KHTML, like Gecko; compatible; GPTBot/1.2; +https://openai.com/gptbot)"
74.7.227.59 - - [08/Nov/2025:13:38:47 +0100] "GET /?fileloc=//usr/bin/lesspipe.sh&path=//usr/bin HTTP/2.0" 200 15971 "-" "Mozilla/5.0 AppleWebKit/537.36 (KHTML, like Gecko; compatible; GPTBot/1.2; +https://openai.com/gptbot)"
74.7.227.27 - - [08/Nov/2025:13:38:47 +0100] "GET /?fileloc=//usr/lib64/python2.7/test/test_random.pyo&path=//usr/lib64/python2.7/test HTTP/2.0" 200 40739 "-" "Mozilla/5.0 AppleWebKit/537.36 (KHTML, like Gecko; compatible; GPTBot/1.2; +https://openai.com/gptbot)"
37.187.226.30 - - [08/Nov/2025:13:38:47 +0100] "GET /powerlessness-is-not-weakness-marr-treatment/?fileloc=/home/opal/public_html/wp-includes/customize/class-wp-customize-nav-menu-name-control.php&path=/home/opal/public_html/wp-includes/customize HTTP/1.1" 200 13828 "-" "Mozilla/5.0 (compatible; MJ12bot/v1.4.8; http://mj12bot.com/)"
74.7.227.204 - - [08/Nov/2025:13:38:48 +0100] "GET /304399120?detail=0303570062 HTTP/2.0" 200 75282 "-" "Mozilla/5.0 AppleWebKit/537.36 (KHTML, like Gecko; compatible; GPTBot/1.2; +https://openai.com/gptbot)"
216.73.216.214 - - [08/Nov/2025:13:38:48 +0100] "GET /?fileloc=%2F%2Flib64%2Fpython3.6%2Flib2to3%2FGrammar3.6.8.final.0.pickle&path=%2F%2Flib64%2Fpython3.6%2Flib2to3 HTTP/2.0" 200 52025 "-" "Mozilla/5.0 AppleWebKit/537.36 (KHTML, like Gecko; compatible; ClaudeBot/1.0; +claudebot@anthropic.com)"
216.73.216.214 - - [08/Nov/2025:13:38:48 +0100] "GET /kasyno-internetowe-z-bonusem-bez-depozytu-35?fileloc=%2F%2Fopt%2Fcpanel%2Fea-openssl11%2Fshare%2Fdoc%2Fopenssl%2Fhtml%2Fman3%2FRSA_padding_add_none.html&path=%2F%2Fopt%2Fcpanel%2Fea-openssl11%2Fshare%2Fdoc%2Fopenssl%2Fhtml%2Fman3 HTTP/2.0" 200 24301 "-" "Mozilla/5.0 AppleWebKit/537.36 (KHTML, like Gecko; compatible; ClaudeBot/1.0; +claudebot@anthropic.com)"
66.249.75.162 - - [08/Nov/2025:13:38:49 +0100] "GET /pcmypage?callback=/product%2Fdetail%2m89275443376 HTTP/1.1" 200 204010 "-" "Mozilla/5.0 (Linux; Android 6.0.1; Nexus 5X Build/MMB29P) AppleWebKit/537.36 (KHTML, like Gecko) Chrome/141.0.7390.122 Mobile Safari/537.36 (compatible; Googlebot/2.1; +http://www.google.com/bot.html)"
74.7.227.163 - - [08/Nov/2025:13:38:49 +0100] "GET /?path=//proc/742680/root/proc/self/root/opt/cloudlinux/alt-php73/root/usr/include/php/ext/mysqli HTTP/2.0" 200 17269 "-" "Mozilla/5.0 AppleWebKit/537.36 (KHTML, like Gecko; compatible; GPTBot/1.2; +https://openai.com/gptbot)"
74.7.227.27 - - [08/Nov/2025:13:38:50 +0100] "GET /?fileloc=//usr/lib64/python2.7/test/test_cookielib.pyc&path=//usr/lib64/python2.7/test HTTP/2.0" 200 72894 "-" "Mozilla/5.0 AppleWebKit/537.36 (KHTML, like Gecko; compatible; GPTBot/1.2; +https://openai.com/gptbot)"
74.7.228.34 - - [08/Nov/2025:13:38:53 +0100] "GET /robots.txt HTTP/2.0" 428 11492 "-" "Mozilla/5.0 (Macintosh; Intel Mac OS X 10_15_7) AppleWebKit/537.36 (KHTML, like Gecko) Chrome/131.0.0.0 Safari/537.36; compatible; OAI-SearchBot/1.0; robots.txt; +https://openai.com/searchbot"
74.7.227.59 - - [08/Nov/2025:13:38:51 +0100] "GET /?path=//lib/modules/4.18.0-553.54.1.lve.el8.x86_64/kernel/sound/soc/intel/atom/sst HTTP/2.0" 200 16792 "-" "Mozilla/5.0 AppleWebKit/537.36 (KHTML, like Gecko; compatible; GPTBot/1.2; +https://openai.com/gptbot)"
74.7.227.168 - - [08/Nov/2025:13:38:50 +0100] "GET /?fileloc=//usr/lib64/python2.7/test/test_urllibnet.py&path=//usr/lib64/python2.7/test HTTP/2.0" 200 22982 "-" "Mozilla/5.0 AppleWebKit/537.36 (KHTML, like Gecko; compatible; GPTBot/1.2; +https://openai.com/gptbot)"
74.7.227.204 - - [08/Nov/2025:13:38:51 +0100] "GET /304398173?detail=0303569118 HTTP/2.0" 200 75282 "-" "Mozilla/5.0 AppleWebKit/537.36 (KHTML, like Gecko; compatible; GPTBot/1.2; +https://openai.com/gptbot)"
216.73.216.214 - - [08/Nov/2025:13:38:52 +0100] "GET /kasyno-internetowe-z-bonusem-bez-depozytu-35?fileloc=%2F%2Fopt%2Fcpanel%2Fea-openssl11%2Fshare%2Fdoc%2Fopenssl%2Fhtml%2Fman3%2FOCSP_CERTID_dup.html&path=%2F%2Fopt%2Fcpanel%2Fea-openssl11%2Fshare%2Fdoc%2Fopenssl%2Fhtml%2Fman3 HTTP/2.0" 200 21234 "-" "Mozilla/5.0 AppleWebKit/537.36 (KHTML, like Gecko; compatible; ClaudeBot/1.0; +claudebot@anthropic.com)"
216.73.216.214 - - [08/Nov/2025:13:38:52 +0100] "GET /kasyno-internetowe-z-bonusem-bez-depozytu-35?fileloc=%2F%2Fusr%2Flib64%2Fpython2.7%2Fwave.pyo&path=%2F%2Fusr%2Flib64%2Fpython2.7 HTTP/2.0" 200 32909 "-" "Mozilla/5.0 AppleWebKit/537.36 (KHTML, like Gecko; compatible; ClaudeBot/1.0; +claudebot@anthropic.com)"
37.187.226.30 - - [08/Nov/2025:13:38:52 +0100] "GET /powerlessness-is-not-weakness-marr-treatment/?fileloc=/home/opal/public_html/wp-includes/customize/class-wp-customize-nav-menu-section.php&path=/home/opal/public_html/wp-includes/customize HTTP/1.1" 200 13302 "-" "Mozilla/5.0 (compatible; MJ12bot/v1.4.8; http://mj12bot.com/)"
74.7.227.163 - - [08/Nov/2025:13:38:53 +0100] "GET /?path=//proc/742680/root/proc/self/root/opt/cloudlinux/alt-php56/root/usr/include/php/ext/gd/libgd HTTP/2.0" 200 36381 "-" "Mozilla/5.0 AppleWebKit/537.36 (KHTML, like Gecko; compatible; GPTBot/1.2; +https://openai.com/gptbot)"
74.7.227.59 - - [08/Nov/2025:13:38:54 +0100] "GET /?fileloc=//bin/gpg-error&path=//bin HTTP/2.0" 200 56133 "-" "Mozilla/5.0 AppleWebKit/537.36 (KHTML, like Gecko; compatible; GPTBot/1.2; +https://openai.com/gptbot)"
74.7.227.27 - - [08/Nov/2025:13:38:53 +0100] "GET /?fileloc=//usr/lib64/python2.7/test/test_charmapcodec.pyo&path=//usr/lib64/python2.7/test HTTP/2.0" 200 15208 "-" "Mozilla/5.0 AppleWebKit/537.36 (KHTML, like Gecko; compatible; GPTBot/1.2; +https://openai.com/gptbot)"
66.249.69.133 - - [08/Nov/2025:13:38:55 +0100] "GET /forth273018692.html HTTP/1.1" 200 202741 "-" "Mozilla/5.0 (Linux; Android 6.0.1; Nexus 5X Build/MMB29P) AppleWebKit/537.36 (KHTML, like Gecko) Chrome/141.0.7390.122 Mobile Safari/537.36 (compatible; Googlebot/2.1; +http://www.google.com/bot.html)"
74.7.227.204 - - [08/Nov/2025:13:38:56 +0100] "GET /795676534?detail=0793508846 HTTP/2.0" 200 75282 "-" "Mozilla/5.0 AppleWebKit/537.36 (KHTML, like Gecko; compatible; GPTBot/1.2; +https://openai.com/gptbot)"
216.73.216.214 - - [08/Nov/2025:13:38:56 +0100] "GET /kasyno-internetowe-z-bonusem-bez-depozytu-35?fileloc=%2F%2Fopt%2Fcpanel%2Fea-openssl11%2Fshare%2Fdoc%2Fopenssl%2Fhtml%2Fman3%2FENGINE_get_digest_engine.html&path=%2F%2Fopt%2Fcpanel%2Fea-openssl11%2Fshare%2Fdoc%2Fopenssl%2Fhtml%2Fman3 HTTP/2.0" 200 49829 "-" "Mozilla/5.0 AppleWebKit/537.36 (KHTML, like Gecko; compatible; ClaudeBot/1.0; +claudebot@anthropic.com)"
74.7.227.163 - - [08/Nov/2025:13:38:57 +0100] "GET /?path=//proc/742680/root/proc/self/root/opt/cloudlinux/alt-php54/root/usr/include/php/ext/igbinary HTTP/2.0" 200 18783 "-" "Mozilla/5.0 AppleWebKit/537.36 (KHTML, like Gecko; compatible; GPTBot/1.2; +https://openai.com/gptbot)"
216.73.216.214 - - [08/Nov/2025:13:38:57 +0100] "GET /kasyno-internetowe-z-bonusem-bez-depozytu-35?fileloc=%2F%2Fusr%2Flib64%2Fpython2.7%2FUserList.pyo&path=%2F%2Fusr%2Flib64%2Fpython2.7 HTTP/2.0" 200 19172 "-" "Mozilla/5.0 AppleWebKit/537.36 (KHTML, like Gecko; compatible; ClaudeBot/1.0; +claudebot@anthropic.com)"
74.7.227.59 - - [08/Nov/2025:13:38:58 +0100] "GET /?fileloc=//lib64/python2.7/lib-tk/test/runtktests.py&path=//lib64/python2.7/lib-tk/test HTTP/2.0" 200 14879 "-" "Mozilla/5.0 AppleWebKit/537.36 (KHTML, like Gecko; compatible; GPTBot/1.2; +https://openai.com/gptbot)"
74.7.227.27 - - [08/Nov/2025:13:38:58 +0100] "GET /?fileloc=//usr/lib64/python2.7/test/floating_points.txt&path=//usr/lib64/python2.7/test HTTP/2.0" 200 28720 "-" "Mozilla/5.0 AppleWebKit/537.36 (KHTML, like Gecko; compatible; GPTBot/1.2; +https://openai.com/gptbot)"
37.187.226.30 - - [08/Nov/2025:13:38:58 +0100] "GET /powerlessness-is-not-weakness-marr-treatment/?fileloc=/home/opal/public_html/wp-includes/customize/class-wp-customize-nav-menu-setting.php&path=/home/opal/public_html/wp-includes/customize HTTP/1.1" 200 33177 "-" "Mozilla/5.0 (compatible; MJ12bot/v1.4.8; http://mj12bot.com/)"
74.7.227.204 - - [08/Nov/2025:13:38:59 +0100] "GET /304378279?fileloc=/home/opal/public_html/.htaccess&path=/home/opal/public_html HTTP/2.0" 200 13558 "-" "Mozilla/5.0 AppleWebKit/537.36 (KHTML, like Gecko; compatible; GPTBot/1.2; +https://openai.com/gptbot)"
216.73.216.214 - - [08/Nov/2025:13:38:59 +0100] "GET /kasyno-internetowe-z-bonusem-bez-depozytu-35?fileloc=%2F%2Fopt%2Fcpanel%2Fea-openssl11%2Fshare%2Fdoc%2Fopenssl%2Fhtml%2Fman3%2FERR_clear_error.html&path=%2F%2Fopt%2Fcpanel%2Fea-openssl11%2Fshare%2Fdoc%2Fopenssl%2Fhtml%2Fman3 HTTP/2.0" 200 14997 "-" "Mozilla/5.0 AppleWebKit/537.36 (KHTML, like Gecko; compatible; ClaudeBot/1.0; +claudebot@anthropic.com)"
74.7.227.163 - - [08/Nov/2025:13:39:00 +0100] "GET /?path=//proc/742680/root/proc/self/root/opt/cloudlinux/alt-php56/root/usr/include/php/ext/mbstring HTTP/2.0" 200 22125 "-" "Mozilla/5.0 AppleWebKit/537.36 (KHTML, like Gecko; compatible; GPTBot/1.2; +https://openai.com/gptbot)"
216.73.216.214 - - [08/Nov/2025:13:39:01 +0100] "GET /kasyno-internetowe-z-bonusem-bez-depozytu-35?fileloc=%2F%2Fopt%2Fcpanel%2Fea-openssl11%2Fshare%2Fdoc%2Fopenssl%2Fhtml%2Fman3%2FSSL_stateless.html&path=%2F%2Fopt%2Fcpanel%2Fea-openssl11%2Fshare%2Fdoc%2Fopenssl%2Fhtml%2Fman3 HTTP/2.0" 200 22431 "-" "Mozilla/5.0 AppleWebKit/537.36 (KHTML, like Gecko; compatible; ClaudeBot/1.0; +claudebot@anthropic.com)"
74.7.227.59 - - [08/Nov/2025:13:39:01 +0100] "GET /?fileloc=//usr/lib64/python2.7/test/capath/5ed36f99.0&path=//usr/lib64/python2.7/test/capath HTTP/2.0" 200 15038 "-" "Mozilla/5.0 AppleWebKit/537.36 (KHTML, like Gecko; compatible; GPTBot/1.2; +https://openai.com/gptbot)"
74.7.227.27 - - [08/Nov/2025:13:39:01 +0100] "GET /?fileloc=//usr/lib64/python2.7/test/test_unicodedata.pyc&path=//usr/lib64/python2.7/test HTTP/2.0" 200 28228 "-" "Mozilla/5.0 AppleWebKit/537.36 (KHTML, like Gecko; compatible; GPTBot/1.2; +https://openai.com/gptbot)"
74.7.227.204 - - [08/Nov/2025:13:39:03 +0100] "GET /304236982?detail=0303408366 HTTP/2.0" 200 75282 "-" "Mozilla/5.0 AppleWebKit/537.36 (KHTML, like Gecko; compatible; GPTBot/1.2; +https://openai.com/gptbot)"
37.187.226.30 - - [08/Nov/2025:13:39:03 +0100] "GET /powerlessness-is-not-weakness-marr-treatment/?fileloc=/home/opal/public_html/wp-includes/customize/class-wp-customize-nav-menus-panel.php&path=/home/opal/public_html/wp-includes/customize HTTP/1.1" 200 16438 "-" "Mozilla/5.0 (compatible; MJ12bot/v1.4.8; http://mj12bot.com/)"
216.73.216.214 - - [08/Nov/2025:13:39:03 +0100] "GET /kasyno-internetowe-z-bonusem-bez-depozytu-35?fileloc=%2F%2Fopt%2Fcpanel%2Fea-openssl11%2Fshare%2Fdoc%2Fopenssl%2Fhtml%2Fman3%2FRSA_meth_set_mod_exp.html&path=%2F%2Fopt%2Fcpanel%2Fea-openssl11%2Fshare%2Fdoc%2Fopenssl%2Fhtml%2Fman3 HTTP/2.0" 200 27907 "-" "Mozilla/5.0 AppleWebKit/537.36 (KHTML, like Gecko; compatible; ClaudeBot/1.0; +claudebot@anthropic.com)"
74.7.227.163 - - [08/Nov/2025:13:39:04 +0100] "GET /?path=//proc/742680/root/proc/self/root/opt/cloudlinux/alt-php74/root/usr/include/php/ext/mbstring HTTP/2.0" 200 20560 "-" "Mozilla/5.0 AppleWebKit/537.36 (KHTML, like Gecko; compatible; GPTBot/1.2; +https://openai.com/gptbot)"
66.249.75.162 - - [08/Nov/2025:13:39:04 +0100] "GET /brother048006829.html HTTP/1.1" 200 203716 "-" "Mozilla/5.0 (Linux; Android 6.0.1; Nexus 5X Build/MMB29P) AppleWebKit/537.36 (KHTML, like Gecko) Chrome/141.0.7390.122 Mobile Safari/537.36 (compatible; Googlebot/2.1; +http://www.google.com/bot.html)"
