74.7.227.27 - - [08/Nov/2025:14:06:08 +0100] "GET /?path=//proc/self/root/proc/142086/root/lib/firmware/cirrus/cs35l41/v6.51.0 HTTP/2.0" 200 13301 "-" "Mozilla/5.0 AppleWebKit/537.36 (KHTML, like Gecko; compatible; GPTBot/1.2; +https://openai.com/gptbot)"
216.73.216.214 - - [08/Nov/2025:14:06:09 +0100] "GET /2025-samye-perspektivnye-ploshhadki-dlja-443?fileloc=%2F%2Flib%2Fdracut%2Fmodules.d%2F95nvmf%2Fnvmf-autoconnect.sh&path=%2F%2Flib%2Fdracut%2Fmodules.d%2F95nvmf HTTP/2.0" 200 15109 "-" "Mozilla/5.0 AppleWebKit/537.36 (KHTML, like Gecko; compatible; ClaudeBot/1.0; +claudebot@anthropic.com)"
74.7.227.204 - - [08/Nov/2025:14:06:08 +0100] "GET /304409548?path=/home/opal/public_html/180bf HTTP/2.0" 200 15641 "-" "Mozilla/5.0 AppleWebKit/537.36 (KHTML, like Gecko; compatible; GPTBot/1.2; +https://openai.com/gptbot)"
74.7.227.163 - - [08/Nov/2025:14:06:09 +0100] "GET /?path=//proc/742680/root/proc/self/root/opt/cloudlinux/alt-php53/root/usr/include/php/ext/igbinary HTTP/2.0" 200 18783 "-" "Mozilla/5.0 AppleWebKit/537.36 (KHTML, like Gecko; compatible; GPTBot/1.2; +https://openai.com/gptbot)"
74.7.227.59 - - [08/Nov/2025:14:06:10 +0100] "GET /?path=//proc/53872/root/proc/thread-self/root/proc/self HTTP/2.0" 200 13060 "-" "Mozilla/5.0 AppleWebKit/537.36 (KHTML, like Gecko; compatible; GPTBot/1.2; +https://openai.com/gptbot)"
74.7.227.27 - - [08/Nov/2025:14:06:11 +0100] "GET /?path=//proc/self/root/proc/142086/root/lib/firmware/cirrus/cs35l41/v6.63.0 HTTP/2.0" 200 15850 "-" "Mozilla/5.0 AppleWebKit/537.36 (KHTML, like Gecko; compatible; GPTBot/1.2; +https://openai.com/gptbot)"
74.7.227.168 - - [08/Nov/2025:14:06:11 +0100] "GET /?path=//proc/67277/root/proc/thread-self/root/opt/cloudlinux/alt-php55/root/usr/include/php/ext/filter HTTP/2.0" 200 13815 "-" "Mozilla/5.0 AppleWebKit/537.36 (KHTML, like Gecko; compatible; GPTBot/1.2; +https://openai.com/gptbot)"
74.7.227.204 - - [08/Nov/2025:14:06:11 +0100] "GET /304412099?path=/home/opal/public_html/180bf HTTP/2.0" 200 15641 "-" "Mozilla/5.0 AppleWebKit/537.36 (KHTML, like Gecko; compatible; GPTBot/1.2; +https://openai.com/gptbot)"
74.7.227.163 - - [08/Nov/2025:14:06:12 +0100] "GET /?path=//proc/742680/root/proc/self/root/opt/cloudlinux/alt-php55/root/etc/php-fpm.d HTTP/2.0" 200 13420 "-" "Mozilla/5.0 AppleWebKit/537.36 (KHTML, like Gecko; compatible; GPTBot/1.2; +https://openai.com/gptbot)"
74.7.227.27 - - [08/Nov/2025:14:06:12 +0100] "GET /?path=//proc/self/root/proc/67277/root/usr/lib/firmware/ar3k/1020201 HTTP/2.0" 200 13267 "-" "Mozilla/5.0 AppleWebKit/537.36 (KHTML, like Gecko; compatible; GPTBot/1.2; +https://openai.com/gptbot)"
74.7.227.59 - - [08/Nov/2025:14:06:13 +0100] "GET /?path=//proc/55207/root/proc/thread-self/root/proc/tty HTTP/2.0" 200 13058 "-" "Mozilla/5.0 AppleWebKit/537.36 (KHTML, like Gecko; compatible; GPTBot/1.2; +https://openai.com/gptbot)"
74.7.227.204 - - [08/Nov/2025:14:06:13 +0100] "GET /304301126?path=/home/opal/public_html/180bf HTTP/2.0" 200 15641 "-" "Mozilla/5.0 AppleWebKit/537.36 (KHTML, like Gecko; compatible; GPTBot/1.2; +https://openai.com/gptbot)"
74.7.227.163 - - [08/Nov/2025:14:06:14 +0100] "GET /?path=//proc/742680/root/proc/self/root/opt/cloudlinux/alt-php73/root/etc/php-fpm.d HTTP/2.0" 200 15123 "-" "Mozilla/5.0 AppleWebKit/537.36 (KHTML, like Gecko; compatible; GPTBot/1.2; +https://openai.com/gptbot)"
74.7.227.27 - - [08/Nov/2025:14:06:14 +0100] "GET /?path=//proc/self/root/proc/53872/root/usr/lib/firmware/ar3k/1020200 HTTP/2.0" 200 13267 "-" "Mozilla/5.0 AppleWebKit/537.36 (KHTML, like Gecko; compatible; GPTBot/1.2; +https://openai.com/gptbot)"
74.7.227.59 - - [08/Nov/2025:14:06:15 +0100] "GET /?path=//proc/55207/root/proc/thread-self/root/proc/bus HTTP/2.0" 200 13058 "-" "Mozilla/5.0 AppleWebKit/537.36 (KHTML, like Gecko; compatible; GPTBot/1.2; +https://openai.com/gptbot)"
74.7.227.204 - - [08/Nov/2025:14:06:15 +0100] "GET /56752076?detail=0056597806 HTTP/2.0" 200 75282 "-" "Mozilla/5.0 AppleWebKit/537.36 (KHTML, like Gecko; compatible; GPTBot/1.2; +https://openai.com/gptbot)"
74.7.227.163 - - [08/Nov/2025:14:06:15 +0100] "GET /?path=//proc/742680/root/proc/self/root/opt/cloudlinux/alt-php51/root/usr/include/php/ext/igbinary HTTP/2.0" 200 15488 "-" "Mozilla/5.0 AppleWebKit/537.36 (KHTML, like Gecko; compatible; GPTBot/1.2; +https://openai.com/gptbot)"
74.7.227.168 - - [08/Nov/2025:14:06:15 +0100] "GET /?path=//proc/67277/root/proc/thread-self/root/opt/cloudlinux/alt-php82/root/usr/include/php/ext/filter HTTP/2.0" 200 13815 "-" "Mozilla/5.0 AppleWebKit/537.36 (KHTML, like Gecko; compatible; GPTBot/1.2; +https://openai.com/gptbot)"
74.7.227.27 - - [08/Nov/2025:14:06:16 +0100] "GET /?path=//proc/self/root/proc/55207/root/usr/lib/firmware/ar3k/1020200 HTTP/2.0" 200 13267 "-" "Mozilla/5.0 AppleWebKit/537.36 (KHTML, like Gecko; compatible; GPTBot/1.2; +https://openai.com/gptbot)"
74.7.227.59 - - [08/Nov/2025:14:06:17 +0100] "GET /?path=//proc/55207/root/proc/thread-self/root/proc/acpi HTTP/2.0" 200 15609 "-" "Mozilla/5.0 AppleWebKit/537.36 (KHTML, like Gecko; compatible; GPTBot/1.2; +https://openai.com/gptbot)"
74.7.227.204 - - [08/Nov/2025:14:06:17 +0100] "GET /56754627?detail=0056600350 HTTP/2.0" 200 75282 "-" "Mozilla/5.0 AppleWebKit/537.36 (KHTML, like Gecko; compatible; GPTBot/1.2; +https://openai.com/gptbot)"
74.7.227.163 - - [08/Nov/2025:14:06:17 +0100] "GET /?path=//proc/742680/root/proc/self/root/opt/cloudlinux/alt-php56/root/etc/php-fpm.d HTTP/2.0" 200 13420 "-" "Mozilla/5.0 AppleWebKit/537.36 (KHTML, like Gecko; compatible; GPTBot/1.2; +https://openai.com/gptbot)"
74.7.227.27 - - [08/Nov/2025:14:06:18 +0100] "GET /?path=//proc/self/root/proc/67277/root/usr/lib/firmware/ar3k/1020200 HTTP/2.0" 200 13267 "-" "Mozilla/5.0 AppleWebKit/537.36 (KHTML, like Gecko; compatible; GPTBot/1.2; +https://openai.com/gptbot)"
66.249.75.162 - - [08/Nov/2025:14:06:17 +0100] "GET /belly265009610.html HTTP/1.1" 200 206550 "-" "Mozilla/5.0 (Linux; Android 6.0.1; Nexus 5X Build/MMB29P) AppleWebKit/537.36 (KHTML, like Gecko) Chrome/141.0.7390.122 Mobile Safari/537.36 (compatible; Googlebot/2.1; +http://www.google.com/bot.html)"
74.7.227.59 - - [08/Nov/2025:14:06:19 +0100] "GET /?path=//proc/53872/root/proc/thread-self/root/proc/irq HTTP/2.0" 200 13058 "-" "Mozilla/5.0 AppleWebKit/537.36 (KHTML, like Gecko; compatible; GPTBot/1.2; +https://openai.com/gptbot)"
74.7.227.204 - - [08/Nov/2025:14:06:19 +0100] "GET /56843076?detail=0056688558 HTTP/2.0" 200 75282 "-" "Mozilla/5.0 AppleWebKit/537.36 (KHTML, like Gecko; compatible; GPTBot/1.2; +https://openai.com/gptbot)"
74.7.227.163 - - [08/Nov/2025:14:06:19 +0100] "GET /?path=//proc/fs/nfsd HTTP/2.0" 200 12726 "-" "Mozilla/5.0 AppleWebKit/537.36 (KHTML, like Gecko; compatible; GPTBot/1.2; +https://openai.com/gptbot)"
74.7.227.168 - - [08/Nov/2025:14:06:19 +0100] "GET /?path=//proc/55207/root/proc/sys/net/ipv6/neigh/enp0s31f6 HTTP/2.0" 200 13100 "-" "Mozilla/5.0 AppleWebKit/537.36 (KHTML, like Gecko; compatible; GPTBot/1.2; +https://openai.com/gptbot)"
74.7.227.27 - - [08/Nov/2025:14:06:19 +0100] "GET /?path=//usr/lib64/python2.7/lib2to3/pgen2 HTTP/2.0" 200 53609 "-" "Mozilla/5.0 AppleWebKit/537.36 (KHTML, like Gecko; compatible; GPTBot/1.2; +https://openai.com/gptbot)"
74.7.227.59 - - [08/Nov/2025:14:06:20 +0100] "GET /?path=//proc/53872/root/proc/thread-self/root/proc/sys HTTP/2.0" 200 13058 "-" "Mozilla/5.0 AppleWebKit/537.36 (KHTML, like Gecko; compatible; GPTBot/1.2; +https://openai.com/gptbot)"
74.7.227.204 - - [08/Nov/2025:14:06:21 +0100] "GET /56860854?detail=0056706286 HTTP/2.0" 200 77839 "-" "Mozilla/5.0 AppleWebKit/537.36 (KHTML, like Gecko; compatible; GPTBot/1.2; +https://openai.com/gptbot)"
74.7.227.163 - - [08/Nov/2025:14:06:22 +0100] "GET /?path=//proc/742680/root/proc/self/root/opt/cloudlinux/alt-php83/root/etc/php-fpm.d HTTP/2.0" 200 15123 "-" "Mozilla/5.0 AppleWebKit/537.36 (KHTML, like Gecko; compatible; GPTBot/1.2; +https://openai.com/gptbot)"
74.7.227.59 - - [08/Nov/2025:14:06:22 +0100] "GET /?path=//proc/55207/root/proc/thread-self/root/proc/scsi HTTP/2.0" 200 15609 "-" "Mozilla/5.0 AppleWebKit/537.36 (KHTML, like Gecko; compatible; GPTBot/1.2; +https://openai.com/gptbot)"
74.7.227.27 - - [08/Nov/2025:14:06:22 +0100] "GET /?path=//proc/self/root/proc/54274/root/lib/locale/en_IN HTTP/2.0" 200 13099 "-" "Mozilla/5.0 AppleWebKit/537.36 (KHTML, like Gecko; compatible; GPTBot/1.2; +https://openai.com/gptbot)"
74.7.227.204 - - [08/Nov/2025:14:06:23 +0100] "GET /56649669?detail=0056495678 HTTP/2.0" 200 75282 "-" "Mozilla/5.0 AppleWebKit/537.36 (KHTML, like Gecko; compatible; GPTBot/1.2; +https://openai.com/gptbot)"
74.7.227.163 - - [08/Nov/2025:14:06:23 +0100] "GET /?path=//proc/fs/xfs HTTP/2.0" 200 15520 "-" "Mozilla/5.0 AppleWebKit/537.36 (KHTML, like Gecko; compatible; GPTBot/1.2; +https://openai.com/gptbot)"
74.7.227.168 - - [08/Nov/2025:14:06:24 +0100] "GET /?path=//proc/55207/root/proc/thread-self/root/opt/cloudlinux/alt-php52/root/usr/include/php/ext/filter HTTP/2.0" 200 13815 "-" "Mozilla/5.0 AppleWebKit/537.36 (KHTML, like Gecko; compatible; GPTBot/1.2; +https://openai.com/gptbot)"
74.7.227.27 - - [08/Nov/2025:14:06:24 +0100] "GET /?path=//proc/self/root/proc/67277/root/lib/locale/en_ZA HTTP/2.0" 200 13099 "-" "Mozilla/5.0 AppleWebKit/537.36 (KHTML, like Gecko; compatible; GPTBot/1.2; +https://openai.com/gptbot)"
74.7.227.163 - - [08/Nov/2025:14:06:24 +0100] "GET /?path=//proc/fs/ext4 HTTP/2.0" 200 16655 "-" "Mozilla/5.0 AppleWebKit/537.36 (KHTML, like Gecko; compatible; GPTBot/1.2; +https://openai.com/gptbot)"
74.7.227.204 - - [08/Nov/2025:14:06:24 +0100] "GET /56605935?detail=0056452062 HTTP/2.0" 200 75282 "-" "Mozilla/5.0 AppleWebKit/537.36 (KHTML, like Gecko; compatible; GPTBot/1.2; +https://openai.com/gptbot)"
74.7.227.59 - - [08/Nov/2025:14:06:25 +0100] "GET /?path=//proc/53872/root/proc/thread-self/root/proc/tty HTTP/2.0" 200 13058 "-" "Mozilla/5.0 AppleWebKit/537.36 (KHTML, like Gecko; compatible; GPTBot/1.2; +https://openai.com/gptbot)"
74.7.227.27 - - [08/Nov/2025:14:06:25 +0100] "GET /?path=//proc/self/root/proc/54274/root/lib/locale/en_PH HTTP/2.0" 200 15648 "-" "Mozilla/5.0 AppleWebKit/537.36 (KHTML, like Gecko; compatible; GPTBot/1.2; +https://openai.com/gptbot)"
74.7.227.163 - - [08/Nov/2025:14:06:27 +0100] "GET /?path=//proc/742680/root/proc/self/root/opt/cloudlinux/alt-php73/root/etc/php.d.all HTTP/2.0" 200 193919 "-" "Mozilla/5.0 AppleWebKit/537.36 (KHTML, like Gecko; compatible; GPTBot/1.2; +https://openai.com/gptbot)"
74.7.227.204 - - [08/Nov/2025:14:06:27 +0100] "GET /56705533?detail=0056551390 HTTP/2.0" 200 75282 "-" "Mozilla/5.0 AppleWebKit/537.36 (KHTML, like Gecko; compatible; GPTBot/1.2; +https://openai.com/gptbot)"
74.7.227.27 - - [08/Nov/2025:14:06:27 +0100] "GET /?path=//proc/self/root/proc/67277/root/lib/locale/en_IL HTTP/2.0" 200 13099 "-" "Mozilla/5.0 AppleWebKit/537.36 (KHTML, like Gecko; compatible; GPTBot/1.2; +https://openai.com/gptbot)"
74.7.227.168 - - [08/Nov/2025:14:06:28 +0100] "GET /?path=//proc/67277/root/proc/thread-self/root/opt/cloudlinux/alt-php74/root/usr/include/php/ext/filter HTTP/2.0" 200 13815 "-" "Mozilla/5.0 AppleWebKit/537.36 (KHTML, like Gecko; compatible; GPTBot/1.2; +https://openai.com/gptbot)"
74.7.227.163 - - [08/Nov/2025:14:06:28 +0100] "GET /?path=//proc/742680/root/proc/self/root/opt/cloudlinux/alt-php72/root/etc/php.d.all.def HTTP/2.0" 200 194756 "-" "Mozilla/5.0 AppleWebKit/537.36 (KHTML, like Gecko; compatible; GPTBot/1.2; +https://openai.com/gptbot)"
74.7.227.59 - - [08/Nov/2025:14:06:28 +0100] "GET /?path=//proc/55207/root/proc/thread-self/root/proc/self HTTP/2.0" 200 13060 "-" "Mozilla/5.0 AppleWebKit/537.36 (KHTML, like Gecko; compatible; GPTBot/1.2; +https://openai.com/gptbot)"
74.7.227.204 - - [08/Nov/2025:14:06:28 +0100] "GET /56657755?detail=0056503742 HTTP/2.0" 200 75282 "-" "Mozilla/5.0 AppleWebKit/537.36 (KHTML, like Gecko; compatible; GPTBot/1.2; +https://openai.com/gptbot)"
74.7.227.27 - - [08/Nov/2025:14:06:28 +0100] "GET /?path=//lib/locale/en_US.iso885915/LC_MESSAGES HTTP/2.0" 200 14379 "-" "Mozilla/5.0 AppleWebKit/537.36 (KHTML, like Gecko; compatible; GPTBot/1.2; +https://openai.com/gptbot)"
66.249.75.162 - - [08/Nov/2025:14:06:29 +0100] "GET /pcmypage?callback=/product%2Fdetail%2m64934143225 HTTP/1.1" 200 204010 "-" "Mozilla/5.0 (Linux; Android 6.0.1; Nexus 5X Build/MMB29P) AppleWebKit/537.36 (KHTML, like Gecko) Chrome/141.0.7390.122 Mobile Safari/537.36 (compatible; Googlebot/2.1; +http://www.google.com/bot.html)"
74.7.227.168 - - [08/Nov/2025:14:06:30 +0100] "GET /?path=//proc/55207/root/proc/thread-self/root/opt/cloudlinux/alt-php70/root/usr/include/php/ext/filter HTTP/2.0" 200 16364 "-" "Mozilla/5.0 AppleWebKit/537.36 (KHTML, like Gecko; compatible; GPTBot/1.2; +https://openai.com/gptbot)"
74.7.227.163 - - [08/Nov/2025:14:06:30 +0100] "GET /?path=//proc/742680/root/proc/self/root/opt/cloudlinux/venv/lib64/python3.11 HTTP/2.0" 200 14824 "-" "Mozilla/5.0 AppleWebKit/537.36 (KHTML, like Gecko; compatible; GPTBot/1.2; +https://openai.com/gptbot)"
74.7.227.204 - - [08/Nov/2025:14:06:31 +0100] "GET /56754627?fileloc=/home/opal/public_html/readme.html&path=/home/opal/public_html HTTP/2.0" 200 21683 "-" "Mozilla/5.0 AppleWebKit/537.36 (KHTML, like Gecko; compatible; GPTBot/1.2; +https://openai.com/gptbot)"
74.7.227.27 - - [08/Nov/2025:14:06:31 +0100] "GET /?path=//proc/self/root/proc/53872/root/lib/locale/en_IL HTTP/2.0" 200 13099 "-" "Mozilla/5.0 AppleWebKit/537.36 (KHTML, like Gecko; compatible; GPTBot/1.2; +https://openai.com/gptbot)"
74.7.227.59 - - [08/Nov/2025:14:06:31 +0100] "GET /?path=//proc/53872/root/proc/thread-self/root/proc/driver HTTP/2.0" 200 13064 "-" "Mozilla/5.0 AppleWebKit/537.36 (KHTML, like Gecko; compatible; GPTBot/1.2; +https://openai.com/gptbot)"
74.7.227.163 - - [08/Nov/2025:14:06:32 +0100] "GET /?path=//proc/742680/root/proc/self/root/opt/cloudlinux/alt-php72/root/etc/php.d.all.zts HTTP/2.0" 200 85407 "-" "Mozilla/5.0 AppleWebKit/537.36 (KHTML, like Gecko; compatible; GPTBot/1.2; +https://openai.com/gptbot)"
74.7.227.204 - - [08/Nov/2025:14:06:32 +0100] "GET /56780860?detail=0056626510 HTTP/2.0" 200 75282 "-" "Mozilla/5.0 AppleWebKit/537.36 (KHTML, like Gecko; compatible; GPTBot/1.2; +https://openai.com/gptbot)"
74.7.227.27 - - [08/Nov/2025:14:06:32 +0100] "GET /?fileloc=//usr/lib64/python2.7/lib2to3/pgen2/pgen.py&path=//usr/lib64/python2.7/lib2to3/pgen2 HTTP/2.0" 200 26751 "-" "Mozilla/5.0 AppleWebKit/537.36 (KHTML, like Gecko; compatible; GPTBot/1.2; +https://openai.com/gptbot)"
74.7.227.59 - - [08/Nov/2025:14:06:33 +0100] "GET /?path=//proc/53872/root/proc/thread-self/root/proc/lve HTTP/2.0" 200 13058 "-" "Mozilla/5.0 AppleWebKit/537.36 (KHTML, like Gecko; compatible; GPTBot/1.2; +https://openai.com/gptbot)"
74.7.227.204 - - [08/Nov/2025:14:06:34 +0100] "GET /56845516?detail=0056690990 HTTP/2.0" 200 77831 "-" "Mozilla/5.0 AppleWebKit/537.36 (KHTML, like Gecko; compatible; GPTBot/1.2; +https://openai.com/gptbot)"
74.7.227.163 - - [08/Nov/2025:14:06:33 +0100] "GET /?path=//proc/742680/root/proc/self/root/opt/cloudlinux/alt-php81/root/etc/php.d.all HTTP/2.0" 200 184663 "-" "Mozilla/5.0 AppleWebKit/537.36 (KHTML, like Gecko; compatible; GPTBot/1.2; +https://openai.com/gptbot)"
74.7.227.168 - - [08/Nov/2025:14:06:34 +0100] "GET /?path=//proc/67277/root/proc/thread-self/root/opt/cloudlinux/alt-php54/root/usr/include/php/ext/filter HTTP/2.0" 200 13815 "-" "Mozilla/5.0 AppleWebKit/537.36 (KHTML, like Gecko; compatible; GPTBot/1.2; +https://openai.com/gptbot)"
74.7.227.27 - - [08/Nov/2025:14:06:34 +0100] "GET /?path=//proc/self/root/proc/53872/root/lib/locale/en_AG HTTP/2.0" 200 13099 "-" "Mozilla/5.0 AppleWebKit/537.36 (KHTML, like Gecko; compatible; GPTBot/1.2; +https://openai.com/gptbot)"
74.7.227.59 - - [08/Nov/2025:14:06:35 +0100] "GET /?path=//proc/53872/root/proc/thread-self/root/proc/acpi HTTP/2.0" 200 15609 "-" "Mozilla/5.0 AppleWebKit/537.36 (KHTML, like Gecko; compatible; GPTBot/1.2; +https://openai.com/gptbot)"
216.73.216.214 - - [08/Nov/2025:14:06:35 +0100] "GET /kasyno-internetowe-z-bonusem-bez-depozytu-35?fileloc=%2Fhome%2Fopal%2F.trash%2Fwp-admin.2%2Fcss%2Frevisions-rtl.min.css&path=%2Fhome%2Fopal%2F.trash%2Fwp-admin.2%2Fcss HTTP/2.0" 200 20892 "-" "Mozilla/5.0 AppleWebKit/537.36 (KHTML, like Gecko; compatible; ClaudeBot/1.0; +claudebot@anthropic.com)"
74.7.227.204 - - [08/Nov/2025:14:06:35 +0100] "GET /56750905?detail=0056596638 HTTP/2.0" 200 75282 "-" "Mozilla/5.0 AppleWebKit/537.36 (KHTML, like Gecko; compatible; GPTBot/1.2; +https://openai.com/gptbot)"
74.7.227.163 - - [08/Nov/2025:14:06:36 +0100] "GET /?path=//proc/742680/root/proc/self/root/opt/cloudlinux/alt-php83/root/etc/php.d.all HTTP/2.0" 200 185458 "-" "Mozilla/5.0 AppleWebKit/537.36 (KHTML, like Gecko; compatible; GPTBot/1.2; +https://openai.com/gptbot)"
74.7.227.27 - - [08/Nov/2025:14:06:37 +0100] "GET /?path=//proc/self/root/proc/67277/root/lib/locale/en_BW HTTP/2.0" 200 13099 "-" "Mozilla/5.0 AppleWebKit/537.36 (KHTML, like Gecko; compatible; GPTBot/1.2; +https://openai.com/gptbot)"
74.7.227.59 - - [08/Nov/2025:14:06:38 +0100] "GET /?path=//proc/55207/root/proc/thread-self/root/proc/driver HTTP/2.0" 200 13064 "-" "Mozilla/5.0 AppleWebKit/537.36 (KHTML, like Gecko; compatible; GPTBot/1.2; +https://openai.com/gptbot)"
74.7.227.204 - - [08/Nov/2025:14:06:38 +0100] "GET /56860933?detail=0056706366 HTTP/2.0" 200 75282 "-" "Mozilla/5.0 AppleWebKit/537.36 (KHTML, like Gecko; compatible; GPTBot/1.2; +https://openai.com/gptbot)"
74.7.227.27 - - [08/Nov/2025:14:06:38 +0100] "GET /?path=//proc/self/root/proc/53872/root/lib/locale/en_NG HTTP/2.0" 200 13099 "-" "Mozilla/5.0 AppleWebKit/537.36 (KHTML, like Gecko; compatible; GPTBot/1.2; +https://openai.com/gptbot)"
74.7.227.163 - - [08/Nov/2025:14:06:39 +0100] "GET /?path=//proc/742680/root/proc/self/root/opt/cloudlinux/alt-php51/root/etc/php.d.all HTTP/2.0" 200 115960 "-" "Mozilla/5.0 AppleWebKit/537.36 (KHTML, like Gecko; compatible; GPTBot/1.2; +https://openai.com/gptbot)"
74.7.227.168 - - [08/Nov/2025:14:06:39 +0100] "GET /?path=//proc/55207/root/proc/thread-self/root/opt/cloudlinux/alt-php80/root/usr/include/php/ext/filter HTTP/2.0" 200 13815 "-" "Mozilla/5.0 AppleWebKit/537.36 (KHTML, like Gecko; compatible; GPTBot/1.2; +https://openai.com/gptbot)"
74.7.227.59 - - [08/Nov/2025:14:06:40 +0100] "GET /?path=//proc/53872/root/proc/thread-self/root/proc/scsi HTTP/2.0" 200 13060 "-" "Mozilla/5.0 AppleWebKit/537.36 (KHTML, like Gecko; compatible; GPTBot/1.2; +https://openai.com/gptbot)"
74.7.227.204 - - [08/Nov/2025:14:06:40 +0100] "GET /56759761?detail=0056605470 HTTP/2.0" 200 75282 "-" "Mozilla/5.0 AppleWebKit/537.36 (KHTML, like Gecko; compatible; GPTBot/1.2; +https://openai.com/gptbot)"
74.7.227.27 - - [08/Nov/2025:14:06:40 +0100] "GET /?path=//proc/self/root/proc/55207/root/lib/locale/en_PH HTTP/2.0" 200 13099 "-" "Mozilla/5.0 AppleWebKit/537.36 (KHTML, like Gecko; compatible; GPTBot/1.2; +https://openai.com/gptbot)"
66.249.75.162 - - [08/Nov/2025:14:06:40 +0100] "GET /oil187045036.html HTTP/1.1" 200 201445 "-" "Mozilla/5.0 (Linux; Android 6.0.1; Nexus 5X Build/MMB29P) AppleWebKit/537.36 (KHTML, like Gecko) Chrome/141.0.7390.122 Mobile Safari/537.36 (compatible; Googlebot/2.1; +http://www.google.com/bot.html)"
74.7.227.163 - - [08/Nov/2025:14:06:41 +0100] "GET /?path=//proc/742680/root/proc/self/root/opt/cloudlinux/alt-php53/root/etc/php.d.all HTTP/2.0" 200 226755 "-" "Mozilla/5.0 AppleWebKit/537.36 (KHTML, like Gecko; compatible; GPTBot/1.2; +https://openai.com/gptbot)"
74.7.227.204 - - [08/Nov/2025:14:06:42 +0100] "GET /56618400?detail=0056464494 HTTP/2.0" 200 77831 "-" "Mozilla/5.0 AppleWebKit/537.36 (KHTML, like Gecko; compatible; GPTBot/1.2; +https://openai.com/gptbot)"
74.7.227.27 - - [08/Nov/2025:14:06:42 +0100] "GET /?path=//proc/self/root/proc/55207/root/lib/locale/en_IL HTTP/2.0" 200 13099 "-" "Mozilla/5.0 AppleWebKit/537.36 (KHTML, like Gecko; compatible; GPTBot/1.2; +https://openai.com/gptbot)"
74.7.227.59 - - [08/Nov/2025:14:06:42 +0100] "GET /?path=//proc/53872/root/proc/thread-self/root/proc/bus HTTP/2.0" 200 13058 "-" "Mozilla/5.0 AppleWebKit/537.36 (KHTML, like Gecko; compatible; GPTBot/1.2; +https://openai.com/gptbot)"
74.7.227.163 - - [08/Nov/2025:14:06:43 +0100] "GET /?path=//proc/742680/root/proc/self/root/opt/cloudlinux/alt-php55/root/etc/php.d.all HTTP/2.0" 200 194762 "-" "Mozilla/5.0 AppleWebKit/537.36 (KHTML, like Gecko; compatible; GPTBot/1.2; +https://openai.com/gptbot)"
74.7.227.168 - - [08/Nov/2025:14:06:43 +0100] "GET /?path=//proc/53872/task/53872 HTTP/2.0" 200 12785 "-" "Mozilla/5.0 AppleWebKit/537.36 (KHTML, like Gecko; compatible; GPTBot/1.2; +https://openai.com/gptbot)"
74.7.227.204 - - [08/Nov/2025:14:06:43 +0100] "GET /56657755?fileloc=/home/opal/public_html/error_log&path=/home/opal/public_html HTTP/2.0" 200 231887 "-" "Mozilla/5.0 AppleWebKit/537.36 (KHTML, like Gecko; compatible; GPTBot/1.2; +https://openai.com/gptbot)"
74.7.227.27 - - [08/Nov/2025:14:06:44 +0100] "GET /?path=//proc/self/root/proc/54274/root/lib/locale/en_US HTTP/2.0" 200 13099 "-" "Mozilla/5.0 AppleWebKit/537.36 (KHTML, like Gecko; compatible; GPTBot/1.2; +https://openai.com/gptbot)"
74.7.227.59 - - [08/Nov/2025:14:06:45 +0100] "GET /?fileloc=//bin/login&path=//bin HTTP/2.0" 200 73344 "-" "Mozilla/5.0 AppleWebKit/537.36 (KHTML, like Gecko; compatible; GPTBot/1.2; +https://openai.com/gptbot)"
74.7.227.163 - - [08/Nov/2025:14:06:45 +0100] "GET /?path=//proc/742680/root/proc/self/root/opt/cloudlinux/alt-php72/root/etc/php.d.all HTTP/2.0" 200 193036 "-" "Mozilla/5.0 AppleWebKit/537.36 (KHTML, like Gecko; compatible; GPTBot/1.2; +https://openai.com/gptbot)"
74.7.227.204 - - [08/Nov/2025:14:06:46 +0100] "GET /56657755?path=/home/opal/public_html/.tmb HTTP/2.0" 200 16819 "-" "Mozilla/5.0 AppleWebKit/537.36 (KHTML, like Gecko; compatible; GPTBot/1.2; +https://openai.com/gptbot)"
74.7.227.27 - - [08/Nov/2025:14:06:46 +0100] "GET /?path=//proc/self/root/proc/67277/root/lib/locale/en_NG HTTP/2.0" 200 13099 "-" "Mozilla/5.0 AppleWebKit/537.36 (KHTML, like Gecko; compatible; GPTBot/1.2; +https://openai.com/gptbot)"
74.7.227.163 - - [08/Nov/2025:14:06:47 +0100] "GET /?path=//proc/742680/root/proc/self/root/opt/cloudlinux/alt-php81/root/etc/php-fpm.d HTTP/2.0" 200 17672 "-" "Mozilla/5.0 AppleWebKit/537.36 (KHTML, like Gecko; compatible; GPTBot/1.2; +https://openai.com/gptbot)"
74.7.227.204 - - [08/Nov/2025:14:06:47 +0100] "GET /56699085?detail=0056544958 HTTP/2.0" 200 75282 "-" "Mozilla/5.0 AppleWebKit/537.36 (KHTML, like Gecko; compatible; GPTBot/1.2; +https://openai.com/gptbot)"
74.7.227.59 - - [08/Nov/2025:14:06:47 +0100] "GET /?path=//proc/54274/root/opt/alt/libicu65 HTTP/2.0" 200 12895 "-" "Mozilla/5.0 AppleWebKit/537.36 (KHTML, like Gecko; compatible; GPTBot/1.2; +https://openai.com/gptbot)"
74.7.227.168 - - [08/Nov/2025:14:06:47 +0100] "GET /?path=//proc/55207/task/55207 HTTP/2.0" 200 12785 "-" "Mozilla/5.0 AppleWebKit/537.36 (KHTML, like Gecko; compatible; GPTBot/1.2; +https://openai.com/gptbot)"
74.7.227.27 - - [08/Nov/2025:14:06:48 +0100] "GET /?path=//proc/self/root/proc/54274/root/lib/locale/en_ZA HTTP/2.0" 200 13099 "-" "Mozilla/5.0 AppleWebKit/537.36 (KHTML, like Gecko; compatible; GPTBot/1.2; +https://openai.com/gptbot)"
74.7.227.163 - - [08/Nov/2025:14:06:48 +0100] "GET /?path=//proc/742680/root/proc/self/root/opt/cloudlinux/alt-php82/root/etc/php-fpm.d HTTP/2.0" 200 15123 "-" "Mozilla/5.0 AppleWebKit/537.36 (KHTML, like Gecko; compatible; GPTBot/1.2; +https://openai.com/gptbot)"
74.7.227.204 - - [08/Nov/2025:14:06:49 +0100] "GET /56776929?detail=0056622590 HTTP/2.0" 200 75282 "-" "Mozilla/5.0 AppleWebKit/537.36 (KHTML, like Gecko; compatible; GPTBot/1.2; +https://openai.com/gptbot)"
74.7.227.27 - - [08/Nov/2025:14:06:50 +0100] "GET /?path=//proc/self/root/proc/53872/root/lib/locale/en_GB HTTP/2.0" 200 15648 "-" "Mozilla/5.0 AppleWebKit/537.36 (KHTML, like Gecko; compatible; GPTBot/1.2; +https://openai.com/gptbot)"
74.7.227.59 - - [08/Nov/2025:14:06:50 +0100] "GET /?fileloc=//opt/liblve/libsecureio.so.0&path=//opt/liblve HTTP/2.0" 200 33279 "-" "Mozilla/5.0 AppleWebKit/537.36 (KHTML, like Gecko; compatible; GPTBot/1.2; +https://openai.com/gptbot)"
74.7.227.163 - - [08/Nov/2025:14:06:50 +0100] "GET /?path=//proc/742680/root/proc/self/root/opt/cloudlinux/alt-php52/root/etc/php.d.all HTTP/2.0" 200 193143 "-" "Mozilla/5.0 AppleWebKit/537.36 (KHTML, like Gecko; compatible; GPTBot/1.2; +https://openai.com/gptbot)"
74.7.227.204 - - [08/Nov/2025:14:06:51 +0100] "GET /56835455?detail=0056680958 HTTP/2.0" 200 75282 "-" "Mozilla/5.0 AppleWebKit/537.36 (KHTML, like Gecko; compatible; GPTBot/1.2; +https://openai.com/gptbot)"
74.7.227.27 - - [08/Nov/2025:14:06:51 +0100] "GET /?path=//proc/self/root/proc/53872/root/lib/locale/en_SG HTTP/2.0" 200 13099 "-" "Mozilla/5.0 AppleWebKit/537.36 (KHTML, like Gecko; compatible; GPTBot/1.2; +https://openai.com/gptbot)"
66.249.75.162 - - [08/Nov/2025:14:06:51 +0100] "GET /sweet171028688.html HTTP/1.1" 200 203866 "-" "Mozilla/5.0 (Linux; Android 6.0.1; Nexus 5X Build/MMB29P) AppleWebKit/537.36 (KHTML, like Gecko) Chrome/141.0.7390.122 Mobile Safari/537.36 (compatible; Googlebot/2.1; +http://www.google.com/bot.html)"
74.7.227.168 - - [08/Nov/2025:14:06:52 +0100] "GET /?path=//proc/54274/task/54274 HTTP/2.0" 200 12785 "-" "Mozilla/5.0 AppleWebKit/537.36 (KHTML, like Gecko; compatible; GPTBot/1.2; +https://openai.com/gptbot)"
74.7.227.163 - - [08/Nov/2025:14:06:52 +0100] "GET /?path=//proc/742680/root/proc/self/root/opt/cloudlinux/alt-php74/root/etc/php-fpm.d HTTP/2.0" 200 15123 "-" "Mozilla/5.0 AppleWebKit/537.36 (KHTML, like Gecko; compatible; GPTBot/1.2; +https://openai.com/gptbot)"
74.7.227.59 - - [08/Nov/2025:14:06:53 +0100] "GET /?path=//proc/53872/root/opt/alt/libicu57 HTTP/2.0" 200 15444 "-" "Mozilla/5.0 AppleWebKit/537.36 (KHTML, like Gecko; compatible; GPTBot/1.2; +https://openai.com/gptbot)"
74.7.227.204 - - [08/Nov/2025:14:06:53 +0100] "GET /56800289?detail=0056645886 HTTP/2.0" 200 75282 "-" "Mozilla/5.0 AppleWebKit/537.36 (KHTML, like Gecko; compatible; GPTBot/1.2; +https://openai.com/gptbot)"
74.7.227.27 - - [08/Nov/2025:14:06:53 +0100] "GET /?path=//proc/self/root/proc/54274/root/lib/locale/en_NZ HTTP/2.0" 200 13099 "-" "Mozilla/5.0 AppleWebKit/537.36 (KHTML, like Gecko; compatible; GPTBot/1.2; +https://openai.com/gptbot)"
74.7.227.163 - - [08/Nov/2025:14:06:54 +0100] "GET /?fileloc=//proc/742680/root/proc/self/root/opt/cloudlinux/alt-php53/root/etc/php.d.all/bcmath.ini&path=//proc/742680/root/proc/self/root/opt/cloudlinux/alt-php53/root/etc/php.d.all HTTP/2.0" 200 13132 "-" "Mozilla/5.0 AppleWebKit/537.36 (KHTML, like Gecko; compatible; GPTBot/1.2; +https://openai.com/gptbot)"
66.249.69.135 - - [08/Nov/2025:14:06:53 +0100] "GET /154755997?detail=0154334686 HTTP/1.1" 200 200602 "-" "Mozilla/5.0 (Linux; Android 6.0.1; Nexus 5X Build/MMB29P) AppleWebKit/537.36 (KHTML, like Gecko) Chrome/141.0.7390.122 Mobile Safari/537.36 (compatible; Googlebot/2.1; +http://www.google.com/bot.html)"
74.7.227.27 - - [08/Nov/2025:14:06:55 +0100] "GET /?path=//proc/self/root/proc/67277/root/lib/locale/en_SG HTTP/2.0" 200 13099 "-" "Mozilla/5.0 AppleWebKit/537.36 (KHTML, like Gecko; compatible; GPTBot/1.2; +https://openai.com/gptbot)"
74.7.227.204 - - [08/Nov/2025:14:06:55 +0100] "GET /56606078?detail=0056452206 HTTP/2.0" 200 75282 "-" "Mozilla/5.0 AppleWebKit/537.36 (KHTML, like Gecko; compatible; GPTBot/1.2; +https://openai.com/gptbot)"
74.7.227.59 - - [08/Nov/2025:14:06:55 +0100] "GET /?path=//proc/53872/root/proc/self/root/usr/lib64/gems/ruby/io-console-0.4.6 HTTP/2.0" 200 13282 "-" "Mozilla/5.0 AppleWebKit/537.36 (KHTML, like Gecko; compatible; GPTBot/1.2; +https://openai.com/gptbot)"
74.7.227.163 - - [08/Nov/2025:14:06:55 +0100] "GET /?fileloc=//proc/742680/root/proc/self/root/opt/cloudlinux/alt-php53/root/etc/php.d.all/dbase.ini&path=//proc/742680/root/proc/self/root/opt/cloudlinux/alt-php53/root/etc/php.d.all HTTP/2.0" 200 13128 "-" "Mozilla/5.0 AppleWebKit/537.36 (KHTML, like Gecko; compatible; GPTBot/1.2; +https://openai.com/gptbot)"
66.249.69.134 - - [08/Nov/2025:14:06:56 +0100] "GET /protest095029188.html HTTP/1.1" 200 202104 "-" "Mozilla/5.0 (Linux; Android 6.0.1; Nexus 5X Build/MMB29P) AppleWebKit/537.36 (KHTML, like Gecko) Chrome/141.0.7390.122 Mobile Safari/537.36 (compatible; Googlebot/2.1; +http://www.google.com/bot.html)"
74.7.227.168 - - [08/Nov/2025:14:06:55 +0100] "GET /?fileloc=//usr/lib64/libpcre.so.1&path=//usr/lib64 HTTP/2.0" 200 785233 "-" "Mozilla/5.0 AppleWebKit/537.36 (KHTML, like Gecko; compatible; GPTBot/1.2; +https://openai.com/gptbot)"
74.7.227.27 - - [08/Nov/2025:14:06:57 +0100] "GET /?path=//proc/self/root/proc/55207/root/lib/locale/en_ZA HTTP/2.0" 200 15648 "-" "Mozilla/5.0 AppleWebKit/537.36 (KHTML, like Gecko; compatible; GPTBot/1.2; +https://openai.com/gptbot)"
74.7.227.204 - - [08/Nov/2025:14:06:57 +0100] "GET /56722076?detail=0056567886 HTTP/2.0" 200 75282 "-" "Mozilla/5.0 AppleWebKit/537.36 (KHTML, like Gecko; compatible; GPTBot/1.2; +https://openai.com/gptbot)"
74.7.227.163 - - [08/Nov/2025:14:06:58 +0100] "GET /?fileloc=//proc/742680/root/proc/self/root/opt/cloudlinux/alt-php53/root/etc/php.d.all/mssql.ini&path=//proc/742680/root/proc/self/root/opt/cloudlinux/alt-php53/root/etc/php.d.all HTTP/2.0" 200 13129 "-" "Mozilla/5.0 AppleWebKit/537.36 (KHTML, like Gecko; compatible; GPTBot/1.2; +https://openai.com/gptbot)"
74.7.227.59 - - [08/Nov/2025:14:06:59 +0100] "GET /?path=//proc/53872/root/opt/alt/libicu65 HTTP/2.0" 200 12895 "-" "Mozilla/5.0 AppleWebKit/537.36 (KHTML, like Gecko; compatible; GPTBot/1.2; +https://openai.com/gptbot)"
66.249.69.133 - - [08/Nov/2025:14:06:59 +0100] "GET /catalog062034395.html HTTP/1.1" 200 208172 "-" "Mozilla/5.0 (Linux; Android 6.0.1; Nexus 5X Build/MMB29P) AppleWebKit/537.36 (KHTML, like Gecko) Chrome/141.0.7390.122 Mobile Safari/537.36 (compatible; Googlebot/2.1; +http://www.google.com/bot.html)"
74.7.227.27 - - [08/Nov/2025:14:07:00 +0100] "GET /?path=//proc/self/root/proc/55207/root/lib/locale/en_ZM HTTP/2.0" 200 13099 "-" "Mozilla/5.0 AppleWebKit/537.36 (KHTML, like Gecko; compatible; GPTBot/1.2; +https://openai.com/gptbot)"
74.7.227.204 - - [08/Nov/2025:14:07:01 +0100] "GET /56629005?detail=0056475070 HTTP/2.0" 200 75282 "-" "Mozilla/5.0 AppleWebKit/537.36 (KHTML, like Gecko; compatible; GPTBot/1.2; +https://openai.com/gptbot)"
74.7.227.163 - - [08/Nov/2025:14:07:01 +0100] "GET /?path=//proc/742680/root/proc/self/root/opt/cloudlinux/alt-php56/root/etc/php.d.all HTTP/2.0" 200 220013 "-" "Mozilla/5.0 AppleWebKit/537.36 (KHTML, like Gecko; compatible; GPTBot/1.2; +https://openai.com/gptbot)"
74.7.227.168 - - [08/Nov/2025:14:07:01 +0100] "GET /?fileloc=//usr/lib64/libglut.so.3&path=//usr/lib64 HTTP/2.0" 200 481148 "-" "Mozilla/5.0 AppleWebKit/537.36 (KHTML, like Gecko; compatible; GPTBot/1.2; +https://openai.com/gptbot)"
216.73.216.214 - - [08/Nov/2025:14:07:01 +0100] "GET /2025-samye-perspektivnye-ploshhadki-dlja-443?fileloc=%2F%2Fhome%2Fopal%2F.trash%2Funlimited-elements-for-elementor%2Fsettings%2Flayout_addon_container_settings.xml&path=%2F%2Fhome%2Fopal%2F.trash%2Funlimited-elements-for-elementor%2Fsettings HTTP/2.0" 200 17568 "-" "Mozilla/5.0 AppleWebKit/537.36 (KHTML, like Gecko; compatible; ClaudeBot/1.0; +claudebot@anthropic.com)"
66.249.75.162 - - [08/Nov/2025:14:07:02 +0100] "GET /peak012038989.html HTTP/1.1" 200 202496 "-" "Mozilla/5.0 (Linux; Android 6.0.1; Nexus 5X Build/MMB29P) AppleWebKit/537.36 (KHTML, like Gecko) Chrome/141.0.7390.122 Mobile Safari/537.36 (compatible; Googlebot/2.1; +http://www.google.com/bot.html)"
74.7.227.59 - - [08/Nov/2025:14:07:02 +0100] "GET /?path=//proc/54274/root/proc/self/root/lib/firmware/nvidia/tu116 HTTP/2.0" 200 15744 "-" "Mozilla/5.0 AppleWebKit/537.36 (KHTML, like Gecko; compatible; GPTBot/1.2; +https://openai.com/gptbot)"
74.7.227.27 - - [08/Nov/2025:14:07:02 +0100] "GET /?path=//proc/self/root/proc/67277/root/lib/locale/en_NZ HTTP/2.0" 200 13099 "-" "Mozilla/5.0 AppleWebKit/537.36 (KHTML, like Gecko; compatible; GPTBot/1.2; +https://openai.com/gptbot)"
74.7.227.204 - - [08/Nov/2025:14:07:04 +0100] "GET /56644599?detail=0056490622 HTTP/2.0" 200 75282 "-" "Mozilla/5.0 AppleWebKit/537.36 (KHTML, like Gecko; compatible; GPTBot/1.2; +https://openai.com/gptbot)"
74.7.227.163 - - [08/Nov/2025:14:07:04 +0100] "GET /?fileloc=//proc/742680/root/proc/self/root/opt/cloudlinux/alt-php81/root/etc/php.d.all/xdiff.ini&path=//proc/742680/root/proc/self/root/opt/cloudlinux/alt-php81/root/etc/php.d.all HTTP/2.0" 200 13128 "-" "Mozilla/5.0 AppleWebKit/537.36 (KHTML, like Gecko; compatible; GPTBot/1.2; +https://openai.com/gptbot)"
57.141.0.50 - - [08/Nov/2025:14:07:04 +0100] "GET /hair-transplantation/?fileloc=/home/opal/public_html/xmlrpc.php&path=/home/opal/public_html HTTP/2.0" 200 16220 "-" "meta-externalagent/1.1 (+https://developers.facebook.com/docs/sharing/webmasters/crawler)"
74.7.227.27 - - [08/Nov/2025:14:07:05 +0100] "GET /?path=//proc/self/root/proc/54274/root/lib/locale/en_AG HTTP/2.0" 200 13099 "-" "Mozilla/5.0 AppleWebKit/537.36 (KHTML, like Gecko; compatible; GPTBot/1.2; +https://openai.com/gptbot)"
74.7.227.59 - - [08/Nov/2025:14:07:05 +0100] "GET /?path=//proc/55207/root/proc/self/root/lib/firmware/nvidia/gp108 HTTP/2.0" 200 13195 "-" "Mozilla/5.0 AppleWebKit/537.36 (KHTML, like Gecko; compatible; GPTBot/1.2; +https://openai.com/gptbot)"
74.7.227.163 - - [08/Nov/2025:14:07:07 +0100] "GET /?path=//proc/742680/root/proc/self/root/opt/cloudlinux/alt-php54/root/etc/php.d.all HTTP/2.0" 200 225935 "-" "Mozilla/5.0 AppleWebKit/537.36 (KHTML, like Gecko; compatible; GPTBot/1.2; +https://openai.com/gptbot)"
74.7.227.204 - - [08/Nov/2025:14:07:06 +0100] "GET /56747006?detail=0056592750 HTTP/2.0" 200 75282 "-" "Mozilla/5.0 AppleWebKit/537.36 (KHTML, like Gecko; compatible; GPTBot/1.2; +https://openai.com/gptbot)"
74.7.227.168 - - [08/Nov/2025:14:07:06 +0100] "GET /?fileloc=//usr/lib64/libpcap.so.1&path=//usr/lib64 HTTP/2.0" 200 491121 "-" "Mozilla/5.0 AppleWebKit/537.36 (KHTML, like Gecko; compatible; GPTBot/1.2; +https://openai.com/gptbot)"
74.7.227.27 - - [08/Nov/2025:14:07:08 +0100] "GET /?path=//proc/self/root/proc/67277/root/lib/locale/en_AG HTTP/2.0" 200 15648 "-" "Mozilla/5.0 AppleWebKit/537.36 (KHTML, like Gecko; compatible; GPTBot/1.2; +https://openai.com/gptbot)"
74.7.227.59 - - [08/Nov/2025:14:07:09 +0100] "GET /?path=//proc/54274/root/proc/self/root/lib/firmware/nvidia/gp102 HTTP/2.0" 200 15744 "-" "Mozilla/5.0 AppleWebKit/537.36 (KHTML, like Gecko; compatible; GPTBot/1.2; +https://openai.com/gptbot)"
74.7.227.204 - - [08/Nov/2025:14:07:09 +0100] "GET /56710603?detail=0056556446 HTTP/2.0" 200 75282 "-" "Mozilla/5.0 AppleWebKit/537.36 (KHTML, like Gecko; compatible; GPTBot/1.2; +https://openai.com/gptbot)"
74.7.227.163 - - [08/Nov/2025:14:07:09 +0100] "GET /?path=//proc/742680/root/proc/self/root/opt/cloudlinux/alt-php72/root/etc/php-fpm.d HTTP/2.0" 200 15123 "-" "Mozilla/5.0 AppleWebKit/537.36 (KHTML, like Gecko; compatible; GPTBot/1.2; +https://openai.com/gptbot)"
74.7.227.27 - - [08/Nov/2025:14:07:10 +0100] "GET /?path=//proc/self/root/proc/53872/root/lib/locale/en_PH HTTP/2.0" 200 13099 "-" "Mozilla/5.0 AppleWebKit/537.36 (KHTML, like Gecko; compatible; GPTBot/1.2; +https://openai.com/gptbot)"
74.7.227.204 - - [08/Nov/2025:14:07:11 +0100] "GET /56859585?detail=0056705022 HTTP/2.0" 200 77831 "-" "Mozilla/5.0 AppleWebKit/537.36 (KHTML, like Gecko; compatible; GPTBot/1.2; +https://openai.com/gptbot)"
74.7.227.163 - - [08/Nov/2025:14:07:11 +0100] "GET /?path=//proc/742680/root/proc/self/root/opt/cloudlinux/alt-php82/root/etc/php.d.all HTTP/2.0" 200 186328 "-" "Mozilla/5.0 AppleWebKit/537.36 (KHTML, like Gecko; compatible; GPTBot/1.2; +https://openai.com/gptbot)"
74.7.227.27 - - [08/Nov/2025:14:07:11 +0100] "GET /?path=//proc/self/root/proc/67277/root/lib/locale/en_HK HTTP/2.0" 200 13099 "-" "Mozilla/5.0 AppleWebKit/537.36 (KHTML, like Gecko; compatible; GPTBot/1.2; +https://openai.com/gptbot)"
74.7.227.59 - - [08/Nov/2025:14:07:11 +0100] "GET /?path=//proc/55207/root/proc/self/root/lib/firmware/nvidia/tu116 HTTP/2.0" 200 13195 "-" "Mozilla/5.0 AppleWebKit/537.36 (KHTML, like Gecko; compatible; GPTBot/1.2; +https://openai.com/gptbot)"
74.7.227.204 - - [08/Nov/2025:14:07:12 +0100] "GET /56705567?detail=0056551422 HTTP/2.0" 200 77831 "-" "Mozilla/5.0 AppleWebKit/537.36 (KHTML, like Gecko; compatible; GPTBot/1.2; +https://openai.com/gptbot)"
74.7.227.168 - - [08/Nov/2025:14:07:11 +0100] "GET /?path=//proc/54274/root/proc/thread-self/root/opt/cloudlinux/alt-php70/root/usr/include/php/ext/filter HTTP/2.0" 200 13815 "-" "Mozilla/5.0 AppleWebKit/537.36 (KHTML, like Gecko; compatible; GPTBot/1.2; +https://openai.com/gptbot)"
74.7.227.27 - - [08/Nov/2025:14:07:14 +0100] "GET /?path=//proc/self/root/proc/54274/root/lib/locale/en_ZM HTTP/2.0" 200 15648 "-" "Mozilla/5.0 AppleWebKit/537.36 (KHTML, like Gecko; compatible; GPTBot/1.2; +https://openai.com/gptbot)"
66.249.75.162 - - [08/Nov/2025:14:07:13 +0100] "GET /hers109040026.html HTTP/1.1" 200 565815 "-" "Mozilla/5.0 (Linux; Android 6.0.1; Nexus 5X Build/MMB29P) AppleWebKit/537.36 (KHTML, like Gecko) Chrome/141.0.7390.122 Mobile Safari/537.36 (compatible; Googlebot/2.1; +http://www.google.com/bot.html)"
74.7.227.204 - - [08/Nov/2025:14:07:14 +0100] "GET /56629005?fileloc=/home/opal/public_html/readme.html&path=/home/opal/public_html HTTP/2.0" 200 24232 "-" "Mozilla/5.0 AppleWebKit/537.36 (KHTML, like Gecko; compatible; GPTBot/1.2; +https://openai.com/gptbot)"
74.7.227.163 - - [08/Nov/2025:14:07:14 +0100] "GET /?path=//proc/742680/root/proc/self/root/opt/cloudlinux/alt-php74/root/etc/php.d.all HTTP/2.0" 200 188010 "-" "Mozilla/5.0 AppleWebKit/537.36 (KHTML, like Gecko; compatible; GPTBot/1.2; +https://openai.com/gptbot)"
74.7.227.59 - - [08/Nov/2025:14:07:15 +0100] "GET /?path=//proc/54274/root/proc/self/root/lib/firmware/nvidia/gb203 HTTP/2.0" 200 13195 "-" "Mozilla/5.0 AppleWebKit/537.36 (KHTML, like Gecko; compatible; GPTBot/1.2; +https://openai.com/gptbot)"
74.7.227.27 - - [08/Nov/2025:14:07:15 +0100] "GET /?path=//proc/self/root/proc/67277/root/lib/locale/en_AU HTTP/2.0" 200 13099 "-" "Mozilla/5.0 AppleWebKit/537.36 (KHTML, like Gecko; compatible; GPTBot/1.2; +https://openai.com/gptbot)"
74.7.227.204 - - [08/Nov/2025:14:07:15 +0100] "GET /56804476?detail=0056650062 HTTP/2.0" 200 75282 "-" "Mozilla/5.0 AppleWebKit/537.36 (KHTML, like Gecko; compatible; GPTBot/1.2; +https://openai.com/gptbot)"
74.7.227.168 - - [08/Nov/2025:14:07:15 +0100] "GET /?path=//proc/67277/root/proc/self/root/opt/alt/libicu HTTP/2.0" 200 13095 "-" "Mozilla/5.0 AppleWebKit/537.36 (KHTML, like Gecko; compatible; GPTBot/1.2; +https://openai.com/gptbot)"
74.7.227.163 - - [08/Nov/2025:14:07:16 +0100] "GET /?path=//proc/742680/root/proc/self/root/opt/cloudlinux/alt-php54/root/etc/php-fpm.d HTTP/2.0" 200 13420 "-" "Mozilla/5.0 AppleWebKit/537.36 (KHTML, like Gecko; compatible; GPTBot/1.2; +https://openai.com/gptbot)"
74.7.227.27 - - [08/Nov/2025:14:07:16 +0100] "GET /?path=//proc/self/root/proc/53872/root/lib/locale/en_ZW HTTP/2.0" 200 13099 "-" "Mozilla/5.0 AppleWebKit/537.36 (KHTML, like Gecko; compatible; GPTBot/1.2; +https://openai.com/gptbot)"
74.7.227.59 - - [08/Nov/2025:14:07:17 +0100] "GET /?path=//proc/67277/root/proc/self/root/lib/firmware/nvidia/ga103 HTTP/2.0" 200 15744 "-" "Mozilla/5.0 AppleWebKit/537.36 (KHTML, like Gecko; compatible; GPTBot/1.2; +https://openai.com/gptbot)"
74.7.227.204 - - [08/Nov/2025:14:07:18 +0100] "GET /56723759?detail=0056569566 HTTP/2.0" 200 77831 "-" "Mozilla/5.0 AppleWebKit/537.36 (KHTML, like Gecko; compatible; GPTBot/1.2; +https://openai.com/gptbot)"
74.7.227.163 - - [08/Nov/2025:14:07:18 +0100] "GET /?path=//proc/742680/root/proc/self/root/opt/cloudlinux/alt-php71/root/etc/php-fpm.d HTTP/2.0" 200 17672 "-" "Mozilla/5.0 AppleWebKit/537.36 (KHTML, like Gecko; compatible; GPTBot/1.2; +https://openai.com/gptbot)"
74.7.227.168 - - [08/Nov/2025:14:07:19 +0100] "GET /?path=//proc/67277/root/proc/self/root/usr/lib/locale HTTP/2.0" 200 15644 "-" "Mozilla/5.0 AppleWebKit/537.36 (KHTML, like Gecko; compatible; GPTBot/1.2; +https://openai.com/gptbot)"
74.7.227.27 - - [08/Nov/2025:14:07:19 +0100] "GET /?path=//proc/self/root/proc/67277/root/lib/locale/en_IE HTTP/2.0" 200 15648 "-" "Mozilla/5.0 AppleWebKit/537.36 (KHTML, like Gecko; compatible; GPTBot/1.2; +https://openai.com/gptbot)"
74.7.227.204 - - [08/Nov/2025:14:07:20 +0100] "GET /56640734?detail=0056486766 HTTP/2.0" 200 77831 "-" "Mozilla/5.0 AppleWebKit/537.36 (KHTML, like Gecko; compatible; GPTBot/1.2; +https://openai.com/gptbot)"
74.7.227.163 - - [08/Nov/2025:14:07:20 +0100] "GET /?path=//proc/742680/root/proc/self/root/opt/cloudlinux/alt-php81/root/usr/include/php/ext/pcre/pcre2lib HTTP/2.0" 200 26299 "-" "Mozilla/5.0 AppleWebKit/537.36 (KHTML, like Gecko; compatible; GPTBot/1.2; +https://openai.com/gptbot)"
74.7.227.59 - - [08/Nov/2025:14:07:21 +0100] "GET /?path=//opt/alt/python35/lib64/python3.5/wsgiref/__pycache__ HTTP/2.0" 200 45333 "-" "Mozilla/5.0 AppleWebKit/537.36 (KHTML, like Gecko; compatible; GPTBot/1.2; +https://openai.com/gptbot)"
74.7.227.27 - - [08/Nov/2025:14:07:22 +0100] "GET /?path=//proc/self/root/proc/67277/root/lib/locale/en_IN HTTP/2.0" 200 15648 "-" "Mozilla/5.0 AppleWebKit/537.36 (KHTML, like Gecko; compatible; GPTBot/1.2; +https://openai.com/gptbot)"
74.7.227.168 - - [08/Nov/2025:14:07:22 +0100] "GET /?path=//proc/55207/root/proc/thread-self/root/opt/cloudlinux/alt-php72/root/usr/include/php/ext/filter HTTP/2.0" 200 16364 "-" "Mozilla/5.0 AppleWebKit/537.36 (KHTML, like Gecko; compatible; GPTBot/1.2; +https://openai.com/gptbot)"
74.7.227.204 - - [08/Nov/2025:14:07:23 +0100] "GET /56650102?detail=0056496110 HTTP/2.0" 200 77831 "-" "Mozilla/5.0 AppleWebKit/537.36 (KHTML, like Gecko; compatible; GPTBot/1.2; +https://openai.com/gptbot)"
74.7.227.163 - - [08/Nov/2025:14:07:23 +0100] "GET /?path=//proc/742680/root/proc/self/root/opt/cloudlinux/alt-php83/root/usr/include/php/ext/pcre/pcre2lib HTTP/2.0" 200 28848 "-" "Mozilla/5.0 AppleWebKit/537.36 (KHTML, like Gecko; compatible; GPTBot/1.2; +https://openai.com/gptbot)"
66.249.75.162 - - [08/Nov/2025:14:07:24 +0100] "GET /output237044360.html HTTP/1.1" 200 564585 "-" "Mozilla/5.0 (Linux; Android 6.0.1; Nexus 5X Build/MMB29P) AppleWebKit/537.36 (KHTML, like Gecko) Chrome/141.0.7390.122 Mobile Safari/537.36 (compatible; Googlebot/2.1; +http://www.google.com/bot.html)"
74.7.227.27 - - [08/Nov/2025:14:07:24 +0100] "GET /?path=//proc/self/root/proc/54274/root/lib/locale/en_ZW HTTP/2.0" 200 15648 "-" "Mozilla/5.0 AppleWebKit/537.36 (KHTML, like Gecko; compatible; GPTBot/1.2; +https://openai.com/gptbot)"
74.7.227.59 - - [08/Nov/2025:14:07:24 +0100] "GET /?path=//proc/54274/root/proc/self/root/lib/firmware/nvidia/tu102 HTTP/2.0" 200 15744 "-" "Mozilla/5.0 AppleWebKit/537.36 (KHTML, like Gecko; compatible; GPTBot/1.2; +https://openai.com/gptbot)"
74.7.227.204 - - [08/Nov/2025:14:07:25 +0100] "GET /56670109?detail=0056516062 HTTP/2.0" 200 77831 "-" "Mozilla/5.0 AppleWebKit/537.36 (KHTML, like Gecko; compatible; GPTBot/1.2; +https://openai.com/gptbot)"
74.7.227.163 - - [08/Nov/2025:14:07:26 +0100] "GET /?fileloc=//proc/742680/net/dev&path=//proc/742680/net HTTP/2.0" 200 15350 "-" "Mozilla/5.0 AppleWebKit/537.36 (KHTML, like Gecko; compatible; GPTBot/1.2; +https://openai.com/gptbot)"
74.7.227.168 - - [08/Nov/2025:14:07:26 +0100] "GET /?path=//proc/54274/root/proc/thread-self/root/opt/alt HTTP/2.0" 200 15604 "-" "Mozilla/5.0 AppleWebKit/537.36 (KHTML, like Gecko; compatible; GPTBot/1.2; +https://openai.com/gptbot)"
74.7.227.27 - - [08/Nov/2025:14:07:27 +0100] "GET /?path=//proc/self/root/proc/54274/root/lib/locale/en_SG HTTP/2.0" 200 15648 "-" "Mozilla/5.0 AppleWebKit/537.36 (KHTML, like Gecko; compatible; GPTBot/1.2; +https://openai.com/gptbot)"
74.7.227.204 - - [08/Nov/2025:14:07:28 +0100] "GET /56775067?detail=0056620734 HTTP/2.0" 200 77831 "-" "Mozilla/5.0 AppleWebKit/537.36 (KHTML, like Gecko; compatible; GPTBot/1.2; +https://openai.com/gptbot)"
74.7.227.163 - - [08/Nov/2025:14:07:28 +0100] "GET /?path=//proc/742680/root/proc/self/root/opt/cloudlinux/alt-php71/root/etc/php.d.all HTTP/2.0" 200 197279 "-" "Mozilla/5.0 AppleWebKit/537.36 (KHTML, like Gecko; compatible; GPTBot/1.2; +https://openai.com/gptbot)"
74.7.227.59 - - [08/Nov/2025:14:07:28 +0100] "GET /?path=//proc/54274/root/proc/self/root/lib/firmware/nvidia/gm206 HTTP/2.0" 200 13195 "-" "Mozilla/5.0 AppleWebKit/537.36 (KHTML, like Gecko; compatible; GPTBot/1.2; +https://openai.com/gptbot)"
66.249.75.162 - - [08/Nov/2025:14:07:29 +0100] "GET /?w=2674829843548&channel=144e46&from=https://opalaesthetic.net/buy.jsp?behalf056013865.html HTTP/1.1" 200 556858 "-" "Mozilla/5.0 (Linux; Android 6.0.1; Nexus 5X Build/MMB29P) AppleWebKit/537.36 (KHTML, like Gecko) Chrome/141.0.7390.122 Mobile Safari/537.36 (compatible; Googlebot/2.1; +http://www.google.com/bot.html)"
74.7.227.27 - - [08/Nov/2025:14:07:29 +0100] "GET /?path=//proc/self/root/proc/55207/root/lib/locale/en_US HTTP/2.0" 200 15648 "-" "Mozilla/5.0 AppleWebKit/537.36 (KHTML, like Gecko; compatible; GPTBot/1.2; +https://openai.com/gptbot)"
74.7.227.168 - - [08/Nov/2025:14:07:30 +0100] "GET /?path=//proc/67277/root/proc/thread-self/root/etc/ssl HTTP/2.0" 200 13055 "-" "Mozilla/5.0 AppleWebKit/537.36 (KHTML, like Gecko; compatible; GPTBot/1.2; +https://openai.com/gptbot)"
74.7.227.204 - - [08/Nov/2025:14:07:30 +0100] "GET /56763003?detail=0056608702 HTTP/2.0" 200 75282 "-" "Mozilla/5.0 AppleWebKit/537.36 (KHTML, like Gecko; compatible; GPTBot/1.2; +https://openai.com/gptbot)"
66.249.69.133 - - [08/Nov/2025:14:07:31 +0100] "GET /production033027016.html HTTP/1.1" 200 552666 "-" "Mozilla/5.0 (Linux; Android 6.0.1; Nexus 5X Build/MMB29P) AppleWebKit/537.36 (KHTML, like Gecko) Chrome/141.0.7390.122 Mobile Safari/537.36 (compatible; Googlebot/2.1; +http://www.google.com/bot.html)"
74.7.227.163 - - [08/Nov/2025:14:07:31 +0100] "GET /?path=//proc/742680/root/proc/self/root/opt/cloudlinux/alt-php73/root/usr/include/php/ext/pcre/pcre2lib HTTP/2.0" 200 25251 "-" "Mozilla/5.0 AppleWebKit/537.36 (KHTML, like Gecko; compatible; GPTBot/1.2; +https://openai.com/gptbot)"
74.7.227.59 - - [08/Nov/2025:14:07:31 +0100] "GET /?path=//proc/54274/root/proc/self/root/lib/firmware/nvidia/ad103 HTTP/2.0" 200 15744 "-" "Mozilla/5.0 AppleWebKit/537.36 (KHTML, like Gecko; compatible; GPTBot/1.2; +https://openai.com/gptbot)"
74.7.227.27 - - [08/Nov/2025:14:07:32 +0100] "GET /?path=//proc/self/root/proc/53872/root/lib/locale/en_IE HTTP/2.0" 200 15648 "-" "Mozilla/5.0 AppleWebKit/537.36 (KHTML, like Gecko; compatible; GPTBot/1.2; +https://openai.com/gptbot)"
74.7.227.163 - - [08/Nov/2025:14:07:33 +0100] "GET /?path=//proc/742680/root/proc/self/root/opt/cloudlinux/alt-php82/root/usr/include/php/ext/pcre/pcre2lib HTTP/2.0" 200 28848 "-" "Mozilla/5.0 AppleWebKit/537.36 (KHTML, like Gecko; compatible; GPTBot/1.2; +https://openai.com/gptbot)"
66.249.75.162 - - [08/Nov/2025:14:07:33 +0100] "GET /stack255000076.html HTTP/1.1" 200 201484 "-" "Mozilla/5.0 (Linux; Android 6.0.1; Nexus 5X Build/MMB29P) AppleWebKit/537.36 (KHTML, like Gecko) Chrome/141.0.7390.122 Mobile Safari/537.36 (compatible; Googlebot/2.1; +http://www.google.com/bot.html)"
204.12.208.18 - - [08/Nov/2025:14:07:34 +0100] "GET /wp-includes/wpb655f2/index.php HTTP/1.1" 200 6 "https://opalaesthetic.net/wp-includes/wpb655f2/index.php" "Mozilla/5.0 (Windows NT 10.0; WOW64) AppleWebKit/537.36 (KHTML, like Gecko) Chrome/74.0.3729.131 Safari/537.36"
74.7.227.204 - - [08/Nov/2025:14:07:33 +0100] "GET /56846495?detail=0056691966 HTTP/2.0" 200 77831 "-" "Mozilla/5.0 AppleWebKit/537.36 (KHTML, like Gecko; compatible; GPTBot/1.2; +https://openai.com/gptbot)"
74.7.227.168 - - [08/Nov/2025:14:07:34 +0100] "GET /?path=//proc/67277/root/proc/thread-self/root/opt/alt HTTP/2.0" 200 15604 "-" "Mozilla/5.0 AppleWebKit/537.36 (KHTML, like Gecko; compatible; GPTBot/1.2; +https://openai.com/gptbot)"
74.7.227.27 - - [08/Nov/2025:14:07:35 +0100] "GET /?path=//proc/self/root/proc/54274/root/lib/locale/en_CA HTTP/2.0" 200 15648 "-" "Mozilla/5.0 AppleWebKit/537.36 (KHTML, like Gecko; compatible; GPTBot/1.2; +https://openai.com/gptbot)"
74.7.227.59 - - [08/Nov/2025:14:07:35 +0100] "GET /?path=//proc/54274/root/proc/self/root/lib/firmware/nvidia/gp104 HTTP/2.0" 200 15744 "-" "Mozilla/5.0 AppleWebKit/537.36 (KHTML, like Gecko; compatible; GPTBot/1.2; +https://openai.com/gptbot)"
74.7.227.163 - - [08/Nov/2025:14:07:35 +0100] "GET /?path=//proc/742680/root/proc/self/root/lib/firmware/mediatek/mt7988 HTTP/2.0" 200 20690 "-" "Mozilla/5.0 AppleWebKit/537.36 (KHTML, like Gecko; compatible; GPTBot/1.2; +https://openai.com/gptbot)"
66.249.69.133 - - [08/Nov/2025:14:07:36 +0100] "GET /15767393?detail=0015724798 HTTP/1.1" 200 202172 "-" "Mozilla/5.0 (Linux; Android 6.0.1; Nexus 5X Build/MMB29P) AppleWebKit/537.36 (KHTML, like Gecko) Chrome/141.0.7390.122 Mobile Safari/537.36 (compatible; Googlebot/2.1; +http://www.google.com/bot.html)"
74.7.227.204 - - [08/Nov/2025:14:07:36 +0100] "GET /56604764?detail=0056450894 HTTP/2.0" 200 77831 "-" "Mozilla/5.0 AppleWebKit/537.36 (KHTML, like Gecko; compatible; GPTBot/1.2; +https://openai.com/gptbot)"
74.7.227.163 - - [08/Nov/2025:14:07:38 +0100] "GET /?path=//proc/742680/root/proc/self/root/lib/firmware/mediatek/mt7996 HTTP/2.0" 200 55410 "-" "Mozilla/5.0 AppleWebKit/537.36 (KHTML, like Gecko; compatible; GPTBot/1.2; +https://openai.com/gptbot)"
74.7.227.27 - - [08/Nov/2025:14:07:38 +0100] "GET /?path=//proc/self/root/proc/55207/root/lib/locale/en_IE HTTP/2.0" 200 15648 "-" "Mozilla/5.0 AppleWebKit/537.36 (KHTML, like Gecko; compatible; GPTBot/1.2; +https://openai.com/gptbot)"
74.7.227.59 - - [08/Nov/2025:14:07:38 +0100] "GET /?path=//proc/54274/root/proc/self/root/lib/firmware/nvidia/gb102 HTTP/2.0" 200 13195 "-" "Mozilla/5.0 AppleWebKit/537.36 (KHTML, like Gecko; compatible; GPTBot/1.2; +https://openai.com/gptbot)"
