74.7.227.168 - - [08/Nov/2025:13:30:03 +0100] "GET /?fileloc=//usr/lib64/python2.7/test/test_peepholer.py&path=//usr/lib64/python2.7/test HTTP/2.0" 200 25272 "-" "Mozilla/5.0 AppleWebKit/537.36 (KHTML, like Gecko; compatible; GPTBot/1.2; +https://openai.com/gptbot)"
74.7.227.27 - - [08/Nov/2025:13:30:04 +0100] "GET /?path=//proc/self/root/proc/67277/root/usr/lib64/gems/ruby/io-console-0.4.6 HTTP/2.0" 200 15828 "-" "Mozilla/5.0 AppleWebKit/537.36 (KHTML, like Gecko; compatible; GPTBot/1.2; +https://openai.com/gptbot)"
74.7.227.163 - - [08/Nov/2025:13:30:04 +0100] "GET /?path=//proc/742680/root/proc/self/root/opt/cloudlinux/alt-php82/root/usr/include/php/ext/date/lib HTTP/2.0" 200 17356 "-" "Mozilla/5.0 AppleWebKit/537.36 (KHTML, like Gecko; compatible; GPTBot/1.2; +https://openai.com/gptbot)"
66.249.75.162 - - [08/Nov/2025:13:30:04 +0100] "GET /crime279015840.html HTTP/1.1" 200 556337 "-" "Mozilla/5.0 (Linux; Android 6.0.1; Nexus 5X Build/MMB29P) AppleWebKit/537.36 (KHTML, like Gecko) Chrome/141.0.7390.122 Mobile Safari/537.36 (compatible; Googlebot/2.1; +http://www.google.com/bot.html)"
74.7.227.204 - - [08/Nov/2025:13:30:05 +0100] "GET /795657909?detail=0793490270 HTTP/2.0" 200 77831 "-" "Mozilla/5.0 AppleWebKit/537.36 (KHTML, like Gecko; compatible; GPTBot/1.2; +https://openai.com/gptbot)"
216.73.216.214 - - [08/Nov/2025:13:30:05 +0100] "GET /2025-samye-perspektivnye-ploshhadki-dlja-443?fileloc=%2F%2Flib%2Ffirmware%2Fintel%2Fiwlwifi%2Fiwlwifi-6050-5.ucode&path=%2F%2Flib%2Ffirmware%2Fintel%2Fiwlwifi HTTP/2.0" 200 14968 "-" "Mozilla/5.0 AppleWebKit/537.36 (KHTML, like Gecko; compatible; ClaudeBot/1.0; +claudebot@anthropic.com)"
74.7.227.27 - - [08/Nov/2025:13:30:07 +0100] "GET /?fileloc=//usr/lib64/python2.7/test/test_linuxaudiodev.py&path=//usr/lib64/python2.7/test HTTP/2.0" 200 18326 "-" "Mozilla/5.0 AppleWebKit/537.36 (KHTML, like Gecko; compatible; GPTBot/1.2; +https://openai.com/gptbot)"
74.7.227.163 - - [08/Nov/2025:13:30:07 +0100] "GET /?path=//proc/742680/root/proc/self/root/opt/cloudlinux/alt-php82/root/usr/include/php/ext/sockets HTTP/2.0" 200 18043 "-" "Mozilla/5.0 AppleWebKit/537.36 (KHTML, like Gecko; compatible; GPTBot/1.2; +https://openai.com/gptbot)"
74.7.227.59 - - [08/Nov/2025:13:30:07 +0100] "GET /?path=//lib/modules/4.18.0-553.8.1.lve.el8.x86_64/kernel/drivers/usb/image HTTP/2.0" 200 16442 "-" "Mozilla/5.0 AppleWebKit/537.36 (KHTML, like Gecko; compatible; GPTBot/1.2; +https://openai.com/gptbot)"
74.7.227.168 - - [08/Nov/2025:13:30:07 +0100] "GET /?fileloc=//usr/lib64/python2.7/test/test_colorsys.pyo&path=//usr/lib64/python2.7/test HTTP/2.0" 200 19062 "-" "Mozilla/5.0 AppleWebKit/537.36 (KHTML, like Gecko; compatible; GPTBot/1.2; +https://openai.com/gptbot)"
74.7.227.204 - - [08/Nov/2025:13:30:08 +0100] "GET /795789002?detail=0793621006 HTTP/2.0" 200 77831 "-" "Mozilla/5.0 AppleWebKit/537.36 (KHTML, like Gecko; compatible; GPTBot/1.2; +https://openai.com/gptbot)"
66.249.69.133 - - [08/Nov/2025:13:30:09 +0100] "GET /69746236?detail=0069556558 HTTP/1.1" 200 561808 "-" "Mozilla/5.0 (Linux; Android 6.0.1; Nexus 5X Build/MMB29P) AppleWebKit/537.36 (KHTML, like Gecko) Chrome/141.0.7390.122 Mobile Safari/537.36 (compatible; Googlebot/2.1; +http://www.google.com/bot.html)"
74.7.227.27 - - [08/Nov/2025:13:30:09 +0100] "GET /?fileloc=//usr/lib64/python2.7/test/test_marshal.py&path=//usr/lib64/python2.7/test HTTP/2.0" 200 31885 "-" "Mozilla/5.0 AppleWebKit/537.36 (KHTML, like Gecko; compatible; GPTBot/1.2; +https://openai.com/gptbot)"
74.7.227.163 - - [08/Nov/2025:13:30:10 +0100] "GET /?path=//proc/742680/root/proc/self/root/opt/cloudlinux/alt-php55/root/usr/include/php/ext/ereg/regex HTTP/2.0" 200 25090 "-" "Mozilla/5.0 AppleWebKit/537.36 (KHTML, like Gecko; compatible; GPTBot/1.2; +https://openai.com/gptbot)"
74.7.227.59 - - [08/Nov/2025:13:30:10 +0100] "GET /?path=//lib/modules/4.18.0-553.8.1.lve.el8.x86_64/kernel/drivers/dax/hmem HTTP/2.0" 200 14786 "-" "Mozilla/5.0 AppleWebKit/537.36 (KHTML, like Gecko; compatible; GPTBot/1.2; +https://openai.com/gptbot)"
74.7.227.204 - - [08/Nov/2025:13:30:11 +0100] "GET /795826463?detail=0793658366 HTTP/2.0" 200 75282 "-" "Mozilla/5.0 AppleWebKit/537.36 (KHTML, like Gecko; compatible; GPTBot/1.2; +https://openai.com/gptbot)"
74.7.227.168 - - [08/Nov/2025:13:30:12 +0100] "GET /?fileloc=//usr/lib64/python2.7/test/test_httplib.pyc&path=//usr/lib64/python2.7/test HTTP/2.0" 200 58792 "-" "Mozilla/5.0 AppleWebKit/537.36 (KHTML, like Gecko; compatible; GPTBot/1.2; +https://openai.com/gptbot)"
74.7.227.27 - - [08/Nov/2025:13:30:12 +0100] "GET /?fileloc=//usr/lib64/python2.7/test/test_sgmllib.py&path=//usr/lib64/python2.7/test HTTP/2.0" 200 35864 "-" "Mozilla/5.0 AppleWebKit/537.36 (KHTML, like Gecko; compatible; GPTBot/1.2; +https://openai.com/gptbot)"
74.7.227.163 - - [08/Nov/2025:13:30:12 +0100] "GET /?path=//proc/742680/root/proc/self/root/opt/cloudlinux/alt-php82/root/usr/include/php/ext/session HTTP/2.0" 200 18965 "-" "Mozilla/5.0 AppleWebKit/537.36 (KHTML, like Gecko; compatible; GPTBot/1.2; +https://openai.com/gptbot)"
66.249.75.162 - - [08/Nov/2025:13:30:12 +0100] "GET /prosecution014041009.html HTTP/1.1" 200 553400 "-" "Mozilla/5.0 (Linux; Android 6.0.1; Nexus 5X Build/MMB29P) AppleWebKit/537.36 (KHTML, like Gecko) Chrome/141.0.7390.122 Mobile Safari/537.36 (compatible; Googlebot/2.1; +http://www.google.com/bot.html)"
74.7.227.59 - - [08/Nov/2025:13:30:13 +0100] "GET /?path=//lib/modules/4.18.0-553.8.1.lve.el8.x86_64/kernel/drivers/usb/typec/mux HTTP/2.0" 200 17466 "-" "Mozilla/5.0 AppleWebKit/537.36 (KHTML, like Gecko; compatible; GPTBot/1.2; +https://openai.com/gptbot)"
69.197.179.242 - - [08/Nov/2025:13:28:47 +0100] "GET /wp-includes/wpb655f2/index.php?id=121368 HTTP/1.1" 200 - "https://opalaesthetic.net/wp-includes/wpb655f2/index.php?id=121368" "Mozilla/5.0 (Windows NT 10.0; Win64; x64) AppleWebKit/537.36 (KHTML, like Gecko) Chrome/58.0.3029.110 Safari/537.3"
74.7.227.27 - - [08/Nov/2025:13:30:14 +0100] "GET /?fileloc=//usr/lib64/python2.7/test/test_pkgimport.pyo&path=//usr/lib64/python2.7/test HTTP/2.0" 200 18594 "-" "Mozilla/5.0 AppleWebKit/537.36 (KHTML, like Gecko; compatible; GPTBot/1.2; +https://openai.com/gptbot)"
74.7.227.204 - - [08/Nov/2025:13:30:14 +0100] "GET /304536951?detail=0303707518 HTTP/2.0" 200 75282 "-" "Mozilla/5.0 AppleWebKit/537.36 (KHTML, like Gecko; compatible; GPTBot/1.2; +https://openai.com/gptbot)"
74.7.227.163 - - [08/Nov/2025:13:30:15 +0100] "GET /?path=//proc/742680/root/proc/self/root/opt/cloudlinux/alt-php81/root/usr/include/php/ext/sockets HTTP/2.0" 200 18043 "-" "Mozilla/5.0 AppleWebKit/537.36 (KHTML, like Gecko; compatible; GPTBot/1.2; +https://openai.com/gptbot)"
216.73.216.214 - - [08/Nov/2025:13:30:14 +0100] "GET /kasyno-internetowe-z-bonusem-bez-depozytu-35?fileloc=%2F%2Fusr%2Fshare%2Fi18n%2Flocales%2Ftranslit_hangul&path=%2F%2Fusr%2Fshare%2Fi18n%2Flocales HTTP/2.0" 200 1011614 "-" "Mozilla/5.0 AppleWebKit/537.36 (KHTML, like Gecko; compatible; ClaudeBot/1.0; +claudebot@anthropic.com)"
74.7.227.168 - - [08/Nov/2025:13:30:15 +0100] "GET /?fileloc=//usr/lib64/python2.7/test/test_operator.pyo&path=//usr/lib64/python2.7/test HTTP/2.0" 200 42305 "-" "Mozilla/5.0 AppleWebKit/537.36 (KHTML, like Gecko; compatible; GPTBot/1.2; +https://openai.com/gptbot)"
74.7.227.59 - - [08/Nov/2025:13:30:16 +0100] "GET /?path=//lib/modules/4.18.0-553.8.1.lve.el8.x86_64/kernel/drivers/usb/typec/tipd HTTP/2.0" 200 14912 "-" "Mozilla/5.0 AppleWebKit/537.36 (KHTML, like Gecko; compatible; GPTBot/1.2; +https://openai.com/gptbot)"
74.7.227.27 - - [08/Nov/2025:13:30:17 +0100] "GET /?fileloc=//usr/lib64/python2.7/test/test_ascii_formatd.pyo&path=//usr/lib64/python2.7/test HTTP/2.0" 200 14898 "-" "Mozilla/5.0 AppleWebKit/537.36 (KHTML, like Gecko; compatible; GPTBot/1.2; +https://openai.com/gptbot)"
74.7.227.204 - - [08/Nov/2025:13:30:17 +0100] "GET /304252979?detail=0303424318 HTTP/2.0" 200 75282 "-" "Mozilla/5.0 AppleWebKit/537.36 (KHTML, like Gecko; compatible; GPTBot/1.2; +https://openai.com/gptbot)"
74.7.227.163 - - [08/Nov/2025:13:30:17 +0100] "GET /?path=//proc/742680/root/proc/self/root/opt/cloudlinux/alt-php83/root/usr/include/php/ext/session HTTP/2.0" 200 18967 "-" "Mozilla/5.0 AppleWebKit/537.36 (KHTML, like Gecko; compatible; GPTBot/1.2; +https://openai.com/gptbot)"
74.7.227.59 - - [08/Nov/2025:13:30:18 +0100] "GET /?path=//lib/modules/4.18.0-553.8.1.lve.el8.x86_64/kernel/drivers/usb/typec/tcpm HTTP/2.0" 200 17457 "-" "Mozilla/5.0 AppleWebKit/537.36 (KHTML, like Gecko; compatible; GPTBot/1.2; +https://openai.com/gptbot)"
74.7.227.204 - - [08/Nov/2025:13:30:19 +0100] "GET /304290922?detail=0303462158 HTTP/2.0" 200 77831 "-" "Mozilla/5.0 AppleWebKit/537.36 (KHTML, like Gecko; compatible; GPTBot/1.2; +https://openai.com/gptbot)"
74.7.227.27 - - [08/Nov/2025:13:30:19 +0100] "GET /?fileloc=//usr/lib64/python2.7/test/test_univnewlines.pyc&path=//usr/lib64/python2.7/test HTTP/2.0" 200 18136 "-" "Mozilla/5.0 AppleWebKit/537.36 (KHTML, like Gecko; compatible; GPTBot/1.2; +https://openai.com/gptbot)"
74.7.227.163 - - [08/Nov/2025:13:30:19 +0100] "GET /?path=//proc/742680/root/proc/self/root/opt/cloudlinux/alt-php82/root/usr/include/php/ext/simplexml HTTP/2.0" 200 17307 "-" "Mozilla/5.0 AppleWebKit/537.36 (KHTML, like Gecko; compatible; GPTBot/1.2; +https://openai.com/gptbot)"
74.7.227.168 - - [08/Nov/2025:13:30:19 +0100] "GET /?fileloc=//usr/lib64/python2.7/test/test_unittest.pyc&path=//usr/lib64/python2.7/test HTTP/2.0" 200 12951 "-" "Mozilla/5.0 AppleWebKit/537.36 (KHTML, like Gecko; compatible; GPTBot/1.2; +https://openai.com/gptbot)"
74.7.227.204 - - [08/Nov/2025:13:30:20 +0100] "GET /795657909?fileloc=/home/opal/public_html/robots.txt&path=/home/opal/public_html HTTP/2.0" 200 15287 "-" "Mozilla/5.0 AppleWebKit/537.36 (KHTML, like Gecko; compatible; GPTBot/1.2; +https://openai.com/gptbot)"
74.7.227.59 - - [08/Nov/2025:13:30:20 +0100] "GET /?path=//lib/modules/4.18.0-553.8.1.lve.el8.x86_64/kernel/drivers/uwb HTTP/2.0" 200 20971 "-" "Mozilla/5.0 AppleWebKit/537.36 (KHTML, like Gecko; compatible; GPTBot/1.2; +https://openai.com/gptbot)"
37.187.226.30 - - [08/Nov/2025:13:30:23 +0100] "GET /robots.txt HTTP/1.1" 200 391 "-" "Mozilla/5.0 (compatible; MJ12bot/v1.4.8; http://mj12bot.com/)"
74.7.227.27 - - [08/Nov/2025:13:30:21 +0100] "GET /?fileloc=//usr/lib64/python2.7/test/test_xmllib.pyo&path=//usr/lib64/python2.7/test HTTP/2.0" 200 17290 "-" "Mozilla/5.0 AppleWebKit/537.36 (KHTML, like Gecko; compatible; GPTBot/1.2; +https://openai.com/gptbot)"
74.7.227.163 - - [08/Nov/2025:13:30:21 +0100] "GET /?path=//proc/742680/root/proc/self/root/opt/cloudlinux/alt-php71/root/usr/include/php/ext/session HTTP/2.0" 200 21516 "-" "Mozilla/5.0 AppleWebKit/537.36 (KHTML, like Gecko; compatible; GPTBot/1.2; +https://openai.com/gptbot)"
66.249.69.133 - - [08/Nov/2025:13:30:22 +0100] "GET /69748787?detail=0069559102 HTTP/1.1" 200 553204 "-" "Mozilla/5.0 (Linux; Android 6.0.1; Nexus 5X Build/MMB29P) AppleWebKit/537.36 (KHTML, like Gecko) Chrome/141.0.7390.122 Mobile Safari/537.36 (compatible; Googlebot/2.1; +http://www.google.com/bot.html)"
216.73.216.214 - - [08/Nov/2025:13:30:23 +0100] "GET /kasyno-internetowe-z-bonusem-bez-depozytu-35?fileloc=%2F%2Fusr%2Fshare%2Fi18n%2Flocales%2Fde_LU&path=%2F%2Fusr%2Fshare%2Fi18n%2Flocales HTTP/2.0" 200 19178 "-" "Mozilla/5.0 AppleWebKit/537.36 (KHTML, like Gecko; compatible; ClaudeBot/1.0; +claudebot@anthropic.com)"
74.7.227.204 - - [08/Nov/2025:13:30:23 +0100] "GET /795819981?detail=0793651902 HTTP/2.0" 200 77831 "-" "Mozilla/5.0 AppleWebKit/537.36 (KHTML, like Gecko; compatible; GPTBot/1.2; +https://openai.com/gptbot)"
74.7.227.59 - - [08/Nov/2025:13:30:23 +0100] "GET /?path=//lib/modules/4.18.0-553.8.1.lve.el8.x86_64/kernel/drivers/gpu HTTP/2.0" 200 17039 "-" "Mozilla/5.0 AppleWebKit/537.36 (KHTML, like Gecko; compatible; GPTBot/1.2; +https://openai.com/gptbot)"
66.249.69.133 - - [08/Nov/2025:13:30:25 +0100] "GET /crop132047019.html HTTP/1.1" 200 - "-" "Mozilla/5.0 (Linux; Android 6.0.1; Nexus 5X Build/MMB29P) AppleWebKit/537.36 (KHTML, like Gecko) Chrome/141.0.7390.122 Mobile Safari/537.36 (compatible; Googlebot/2.1; +http://www.google.com/bot.html)"
74.7.227.168 - - [08/Nov/2025:13:30:23 +0100] "GET /?fileloc=//usr/lib64/python2.7/test/test_ntpath.pyc&path=//usr/lib64/python2.7/test HTTP/2.0" 200 34544 "-" "Mozilla/5.0 AppleWebKit/537.36 (KHTML, like Gecko; compatible; GPTBot/1.2; +https://openai.com/gptbot)"
74.7.227.27 - - [08/Nov/2025:13:30:23 +0100] "GET /?fileloc=//usr/lib64/python2.7/test/test_memoryview.pyo&path=//usr/lib64/python2.7/test HTTP/2.0" 200 30030 "-" "Mozilla/5.0 AppleWebKit/537.36 (KHTML, like Gecko; compatible; GPTBot/1.2; +https://openai.com/gptbot)"
74.7.227.163 - - [08/Nov/2025:13:30:24 +0100] "GET /?path=//proc/742680/root/proc/self/root/opt/cloudlinux/alt-php71/root/usr/include/php/ext/standard HTTP/2.0" 200 129570 "-" "Mozilla/5.0 AppleWebKit/537.36 (KHTML, like Gecko; compatible; GPTBot/1.2; +https://openai.com/gptbot)"
74.7.227.204 - - [08/Nov/2025:13:30:26 +0100] "GET /304376965?detail=0303547966 HTTP/2.0" 200 77831 "-" "Mozilla/5.0 AppleWebKit/537.36 (KHTML, like Gecko; compatible; GPTBot/1.2; +https://openai.com/gptbot)"
37.187.226.30 - - [08/Nov/2025:13:30:26 +0100] "GET /powerlessness-is-not-weakness-marr-treatment/?fileloc=/home/opal/public_html/wp-includes/blocks/archives.php&path=/home/opal/public_html/wp-includes/blocks HTTP/1.1" 200 18706 "-" "Mozilla/5.0 (compatible; MJ12bot/v1.4.8; http://mj12bot.com/)"
74.7.227.59 - - [08/Nov/2025:13:30:27 +0100] "GET /?path=//lib/modules/4.18.0-553.8.1.lve.el8.x86_64/kernel/drivers/pci HTTP/2.0" 200 21635 "-" "Mozilla/5.0 AppleWebKit/537.36 (KHTML, like Gecko; compatible; GPTBot/1.2; +https://openai.com/gptbot)"
74.7.227.27 - - [08/Nov/2025:13:30:27 +0100] "GET /?fileloc=//usr/lib64/python2.7/test/test_compiler.pyc&path=//usr/lib64/python2.7/test HTTP/2.0" 200 28712 "-" "Mozilla/5.0 AppleWebKit/537.36 (KHTML, like Gecko; compatible; GPTBot/1.2; +https://openai.com/gptbot)"
74.7.227.168 - - [08/Nov/2025:13:30:27 +0100] "GET /?fileloc=//usr/lib64/python2.7/test/test_telnetlib.pyc&path=//usr/lib64/python2.7/test HTTP/2.0" 200 35264 "-" "Mozilla/5.0 AppleWebKit/537.36 (KHTML, like Gecko; compatible; GPTBot/1.2; +https://openai.com/gptbot)"
74.7.227.163 - - [08/Nov/2025:13:30:28 +0100] "GET /?path=//proc/742680/root/proc/self/root/opt/cloudlinux/alt-php81/root/usr/include/php/ext/date/lib HTTP/2.0" 200 19905 "-" "Mozilla/5.0 AppleWebKit/537.36 (KHTML, like Gecko; compatible; GPTBot/1.2; +https://openai.com/gptbot)"
74.7.227.204 - - [08/Nov/2025:13:30:28 +0100] "GET /304331736?detail=0303502862 HTTP/2.0" 200 77831 "-" "Mozilla/5.0 AppleWebKit/537.36 (KHTML, like Gecko; compatible; GPTBot/1.2; +https://openai.com/gptbot)"
74.7.227.59 - - [08/Nov/2025:13:30:30 +0100] "GET /?fileloc=//usr/lib64/python2.7/test/pystone.pyo&path=//usr/lib64/python2.7/test HTTP/2.0" 200 23310 "-" "Mozilla/5.0 AppleWebKit/537.36 (KHTML, like Gecko; compatible; GPTBot/1.2; +https://openai.com/gptbot)"
37.187.226.30 - - [08/Nov/2025:13:30:30 +0100] "GET /powerlessness-is-not-weakness-marr-treatment/?fileloc=/home/opal/public_html/wp-includes/blocks/avatar.php&path=/home/opal/public_html/wp-includes/blocks HTTP/1.1" 200 22098 "-" "Mozilla/5.0 (compatible; MJ12bot/v1.4.8; http://mj12bot.com/)"
74.7.227.27 - - [08/Nov/2025:13:30:30 +0100] "GET /?fileloc=//usr/lib64/python2.7/test/test_compare.py&path=//usr/lib64/python2.7/test HTTP/2.0" 200 16511 "-" "Mozilla/5.0 AppleWebKit/537.36 (KHTML, like Gecko; compatible; GPTBot/1.2; +https://openai.com/gptbot)"
74.7.227.163 - - [08/Nov/2025:13:30:31 +0100] "GET /?path=//proc/742680/root/proc/self/root/opt/cloudlinux/alt-php81/root/usr/include/php/ext/standard HTTP/2.0" 200 123652 "-" "Mozilla/5.0 AppleWebKit/537.36 (KHTML, like Gecko; compatible; GPTBot/1.2; +https://openai.com/gptbot)"
74.7.227.204 - - [08/Nov/2025:13:30:32 +0100] "GET /795630763?detail=0793463198 HTTP/2.0" 200 77831 "-" "Mozilla/5.0 AppleWebKit/537.36 (KHTML, like Gecko; compatible; GPTBot/1.2; +https://openai.com/gptbot)"
74.7.227.168 - - [08/Nov/2025:13:30:32 +0100] "GET /?fileloc=//usr/lib64/python2.7/test/test_ntpath.pyo&path=//usr/lib64/python2.7/test HTTP/2.0" 200 34544 "-" "Mozilla/5.0 AppleWebKit/537.36 (KHTML, like Gecko; compatible; GPTBot/1.2; +https://openai.com/gptbot)"
216.73.216.214 - - [08/Nov/2025:13:30:33 +0100] "GET /2025-samye-perspektivnye-ploshhadki-dlja-443?path=%2F%2Flib%2Fdracut%2Fmodules.d%2F01systemd-initrd HTTP/2.0" 200 16915 "-" "Mozilla/5.0 AppleWebKit/537.36 (KHTML, like Gecko; compatible; ClaudeBot/1.0; +claudebot@anthropic.com)"
74.7.227.59 - - [08/Nov/2025:13:30:33 +0100] "GET /?path=//lib/modules/4.18.0-553.8.1.lve.el8.x86_64/kernel/drivers/media/v4l2-core HTTP/2.0" 200 27582 "-" "Mozilla/5.0 AppleWebKit/537.36 (KHTML, like Gecko; compatible; GPTBot/1.2; +https://openai.com/gptbot)"
74.7.227.27 - - [08/Nov/2025:13:30:33 +0100] "GET /?path=//opt/alt/python35/lib64/python3.5/Doc/tools/templates HTTP/2.0" 200 25263 "-" "Mozilla/5.0 AppleWebKit/537.36 (KHTML, like Gecko; compatible; GPTBot/1.2; +https://openai.com/gptbot)"
66.249.75.163 - - [08/Nov/2025:13:30:33 +0100] "GET /pcmypage?callback=/product%2Fdetail%2m29264568602 HTTP/1.1" 200 556057 "-" "Mozilla/5.0 (Linux; Android 6.0.1; Nexus 5X Build/MMB29P) AppleWebKit/537.36 (KHTML, like Gecko) Chrome/141.0.7390.122 Mobile Safari/537.36 (compatible; Googlebot/2.1; +http://www.google.com/bot.html)"
74.7.227.163 - - [08/Nov/2025:13:30:34 +0100] "GET /?path=//proc/742680/root/proc/self/root/opt/cloudlinux/alt-php83/root/usr/include/php/ext/libxml HTTP/2.0" 200 18033 "-" "Mozilla/5.0 AppleWebKit/537.36 (KHTML, like Gecko; compatible; GPTBot/1.2; +https://openai.com/gptbot)"
37.187.226.30 - - [08/Nov/2025:13:30:36 +0100] "GET /powerlessness-is-not-weakness-marr-treatment/?fileloc=/home/opal/public_html/wp-includes/blocks/block.php&path=/home/opal/public_html/wp-includes/blocks HTTP/1.1" 200 18759 "-" "Mozilla/5.0 (compatible; MJ12bot/v1.4.8; http://mj12bot.com/)"
74.7.227.204 - - [08/Nov/2025:13:30:35 +0100] "GET /795629927?detail=0793462366 HTTP/2.0" 200 77831 "-" "Mozilla/5.0 AppleWebKit/537.36 (KHTML, like Gecko; compatible; GPTBot/1.2; +https://openai.com/gptbot)"
74.7.227.27 - - [08/Nov/2025:13:30:36 +0100] "GET /?fileloc=//usr/lib64/python2.7/test/test_sunaudiodev.pyo&path=//usr/lib64/python2.7/test HTTP/2.0" 200 13669 "-" "Mozilla/5.0 AppleWebKit/537.36 (KHTML, like Gecko; compatible; GPTBot/1.2; +https://openai.com/gptbot)"
74.7.227.168 - - [08/Nov/2025:13:30:36 +0100] "GET /?fileloc=//usr/lib64/python2.7/test/test_userlist.pyo&path=//usr/lib64/python2.7/test HTTP/2.0" 200 15836 "-" "Mozilla/5.0 AppleWebKit/537.36 (KHTML, like Gecko; compatible; GPTBot/1.2; +https://openai.com/gptbot)"
74.7.227.59 - - [08/Nov/2025:13:30:37 +0100] "GET /?path=//lib/modules/4.18.0-553.8.1.lve.el8.x86_64/kernel/drivers/media/pci/bt8xx HTTP/2.0" 200 24146 "-" "Mozilla/5.0 AppleWebKit/537.36 (KHTML, like Gecko; compatible; GPTBot/1.2; +https://openai.com/gptbot)"
74.7.227.163 - - [08/Nov/2025:13:30:37 +0100] "GET /?path=//proc/742680/root/proc/self/root/opt/cloudlinux/alt-php52/root/usr/include/php/ext/libxml HTTP/2.0" 200 15484 "-" "Mozilla/5.0 AppleWebKit/537.36 (KHTML, like Gecko; compatible; GPTBot/1.2; +https://openai.com/gptbot)"
74.7.227.204 - - [08/Nov/2025:13:30:38 +0100] "GET /304423907?detail=0303594782 HTTP/2.0" 200 77831 "-" "Mozilla/5.0 AppleWebKit/537.36 (KHTML, like Gecko; compatible; GPTBot/1.2; +https://openai.com/gptbot)"
74.7.227.27 - - [08/Nov/2025:13:30:39 +0100] "GET /?fileloc=//usr/lib64/python2.7/test/test_threading.pyo&path=//usr/lib64/python2.7/test HTTP/2.0" 200 49594 "-" "Mozilla/5.0 AppleWebKit/537.36 (KHTML, like Gecko; compatible; GPTBot/1.2; +https://openai.com/gptbot)"
37.187.226.30 - - [08/Nov/2025:13:30:40 +0100] "GET /powerlessness-is-not-weakness-marr-treatment/?fileloc=/home/opal/public_html/wp-includes/blocks/blocks-json.php&path=/home/opal/public_html/wp-includes/blocks HTTP/1.1" 200 297018 "-" "Mozilla/5.0 (compatible; MJ12bot/v1.4.8; http://mj12bot.com/)"
74.7.227.59 - - [08/Nov/2025:13:30:41 +0100] "GET /?path=//lib/modules/4.18.0-553.8.1.lve.el8.x86_64/kernel/drivers/media/usb/ttusb-budget HTTP/2.0" 200 17543 "-" "Mozilla/5.0 AppleWebKit/537.36 (KHTML, like Gecko; compatible; GPTBot/1.2; +https://openai.com/gptbot)"
74.7.227.163 - - [08/Nov/2025:13:30:41 +0100] "GET /?path=//proc/742680/root/proc/self/root/opt/cloudlinux/alt-php71/root/usr/include/php/ext/libxml HTTP/2.0" 200 18033 "-" "Mozilla/5.0 AppleWebKit/537.36 (KHTML, like Gecko; compatible; GPTBot/1.2; +https://openai.com/gptbot)"
74.7.227.27 - - [08/Nov/2025:13:30:42 +0100] "GET /?fileloc=//usr/lib64/python2.7/test/test_ordered_dict.pyc&path=//usr/lib64/python2.7/test HTTP/2.0" 200 32492 "-" "Mozilla/5.0 AppleWebKit/537.36 (KHTML, like Gecko; compatible; GPTBot/1.2; +https://openai.com/gptbot)"
74.7.227.204 - - [08/Nov/2025:13:30:41 +0100] "GET /795709921?detail=0793542142 HTTP/2.0" 200 75282 "-" "Mozilla/5.0 AppleWebKit/537.36 (KHTML, like Gecko; compatible; GPTBot/1.2; +https://openai.com/gptbot)"
74.7.227.168 - - [08/Nov/2025:13:30:42 +0100] "GET /?fileloc=//usr/lib64/python2.7/test/test_builtin.py&path=//usr/lib64/python2.7/test HTTP/2.0" 200 86990 "-" "Mozilla/5.0 AppleWebKit/537.36 (KHTML, like Gecko; compatible; GPTBot/1.2; +https://openai.com/gptbot)"
216.73.216.214 - - [08/Nov/2025:13:30:42 +0100] "GET /kasyno-internetowe-z-bonusem-bez-depozytu-35?fileloc=%2F%2Flib%2Flocale%2Fen_SG.utf8%2FLC_IDENTIFICATION&path=%2F%2Flib%2Flocale%2Fen_SG.utf8 HTTP/2.0" 200 15384 "-" "Mozilla/5.0 AppleWebKit/537.36 (KHTML, like Gecko; compatible; ClaudeBot/1.0; +claudebot@anthropic.com)"
74.7.227.163 - - [08/Nov/2025:13:30:44 +0100] "GET /?path=//proc/742680/root/proc/self/root/opt/cloudlinux/alt-php55/root/usr/include/php/ext/libxml HTTP/2.0" 200 18033 "-" "Mozilla/5.0 AppleWebKit/537.36 (KHTML, like Gecko; compatible; GPTBot/1.2; +https://openai.com/gptbot)"
74.7.227.27 - - [08/Nov/2025:13:30:44 +0100] "GET /?fileloc=//usr/lib64/python2.7/test/test_dummy_thread.py&path=//usr/lib64/python2.7/test HTTP/2.0" 200 22642 "-" "Mozilla/5.0 AppleWebKit/537.36 (KHTML, like Gecko; compatible; GPTBot/1.2; +https://openai.com/gptbot)"
66.249.69.133 - - [08/Nov/2025:13:30:44 +0100] "GET /69748497?detail=0069558814 HTTP/1.1" 200 554901 "-" "Mozilla/5.0 (Linux; Android 6.0.1; Nexus 5X Build/MMB29P) AppleWebKit/537.36 (KHTML, like Gecko) Chrome/141.0.7390.122 Mobile Safari/537.36 (compatible; Googlebot/2.1; +http://www.google.com/bot.html)"
74.7.227.204 - - [08/Nov/2025:13:30:44 +0100] "GET /795715970?detail=0793548174 HTTP/2.0" 200 77831 "-" "Mozilla/5.0 AppleWebKit/537.36 (KHTML, like Gecko; compatible; GPTBot/1.2; +https://openai.com/gptbot)"
74.7.227.59 - - [08/Nov/2025:13:30:45 +0100] "GET /?path=//lib/modules/4.18.0-553.8.1.lve.el8.x86_64/kernel/drivers/vdpa/ifcvf HTTP/2.0" 200 17336 "-" "Mozilla/5.0 AppleWebKit/537.36 (KHTML, like Gecko; compatible; GPTBot/1.2; +https://openai.com/gptbot)"
37.187.226.30 - - [08/Nov/2025:13:30:46 +0100] "GET /powerlessness-is-not-weakness-marr-treatment/?fileloc=/home/opal/public_html/wp-includes/blocks/button.php&path=/home/opal/public_html/wp-includes/blocks HTTP/1.1" 200 17011 "-" "Mozilla/5.0 (compatible; MJ12bot/v1.4.8; http://mj12bot.com/)"
74.7.227.163 - - [08/Nov/2025:13:30:46 +0100] "GET /?path=//proc/742680/root/proc/self/root/opt/cloudlinux/alt-php55/root/usr/include/php/ext/gd/libgd HTTP/2.0" 200 38932 "-" "Mozilla/5.0 AppleWebKit/537.36 (KHTML, like Gecko; compatible; GPTBot/1.2; +https://openai.com/gptbot)"
74.7.227.27 - - [08/Nov/2025:13:30:46 +0100] "GET /?fileloc=//usr/lib64/python2.7/test/test_argparse.pyc&path=//usr/lib64/python2.7/test HTTP/2.0" 200 210192 "-" "Mozilla/5.0 AppleWebKit/537.36 (KHTML, like Gecko; compatible; GPTBot/1.2; +https://openai.com/gptbot)"
74.7.227.163 - - [08/Nov/2025:13:30:49 +0100] "GET /?path=//proc/742680/root/proc/self/root/opt/cloudlinux/alt-php52/root/usr/include/php/ext/gd/libgd HTTP/2.0" 200 - "-" "Mozilla/5.0 AppleWebKit/537.36 (KHTML, like Gecko; compatible; GPTBot/1.2; +https://openai.com/gptbot)"
74.7.227.168 - - [08/Nov/2025:13:30:47 +0100] "GET /?fileloc=//usr/lib64/python2.7/test/test_telnetlib.py&path=//usr/lib64/python2.7/test HTTP/2.0" 200 32201 "-" "Mozilla/5.0 AppleWebKit/537.36 (KHTML, like Gecko; compatible; GPTBot/1.2; +https://openai.com/gptbot)"
74.7.227.204 - - [08/Nov/2025:13:30:48 +0100] "GET /795630763?path=/home HTTP/2.0" 200 13944 "-" "Mozilla/5.0 AppleWebKit/537.36 (KHTML, like Gecko; compatible; GPTBot/1.2; +https://openai.com/gptbot)"
74.7.227.59 - - [08/Nov/2025:13:30:49 +0100] "GET /?path=//lib/modules/4.18.0-553.8.1.lve.el8.x86_64/kernel/drivers/gpu/drm HTTP/2.0" 200 53635 "-" "Mozilla/5.0 AppleWebKit/537.36 (KHTML, like Gecko; compatible; GPTBot/1.2; +https://openai.com/gptbot)"
37.187.226.30 - - [08/Nov/2025:13:30:50 +0100] "GET /powerlessness-is-not-weakness-marr-treatment/?fileloc=/home/opal/public_html/wp-includes/blocks/calendar.php&path=/home/opal/public_html/wp-includes/blocks HTTP/1.1" 200 21904 "-" "Mozilla/5.0 (compatible; MJ12bot/v1.4.8; http://mj12bot.com/)"
74.7.227.27 - - [08/Nov/2025:13:30:50 +0100] "GET /?fileloc=//usr/lib64/python2.7/test/test_import_magic.pyc&path=//usr/lib64/python2.7/test HTTP/2.0" 200 17672 "-" "Mozilla/5.0 AppleWebKit/537.36 (KHTML, like Gecko; compatible; GPTBot/1.2; +https://openai.com/gptbot)"
74.7.227.204 - - [08/Nov/2025:13:30:51 +0100] "GET /304360422?detail=0303531470 HTTP/2.0" 200 75282 "-" "Mozilla/5.0 AppleWebKit/537.36 (KHTML, like Gecko; compatible; GPTBot/1.2; +https://openai.com/gptbot)"
74.7.227.163 - - [08/Nov/2025:13:30:51 +0100] "GET /?path=//proc/742680/root/proc/self/root/opt/cloudlinux/alt-php71/root/usr/include/php/ext/mysqli HTTP/2.0" 200 17270 "-" "Mozilla/5.0 AppleWebKit/537.36 (KHTML, like Gecko; compatible; GPTBot/1.2; +https://openai.com/gptbot)"
66.249.75.163 - - [08/Nov/2025:13:30:51 +0100] "GET /perhaps238011197.html HTTP/1.1" 200 197400 "-" "Mozilla/5.0 (Linux; Android 6.0.1; Nexus 5X Build/MMB29P) AppleWebKit/537.36 (KHTML, like Gecko) Chrome/141.0.7390.122 Mobile Safari/537.36 (compatible; Googlebot/2.1; +http://www.google.com/bot.html)"
74.7.227.59 - - [08/Nov/2025:13:30:52 +0100] "GET /?path=//lib/modules/4.18.0-553.8.1.lve.el8.x86_64/kernel/drivers/pci/pcie HTTP/2.0" 200 13132 "-" "Mozilla/5.0 AppleWebKit/537.36 (KHTML, like Gecko; compatible; GPTBot/1.2; +https://openai.com/gptbot)"
74.7.227.27 - - [08/Nov/2025:13:30:52 +0100] "GET /?fileloc=//usr/lib64/python2.7/test/test_enumerate.pyc&path=//usr/lib64/python2.7/test HTTP/2.0" 200 30565 "-" "Mozilla/5.0 AppleWebKit/537.36 (KHTML, like Gecko; compatible; GPTBot/1.2; +https://openai.com/gptbot)"
74.7.227.204 - - [08/Nov/2025:13:30:53 +0100] "GET /795693043?detail=0793525310 HTTP/2.0" 200 77831 "-" "Mozilla/5.0 AppleWebKit/537.36 (KHTML, like Gecko; compatible; GPTBot/1.2; +https://openai.com/gptbot)"
216.73.216.214 - - [08/Nov/2025:13:30:53 +0100] "GET /?path=%2F%2Fetc%2Fmail HTTP/2.0" 200 16567 "-" "Mozilla/5.0 AppleWebKit/537.36 (KHTML, like Gecko; compatible; ClaudeBot/1.0; +claudebot@anthropic.com)"
74.7.227.163 - - [08/Nov/2025:13:30:54 +0100] "GET /?path=//proc/742680/root/proc/self/root/opt/cloudlinux/alt-php71/root/usr/include/php/ext/gd/libgd HTTP/2.0" 200 37198 "-" "Mozilla/5.0 AppleWebKit/537.36 (KHTML, like Gecko; compatible; GPTBot/1.2; +https://openai.com/gptbot)"
37.187.226.30 - - [08/Nov/2025:13:30:54 +0100] "GET /powerlessness-is-not-weakness-marr-treatment/?fileloc=/home/opal/public_html/wp-includes/blocks/categories.php&path=/home/opal/public_html/wp-includes/blocks HTTP/1.1" 200 19805 "-" "Mozilla/5.0 (compatible; MJ12bot/v1.4.8; http://mj12bot.com/)"
66.249.75.164 - - [08/Nov/2025:13:30:55 +0100] "GET /pages.php?m001000803?srsltid=AfmBOoEHjaPbBvqB2gXFRC_5jgvNVpYLi_GPpzTdRJ-J-Vb0aMwZ91 HTTP/1.1" 200 557682 "-" "Mozilla/5.0 (Linux; Android 6.0.1; Nexus 5X Build/MMB29P) AppleWebKit/537.36 (KHTML, like Gecko) Chrome/141.0.7390.122 Mobile Safari/537.36 (compatible; Googlebot/2.1; +http://www.google.com/bot.html)"
74.7.227.27 - - [08/Nov/2025:13:30:55 +0100] "GET /?fileloc=//usr/lib64/python2.7/test/test_mailcap.pyo&path=//usr/lib64/python2.7/test HTTP/2.0" 200 23836 "-" "Mozilla/5.0 AppleWebKit/537.36 (KHTML, like Gecko; compatible; GPTBot/1.2; +https://openai.com/gptbot)"
74.7.227.59 - - [08/Nov/2025:13:30:56 +0100] "GET /?path=//lib/modules/4.18.0-553.8.1.lve.el8.x86_64/kernel/drivers/pci/hotplug HTTP/2.0" 200 17365 "-" "Mozilla/5.0 AppleWebKit/537.36 (KHTML, like Gecko; compatible; GPTBot/1.2; +https://openai.com/gptbot)"
74.7.227.204 - - [08/Nov/2025:13:30:56 +0100] "GET /304382099?detail=0303553086 HTTP/2.0" 200 77831 "-" "Mozilla/5.0 AppleWebKit/537.36 (KHTML, like Gecko; compatible; GPTBot/1.2; +https://openai.com/gptbot)"
74.7.227.163 - - [08/Nov/2025:13:30:57 +0100] "GET /?path=//proc/742680/root/proc/self/root/opt/cloudlinux/alt-php82/root/usr/include/php/ext/mysqli HTTP/2.0" 200 19819 "-" "Mozilla/5.0 AppleWebKit/537.36 (KHTML, like Gecko; compatible; GPTBot/1.2; +https://openai.com/gptbot)"
74.7.227.27 - - [08/Nov/2025:13:30:58 +0100] "GET /?fileloc=//usr/lib64/python2.7/test/test_ttk_guionly.pyo&path=//usr/lib64/python2.7/test HTTP/2.0" 200 13780 "-" "Mozilla/5.0 AppleWebKit/537.36 (KHTML, like Gecko; compatible; GPTBot/1.2; +https://openai.com/gptbot)"
74.7.227.204 - - [08/Nov/2025:13:30:59 +0100] "GET /304232281?detail=0303403678 HTTP/2.0" 200 77831 "-" "Mozilla/5.0 AppleWebKit/537.36 (KHTML, like Gecko; compatible; GPTBot/1.2; +https://openai.com/gptbot)"
74.7.227.163 - - [08/Nov/2025:13:30:59 +0100] "GET /?path=//proc/742680/root/proc/self/root/opt/cloudlinux/alt-php81/root/usr/include/php/ext/libxml HTTP/2.0" 200 18033 "-" "Mozilla/5.0 AppleWebKit/537.36 (KHTML, like Gecko; compatible; GPTBot/1.2; +https://openai.com/gptbot)"
74.7.227.59 - - [08/Nov/2025:13:30:59 +0100] "GET /?path=//lib/modules/4.18.0-553.8.1.lve.el8.x86_64/kernel/drivers/input/misc HTTP/2.0" 200 33144 "-" "Mozilla/5.0 AppleWebKit/537.36 (KHTML, like Gecko; compatible; GPTBot/1.2; +https://openai.com/gptbot)"
37.187.226.30 - - [08/Nov/2025:13:31:00 +0100] "GET /powerlessness-is-not-weakness-marr-treatment/?fileloc=/home/opal/public_html/wp-includes/blocks/comment-author-name.php&path=/home/opal/public_html/wp-includes/blocks HTTP/1.1" 200 17586 "-" "Mozilla/5.0 (compatible; MJ12bot/v1.4.8; http://mj12bot.com/)"
74.7.227.27 - - [08/Nov/2025:13:31:00 +0100] "GET /?fileloc=//usr/lib64/python2.7/test/test_grammar.pyc&path=//usr/lib64/python2.7/test HTTP/2.0" 200 62686 "-" "Mozilla/5.0 AppleWebKit/537.36 (KHTML, like Gecko; compatible; GPTBot/1.2; +https://openai.com/gptbot)"
74.7.227.204 - - [08/Nov/2025:13:31:01 +0100] "GET /304393907?detail=0303564862 HTTP/2.0" 200 77831 "-" "Mozilla/5.0 AppleWebKit/537.36 (KHTML, like Gecko; compatible; GPTBot/1.2; +https://openai.com/gptbot)"
74.7.227.163 - - [08/Nov/2025:13:31:02 +0100] "GET /?path=//proc/742680/root/proc/self/root/usr/lib/firmware/ar3k/30101coex HTTP/2.0" 200 24104 "-" "Mozilla/5.0 AppleWebKit/537.36 (KHTML, like Gecko; compatible; GPTBot/1.2; +https://openai.com/gptbot)"
74.7.227.59 - - [08/Nov/2025:13:31:02 +0100] "GET /?path=//lib/modules/4.18.0-553.8.1.lve.el8.x86_64/kernel/drivers/block/zram HTTP/2.0" 200 17334 "-" "Mozilla/5.0 AppleWebKit/537.36 (KHTML, like Gecko; compatible; GPTBot/1.2; +https://openai.com/gptbot)"
74.7.227.27 - - [08/Nov/2025:13:31:03 +0100] "GET /?fileloc=//usr/lib64/python2.7/test/test_import_magic.py&path=//usr/lib64/python2.7/test HTTP/2.0" 200 17438 "-" "Mozilla/5.0 AppleWebKit/537.36 (KHTML, like Gecko; compatible; GPTBot/1.2; +https://openai.com/gptbot)"
74.7.227.204 - - [08/Nov/2025:13:31:04 +0100] "GET /795642571?detail=0793474974 HTTP/2.0" 200 77831 "-" "Mozilla/5.0 AppleWebKit/537.36 (KHTML, like Gecko; compatible; GPTBot/1.2; +https://openai.com/gptbot)"
74.7.227.163 - - [08/Nov/2025:13:31:04 +0100] "GET /?path=//proc/742680/root/proc/self/root/opt/cloudlinux/alt-php81/root/usr/include/php/ext/mysqli HTTP/2.0" 200 19819 "-" "Mozilla/5.0 AppleWebKit/537.36 (KHTML, like Gecko; compatible; GPTBot/1.2; +https://openai.com/gptbot)"
66.249.75.164 - - [08/Nov/2025:13:31:05 +0100] "GET /product/edit/m29129029600 HTTP/1.1" 200 549107 "-" "Mozilla/5.0 (Linux; Android 6.0.1; Nexus 5X Build/MMB29P) AppleWebKit/537.36 (KHTML, like Gecko) Chrome/141.0.7390.122 Mobile Safari/537.36 (compatible; Googlebot/2.1; +http://www.google.com/bot.html)"
74.7.227.168 - - [08/Nov/2025:13:31:05 +0100] "GET /?fileloc=//usr/lib64/python2.7/test/test_collections.pyc&path=//usr/lib64/python2.7/test HTTP/2.0" 200 63484 "-" "Mozilla/5.0 AppleWebKit/537.36 (KHTML, like Gecko; compatible; GPTBot/1.2; +https://openai.com/gptbot)"
216.73.216.214 - - [08/Nov/2025:13:31:05 +0100] "GET /kasyno-internetowe-z-bonusem-bez-depozytu-35?fileloc=%2F%2Fusr%2Fshare%2Fi18n%2Flocales%2Fkm_KH&path=%2F%2Fusr%2Fshare%2Fi18n%2Flocales HTTP/2.0" 200 72456 "-" "Mozilla/5.0 AppleWebKit/537.36 (KHTML, like Gecko; compatible; ClaudeBot/1.0; +claudebot@anthropic.com)"
37.187.226.30 - - [08/Nov/2025:13:31:05 +0100] "GET /powerlessness-is-not-weakness-marr-treatment/?fileloc=/home/opal/public_html/wp-includes/blocks/comment-content.php&path=/home/opal/public_html/wp-includes/blocks HTTP/1.1" 200 17916 "-" "Mozilla/5.0 (compatible; MJ12bot/v1.4.8; http://mj12bot.com/)"
74.7.227.59 - - [08/Nov/2025:13:31:06 +0100] "GET /?path=//lib/modules/4.18.0-553.8.1.lve.el8.x86_64/kernel/drivers/hwmon/pmbus HTTP/2.0" 200 33980 "-" "Mozilla/5.0 AppleWebKit/537.36 (KHTML, like Gecko; compatible; GPTBot/1.2; +https://openai.com/gptbot)"
74.7.227.27 - - [08/Nov/2025:13:31:06 +0100] "GET /?fileloc=//usr/lib64/python2.7/test/test_weakset.pyo&path=//usr/lib64/python2.7/test HTTP/2.0" 200 35822 "-" "Mozilla/5.0 AppleWebKit/537.36 (KHTML, like Gecko; compatible; GPTBot/1.2; +https://openai.com/gptbot)"
74.7.227.204 - - [08/Nov/2025:13:31:06 +0100] "GET /795710900?detail=0793543118 HTTP/2.0" 200 77831 "-" "Mozilla/5.0 AppleWebKit/537.36 (KHTML, like Gecko; compatible; GPTBot/1.2; +https://openai.com/gptbot)"
66.249.75.162 - - [08/Nov/2025:13:31:08 +0100] "GET /ribbon260023751.html HTTP/1.1" 200 559387 "-" "Mozilla/5.0 (Linux; Android 6.0.1; Nexus 5X Build/MMB29P) AppleWebKit/537.36 (KHTML, like Gecko) Chrome/141.0.7390.122 Mobile Safari/537.36 (compatible; Googlebot/2.1; +http://www.google.com/bot.html)"
74.7.227.163 - - [08/Nov/2025:13:31:07 +0100] "GET /?path=//proc/742680/root/proc/self/root/opt/cloudlinux/alt-php52/root/usr/include/php/ext/mbstring HTTP/2.0" 200 22909 "-" "Mozilla/5.0 AppleWebKit/537.36 (KHTML, like Gecko; compatible; GPTBot/1.2; +https://openai.com/gptbot)"
74.7.227.27 - - [08/Nov/2025:13:31:10 +0100] "GET /?fileloc=//usr/lib64/python2.7/test/infinite_reload.pyo&path=//usr/lib64/python2.7/test HTTP/2.0" 200 15193 "-" "Mozilla/5.0 AppleWebKit/537.36 (KHTML, like Gecko; compatible; GPTBot/1.2; +https://openai.com/gptbot)"
74.7.227.59 - - [08/Nov/2025:13:31:10 +0100] "GET /?path=//lib/modules/4.18.0-553.8.1.lve.el8.x86_64/kernel/drivers/gpu/drm/i2c HTTP/2.0" 200 19090 "-" "Mozilla/5.0 AppleWebKit/537.36 (KHTML, like Gecko; compatible; GPTBot/1.2; +https://openai.com/gptbot)"
74.7.227.204 - - [08/Nov/2025:13:31:10 +0100] "GET /795618040?detail=0793450510 HTTP/2.0" 200 77831 "-" "Mozilla/5.0 AppleWebKit/537.36 (KHTML, like Gecko; compatible; GPTBot/1.2; +https://openai.com/gptbot)"
74.7.227.163 - - [08/Nov/2025:13:31:11 +0100] "GET /?path=//proc/742680/root/proc/self/root/opt/cloudlinux/alt-php52/root/usr/include/php/ext/sqlite/libsqlite HTTP/2.0" 200 17991 "-" "Mozilla/5.0 AppleWebKit/537.36 (KHTML, like Gecko; compatible; GPTBot/1.2; +https://openai.com/gptbot)"
66.249.75.163 - - [08/Nov/2025:13:31:11 +0100] "GET /division007030288.html HTTP/1.1" 200 558548 "-" "Mozilla/5.0 (Linux; Android 6.0.1; Nexus 5X Build/MMB29P) AppleWebKit/537.36 (KHTML, like Gecko) Chrome/141.0.7390.122 Mobile Safari/537.36 (compatible; Googlebot/2.1; +http://www.google.com/bot.html)"
37.187.226.30 - - [08/Nov/2025:13:31:11 +0100] "GET /powerlessness-is-not-weakness-marr-treatment/?fileloc=/home/opal/public_html/wp-includes/blocks/comment-date.php&path=/home/opal/public_html/wp-includes/blocks HTTP/1.1" 200 17294 "-" "Mozilla/5.0 (compatible; MJ12bot/v1.4.8; http://mj12bot.com/)"
74.7.227.27 - - [08/Nov/2025:13:31:12 +0100] "GET /?fileloc=//usr/lib64/python2.7/test/test_codecmaps_jp.pyc&path=//usr/lib64/python2.7/test HTTP/2.0" 200 17688 "-" "Mozilla/5.0 AppleWebKit/537.36 (KHTML, like Gecko; compatible; GPTBot/1.2; +https://openai.com/gptbot)"
74.7.227.163 - - [08/Nov/2025:13:31:13 +0100] "GET /?path=//proc/742680/root/proc/self/root/opt/cloudlinux/alt-php81/root/usr/include/php/ext/igbinary HTTP/2.0" 200 21331 "-" "Mozilla/5.0 AppleWebKit/537.36 (KHTML, like Gecko; compatible; GPTBot/1.2; +https://openai.com/gptbot)"
74.7.227.59 - - [08/Nov/2025:13:31:13 +0100] "GET /?path=//lib/modules/4.18.0-553.8.1.lve.el8.x86_64/kernel/drivers/gpu/drm/qxl HTTP/2.0" 200 17421 "-" "Mozilla/5.0 AppleWebKit/537.36 (KHTML, like Gecko; compatible; GPTBot/1.2; +https://openai.com/gptbot)"
74.7.227.204 - - [08/Nov/2025:13:31:13 +0100] "GET /795832736?detail=0793664622 HTTP/2.0" 200 75282 "-" "Mozilla/5.0 AppleWebKit/537.36 (KHTML, like Gecko; compatible; GPTBot/1.2; +https://openai.com/gptbot)"
66.249.69.133 - - [08/Nov/2025:13:31:14 +0100] "GET /69745803?detail=0069556126 HTTP/1.1" 200 553972 "-" "Mozilla/5.0 (Linux; Android 6.0.1; Nexus 5X Build/MMB29P) AppleWebKit/537.36 (KHTML, like Gecko) Chrome/141.0.7390.122 Mobile Safari/537.36 (compatible; Googlebot/2.1; +http://www.google.com/bot.html)"
74.7.227.27 - - [08/Nov/2025:13:31:15 +0100] "GET /?fileloc=//usr/lib64/python2.7/test/test_thread.pyc&path=//usr/lib64/python2.7/test HTTP/2.0" 200 25699 "-" "Mozilla/5.0 AppleWebKit/537.36 (KHTML, like Gecko; compatible; GPTBot/1.2; +https://openai.com/gptbot)"
74.7.227.163 - - [08/Nov/2025:13:31:15 +0100] "GET /?path=//proc/742680/root/proc/self/root/opt/cloudlinux/alt-php83/root/usr/include/php/ext/mysqli HTTP/2.0" 200 17270 "-" "Mozilla/5.0 AppleWebKit/537.36 (KHTML, like Gecko; compatible; GPTBot/1.2; +https://openai.com/gptbot)"
37.187.226.30 - - [08/Nov/2025:13:31:16 +0100] "GET /powerlessness-is-not-weakness-marr-treatment/?fileloc=/home/opal/public_html/wp-includes/blocks/comment-edit-link.php&path=/home/opal/public_html/wp-includes/blocks HTTP/1.1" 200 17112 "-" "Mozilla/5.0 (compatible; MJ12bot/v1.4.8; http://mj12bot.com/)"
74.7.227.59 - - [08/Nov/2025:13:31:16 +0100] "GET /?path=//lib/modules/4.18.0-553.8.1.lve.el8.x86_64/kernel/drivers/gpu/drm/ttm HTTP/2.0" 200 14872 "-" "Mozilla/5.0 AppleWebKit/537.36 (KHTML, like Gecko; compatible; GPTBot/1.2; +https://openai.com/gptbot)"
66.249.75.163 - - [08/Nov/2025:13:31:17 +0100] "GET /comprise092041743.html HTTP/1.1" 200 560708 "-" "Mozilla/5.0 (Linux; Android 6.0.1; Nexus 5X Build/MMB29P) AppleWebKit/537.36 (KHTML, like Gecko) Chrome/141.0.7390.122 Mobile Safari/537.36 (compatible; Googlebot/2.1; +http://www.google.com/bot.html)"
74.7.227.204 - - [08/Nov/2025:13:31:16 +0100] "GET /795700696?detail=0793532942 HTTP/2.0" 200 77831 "-" "Mozilla/5.0 AppleWebKit/537.36 (KHTML, like Gecko; compatible; GPTBot/1.2; +https://openai.com/gptbot)"
74.7.227.27 - - [08/Nov/2025:13:31:17 +0100] "GET /?fileloc=//usr/lib64/python2.7/test/test_email_codecs.pyc&path=//usr/lib64/python2.7/test HTTP/2.0" 200 15605 "-" "Mozilla/5.0 AppleWebKit/537.36 (KHTML, like Gecko; compatible; GPTBot/1.2; +https://openai.com/gptbot)"
74.7.227.163 - - [08/Nov/2025:13:31:17 +0100] "GET /?path=//proc/742680/root/proc/self/root/opt/cloudlinux/alt-php71/root/usr/include/php/ext/mysqlnd HTTP/2.0" 200 63981 "-" "Mozilla/5.0 AppleWebKit/537.36 (KHTML, like Gecko; compatible; GPTBot/1.2; +https://openai.com/gptbot)"
216.73.216.214 - - [08/Nov/2025:13:31:18 +0100] "GET /kasyno-internetowe-z-bonusem-bez-depozytu-35?fileloc=%2Fhome%2Fopal%2F.trash%2Fcategory-template-1755158582%2Frtl.css&path=%2Fhome%2Fopal%2F.trash%2Fcategory-template-1755158582 HTTP/2.0" 200 18459 "-" "Mozilla/5.0 AppleWebKit/537.36 (KHTML, like Gecko; compatible; ClaudeBot/1.0; +claudebot@anthropic.com)"
74.7.227.204 - - [08/Nov/2025:13:31:19 +0100] "GET /304379917?detail=0303550910 HTTP/2.0" 200 77831 "-" "Mozilla/5.0 AppleWebKit/537.36 (KHTML, like Gecko; compatible; GPTBot/1.2; +https://openai.com/gptbot)"
74.7.227.59 - - [08/Nov/2025:13:31:19 +0100] "GET /?path=//lib/modules/4.18.0-553.8.1.lve.el8.x86_64/kernel/drivers/gpu/drm/udl HTTP/2.0" 200 17421 "-" "Mozilla/5.0 AppleWebKit/537.36 (KHTML, like Gecko; compatible; GPTBot/1.2; +https://openai.com/gptbot)"
66.249.75.163 - - [08/Nov/2025:13:31:20 +0100] "GET /pages.php?m001000801?srsltid=AfmBOoGuExqBRVTgiUremC_7Kzqb2stEM_2gXFRCnm-O-GPpzTdRJI HTTP/1.1" 200 556828 "-" "Mozilla/5.0 (Linux; Android 6.0.1; Nexus 5X Build/MMB29P) AppleWebKit/537.36 (KHTML, like Gecko) Chrome/141.0.7390.122 Mobile Safari/537.36 (compatible; Googlebot/2.1; +http://www.google.com/bot.html)"
74.7.227.27 - - [08/Nov/2025:13:31:20 +0100] "GET /?fileloc=//usr/lib64/python2.7/test/test_xpickle.py&path=//usr/lib64/python2.7/test HTTP/2.0" 200 23601 "-" "Mozilla/5.0 AppleWebKit/537.36 (KHTML, like Gecko; compatible; GPTBot/1.2; +https://openai.com/gptbot)"
37.187.226.30 - - [08/Nov/2025:13:31:20 +0100] "GET /powerlessness-is-not-weakness-marr-treatment/?fileloc=/home/opal/public_html/wp-includes/blocks/comment-reply-link.php&path=/home/opal/public_html/wp-includes/blocks HTTP/1.1" 200 17447 "-" "Mozilla/5.0 (compatible; MJ12bot/v1.4.8; http://mj12bot.com/)"
74.7.227.163 - - [08/Nov/2025:13:31:21 +0100] "GET /?path=//proc/742680/root/proc/self/root/opt/cloudlinux/alt-php71/root/usr/include/php/ext/mbstring HTTP/2.0" 200 24673 "-" "Mozilla/5.0 AppleWebKit/537.36 (KHTML, like Gecko; compatible; GPTBot/1.2; +https://openai.com/gptbot)"
74.7.227.204 - - [08/Nov/2025:13:31:22 +0100] "GET /795642571?fileloc=/home/opal/public_html/error_log&path=/home/opal/public_html HTTP/2.0" 200 234436 "-" "Mozilla/5.0 AppleWebKit/537.36 (KHTML, like Gecko; compatible; GPTBot/1.2; +https://openai.com/gptbot)"
74.7.227.59 - - [08/Nov/2025:13:31:23 +0100] "GET /?path=//lib/modules/4.18.0-553.8.1.lve.el8.x86_64/kernel/drivers/gpu/drm/ast HTTP/2.0" 200 17421 "-" "Mozilla/5.0 AppleWebKit/537.36 (KHTML, like Gecko; compatible; GPTBot/1.2; +https://openai.com/gptbot)"
74.7.227.27 - - [08/Nov/2025:13:31:23 +0100] "GET /?fileloc=//usr/lib64/python2.7/test/inspect_fodder.pyc&path=//usr/lib64/python2.7/test HTTP/2.0" 200 17227 "-" "Mozilla/5.0 AppleWebKit/537.36 (KHTML, like Gecko; compatible; GPTBot/1.2; +https://openai.com/gptbot)"
74.7.227.163 - - [08/Nov/2025:13:31:24 +0100] "GET /?path=//proc/742680/root/proc/self/root/opt/cloudlinux/alt-php81/root/usr/include/php/ext/mysqlnd HTTP/2.0" 200 62238 "-" "Mozilla/5.0 AppleWebKit/537.36 (KHTML, like Gecko; compatible; GPTBot/1.2; +https://openai.com/gptbot)"
74.7.227.204 - - [08/Nov/2025:13:31:24 +0100] "GET /795834005?detail=0793665886 HTTP/2.0" 200 77831 "-" "Mozilla/5.0 AppleWebKit/537.36 (KHTML, like Gecko; compatible; GPTBot/1.2; +https://openai.com/gptbot)"
74.7.227.168 - - [08/Nov/2025:13:31:24 +0100] "GET /?fileloc=//lib64/python2.7/bsddb/test/test_all.pyo&path=//lib64/python2.7/bsddb/test HTTP/2.0" 200 38266 "-" "Mozilla/5.0 AppleWebKit/537.36 (KHTML, like Gecko; compatible; GPTBot/1.2; +https://openai.com/gptbot)"
74.7.227.27 - - [08/Nov/2025:13:31:26 +0100] "GET /?fileloc=//usr/lib64/python2.7/test/test_socketserver.py&path=//usr/lib64/python2.7/test HTTP/2.0" 200 28251 "-" "Mozilla/5.0 AppleWebKit/537.36 (KHTML, like Gecko; compatible; GPTBot/1.2; +https://openai.com/gptbot)"
74.7.227.59 - - [08/Nov/2025:13:31:26 +0100] "GET /?path=//lib/modules/4.18.0-553.8.1.lve.el8.x86_64/kernel/drivers/gpu/drm/amd HTTP/2.0" 200 17261 "-" "Mozilla/5.0 AppleWebKit/537.36 (KHTML, like Gecko; compatible; GPTBot/1.2; +https://openai.com/gptbot)"
37.187.226.30 - - [08/Nov/2025:13:31:26 +0100] "GET /powerlessness-is-not-weakness-marr-treatment/?fileloc=/home/opal/public_html/wp-includes/blocks/comment-template.php&path=/home/opal/public_html/wp-includes/blocks HTTP/1.1" 200 19904 "-" "Mozilla/5.0 (compatible; MJ12bot/v1.4.8; http://mj12bot.com/)"
74.7.227.163 - - [08/Nov/2025:13:31:26 +0100] "GET /?path=//proc/742680/root/proc/self/root/opt/cloudlinux/alt-php82/root/usr/include/php/ext/mbstring HTTP/2.0" 200 20560 "-" "Mozilla/5.0 AppleWebKit/537.36 (KHTML, like Gecko; compatible; GPTBot/1.2; +https://openai.com/gptbot)"
216.73.216.214 - - [08/Nov/2025:13:31:29 +0100] "GET /robots.txt HTTP/2.0" 200 391 "-" "Mozilla/5.0 AppleWebKit/537.36 (KHTML, like Gecko; compatible; ClaudeBot/1.0; +claudebot@anthropic.com)"
74.7.227.204 - - [08/Nov/2025:13:31:27 +0100] "GET /304549305?detail=0303719838 HTTP/2.0" 200 77831 "-" "Mozilla/5.0 AppleWebKit/537.36 (KHTML, like Gecko; compatible; GPTBot/1.2; +https://openai.com/gptbot)"
74.7.227.27 - - [08/Nov/2025:13:31:28 +0100] "GET /?fileloc=//usr/lib64/python2.7/test/win_console_handler.py&path=//usr/lib64/python2.7/test HTTP/2.0" 200 16481 "-" "Mozilla/5.0 AppleWebKit/537.36 (KHTML, like Gecko; compatible; GPTBot/1.2; +https://openai.com/gptbot)"
74.7.227.59 - - [08/Nov/2025:13:31:29 +0100] "GET /?path=//lib/modules/4.18.0-553.8.1.lve.el8.x86_64/kernel/drivers/crypto/ccp HTTP/2.0" 200 19002 "-" "Mozilla/5.0 AppleWebKit/537.36 (KHTML, like Gecko; compatible; GPTBot/1.2; +https://openai.com/gptbot)"
216.73.216.214 - - [08/Nov/2025:13:31:29 +0100] "GET /hoe-kansen-ontstaan-van-natuurkunde-tot-vistechniek?fileloc=%2F%2Flib64%2Flibexif.so.12&path=%2F%2Flib64 HTTP/2.0" 200 392767 "-" "Mozilla/5.0 AppleWebKit/537.36 (KHTML, like Gecko; compatible; ClaudeBot/1.0; +claudebot@anthropic.com)"
74.7.227.163 - - [08/Nov/2025:13:31:29 +0100] "GET /?path=//proc/742680/root/proc/self/root/opt/cloudlinux/alt-php55/root/usr/include/php/ext/igbinary HTTP/2.0" 200 18783 "-" "Mozilla/5.0 AppleWebKit/537.36 (KHTML, like Gecko; compatible; GPTBot/1.2; +https://openai.com/gptbot)"
74.7.227.204 - - [08/Nov/2025:13:31:30 +0100] "GET /795752373?detail=0793584478 HTTP/2.0" 200 77831 "-" "Mozilla/5.0 AppleWebKit/537.36 (KHTML, like Gecko; compatible; GPTBot/1.2; +https://openai.com/gptbot)"
74.7.227.27 - - [08/Nov/2025:13:31:30 +0100] "GET /?fileloc=//usr/lib64/python2.7/test/test_email_renamed.py&path=//usr/lib64/python2.7/test HTTP/2.0" 200 15279 "-" "Mozilla/5.0 AppleWebKit/537.36 (KHTML, like Gecko; compatible; GPTBot/1.2; +https://openai.com/gptbot)"
37.187.226.30 - - [08/Nov/2025:13:31:30 +0100] "GET /powerlessness-is-not-weakness-marr-treatment/?fileloc=/home/opal/public_html/wp-includes/blocks/comments-pagination-next.php&path=/home/opal/public_html/wp-includes/blocks HTTP/1.1" 200 14624 "-" "Mozilla/5.0 (compatible; MJ12bot/v1.4.8; http://mj12bot.com/)"
74.7.227.163 - - [08/Nov/2025:13:31:32 +0100] "GET /?path=//proc/742680/root/proc/self/root/opt/cloudlinux/alt-php81/root/usr/include/php/ext/igbinary/src HTTP/2.0" 200 15428 "-" "Mozilla/5.0 AppleWebKit/537.36 (KHTML, like Gecko; compatible; GPTBot/1.2; +https://openai.com/gptbot)"
74.7.227.204 - - [08/Nov/2025:13:31:32 +0100] "GET /304545408?detail=0303715950 HTTP/2.0" 200 77831 "-" "Mozilla/5.0 AppleWebKit/537.36 (KHTML, like Gecko; compatible; GPTBot/1.2; +https://openai.com/gptbot)"
74.7.227.59 - - [08/Nov/2025:13:31:32 +0100] "GET /?path=//lib/modules/4.18.0-553.8.1.lve.el8.x86_64/kernel/drivers/gpu/drm/nouveau HTTP/2.0" 200 17462 "-" "Mozilla/5.0 AppleWebKit/537.36 (KHTML, like Gecko; compatible; GPTBot/1.2; +https://openai.com/gptbot)"
74.7.227.27 - - [08/Nov/2025:13:31:33 +0100] "GET /?fileloc=//usr/lib64/python2.7/test/test_warnings.py&path=//usr/lib64/python2.7/test HTTP/2.0" 200 56247 "-" "Mozilla/5.0 AppleWebKit/537.36 (KHTML, like Gecko; compatible; GPTBot/1.2; +https://openai.com/gptbot)"
74.7.227.163 - - [08/Nov/2025:13:31:35 +0100] "GET /?path=//proc/742680/root/proc/self/root/opt/cloudlinux/alt-php83/root/usr/include/php/ext/mysqlnd HTTP/2.0" 200 62240 "-" "Mozilla/5.0 AppleWebKit/537.36 (KHTML, like Gecko; compatible; GPTBot/1.2; +https://openai.com/gptbot)"
74.7.227.204 - - [08/Nov/2025:13:31:35 +0100] "GET /304500469?detail=0303671134 HTTP/2.0" 200 77831 "-" "Mozilla/5.0 AppleWebKit/537.36 (KHTML, like Gecko; compatible; GPTBot/1.2; +https://openai.com/gptbot)"
74.7.227.59 - - [08/Nov/2025:13:31:36 +0100] "GET /?path=//lib/modules/4.18.0-553.8.1.lve.el8.x86_64/kernel/drivers/gpu/drm/tests HTTP/2.0" 200 15778 "-" "Mozilla/5.0 AppleWebKit/537.36 (KHTML, like Gecko; compatible; GPTBot/1.2; +https://openai.com/gptbot)"
74.7.227.27 - - [08/Nov/2025:13:31:36 +0100] "GET /?fileloc=//usr/lib64/python2.7/test/test_ossaudiodev.pyc&path=//usr/lib64/python2.7/test HTTP/2.0" 200 17818 "-" "Mozilla/5.0 AppleWebKit/537.36 (KHTML, like Gecko; compatible; GPTBot/1.2; +https://openai.com/gptbot)"
37.187.226.30 - - [08/Nov/2025:13:31:36 +0100] "GET /powerlessness-is-not-weakness-marr-treatment/?fileloc=/home/opal/public_html/wp-includes/blocks/comments-pagination-numbers.php&path=/home/opal/public_html/wp-includes/blocks HTTP/1.1" 200 16890 "-" "Mozilla/5.0 (compatible; MJ12bot/v1.4.8; http://mj12bot.com/)"
66.249.75.162 - - [08/Nov/2025:13:31:36 +0100] "GET /product/edit/m51745583858 HTTP/1.1" 200 203034 "-" "Mozilla/5.0 (Linux; Android 6.0.1; Nexus 5X Build/MMB29P) AppleWebKit/537.36 (KHTML, like Gecko) Chrome/141.0.7390.122 Mobile Safari/537.36 (compatible; Googlebot/2.1; +http://www.google.com/bot.html)"
74.7.227.163 - - [08/Nov/2025:13:31:37 +0100] "GET /?path=//proc/742680/root/proc/self/root/opt/cloudlinux/alt-php81/root/usr/include/php/ext/mbstring HTTP/2.0" 200 23108 "-" "Mozilla/5.0 AppleWebKit/537.36 (KHTML, like Gecko; compatible; GPTBot/1.2; +https://openai.com/gptbot)"
74.7.227.204 - - [08/Nov/2025:13:31:37 +0100] "GET /795742828?detail=0793574958 HTTP/2.0" 200 77831 "-" "Mozilla/5.0 AppleWebKit/537.36 (KHTML, like Gecko; compatible; GPTBot/1.2; +https://openai.com/gptbot)"
