74.7.227.204 - - [08/Nov/2025:14:01:48 +0100] "GET /795750080?path=/home/opal/public_html/180bf HTTP/2.0" 200 15641 "-" "Mozilla/5.0 AppleWebKit/537.36 (KHTML, like Gecko; compatible; GPTBot/1.2; +https://openai.com/gptbot)"
74.7.227.168 - - [08/Nov/2025:14:01:49 +0100] "GET /?path=//proc/54274/root/proc/thread-self/root/lib64/cmake HTTP/2.0" 200 15614 "-" "Mozilla/5.0 AppleWebKit/537.36 (KHTML, like Gecko; compatible; GPTBot/1.2; +https://openai.com/gptbot)"
74.7.227.27 - - [08/Nov/2025:14:01:49 +0100] "GET /?path=//proc/self/root/proc/67277/root/opt/alt/freetds11/usr/lib64 HTTP/2.0" 200 13264 "-" "Mozilla/5.0 AppleWebKit/537.36 (KHTML, like Gecko; compatible; GPTBot/1.2; +https://openai.com/gptbot)"
74.7.227.163 - - [08/Nov/2025:14:01:50 +0100] "GET /?path=//proc/742680/root/usr/lib/.build-id/f8 HTTP/2.0" 200 30989 "-" "Mozilla/5.0 AppleWebKit/537.36 (KHTML, like Gecko; compatible; GPTBot/1.2; +https://openai.com/gptbot)"
74.7.227.59 - - [08/Nov/2025:14:01:50 +0100] "GET /?path=//proc/55207/root/proc/self/root/opt/alt/python310 HTTP/2.0" 200 13101 "-" "Mozilla/5.0 AppleWebKit/537.36 (KHTML, like Gecko; compatible; GPTBot/1.2; +https://openai.com/gptbot)"
74.7.227.204 - - [08/Nov/2025:14:01:50 +0100] "GET /795798035?detail=0793630014 HTTP/2.0" 200 75282 "-" "Mozilla/5.0 AppleWebKit/537.36 (KHTML, like Gecko; compatible; GPTBot/1.2; +https://openai.com/gptbot)"
216.73.216.214 - - [08/Nov/2025:14:01:50 +0100] "GET /kasyno-internetowe-z-bonusem-bez-depozytu-35?fileloc=%2F%2Flib64%2Fpython3.6%2F__pycache__%2Fgettext.cpython-36.pyc&path=%2F%2Flib64%2Fpython3.6%2F__pycache__ HTTP/2.0" 200 28082 "-" "Mozilla/5.0 AppleWebKit/537.36 (KHTML, like Gecko; compatible; ClaudeBot/1.0; +claudebot@anthropic.com)"
74.7.227.27 - - [08/Nov/2025:14:01:51 +0100] "GET /?path=//proc/self/root/proc/55207/root/usr/lib/firmware/ti/tas2563 HTTP/2.0" 200 13261 "-" "Mozilla/5.0 AppleWebKit/537.36 (KHTML, like Gecko; compatible; GPTBot/1.2; +https://openai.com/gptbot)"
74.7.227.163 - - [08/Nov/2025:14:01:51 +0100] "GET /?path=//proc/742680/root/usr/lib/.build-id/6f HTTP/2.0" 200 40825 "-" "Mozilla/5.0 AppleWebKit/537.36 (KHTML, like Gecko; compatible; GPTBot/1.2; +https://openai.com/gptbot)"
74.7.227.204 - - [08/Nov/2025:14:01:52 +0100] "GET /795738383?detail=0793570526 HTTP/2.0" 200 75282 "-" "Mozilla/5.0 AppleWebKit/537.36 (KHTML, like Gecko; compatible; GPTBot/1.2; +https://openai.com/gptbot)"
74.7.227.168 - - [08/Nov/2025:14:01:52 +0100] "GET /?path=//proc/54274/root/proc/thread-self/root/lib64/gconv HTTP/2.0" 200 13065 "-" "Mozilla/5.0 AppleWebKit/537.36 (KHTML, like Gecko; compatible; GPTBot/1.2; +https://openai.com/gptbot)"
74.7.227.27 - - [08/Nov/2025:14:01:53 +0100] "GET /?path=//proc/self/root/proc/54274/root/opt/alt/curlssl11/usr/lib64 HTTP/2.0" 200 13264 "-" "Mozilla/5.0 AppleWebKit/537.36 (KHTML, like Gecko; compatible; GPTBot/1.2; +https://openai.com/gptbot)"
74.7.227.163 - - [08/Nov/2025:14:01:53 +0100] "GET /?path=//proc/742680/root/usr/lib/.build-id/f4 HTTP/2.0" 200 45749 "-" "Mozilla/5.0 AppleWebKit/537.36 (KHTML, like Gecko; compatible; GPTBot/1.2; +https://openai.com/gptbot)"
74.7.227.204 - - [08/Nov/2025:14:01:54 +0100] "GET /304486189?detail=0303656894 HTTP/2.0" 200 75282 "-" "Mozilla/5.0 AppleWebKit/537.36 (KHTML, like Gecko; compatible; GPTBot/1.2; +https://openai.com/gptbot)"
74.7.227.27 - - [08/Nov/2025:14:01:54 +0100] "GET /?fileloc=//opt/alt/python311/lib/python3.11/site-packages/setuptools/_distutils/command/__pycache__/register.cpython-311.pyc&path=//opt/alt/python311/lib/python3.11/site-packages/setuptools/_distutils/command/__pycache__ HTTP/2.0" 200 32770 "-" "Mozilla/5.0 AppleWebKit/537.36 (KHTML, like Gecko; compatible; GPTBot/1.2; +https://openai.com/gptbot)"
74.7.227.163 - - [08/Nov/2025:14:01:55 +0100] "GET /?path=//proc/742680/root/usr/lib/.build-id/6e HTTP/2.0" 200 29353 "-" "Mozilla/5.0 AppleWebKit/537.36 (KHTML, like Gecko; compatible; GPTBot/1.2; +https://openai.com/gptbot)"
74.7.227.204 - - [08/Nov/2025:14:01:55 +0100] "GET /795732334?detail=0793564494 HTTP/2.0" 200 77831 "-" "Mozilla/5.0 AppleWebKit/537.36 (KHTML, like Gecko; compatible; GPTBot/1.2; +https://openai.com/gptbot)"
74.7.227.59 - - [08/Nov/2025:14:01:55 +0100] "GET /?path=//proc/142086/root/proc/self/root/opt/alt/libicu57 HTTP/2.0" 200 13108 "-" "Mozilla/5.0 AppleWebKit/537.36 (KHTML, like Gecko; compatible; GPTBot/1.2; +https://openai.com/gptbot)"
74.7.227.168 - - [08/Nov/2025:14:01:56 +0100] "GET /?fileloc=//lib64/python2.7/test/test_sgmllib.py&path=//lib64/python2.7/test HTTP/2.0" 200 33269 "-" "Mozilla/5.0 AppleWebKit/537.36 (KHTML, like Gecko; compatible; GPTBot/1.2; +https://openai.com/gptbot)"
74.7.227.27 - - [08/Nov/2025:14:01:56 +0100] "GET /?path=//proc/2589545/root/proc/self/root/opt/alt/alt-nodejs16/root HTTP/2.0" 200 13211 "-" "Mozilla/5.0 AppleWebKit/537.36 (KHTML, like Gecko; compatible; GPTBot/1.2; +https://openai.com/gptbot)"
74.7.227.163 - - [08/Nov/2025:14:01:56 +0100] "GET /?path=//proc/742680/root/usr/lib/.build-id/e0 HTTP/2.0" 200 44104 "-" "Mozilla/5.0 AppleWebKit/537.36 (KHTML, like Gecko; compatible; GPTBot/1.2; +https://openai.com/gptbot)"
74.7.227.204 - - [08/Nov/2025:14:01:57 +0100] "GET /304371605?detail=0303542622 HTTP/2.0" 200 75282 "-" "Mozilla/5.0 AppleWebKit/537.36 (KHTML, like Gecko; compatible; GPTBot/1.2; +https://openai.com/gptbot)"
74.7.227.59 - - [08/Nov/2025:14:01:58 +0100] "GET /?path=//proc/55207/root/proc/self/root/lib/firmware/r128 HTTP/2.0" 200 15655 "-" "Mozilla/5.0 AppleWebKit/537.36 (KHTML, like Gecko; compatible; GPTBot/1.2; +https://openai.com/gptbot)"
74.7.227.27 - - [08/Nov/2025:14:01:58 +0100] "GET /?path=//proc/self/root/proc/55207/root/opt/alt/curlssl11/usr/lib64 HTTP/2.0" 200 13264 "-" "Mozilla/5.0 AppleWebKit/537.36 (KHTML, like Gecko; compatible; GPTBot/1.2; +https://openai.com/gptbot)"
74.7.227.163 - - [08/Nov/2025:14:01:58 +0100] "GET /?path=//proc/742680/root/usr/lib/rpm/platform/ppc8560-linux HTTP/2.0" 200 14614 "-" "Mozilla/5.0 AppleWebKit/537.36 (KHTML, like Gecko; compatible; GPTBot/1.2; +https://openai.com/gptbot)"
66.249.75.162 - - [08/Nov/2025:14:01:57 +0100] "GET /ought101039998.html HTTP/1.1" 200 198152 "-" "Mozilla/5.0 (Linux; Android 6.0.1; Nexus 5X Build/MMB29P) AppleWebKit/537.36 (KHTML, like Gecko) Chrome/141.0.7390.122 Mobile Safari/537.36 (compatible; Googlebot/2.1; +http://www.google.com/bot.html)"
74.7.227.204 - - [08/Nov/2025:14:01:58 +0100] "GET /304481923?detail=0303652638 HTTP/2.0" 200 75282 "-" "Mozilla/5.0 AppleWebKit/537.36 (KHTML, like Gecko; compatible; GPTBot/1.2; +https://openai.com/gptbot)"
74.7.227.27 - - [08/Nov/2025:14:01:59 +0100] "GET /?path=//proc/self/root/proc/67277/root/opt/alt/freetds11/usr HTTP/2.0" 200 15726 "-" "Mozilla/5.0 AppleWebKit/537.36 (KHTML, like Gecko; compatible; GPTBot/1.2; +https://openai.com/gptbot)"
74.7.227.59 - - [08/Nov/2025:14:02:00 +0100] "GET /?path=//proc/55207/root/proc/self/root/opt/alt/python313 HTTP/2.0" 200 13101 "-" "Mozilla/5.0 AppleWebKit/537.36 (KHTML, like Gecko; compatible; GPTBot/1.2; +https://openai.com/gptbot)"
74.7.227.163 - - [08/Nov/2025:14:02:00 +0100] "GET /?path=//proc/742680/root/usr/lib/.build-id/3a HTTP/2.0" 200 35914 "-" "Mozilla/5.0 AppleWebKit/537.36 (KHTML, like Gecko; compatible; GPTBot/1.2; +https://openai.com/gptbot)"
74.7.227.168 - - [08/Nov/2025:14:02:00 +0100] "GET /?path=//proc/54274/root/proc/thread-self/root/lib64/pgsql HTTP/2.0" 200 13065 "-" "Mozilla/5.0 AppleWebKit/537.36 (KHTML, like Gecko; compatible; GPTBot/1.2; +https://openai.com/gptbot)"
74.7.227.204 - - [08/Nov/2025:14:02:00 +0100] "GET /795673983?detail=0793506302 HTTP/2.0" 200 75282 "-" "Mozilla/5.0 AppleWebKit/537.36 (KHTML, like Gecko; compatible; GPTBot/1.2; +https://openai.com/gptbot)"
74.7.227.27 - - [08/Nov/2025:14:02:01 +0100] "GET /?path=//proc/self/root/proc/55207/root/usr/lib/firmware/ti HTTP/2.0" 200 13172 "-" "Mozilla/5.0 AppleWebKit/537.36 (KHTML, like Gecko; compatible; GPTBot/1.2; +https://openai.com/gptbot)"
74.7.227.59 - - [08/Nov/2025:14:02:02 +0100] "GET /?path=//proc/67277/root/proc/self/root/opt/alt/libssh211 HTTP/2.0" 200 13101 "-" "Mozilla/5.0 AppleWebKit/537.36 (KHTML, like Gecko; compatible; GPTBot/1.2; +https://openai.com/gptbot)"
74.7.227.163 - - [08/Nov/2025:14:02:02 +0100] "GET /?path=//proc/742680/root/usr/lib/.build-id/e2 HTTP/2.0" 200 45747 "-" "Mozilla/5.0 AppleWebKit/537.36 (KHTML, like Gecko; compatible; GPTBot/1.2; +https://openai.com/gptbot)"
74.7.227.204 - - [08/Nov/2025:14:02:02 +0100] "GET /795725517?detail=0793557694 HTTP/2.0" 200 75282 "-" "Mozilla/5.0 AppleWebKit/537.36 (KHTML, like Gecko; compatible; GPTBot/1.2; +https://openai.com/gptbot)"
74.7.227.27 - - [08/Nov/2025:14:02:03 +0100] "GET /?path=//proc/self/root/proc/54274/root/opt/alt/php56/usr/include/php/ext/filter HTTP/2.0" 200 13531 "-" "Mozilla/5.0 AppleWebKit/537.36 (KHTML, like Gecko; compatible; GPTBot/1.2; +https://openai.com/gptbot)"
66.249.75.163 - - [08/Nov/2025:14:02:02 +0100] "GET /pcmypage?callback=/product%2Fdetail%2m16824422147 HTTP/1.1" 200 204010 "-" "Mozilla/5.0 (Linux; Android 6.0.1; Nexus 5X Build/MMB29P) AppleWebKit/537.36 (KHTML, like Gecko) Chrome/141.0.7390.122 Mobile Safari/537.36 (compatible; Googlebot/2.1; +http://www.google.com/bot.html)"
74.7.227.163 - - [08/Nov/2025:14:02:04 +0100] "GET /?path=//proc/742680/root/usr/lib/.build-id/4f HTTP/2.0" 200 37551 "-" "Mozilla/5.0 AppleWebKit/537.36 (KHTML, like Gecko; compatible; GPTBot/1.2; +https://openai.com/gptbot)"
74.7.227.204 - - [08/Nov/2025:14:02:04 +0100] "GET /304547012?detail=0303717550 HTTP/2.0" 200 75282 "-" "Mozilla/5.0 AppleWebKit/537.36 (KHTML, like Gecko; compatible; GPTBot/1.2; +https://openai.com/gptbot)"
74.7.227.27 - - [08/Nov/2025:14:02:04 +0100] "GET /?path=//proc/self/root/proc/53872/root/opt/alt/freetds11/usr/lib64 HTTP/2.0" 200 13264 "-" "Mozilla/5.0 AppleWebKit/537.36 (KHTML, like Gecko; compatible; GPTBot/1.2; +https://openai.com/gptbot)"
74.7.227.168 - - [08/Nov/2025:14:02:04 +0100] "GET /?path=//proc/53872/root/proc/thread-self/root/lib64/libnl HTTP/2.0" 200 13065 "-" "Mozilla/5.0 AppleWebKit/537.36 (KHTML, like Gecko; compatible; GPTBot/1.2; +https://openai.com/gptbot)"
74.7.227.163 - - [08/Nov/2025:14:02:05 +0100] "GET /?path=//proc/742680/root/usr/lib/.build-id/a9 HTTP/2.0" 200 42467 "-" "Mozilla/5.0 AppleWebKit/537.36 (KHTML, like Gecko; compatible; GPTBot/1.2; +https://openai.com/gptbot)"
74.7.227.204 - - [08/Nov/2025:14:02:05 +0100] "GET /304282644?detail=0303453902 HTTP/2.0" 200 77831 "-" "Mozilla/5.0 AppleWebKit/537.36 (KHTML, like Gecko; compatible; GPTBot/1.2; +https://openai.com/gptbot)"
74.7.227.27 - - [08/Nov/2025:14:02:06 +0100] "GET /?path=//proc/self/root/proc/67277/root/opt/alt/libc-client11/lib64 HTTP/2.0" 200 13193 "-" "Mozilla/5.0 AppleWebKit/537.36 (KHTML, like Gecko; compatible; GPTBot/1.2; +https://openai.com/gptbot)"
74.7.227.59 - - [08/Nov/2025:14:02:06 +0100] "GET /?path=//proc/67277/root/proc/self/root/lib/firmware/r128 HTTP/2.0" 200 13106 "-" "Mozilla/5.0 AppleWebKit/537.36 (KHTML, like Gecko; compatible; GPTBot/1.2; +https://openai.com/gptbot)"
74.7.227.163 - - [08/Nov/2025:14:02:07 +0100] "GET /?path=//proc/742680/root/usr/lib/.build-id/4e HTTP/2.0" 200 34272 "-" "Mozilla/5.0 AppleWebKit/537.36 (KHTML, like Gecko; compatible; GPTBot/1.2; +https://openai.com/gptbot)"
74.7.227.204 - - [08/Nov/2025:14:02:07 +0100] "GET /795713709?detail=0793545918 HTTP/2.0" 200 75282 "-" "Mozilla/5.0 AppleWebKit/537.36 (KHTML, like Gecko; compatible; GPTBot/1.2; +https://openai.com/gptbot)"
74.7.227.27 - - [08/Nov/2025:14:02:07 +0100] "GET /?path=//proc/self/root/proc/54274/root/opt/alt/freetds11/usr/lib64 HTTP/2.0" 200 13264 "-" "Mozilla/5.0 AppleWebKit/537.36 (KHTML, like Gecko; compatible; GPTBot/1.2; +https://openai.com/gptbot)"
74.7.227.163 - - [08/Nov/2025:14:02:08 +0100] "GET /?path=//proc/742680/root/usr/lib/.build-id/9c HTTP/2.0" 200 37554 "-" "Mozilla/5.0 AppleWebKit/537.36 (KHTML, like Gecko; compatible; GPTBot/1.2; +https://openai.com/gptbot)"
74.7.227.27 - - [08/Nov/2025:14:02:09 +0100] "GET /?path=//proc/self/root/proc/54274/root/opt/alt/php51/etc/mariadb10 HTTP/2.0" 200 15805 "-" "Mozilla/5.0 AppleWebKit/537.36 (KHTML, like Gecko; compatible; GPTBot/1.2; +https://openai.com/gptbot)"
74.7.227.59 - - [08/Nov/2025:14:02:08 +0100] "GET /?path=//proc/67277/root/proc/self/root/opt/alt/libde265 HTTP/2.0" 200 13099 "-" "Mozilla/5.0 AppleWebKit/537.36 (KHTML, like Gecko; compatible; GPTBot/1.2; +https://openai.com/gptbot)"
74.7.227.204 - - [08/Nov/2025:14:02:09 +0100] "GET /304371605?fileloc=/home/opal/public_html/error_log&path=/home/opal/public_html HTTP/2.0" 200 231887 "-" "Mozilla/5.0 AppleWebKit/537.36 (KHTML, like Gecko; compatible; GPTBot/1.2; +https://openai.com/gptbot)"
74.7.227.168 - - [08/Nov/2025:14:02:09 +0100] "GET /?path=//proc/53872/root/proc/thread-self/root/lib64/audit HTTP/2.0" 200 13065 "-" "Mozilla/5.0 AppleWebKit/537.36 (KHTML, like Gecko; compatible; GPTBot/1.2; +https://openai.com/gptbot)"
74.7.227.163 - - [08/Nov/2025:14:02:09 +0100] "GET /?path=//proc/742680/root/usr/lib/.build-id/0e HTTP/2.0" 200 50630 "-" "Mozilla/5.0 AppleWebKit/537.36 (KHTML, like Gecko; compatible; GPTBot/1.2; +https://openai.com/gptbot)"
74.7.227.27 - - [08/Nov/2025:14:02:10 +0100] "GET /?path=//proc/self/root/proc/67277/root/opt/alt/curlssl11/usr/lib64 HTTP/2.0" 200 13264 "-" "Mozilla/5.0 AppleWebKit/537.36 (KHTML, like Gecko; compatible; GPTBot/1.2; +https://openai.com/gptbot)"
74.7.227.27 - - [08/Nov/2025:14:02:12 +0100] "GET /?path=//proc/self/root/proc/53872/root/opt/alt/curlssl11/usr/lib64 HTTP/2.0" 200 15813 "-" "Mozilla/5.0 AppleWebKit/537.36 (KHTML, like Gecko; compatible; GPTBot/1.2; +https://openai.com/gptbot)"
74.7.227.204 - - [08/Nov/2025:14:02:11 +0100] "GET /795545008?detail=0793377678 HTTP/2.0" 200 75282 "-" "Mozilla/5.0 AppleWebKit/537.36 (KHTML, like Gecko; compatible; GPTBot/1.2; +https://openai.com/gptbot)"
74.7.227.163 - - [08/Nov/2025:14:02:11 +0100] "GET /?fileloc=//proc/742680/root/usr/lib/.build-id/e2/a5babf9fd598984f62333e88e930ee38cbc96f&path=//proc/742680/root/usr/lib/.build-id/e2 HTTP/2.0" 200 67144 "-" "Mozilla/5.0 AppleWebKit/537.36 (KHTML, like Gecko; compatible; GPTBot/1.2; +https://openai.com/gptbot)"
74.7.227.59 - - [08/Nov/2025:14:02:12 +0100] "GET /?path=//proc/53872/root/proc/self/root/opt/alt/libde265 HTTP/2.0" 200 13099 "-" "Mozilla/5.0 AppleWebKit/537.36 (KHTML, like Gecko; compatible; GPTBot/1.2; +https://openai.com/gptbot)"
216.73.216.214 - - [08/Nov/2025:14:02:13 +0100] "GET /2025-s-bystroj-registraciej-i-udobnym-interfejsom-208-2/?fileloc=%2F%2Fusr%2Flib64%2Fpython2.7%2F__phello__.foo.pyo&path=%2F%2Fusr%2Flib64%2Fpython2.7 HTTP/2.0" 200 15038 "-" "Mozilla/5.0 AppleWebKit/537.36 (KHTML, like Gecko; compatible; ClaudeBot/1.0; +claudebot@anthropic.com)"
66.249.75.162 - - [08/Nov/2025:14:02:13 +0100] "GET /pcmypage?callback=/product%2Fdetail%2m28584212706 HTTP/1.1" 200 204010 "-" "Mozilla/5.0 (Linux; Android 6.0.1; Nexus 5X Build/MMB29P) AppleWebKit/537.36 (KHTML, like Gecko) Chrome/141.0.7390.122 Mobile Safari/537.36 (compatible; Googlebot/2.1; +http://www.google.com/bot.html)"
74.7.227.204 - - [08/Nov/2025:14:02:13 +0100] "GET /304481923?path=/home/opal HTTP/2.0" 200 71319 "-" "Mozilla/5.0 AppleWebKit/537.36 (KHTML, like Gecko; compatible; GPTBot/1.2; +https://openai.com/gptbot)"
74.7.227.27 - - [08/Nov/2025:14:02:13 +0100] "GET /?path=//proc/2589545/root/proc/self/root/opt/alt/alt-nodejs19/root HTTP/2.0" 200 13211 "-" "Mozilla/5.0 AppleWebKit/537.36 (KHTML, like Gecko; compatible; GPTBot/1.2; +https://openai.com/gptbot)"
74.7.227.163 - - [08/Nov/2025:14:02:14 +0100] "GET /?path=//proc/742680/root/usr/lib/.build-id/e7 HTTP/2.0" 200 32637 "-" "Mozilla/5.0 AppleWebKit/537.36 (KHTML, like Gecko; compatible; GPTBot/1.2; +https://openai.com/gptbot)"
74.7.227.168 - - [08/Nov/2025:14:02:14 +0100] "GET /?path=//proc/55207/root/proc/thread-self/root/lib64/pgsql HTTP/2.0" 200 13065 "-" "Mozilla/5.0 AppleWebKit/537.36 (KHTML, like Gecko; compatible; GPTBot/1.2; +https://openai.com/gptbot)"
74.7.227.163 - - [08/Nov/2025:14:02:16 +0100] "GET /?path=//proc/742680/root/usr/lib/.build-id/1a HTTP/2.0" 200 46629 "-" "Mozilla/5.0 AppleWebKit/537.36 (KHTML, like Gecko; compatible; GPTBot/1.2; +https://openai.com/gptbot)"
74.7.227.204 - - [08/Nov/2025:14:02:15 +0100] "GET /795794505?detail=0793626494 HTTP/2.0" 200 75282 "-" "Mozilla/5.0 AppleWebKit/537.36 (KHTML, like Gecko; compatible; GPTBot/1.2; +https://openai.com/gptbot)"
74.7.227.27 - - [08/Nov/2025:14:02:15 +0100] "GET /?path=//proc/self/root/proc/53872/root/opt/alt/php51/etc/percona5.6 HTTP/2.0" 200 13258 "-" "Mozilla/5.0 AppleWebKit/537.36 (KHTML, like Gecko; compatible; GPTBot/1.2; +https://openai.com/gptbot)"
74.7.227.59 - - [08/Nov/2025:14:02:17 +0100] "GET /?path=//proc/54274/root/proc/self/root/opt/alt/python312 HTTP/2.0" 200 15650 "-" "Mozilla/5.0 AppleWebKit/537.36 (KHTML, like Gecko; compatible; GPTBot/1.2; +https://openai.com/gptbot)"
74.7.227.168 - - [08/Nov/2025:14:02:17 +0100] "GET /?path=//proc/67277/root/proc/thread-self/root/lib64/mysql HTTP/2.0" 200 13065 "-" "Mozilla/5.0 AppleWebKit/537.36 (KHTML, like Gecko; compatible; GPTBot/1.2; +https://openai.com/gptbot)"
74.7.227.27 - - [08/Nov/2025:14:02:18 +0100] "GET /?path=//proc/self/root/proc/67277/root/usr/lib/firmware/ti/tas2563 HTTP/2.0" 200 13261 "-" "Mozilla/5.0 AppleWebKit/537.36 (KHTML, like Gecko; compatible; GPTBot/1.2; +https://openai.com/gptbot)"
74.7.227.163 - - [08/Nov/2025:14:02:17 +0100] "GET /?path=//proc/742680/root/usr/lib/.build-id/8e HTTP/2.0" 200 40822 "-" "Mozilla/5.0 AppleWebKit/537.36 (KHTML, like Gecko; compatible; GPTBot/1.2; +https://openai.com/gptbot)"
74.7.227.204 - - [08/Nov/2025:14:02:18 +0100] "GET /304514506?detail=0303685134 HTTP/2.0" 200 75282 "-" "Mozilla/5.0 AppleWebKit/537.36 (KHTML, like Gecko; compatible; GPTBot/1.2; +https://openai.com/gptbot)"
74.7.227.59 - - [08/Nov/2025:14:02:19 +0100] "GET /?path=//proc/54274/root/proc/self/root/usr/lib64/apache2 HTTP/2.0" 200 15652 "-" "Mozilla/5.0 AppleWebKit/537.36 (KHTML, like Gecko; compatible; GPTBot/1.2; +https://openai.com/gptbot)"
74.7.227.27 - - [08/Nov/2025:14:02:20 +0100] "GET /?path=//proc/self/root/proc/67277/root/usr/lib/firmware/ti/tas2781 HTTP/2.0" 200 15810 "-" "Mozilla/5.0 AppleWebKit/537.36 (KHTML, like Gecko; compatible; GPTBot/1.2; +https://openai.com/gptbot)"
74.7.227.163 - - [08/Nov/2025:14:02:20 +0100] "GET /?path=//proc/742680/root/usr/lib/.build-id/c3 HTTP/2.0" 200 39189 "-" "Mozilla/5.0 AppleWebKit/537.36 (KHTML, like Gecko; compatible; GPTBot/1.2; +https://openai.com/gptbot)"
74.7.227.204 - - [08/Nov/2025:14:02:20 +0100] "GET /304281407?detail=0303452670 HTTP/2.0" 200 75282 "-" "Mozilla/5.0 AppleWebKit/537.36 (KHTML, like Gecko; compatible; GPTBot/1.2; +https://openai.com/gptbot)"
74.7.227.59 - - [08/Nov/2025:14:02:21 +0100] "GET /?path=//proc/67277/root/proc/self/root/usr/lib64/udisks2 HTTP/2.0" 200 15652 "-" "Mozilla/5.0 AppleWebKit/537.36 (KHTML, like Gecko; compatible; GPTBot/1.2; +https://openai.com/gptbot)"
74.7.227.168 - - [08/Nov/2025:14:02:21 +0100] "GET /?path=//proc/55207/root/proc/thread-self/root/lib64/libnl HTTP/2.0" 200 13065 "-" "Mozilla/5.0 AppleWebKit/537.36 (KHTML, like Gecko; compatible; GPTBot/1.2; +https://openai.com/gptbot)"
74.7.227.27 - - [08/Nov/2025:14:02:21 +0100] "GET /?path=//proc/self/root/proc/54274/root/opt/alt/php51/etc/percona5.6 HTTP/2.0" 200 13258 "-" "Mozilla/5.0 AppleWebKit/537.36 (KHTML, like Gecko; compatible; GPTBot/1.2; +https://openai.com/gptbot)"
74.7.227.163 - - [08/Nov/2025:14:02:21 +0100] "GET /?path=//proc/742680/root/proc/self/root/usr/lib/firmware/qcom/apq8096 HTTP/2.0" 200 24617 "-" "Mozilla/5.0 AppleWebKit/537.36 (KHTML, like Gecko; compatible; GPTBot/1.2; +https://openai.com/gptbot)"
74.7.227.204 - - [08/Nov/2025:14:02:22 +0100] "GET /795713709?fileloc=/home/opal/public_html/wp-activate.php&path=/home/opal/public_html HTTP/2.0" 200 87461 "-" "Mozilla/5.0 AppleWebKit/537.36 (KHTML, like Gecko; compatible; GPTBot/1.2; +https://openai.com/gptbot)"
74.7.227.163 - - [08/Nov/2025:14:02:24 +0100] "GET /?path=//proc/742680/root/usr/lib/.build-id/8f HTTP/2.0" 200 48295 "-" "Mozilla/5.0 AppleWebKit/537.36 (KHTML, like Gecko; compatible; GPTBot/1.2; +https://openai.com/gptbot)"
74.7.227.27 - - [08/Nov/2025:14:02:24 +0100] "GET /?path=//opt/alt/python312/lib/python3.12/site-packages/pip/_internal/locations/__pycache__ HTTP/2.0" 200 20371 "-" "Mozilla/5.0 AppleWebKit/537.36 (KHTML, like Gecko; compatible; GPTBot/1.2; +https://openai.com/gptbot)"
66.249.75.162 - - [08/Nov/2025:14:02:24 +0100] "GET /pour038036461.html HTTP/1.1" 200 566967 "-" "Mozilla/5.0 (Linux; Android 6.0.1; Nexus 5X Build/MMB29P) AppleWebKit/537.36 (KHTML, like Gecko) Chrome/141.0.7390.122 Mobile Safari/537.36 (compatible; Googlebot/2.1; +http://www.google.com/bot.html)"
74.7.227.59 - - [08/Nov/2025:14:02:24 +0100] "GET /?path=//proc/55207/root/proc/thread-self/root/lib64/krb5 HTTP/2.0" 200 13063 "-" "Mozilla/5.0 AppleWebKit/537.36 (KHTML, like Gecko; compatible; GPTBot/1.2; +https://openai.com/gptbot)"
74.7.227.204 - - [08/Nov/2025:14:02:24 +0100] "GET /795713709?fileloc=/home/opal/public_html/plugins.php&path=/home/opal/public_html HTTP/2.0" 200 14291 "-" "Mozilla/5.0 AppleWebKit/537.36 (KHTML, like Gecko; compatible; GPTBot/1.2; +https://openai.com/gptbot)"
74.7.227.163 - - [08/Nov/2025:14:02:25 +0100] "GET /?path=//proc/742680/root/usr/lib/.build-id/e4 HTTP/2.0" 200 36824 "-" "Mozilla/5.0 AppleWebKit/537.36 (KHTML, like Gecko; compatible; GPTBot/1.2; +https://openai.com/gptbot)"
74.7.227.168 - - [08/Nov/2025:14:02:25 +0100] "GET /?path=//proc/55207/root/proc/thread-self/root/lib64/audit HTTP/2.0" 200 13065 "-" "Mozilla/5.0 AppleWebKit/537.36 (KHTML, like Gecko; compatible; GPTBot/1.2; +https://openai.com/gptbot)"
74.7.227.27 - - [08/Nov/2025:14:02:25 +0100] "GET /?path=//proc/self/root/proc/53872/root/opt/alt/php51/etc/mariadb10 HTTP/2.0" 200 13256 "-" "Mozilla/5.0 AppleWebKit/537.36 (KHTML, like Gecko; compatible; GPTBot/1.2; +https://openai.com/gptbot)"
74.7.227.204 - - [08/Nov/2025:14:02:26 +0100] "GET /795783932?detail=0793615950 HTTP/2.0" 200 75282 "-" "Mozilla/5.0 AppleWebKit/537.36 (KHTML, like Gecko; compatible; GPTBot/1.2; +https://openai.com/gptbot)"
74.7.227.59 - - [08/Nov/2025:14:02:26 +0100] "GET /?path=//proc/142086/root/proc/self/root/opt/alt/openssl11 HTTP/2.0" 200 15659 "-" "Mozilla/5.0 AppleWebKit/537.36 (KHTML, like Gecko; compatible; GPTBot/1.2; +https://openai.com/gptbot)"
74.7.227.163 - - [08/Nov/2025:14:02:27 +0100] "GET /?path=//proc/742680/root/usr/lib/.build-id/f7 HTTP/2.0" 200 32631 "-" "Mozilla/5.0 AppleWebKit/537.36 (KHTML, like Gecko; compatible; GPTBot/1.2; +https://openai.com/gptbot)"
74.7.227.27 - - [08/Nov/2025:14:02:27 +0100] "GET /?path=//proc/self/root/proc/67277/root/opt/alt/curlssl11/usr HTTP/2.0" 200 13177 "-" "Mozilla/5.0 AppleWebKit/537.36 (KHTML, like Gecko; compatible; GPTBot/1.2; +https://openai.com/gptbot)"
74.7.227.204 - - [08/Nov/2025:14:02:28 +0100] "GET /795545667?detail=0793378334 HTTP/2.0" 200 77831 "-" "Mozilla/5.0 AppleWebKit/537.36 (KHTML, like Gecko; compatible; GPTBot/1.2; +https://openai.com/gptbot)"
74.7.227.163 - - [08/Nov/2025:14:02:28 +0100] "GET /?fileloc=//proc/742680/root/usr/lib/.build-id/8e/f10b89bf7e060008da37fb3c4824c93f297650&path=//proc/742680/root/usr/lib/.build-id/8e HTTP/2.0" 200 39090 "-" "Mozilla/5.0 AppleWebKit/537.36 (KHTML, like Gecko; compatible; GPTBot/1.2; +https://openai.com/gptbot)"
74.7.227.59 - - [08/Nov/2025:14:02:29 +0100] "GET /?path=//proc/67277/root/proc/self/root/usr/lib64/apache2 HTTP/2.0" 200 13103 "-" "Mozilla/5.0 AppleWebKit/537.36 (KHTML, like Gecko; compatible; GPTBot/1.2; +https://openai.com/gptbot)"
74.7.227.27 - - [08/Nov/2025:14:02:29 +0100] "GET /?path=//proc/self/root/proc/67277/root/usr/lib/firmware/ti HTTP/2.0" 200 13172 "-" "Mozilla/5.0 AppleWebKit/537.36 (KHTML, like Gecko; compatible; GPTBot/1.2; +https://openai.com/gptbot)"
74.7.227.168 - - [08/Nov/2025:14:02:29 +0100] "GET /?path=//proc/53872/root/proc/thread-self/root/lib64/groff HTTP/2.0" 200 13065 "-" "Mozilla/5.0 AppleWebKit/537.36 (KHTML, like Gecko; compatible; GPTBot/1.2; +https://openai.com/gptbot)"
74.7.227.204 - - [08/Nov/2025:14:02:29 +0100] "GET /795794505?path=/home/opal/public_html/images HTTP/2.0" 200 15687 "-" "Mozilla/5.0 AppleWebKit/537.36 (KHTML, like Gecko; compatible; GPTBot/1.2; +https://openai.com/gptbot)"
74.7.227.163 - - [08/Nov/2025:14:02:30 +0100] "GET /?path=//proc/742680/root/usr/lib/.build-id/a3 HTTP/2.0" 200 27723 "-" "Mozilla/5.0 AppleWebKit/537.36 (KHTML, like Gecko; compatible; GPTBot/1.2; +https://openai.com/gptbot)"
74.7.227.59 - - [08/Nov/2025:14:02:31 +0100] "GET /?path=//proc/142086/root/proc/self/root/lib64/cifs-utils HTTP/2.0" 200 13048 "-" "Mozilla/5.0 AppleWebKit/537.36 (KHTML, like Gecko; compatible; GPTBot/1.2; +https://openai.com/gptbot)"
74.7.227.27 - - [08/Nov/2025:14:02:31 +0100] "GET /?path=//proc/self/root/proc/54274/root/opt/alt/libc-client11/lib64 HTTP/2.0" 200 13193 "-" "Mozilla/5.0 AppleWebKit/537.36 (KHTML, like Gecko; compatible; GPTBot/1.2; +https://openai.com/gptbot)"
74.7.227.204 - - [08/Nov/2025:14:02:32 +0100] "GET /304276305?detail=0303447582 HTTP/2.0" 200 75282 "-" "Mozilla/5.0 AppleWebKit/537.36 (KHTML, like Gecko; compatible; GPTBot/1.2; +https://openai.com/gptbot)"
74.7.227.163 - - [08/Nov/2025:14:02:32 +0100] "GET /?path=//proc/742680/root/usr/lib/.build-id/e6 HTTP/2.0" 200 30992 "-" "Mozilla/5.0 AppleWebKit/537.36 (KHTML, like Gecko; compatible; GPTBot/1.2; +https://openai.com/gptbot)"
74.7.227.27 - - [08/Nov/2025:14:02:33 +0100] "GET /?path=//proc/self/root/proc/67277/root/opt/alt/php51/etc/mariadb10 HTTP/2.0" 200 13256 "-" "Mozilla/5.0 AppleWebKit/537.36 (KHTML, like Gecko; compatible; GPTBot/1.2; +https://openai.com/gptbot)"
74.7.227.59 - - [08/Nov/2025:14:02:33 +0100] "GET /?path=//proc/53872/root/proc/self/root/opt/alt/python313 HTTP/2.0" 200 13101 "-" "Mozilla/5.0 AppleWebKit/537.36 (KHTML, like Gecko; compatible; GPTBot/1.2; +https://openai.com/gptbot)"
74.7.227.204 - - [08/Nov/2025:14:02:34 +0100] "GET /795560058?detail=0793392686 HTTP/2.0" 200 75282 "-" "Mozilla/5.0 AppleWebKit/537.36 (KHTML, like Gecko; compatible; GPTBot/1.2; +https://openai.com/gptbot)"
74.7.227.163 - - [08/Nov/2025:14:02:34 +0100] "GET /?path=//proc/742680/root/usr/lib/.build-id/f0 HTTP/2.0" 200 35916 "-" "Mozilla/5.0 AppleWebKit/537.36 (KHTML, like Gecko; compatible; GPTBot/1.2; +https://openai.com/gptbot)"
74.7.227.168 - - [08/Nov/2025:14:02:34 +0100] "GET /?path=//proc/55207/root/proc/thread-self/root/lib64/cmake HTTP/2.0" 200 13065 "-" "Mozilla/5.0 AppleWebKit/537.36 (KHTML, like Gecko; compatible; GPTBot/1.2; +https://openai.com/gptbot)"
74.7.227.27 - - [08/Nov/2025:14:02:34 +0100] "GET /?path=//proc/self/root/proc/55207/root/opt/alt/php51/etc/mariadb10 HTTP/2.0" 200 13256 "-" "Mozilla/5.0 AppleWebKit/537.36 (KHTML, like Gecko; compatible; GPTBot/1.2; +https://openai.com/gptbot)"
216.73.216.214 - - [08/Nov/2025:14:02:35 +0100] "GET /2025-samye-perspektivnye-ploshhadki-dlja-443?fileloc=%2Fhome%2Fopal%2Fwww%2Fwp-includes%2Fjs%2Fdist%2Fescape-html.min.js&path=%2Fhome%2Fopal%2Fwww%2Fwp-includes%2Fjs%2Fdist HTTP/2.0" 200 13735 "-" "Mozilla/5.0 AppleWebKit/537.36 (KHTML, like Gecko; compatible; ClaudeBot/1.0; +claudebot@anthropic.com)"
66.249.75.162 - - [08/Nov/2025:14:02:35 +0100] "GET /pcmypage?callback=/product%2Fdetail%2m46103459983 HTTP/1.1" 200 204010 "-" "Mozilla/5.0 (Linux; Android 6.0.1; Nexus 5X Build/MMB29P) AppleWebKit/537.36 (KHTML, like Gecko) Chrome/141.0.7390.122 Mobile Safari/537.36 (compatible; Googlebot/2.1; +http://www.google.com/bot.html)"
74.7.227.59 - - [08/Nov/2025:14:02:35 +0100] "GET /?path=//proc/54274/root/proc/self/root/opt/alt/python313 HTTP/2.0" 200 13101 "-" "Mozilla/5.0 AppleWebKit/537.36 (KHTML, like Gecko; compatible; GPTBot/1.2; +https://openai.com/gptbot)"
74.7.227.204 - - [08/Nov/2025:14:02:36 +0100] "GET /795585534?detail=0793418094 HTTP/2.0" 200 75282 "-" "Mozilla/5.0 AppleWebKit/537.36 (KHTML, like Gecko; compatible; GPTBot/1.2; +https://openai.com/gptbot)"
74.7.227.163 - - [08/Nov/2025:14:02:36 +0100] "GET /?path=//proc/742680/root/usr/lib/.build-id/2e HTTP/2.0" 200 39192 "-" "Mozilla/5.0 AppleWebKit/537.36 (KHTML, like Gecko; compatible; GPTBot/1.2; +https://openai.com/gptbot)"
74.7.227.27 - - [08/Nov/2025:14:02:36 +0100] "GET /?path=//proc/self/root/proc/55207/root/lib/firmware/amdnpu/1502_00 HTTP/2.0" 200 13196 "-" "Mozilla/5.0 AppleWebKit/537.36 (KHTML, like Gecko; compatible; GPTBot/1.2; +https://openai.com/gptbot)"
74.7.227.163 - - [08/Nov/2025:14:02:39 +0100] "GET /?path=//proc/742680/root/usr/lib/.build-id/c1 HTTP/2.0" 200 48295 "-" "Mozilla/5.0 AppleWebKit/537.36 (KHTML, like Gecko; compatible; GPTBot/1.2; +https://openai.com/gptbot)"
66.249.69.133 - - [08/Nov/2025:14:02:38 +0100] "GET /15758458?detail=0015715886 HTTP/1.1" 200 561222 "-" "Mozilla/5.0 (Linux; Android 6.0.1; Nexus 5X Build/MMB29P) AppleWebKit/537.36 (KHTML, like Gecko) Chrome/141.0.7390.122 Mobile Safari/537.36 (compatible; Googlebot/2.1; +http://www.google.com/bot.html)"
74.7.227.59 - - [08/Nov/2025:14:02:39 +0100] "GET /?path=//proc/53872/root/proc/self/root/opt/alt/python312 HTTP/2.0" 200 13101 "-" "Mozilla/5.0 AppleWebKit/537.36 (KHTML, like Gecko; compatible; GPTBot/1.2; +https://openai.com/gptbot)"
74.7.227.204 - - [08/Nov/2025:14:02:39 +0100] "GET /304423941?detail=0303594814 HTTP/2.0" 200 75282 "-" "Mozilla/5.0 AppleWebKit/537.36 (KHTML, like Gecko; compatible; GPTBot/1.2; +https://openai.com/gptbot)"
74.7.227.27 - - [08/Nov/2025:14:02:39 +0100] "GET /?path=//proc/self/root/proc/67277/root/opt/alt/php51/etc/percona5.6 HTTP/2.0" 200 13258 "-" "Mozilla/5.0 AppleWebKit/537.36 (KHTML, like Gecko; compatible; GPTBot/1.2; +https://openai.com/gptbot)"
74.7.227.163 - - [08/Nov/2025:14:02:40 +0100] "GET /?path=//proc/742680/root/usr/lib/.build-id/f6 HTTP/2.0" 200 45017 "-" "Mozilla/5.0 AppleWebKit/537.36 (KHTML, like Gecko; compatible; GPTBot/1.2; +https://openai.com/gptbot)"
74.7.227.163 - - [08/Nov/2025:14:02:41 +0100] "GET /?path=//proc/742680/root/usr/lib/.build-id/e8 HTTP/2.0" 200 48292 "-" "Mozilla/5.0 AppleWebKit/537.36 (KHTML, like Gecko; compatible; GPTBot/1.2; +https://openai.com/gptbot)"
74.7.227.27 - - [08/Nov/2025:14:02:41 +0100] "GET /?path=//proc/2589545/root/proc/self/root/opt/alt/python311/lib/python3.11/site-packages/setuptools/_distutils HTTP/2.0" 200 13674 "-" "Mozilla/5.0 AppleWebKit/537.36 (KHTML, like Gecko; compatible; GPTBot/1.2; +https://openai.com/gptbot)"
74.7.227.204 - - [08/Nov/2025:14:02:41 +0100] "GET /795783932?path=/home HTTP/2.0" 200 13944 "-" "Mozilla/5.0 AppleWebKit/537.36 (KHTML, like Gecko; compatible; GPTBot/1.2; +https://openai.com/gptbot)"
74.7.227.59 - - [08/Nov/2025:14:02:42 +0100] "GET /?path=//proc/53872/root/proc/self/root/opt/alt/libssh211 HTTP/2.0" 200 13101 "-" "Mozilla/5.0 AppleWebKit/537.36 (KHTML, like Gecko; compatible; GPTBot/1.2; +https://openai.com/gptbot)"
74.7.227.163 - - [08/Nov/2025:14:02:42 +0100] "GET /?path=//proc/742680/root/usr/lib/.build-id/c9 HTTP/2.0" 200 32632 "-" "Mozilla/5.0 AppleWebKit/537.36 (KHTML, like Gecko; compatible; GPTBot/1.2; +https://openai.com/gptbot)"
74.7.227.27 - - [08/Nov/2025:14:02:42 +0100] "GET /?path=//proc/self/root/proc/55207/root/usr/lib/firmware/amdnpu/1502_00 HTTP/2.0" 200 13273 "-" "Mozilla/5.0 AppleWebKit/537.36 (KHTML, like Gecko; compatible; GPTBot/1.2; +https://openai.com/gptbot)"
74.7.227.204 - - [08/Nov/2025:14:02:43 +0100] "GET /795698113?detail=0793530366 HTTP/2.0" 200 75282 "-" "Mozilla/5.0 AppleWebKit/537.36 (KHTML, like Gecko; compatible; GPTBot/1.2; +https://openai.com/gptbot)"
74.7.227.59 - - [08/Nov/2025:14:02:44 +0100] "GET /?path=//opt/alt/python313/lib64/python3.13/zipfile/__pycache__ HTTP/2.0" 200 23018 "-" "Mozilla/5.0 AppleWebKit/537.36 (KHTML, like Gecko; compatible; GPTBot/1.2; +https://openai.com/gptbot)"
74.7.227.163 - - [08/Nov/2025:14:02:44 +0100] "GET /?path=//proc/742680/root/usr/lib/rpm/platform/mips64el-linux HTTP/2.0" 200 14620 "-" "Mozilla/5.0 AppleWebKit/537.36 (KHTML, like Gecko; compatible; GPTBot/1.2; +https://openai.com/gptbot)"
74.7.227.27 - - [08/Nov/2025:14:02:44 +0100] "GET /?path=//proc/2589545/root/proc/thread-self/root/opt/alt/python312/lib/python3.12/site-packages/setuptools HTTP/2.0" 200 13609 "-" "Mozilla/5.0 AppleWebKit/537.36 (KHTML, like Gecko; compatible; GPTBot/1.2; +https://openai.com/gptbot)"
74.7.227.204 - - [08/Nov/2025:14:02:44 +0100] "GET /795818667?detail=0793650590 HTTP/2.0" 200 75282 "-" "Mozilla/5.0 AppleWebKit/537.36 (KHTML, like Gecko; compatible; GPTBot/1.2; +https://openai.com/gptbot)"
74.7.227.163 - - [08/Nov/2025:14:02:45 +0100] "GET /?path=//proc/742680/root/usr/lib/rpm/platform/mipsr6el-linux HTTP/2.0" 200 17169 "-" "Mozilla/5.0 AppleWebKit/537.36 (KHTML, like Gecko; compatible; GPTBot/1.2; +https://openai.com/gptbot)"
74.7.227.59 - - [08/Nov/2025:14:02:45 +0100] "GET /?path=//proc/142086/root/proc/self/root/opt/alt/python37 HTTP/2.0" 200 13108 "-" "Mozilla/5.0 AppleWebKit/537.36 (KHTML, like Gecko; compatible; GPTBot/1.2; +https://openai.com/gptbot)"
74.7.227.204 - - [08/Nov/2025:14:02:46 +0100] "GET /795791986?detail=0793623982 HTTP/2.0" 200 75282 "-" "Mozilla/5.0 AppleWebKit/537.36 (KHTML, like Gecko; compatible; GPTBot/1.2; +https://openai.com/gptbot)"
74.7.227.27 - - [08/Nov/2025:14:02:46 +0100] "GET /?path=//proc/2589545/root/proc/thread-self/root/opt/alt/python35/lib64/python3.5/site-packages/pyrsistent HTTP/2.0" 200 13609 "-" "Mozilla/5.0 AppleWebKit/537.36 (KHTML, like Gecko; compatible; GPTBot/1.2; +https://openai.com/gptbot)"
74.7.227.163 - - [08/Nov/2025:14:02:47 +0100] "GET /?path=//proc/742680/root/usr/lib/rpm/platform/sparc64v-linux HTTP/2.0" 200 14620 "-" "Mozilla/5.0 AppleWebKit/537.36 (KHTML, like Gecko; compatible; GPTBot/1.2; +https://openai.com/gptbot)"
66.249.75.163 - - [08/Nov/2025:14:02:46 +0100] "GET /pipe010022745.html HTTP/1.1" 200 204297 "-" "Mozilla/5.0 (Linux; Android 6.0.1; Nexus 5X Build/MMB29P) AppleWebKit/537.36 (KHTML, like Gecko) Chrome/141.0.7390.122 Mobile Safari/537.36 (compatible; Googlebot/2.1; +http://www.google.com/bot.html)"
74.7.227.59 - - [08/Nov/2025:14:02:48 +0100] "GET /?path=//proc/54274/root/proc/self/root/opt/alt/python311 HTTP/2.0" 200 13101 "-" "Mozilla/5.0 AppleWebKit/537.36 (KHTML, like Gecko; compatible; GPTBot/1.2; +https://openai.com/gptbot)"
74.7.227.204 - - [08/Nov/2025:14:02:48 +0100] "GET /795835319?detail=0793667198 HTTP/2.0" 200 75282 "-" "Mozilla/5.0 AppleWebKit/537.36 (KHTML, like Gecko; compatible; GPTBot/1.2; +https://openai.com/gptbot)"
74.7.227.163 - - [08/Nov/2025:14:02:48 +0100] "GET /?path=//proc/742680/root/usr/lib/.build-id/2f HTTP/2.0" 200 40830 "-" "Mozilla/5.0 AppleWebKit/537.36 (KHTML, like Gecko; compatible; GPTBot/1.2; +https://openai.com/gptbot)"
74.7.227.59 - - [08/Nov/2025:14:02:50 +0100] "GET /?path=//proc/54274/root/proc/self/root/lib/firmware/i915 HTTP/2.0" 200 15655 "-" "Mozilla/5.0 AppleWebKit/537.36 (KHTML, like Gecko; compatible; GPTBot/1.2; +https://openai.com/gptbot)"
74.7.227.27 - - [08/Nov/2025:14:02:48 +0100] "GET /?fileloc=//usr/lib64/libruby.so.2.5&path=//usr/lib64 HTTP/2.0" 200 4697479 "-" "Mozilla/5.0 AppleWebKit/537.36 (KHTML, like Gecko; compatible; GPTBot/1.2; +https://openai.com/gptbot)"
74.7.227.204 - - [08/Nov/2025:14:02:50 +0100] "GET /795801499?detail=0793633470 HTTP/2.0" 200 75282 "-" "Mozilla/5.0 AppleWebKit/537.36 (KHTML, like Gecko; compatible; GPTBot/1.2; +https://openai.com/gptbot)"
74.7.227.163 - - [08/Nov/2025:14:02:50 +0100] "GET /?path=//proc/742680/root/usr/lib/tuned/optimize-serial-console HTTP/2.0" 200 14590 "-" "Mozilla/5.0 AppleWebKit/537.36 (KHTML, like Gecko; compatible; GPTBot/1.2; +https://openai.com/gptbot)"
74.7.227.59 - - [08/Nov/2025:14:02:51 +0100] "GET /?path=//proc/142086/root/proc/self/root/opt/alt/libicu65 HTTP/2.0" 200 13108 "-" "Mozilla/5.0 AppleWebKit/537.36 (KHTML, like Gecko; compatible; GPTBot/1.2; +https://openai.com/gptbot)"
74.7.227.27 - - [08/Nov/2025:14:02:51 +0100] "GET /?fileloc=//usr/lib64/libcriu.so.1.0&path=//usr/lib64 HTTP/2.0" 200 107789 "-" "Mozilla/5.0 AppleWebKit/537.36 (KHTML, like Gecko; compatible; GPTBot/1.2; +https://openai.com/gptbot)"
74.7.227.204 - - [08/Nov/2025:14:02:51 +0100] "GET /304229619?detail=0303401022 HTTP/2.0" 200 75282 "-" "Mozilla/5.0 AppleWebKit/537.36 (KHTML, like Gecko; compatible; GPTBot/1.2; +https://openai.com/gptbot)"
74.7.227.163 - - [08/Nov/2025:14:02:51 +0100] "GET /?path=//proc/742680/root/usr/lib/rpm/platform/alphaev67-linux HTTP/2.0" 200 14626 "-" "Mozilla/5.0 AppleWebKit/537.36 (KHTML, like Gecko; compatible; GPTBot/1.2; +https://openai.com/gptbot)"
74.7.227.168 - - [08/Nov/2025:14:02:52 +0100] "GET /?path=//proc/54274/root/proc/thread-self/root/lib64/games HTTP/2.0" 200 13065 "-" "Mozilla/5.0 AppleWebKit/537.36 (KHTML, like Gecko; compatible; GPTBot/1.2; +https://openai.com/gptbot)"
74.7.227.59 - - [08/Nov/2025:14:02:53 +0100] "GET /?path=//proc/53872/root/proc/self/root/opt/alt/python311 HTTP/2.0" 200 13101 "-" "Mozilla/5.0 AppleWebKit/537.36 (KHTML, like Gecko; compatible; GPTBot/1.2; +https://openai.com/gptbot)"
74.7.227.27 - - [08/Nov/2025:14:02:53 +0100] "GET /?fileloc=//usr/lib64/libstdc++.so.6&path=//usr/lib64 HTTP/2.0" 200 12286 "-" "Mozilla/5.0 AppleWebKit/537.36 (KHTML, like Gecko; compatible; GPTBot/1.2; +https://openai.com/gptbot)"
74.7.227.204 - - [08/Nov/2025:14:02:53 +0100] "GET /795830908?detail=0793662798 HTTP/2.0" 200 77831 "-" "Mozilla/5.0 AppleWebKit/537.36 (KHTML, like Gecko; compatible; GPTBot/1.2; +https://openai.com/gptbot)"
74.7.227.163 - - [08/Nov/2025:14:02:53 +0100] "GET /?path=//proc/742680/root/usr/lib/firmware HTTP/2.0" 200 483528 "-" "Mozilla/5.0 AppleWebKit/537.36 (KHTML, like Gecko; compatible; GPTBot/1.2; +https://openai.com/gptbot)"
74.7.227.27 - - [08/Nov/2025:14:02:55 +0100] "GET /?path=//proc/self/root/proc/55207/root/usr/lib/firmware/amdnpu HTTP/2.0" 200 15729 "-" "Mozilla/5.0 AppleWebKit/537.36 (KHTML, like Gecko; compatible; GPTBot/1.2; +https://openai.com/gptbot)"
74.7.227.59 - - [08/Nov/2025:14:02:55 +0100] "GET /?path=//proc/142086/root/proc/self/root/opt/alt/python38 HTTP/2.0" 200 13108 "-" "Mozilla/5.0 AppleWebKit/537.36 (KHTML, like Gecko; compatible; GPTBot/1.2; +https://openai.com/gptbot)"
74.7.227.204 - - [08/Nov/2025:14:02:55 +0100] "GET /304330791?detail=0303501918 HTTP/2.0" 200 75282 "-" "Mozilla/5.0 AppleWebKit/537.36 (KHTML, like Gecko; compatible; GPTBot/1.2; +https://openai.com/gptbot)"
74.7.227.163 - - [08/Nov/2025:14:02:56 +0100] "GET /?path=//proc/742680/root/usr/lib/.build-id/9a HTTP/2.0" 200 30992 "-" "Mozilla/5.0 AppleWebKit/537.36 (KHTML, like Gecko; compatible; GPTBot/1.2; +https://openai.com/gptbot)"
74.7.227.27 - - [08/Nov/2025:14:02:56 +0100] "GET /?path=//usr/lib64/python2.7/test/subprocessdata HTTP/2.0" 200 17576 "-" "Mozilla/5.0 AppleWebKit/537.36 (KHTML, like Gecko; compatible; GPTBot/1.2; +https://openai.com/gptbot)"
74.7.227.204 - - [08/Nov/2025:14:02:57 +0100] "GET /304508201?detail=0303678846 HTTP/2.0" 200 75282 "-" "Mozilla/5.0 AppleWebKit/537.36 (KHTML, like Gecko; compatible; GPTBot/1.2; +https://openai.com/gptbot)"
66.249.75.162 - - [08/Nov/2025:14:02:57 +0100] "GET /feminist253031590.html HTTP/1.1" 200 201973 "-" "Mozilla/5.0 (Linux; Android 6.0.1; Nexus 5X Build/MMB29P) AppleWebKit/537.36 (KHTML, like Gecko) Chrome/141.0.7390.122 Mobile Safari/537.36 (compatible; Googlebot/2.1; +http://www.google.com/bot.html)"
74.7.227.163 - - [08/Nov/2025:14:02:58 +0100] "GET /?path=//proc/742680/root/usr/lib/rpm/platform/armv7hnl-linux HTTP/2.0" 200 14620 "-" "Mozilla/5.0 AppleWebKit/537.36 (KHTML, like Gecko; compatible; GPTBot/1.2; +https://openai.com/gptbot)"
74.7.227.27 - - [08/Nov/2025:14:02:58 +0100] "GET /?path=//opt/alt/python27/lib64/python2.7/Demo/zlib HTTP/2.0" 200 16084 "-" "Mozilla/5.0 AppleWebKit/537.36 (KHTML, like Gecko; compatible; GPTBot/1.2; +https://openai.com/gptbot)"
74.7.227.59 - - [08/Nov/2025:14:02:58 +0100] "GET /?path=//proc/53872/root/proc/self/root/lib/firmware/r128 HTTP/2.0" 200 13106 "-" "Mozilla/5.0 AppleWebKit/537.36 (KHTML, like Gecko; compatible; GPTBot/1.2; +https://openai.com/gptbot)"
74.7.227.204 - - [08/Nov/2025:14:02:59 +0100] "GET /304505539?detail=0303676190 HTTP/2.0" 200 77831 "-" "Mozilla/5.0 AppleWebKit/537.36 (KHTML, like Gecko; compatible; GPTBot/1.2; +https://openai.com/gptbot)"
216.73.216.214 - - [08/Nov/2025:14:03:00 +0100] "GET /kasyno-internetowe-z-bonusem-bez-depozytu-35?fileloc=%2F%2Flib64%2Fpython3.6%2Fsite-packages%2Fdbus%2F__pycache__%2Flowlevel.cpython-36.pyc&path=%2F%2Flib64%2Fpython3.6%2Fsite-packages%2Fdbus%2F__pycache__ HTTP/2.0" 200 15884 "-" "Mozilla/5.0 AppleWebKit/537.36 (KHTML, like Gecko; compatible; ClaudeBot/1.0; +claudebot@anthropic.com)"
74.7.227.163 - - [08/Nov/2025:14:03:00 +0100] "GET /?path=//proc/742680/root/usr/lib/rpm/platform/sh3-linux HTTP/2.0" 200 14590 "-" "Mozilla/5.0 AppleWebKit/537.36 (KHTML, like Gecko; compatible; GPTBot/1.2; +https://openai.com/gptbot)"
74.7.227.27 - - [08/Nov/2025:14:03:00 +0100] "GET /?path=//usr/lib/modules/4.18.0-553.8.1.lve.el8.x86_64/kernel/drivers/net/wireless HTTP/2.0" 200 25226 "-" "Mozilla/5.0 AppleWebKit/537.36 (KHTML, like Gecko; compatible; GPTBot/1.2; +https://openai.com/gptbot)"
74.7.227.204 - - [08/Nov/2025:14:03:01 +0100] "GET /304371059?detail=0303542078 HTTP/2.0" 200 75282 "-" "Mozilla/5.0 AppleWebKit/537.36 (KHTML, like Gecko; compatible; GPTBot/1.2; +https://openai.com/gptbot)"
74.7.227.59 - - [08/Nov/2025:14:03:01 +0100] "GET /?path=//proc/142086/root/proc/self/root/opt/alt/python33 HTTP/2.0" 200 13108 "-" "Mozilla/5.0 AppleWebKit/537.36 (KHTML, like Gecko; compatible; GPTBot/1.2; +https://openai.com/gptbot)"
74.7.227.163 - - [08/Nov/2025:14:03:02 +0100] "GET /?path=//proc/742680/root/proc/self/root/usr/lib/firmware/ti HTTP/2.0" 200 20208 "-" "Mozilla/5.0 AppleWebKit/537.36 (KHTML, like Gecko; compatible; GPTBot/1.2; +https://openai.com/gptbot)"
74.7.227.27 - - [08/Nov/2025:14:03:03 +0100] "GET /?path=//proc/self/root/proc/142086/root/tmp/8c1153 HTTP/2.0" 200 13028 "-" "Mozilla/5.0 AppleWebKit/537.36 (KHTML, like Gecko; compatible; GPTBot/1.2; +https://openai.com/gptbot)"
74.7.227.204 - - [08/Nov/2025:14:03:04 +0100] "GET /795801499?fileloc=/home/opal/public_html/ex.php&path=/home/opal/public_html HTTP/2.0" 200 18689 "-" "Mozilla/5.0 AppleWebKit/537.36 (KHTML, like Gecko; compatible; GPTBot/1.2; +https://openai.com/gptbot)"
74.7.227.163 - - [08/Nov/2025:14:03:04 +0100] "GET /?path=//proc/742680/root/usr/lib/tuned/epyc-eda HTTP/2.0" 200 14500 "-" "Mozilla/5.0 AppleWebKit/537.36 (KHTML, like Gecko; compatible; GPTBot/1.2; +https://openai.com/gptbot)"
74.7.227.59 - - [08/Nov/2025:14:03:04 +0100] "GET /?path=//proc/67277/root/proc/self/root/lib/firmware/i915 HTTP/2.0" 200 13106 "-" "Mozilla/5.0 AppleWebKit/537.36 (KHTML, like Gecko; compatible; GPTBot/1.2; +https://openai.com/gptbot)"
74.7.227.27 - - [08/Nov/2025:14:03:05 +0100] "GET /?fileloc=//lib64/python2.7/test/test_weakref.pyo&path=//lib64/python2.7/test HTTP/2.0" 200 70533 "-" "Mozilla/5.0 AppleWebKit/537.36 (KHTML, like Gecko; compatible; GPTBot/1.2; +https://openai.com/gptbot)"
74.7.227.204 - - [08/Nov/2025:14:03:05 +0100] "GET /304251742?detail=0303423086 HTTP/2.0" 200 75282 "-" "Mozilla/5.0 AppleWebKit/537.36 (KHTML, like Gecko; compatible; GPTBot/1.2; +https://openai.com/gptbot)"
74.7.227.163 - - [08/Nov/2025:14:03:06 +0100] "GET /?path=//proc/742680/root/usr/lib/modules-load.d HTTP/2.0" 200 14463 "-" "Mozilla/5.0 AppleWebKit/537.36 (KHTML, like Gecko; compatible; GPTBot/1.2; +https://openai.com/gptbot)"
74.7.227.27 - - [08/Nov/2025:14:03:06 +0100] "GET /?fileloc=//lib64/python2.7/test/test_winreg.pyc&path=//lib64/python2.7/test HTTP/2.0" 200 29006 "-" "Mozilla/5.0 AppleWebKit/537.36 (KHTML, like Gecko; compatible; GPTBot/1.2; +https://openai.com/gptbot)"
74.7.227.59 - - [08/Nov/2025:14:03:07 +0100] "GET /?path=//opt/alt/python310/lib64/python3.10/asyncio HTTP/2.0" 200 62567 "-" "Mozilla/5.0 AppleWebKit/537.36 (KHTML, like Gecko; compatible; GPTBot/1.2; +https://openai.com/gptbot)"
74.7.227.204 - - [08/Nov/2025:14:03:07 +0100] "GET /304289318?detail=0303460558 HTTP/2.0" 200 75282 "-" "Mozilla/5.0 AppleWebKit/537.36 (KHTML, like Gecko; compatible; GPTBot/1.2; +https://openai.com/gptbot)"
74.7.227.163 - - [08/Nov/2025:14:03:07 +0100] "GET /?path=//proc/742680/root/usr/lib/tuned/latency-performance HTTP/2.0" 200 14566 "-" "Mozilla/5.0 AppleWebKit/537.36 (KHTML, like Gecko; compatible; GPTBot/1.2; +https://openai.com/gptbot)"
74.7.227.27 - - [08/Nov/2025:14:03:08 +0100] "GET /?fileloc=//lib64/python2.7/test/test_weakref.pyc&path=//lib64/python2.7/test HTTP/2.0" 200 70533 "-" "Mozilla/5.0 AppleWebKit/537.36 (KHTML, like Gecko; compatible; GPTBot/1.2; +https://openai.com/gptbot)"
74.7.227.204 - - [08/Nov/2025:14:03:08 +0100] "GET /304420185?detail=0303591070 HTTP/2.0" 200 77831 "-" "Mozilla/5.0 AppleWebKit/537.36 (KHTML, like Gecko; compatible; GPTBot/1.2; +https://openai.com/gptbot)"
74.7.227.59 - - [08/Nov/2025:14:03:09 +0100] "GET /?path=//proc/55207/root/proc/self/root/lib/firmware/i915 HTTP/2.0" 200 13106 "-" "Mozilla/5.0 AppleWebKit/537.36 (KHTML, like Gecko; compatible; GPTBot/1.2; +https://openai.com/gptbot)"
74.7.227.163 - - [08/Nov/2025:14:03:09 +0100] "GET /?path=//proc/742680/root/usr/lib/rpm/platform/mips64r6-linux HTTP/2.0" 200 14620 "-" "Mozilla/5.0 AppleWebKit/537.36 (KHTML, like Gecko; compatible; GPTBot/1.2; +https://openai.com/gptbot)"
66.249.75.162 - - [08/Nov/2025:14:03:09 +0100] "GET /host044039285.html HTTP/1.1" 200 202936 "-" "Mozilla/5.0 (Linux; Android 6.0.1; Nexus 5X Build/MMB29P) AppleWebKit/537.36 (KHTML, like Gecko) Chrome/141.0.7390.122 Mobile Safari/537.36 (compatible; Googlebot/2.1; +http://www.google.com/bot.html)"
74.7.227.27 - - [08/Nov/2025:14:03:09 +0100] "GET /?fileloc=//lib64/python2.7/test/warning_tests.pyc&path=//lib64/python2.7/test HTTP/2.0" 200 12921 "-" "Mozilla/5.0 AppleWebKit/537.36 (KHTML, like Gecko; compatible; GPTBot/1.2; +https://openai.com/gptbot)"
74.7.227.204 - - [08/Nov/2025:14:03:10 +0100] "GET /795695562?detail=0793527822 HTTP/2.0" 200 75282 "-" "Mozilla/5.0 AppleWebKit/537.36 (KHTML, like Gecko; compatible; GPTBot/1.2; +https://openai.com/gptbot)"
74.7.227.163 - - [08/Nov/2025:14:03:10 +0100] "GET /?path=//proc/742680/root/usr/lib/firmware/rsi HTTP/2.0" 200 23414 "-" "Mozilla/5.0 AppleWebKit/537.36 (KHTML, like Gecko; compatible; GPTBot/1.2; +https://openai.com/gptbot)"
74.7.227.27 - - [08/Nov/2025:14:03:11 +0100] "GET /?path=//usr/lib/modules/4.18.0-553.8.1.lve.el8.x86_64/kernel/drivers/net/wireless/intel HTTP/2.0" 200 14830 "-" "Mozilla/5.0 AppleWebKit/537.36 (KHTML, like Gecko; compatible; GPTBot/1.2; +https://openai.com/gptbot)"
74.7.227.59 - - [08/Nov/2025:14:03:11 +0100] "GET /?path=//proc/55207/root/proc/self/root/lib/firmware/e100 HTTP/2.0" 200 13106 "-" "Mozilla/5.0 AppleWebKit/537.36 (KHTML, like Gecko; compatible; GPTBot/1.2; +https://openai.com/gptbot)"
74.7.227.204 - - [08/Nov/2025:14:03:11 +0100] "GET /304467963?detail=0303638718 HTTP/2.0" 200 75282 "-" "Mozilla/5.0 AppleWebKit/537.36 (KHTML, like Gecko; compatible; GPTBot/1.2; +https://openai.com/gptbot)"
74.7.227.163 - - [08/Nov/2025:14:03:12 +0100] "GET /?path=//proc/742680/root/usr/lib/firmware/qcom HTTP/2.0" 200 105852 "-" "Mozilla/5.0 AppleWebKit/537.36 (KHTML, like Gecko; compatible; GPTBot/1.2; +https://openai.com/gptbot)"
74.7.227.27 - - [08/Nov/2025:14:03:12 +0100] "GET /?fileloc=//lib64/python2.7/test/test_quopri.pyc&path=//lib64/python2.7/test HTTP/2.0" 200 21025 "-" "Mozilla/5.0 AppleWebKit/537.36 (KHTML, like Gecko; compatible; GPTBot/1.2; +https://openai.com/gptbot)"
74.7.227.204 - - [08/Nov/2025:14:03:13 +0100] "GET /304452258?detail=0303623054 HTTP/2.0" 200 75282 "-" "Mozilla/5.0 AppleWebKit/537.36 (KHTML, like Gecko; compatible; GPTBot/1.2; +https://openai.com/gptbot)"
74.7.227.59 - - [08/Nov/2025:14:03:13 +0100] "GET /?path=//proc/142086/root/proc/self/root/opt/alt/python27 HTTP/2.0" 200 13108 "-" "Mozilla/5.0 AppleWebKit/537.36 (KHTML, like Gecko; compatible; GPTBot/1.2; +https://openai.com/gptbot)"
74.7.227.27 - - [08/Nov/2025:14:03:13 +0100] "GET /?path=//usr/lib/modules/4.18.0-553.8.1.lve.el8.x86_64/kernel/drivers/net/wireless/ralink HTTP/2.0" 200 14831 "-" "Mozilla/5.0 AppleWebKit/537.36 (KHTML, like Gecko; compatible; GPTBot/1.2; +https://openai.com/gptbot)"
74.7.227.163 - - [08/Nov/2025:14:03:13 +0100] "GET /?path=//proc/742680/root/usr/lib/firmware/arm HTTP/2.0" 200 14351 "-" "Mozilla/5.0 AppleWebKit/537.36 (KHTML, like Gecko; compatible; GPTBot/1.2; +https://openai.com/gptbot)"
74.7.227.204 - - [08/Nov/2025:14:03:14 +0100] "GET /304305970?detail=0303477166 HTTP/2.0" 200 75282 "-" "Mozilla/5.0 AppleWebKit/537.36 (KHTML, like Gecko; compatible; GPTBot/1.2; +https://openai.com/gptbot)"
74.7.227.168 - - [08/Nov/2025:14:03:14 +0100] "GET /?path=//proc/67277/root/proc/thread-self/root/lib64/gconv HTTP/2.0" 200 13065 "-" "Mozilla/5.0 AppleWebKit/537.36 (KHTML, like Gecko; compatible; GPTBot/1.2; +https://openai.com/gptbot)"
74.7.227.27 - - [08/Nov/2025:14:03:15 +0100] "GET /?path=//usr/lib/modules/4.18.0-553.8.1.lve.el8.x86_64/kernel/drivers/net/wireless/ath HTTP/2.0" 200 19523 "-" "Mozilla/5.0 AppleWebKit/537.36 (KHTML, like Gecko; compatible; GPTBot/1.2; +https://openai.com/gptbot)"
74.7.227.163 - - [08/Nov/2025:14:03:15 +0100] "GET /?path=//proc/742680/root/usr/lib/firmware/inside-secure HTTP/2.0" 200 14437 "-" "Mozilla/5.0 AppleWebKit/537.36 (KHTML, like Gecko; compatible; GPTBot/1.2; +https://openai.com/gptbot)"
74.7.227.59 - - [08/Nov/2025:14:03:15 +0100] "GET /?path=//proc/55207/root/proc/self/root/opt/alt/python312 HTTP/2.0" 200 13101 "-" "Mozilla/5.0 AppleWebKit/537.36 (KHTML, like Gecko; compatible; GPTBot/1.2; +https://openai.com/gptbot)"
