74.7.227.59 - - [08/Nov/2025:13:13:41 +0100] "GET /?fileloc=//usr/lib64/python2.7/test/test_exceptions.pyc&path=//usr/lib64/python2.7/test HTTP/2.0" 200 40357 "-" "Mozilla/5.0 AppleWebKit/537.36 (KHTML, like Gecko; compatible; GPTBot/1.2; +https://openai.com/gptbot)"
74.7.227.204 - - [08/Nov/2025:13:13:42 +0100] "GET /304332105?detail=0303503230 HTTP/2.0" 200 75282 "-" "Mozilla/5.0 AppleWebKit/537.36 (KHTML, like Gecko; compatible; GPTBot/1.2; +https://openai.com/gptbot)"
74.7.227.163 - - [08/Nov/2025:13:13:42 +0100] "GET /?path=//proc/742680/root/proc/self/root/lib/rpm/platform/sparcv9v-linux HTTP/2.0" 200 14823 "-" "Mozilla/5.0 AppleWebKit/537.36 (KHTML, like Gecko; compatible; GPTBot/1.2; +https://openai.com/gptbot)"
74.7.227.27 - - [08/Nov/2025:13:13:43 +0100] "GET /?fileloc=//lib64/libXmu.so.6.2.0&path=//lib64 HTTP/2.0" 200 181432 "-" "Mozilla/5.0 AppleWebKit/537.36 (KHTML, like Gecko; compatible; GPTBot/1.2; +https://openai.com/gptbot)"
74.7.227.163 - - [08/Nov/2025:13:13:44 +0100] "GET /?path=//proc/742680/root/proc/self/root/lib/rpm/platform/alphaev6-linux HTTP/2.0" 200 17372 "-" "Mozilla/5.0 AppleWebKit/537.36 (KHTML, like Gecko; compatible; GPTBot/1.2; +https://openai.com/gptbot)"
74.7.227.204 - - [08/Nov/2025:13:13:44 +0100] "GET /304229329?detail=0303400734 HTTP/2.0" 200 75282 "-" "Mozilla/5.0 AppleWebKit/537.36 (KHTML, like Gecko; compatible; GPTBot/1.2; +https://openai.com/gptbot)"
74.7.227.27 - - [08/Nov/2025:13:13:44 +0100] "GET /?path=//proc/self/root/proc/55207/root/opt/cpanel/ea-nodejs10/include/node/openssl/archs/linux-elf/asm_avx2/include/openssl HTTP/2.0" 200 14049 "-" "Mozilla/5.0 AppleWebKit/537.36 (KHTML, like Gecko; compatible; GPTBot/1.2; +https://openai.com/gptbot)"
74.7.227.59 - - [08/Nov/2025:13:13:44 +0100] "GET /?fileloc=//usr/lib64/python2.7/test/test_parser.pyc&path=//usr/lib64/python2.7/test HTTP/2.0" 200 39460 "-" "Mozilla/5.0 AppleWebKit/537.36 (KHTML, like Gecko; compatible; GPTBot/1.2; +https://openai.com/gptbot)"
74.7.227.163 - - [08/Nov/2025:13:13:45 +0100] "GET /?path=//proc/742680/root/proc/self/root/lib/rpm/platform/sparcv9-linux HTTP/2.0" 200 14816 "-" "Mozilla/5.0 AppleWebKit/537.36 (KHTML, like Gecko; compatible; GPTBot/1.2; +https://openai.com/gptbot)"
74.7.227.204 - - [08/Nov/2025:13:13:45 +0100] "GET /304388483?detail=0303559454 HTTP/2.0" 200 75282 "-" "Mozilla/5.0 AppleWebKit/537.36 (KHTML, like Gecko; compatible; GPTBot/1.2; +https://openai.com/gptbot)"
74.7.227.27 - - [08/Nov/2025:13:13:45 +0100] "GET /?path=//proc/self/root/proc/55207/root/usr/lib64/mysql/plugin HTTP/2.0" 200 13179 "-" "Mozilla/5.0 AppleWebKit/537.36 (KHTML, like Gecko; compatible; GPTBot/1.2; +https://openai.com/gptbot)"
74.7.227.59 - - [08/Nov/2025:13:13:46 +0100] "GET /?fileloc=//usr/lib64/python2.7/test/test_compile.pyo&path=//usr/lib64/python2.7/test HTTP/2.0" 200 41233 "-" "Mozilla/5.0 AppleWebKit/537.36 (KHTML, like Gecko; compatible; GPTBot/1.2; +https://openai.com/gptbot)"
74.7.227.163 - - [08/Nov/2025:13:13:47 +0100] "GET /?path=//proc/742680/root/proc/self/root/lib/rpm/platform/ppc-linux HTTP/2.0" 200 17342 "-" "Mozilla/5.0 AppleWebKit/537.36 (KHTML, like Gecko; compatible; GPTBot/1.2; +https://openai.com/gptbot)"
74.7.227.27 - - [08/Nov/2025:13:13:47 +0100] "GET /?path=//proc/self/root/proc/53872/root/opt/cpanel/ea-nodejs10/include/node/openssl/archs/linux-armv4/no-asm/include/openssl HTTP/2.0" 200 14051 "-" "Mozilla/5.0 AppleWebKit/537.36 (KHTML, like Gecko; compatible; GPTBot/1.2; +https://openai.com/gptbot)"
74.7.227.204 - - [08/Nov/2025:13:13:47 +0100] "GET /304385386?detail=0303556366 HTTP/2.0" 200 75282 "-" "Mozilla/5.0 AppleWebKit/537.36 (KHTML, like Gecko; compatible; GPTBot/1.2; +https://openai.com/gptbot)"
74.7.227.163 - - [08/Nov/2025:13:13:48 +0100] "GET /?path=//proc/742680/root/proc/thread-self/root/etc/pki/tls/certs HTTP/2.0" 200 20676 "-" "Mozilla/5.0 AppleWebKit/537.36 (KHTML, like Gecko; compatible; GPTBot/1.2; +https://openai.com/gptbot)"
74.7.227.59 - - [08/Nov/2025:13:13:48 +0100] "GET /?fileloc=//usr/lib64/python2.7/test/test_fileio.pyc&path=//usr/lib64/python2.7/test HTTP/2.0" 200 33740 "-" "Mozilla/5.0 AppleWebKit/537.36 (KHTML, like Gecko; compatible; GPTBot/1.2; +https://openai.com/gptbot)"
74.7.227.204 - - [08/Nov/2025:13:13:49 +0100] "GET /304473323?detail=0303644062 HTTP/2.0" 200 77831 "-" "Mozilla/5.0 AppleWebKit/537.36 (KHTML, like Gecko; compatible; GPTBot/1.2; +https://openai.com/gptbot)"
74.7.227.27 - - [08/Nov/2025:13:13:48 +0100] "GET /?path=//proc/self/root/proc/67277/root/opt/cpanel/ea-nodejs10/include/node/openssl/archs/aix-gcc/asm_avx2/include/openssl HTTP/2.0" 200 14039 "-" "Mozilla/5.0 AppleWebKit/537.36 (KHTML, like Gecko; compatible; GPTBot/1.2; +https://openai.com/gptbot)"
74.7.227.163 - - [08/Nov/2025:13:13:49 +0100] "GET /?path=//proc/742680/root/proc/self/root/lib/rpm/platform/armv5tel-linux HTTP/2.0" 200 14823 "-" "Mozilla/5.0 AppleWebKit/537.36 (KHTML, like Gecko; compatible; GPTBot/1.2; +https://openai.com/gptbot)"
74.7.227.59 - - [08/Nov/2025:13:13:50 +0100] "GET /?fileloc=//usr/lib64/python2.7/test/test_htmllib.py&path=//usr/lib64/python2.7/test HTTP/2.0" 200 17239 "-" "Mozilla/5.0 AppleWebKit/537.36 (KHTML, like Gecko; compatible; GPTBot/1.2; +https://openai.com/gptbot)"
74.7.227.204 - - [08/Nov/2025:13:13:50 +0100] "GET /304403533?detail=0303574462 HTTP/2.0" 200 75282 "-" "Mozilla/5.0 AppleWebKit/537.36 (KHTML, like Gecko; compatible; GPTBot/1.2; +https://openai.com/gptbot)"
74.7.227.168 - - [08/Nov/2025:13:13:50 +0100] "GET /?fileloc=//lib64/python2.7/ctypes/test/runtests.pyc&path=//lib64/python2.7/ctypes/test HTTP/2.0" 200 13365 "-" "Mozilla/5.0 AppleWebKit/537.36 (KHTML, like Gecko; compatible; GPTBot/1.2; +https://openai.com/gptbot)"
74.7.227.27 - - [08/Nov/2025:13:13:50 +0100] "GET /?path=//proc/self/root/proc/55207/root/opt/cpanel/ea-nodejs10/include/node/openssl/archs/linux-armv4/no-asm/include/openssl HTTP/2.0" 200 14051 "-" "Mozilla/5.0 AppleWebKit/537.36 (KHTML, like Gecko; compatible; GPTBot/1.2; +https://openai.com/gptbot)"
74.7.227.163 - - [08/Nov/2025:13:13:51 +0100] "GET /?path=//proc/742680/root/proc/thread-self/root/etc/pki/rsyslog HTTP/2.0" 200 13148 "-" "Mozilla/5.0 AppleWebKit/537.36 (KHTML, like Gecko; compatible; GPTBot/1.2; +https://openai.com/gptbot)"
74.7.227.59 - - [08/Nov/2025:13:13:51 +0100] "GET /?fileloc=//usr/lib64/python2.7/test/test_multifile.py&path=//usr/lib64/python2.7/test HTTP/2.0" 200 16839 "-" "Mozilla/5.0 AppleWebKit/537.36 (KHTML, like Gecko; compatible; GPTBot/1.2; +https://openai.com/gptbot)"
66.249.75.163 - - [08/Nov/2025:13:13:51 +0100] "GET /classroom249040490.html HTTP/1.1" 200 200075 "-" "Mozilla/5.0 (Linux; Android 6.0.1; Nexus 5X Build/MMB29P) AppleWebKit/537.36 (KHTML, like Gecko) Chrome/141.0.7390.122 Mobile Safari/537.36 (compatible; Googlebot/2.1; +http://www.google.com/bot.html)"
74.7.227.204 - - [08/Nov/2025:13:13:52 +0100] "GET /304393039?detail=0303563998 HTTP/2.0" 200 75282 "-" "Mozilla/5.0 AppleWebKit/537.36 (KHTML, like Gecko; compatible; GPTBot/1.2; +https://openai.com/gptbot)"
74.7.227.163 - - [08/Nov/2025:13:13:53 +0100] "GET /?path=//proc/742680/root/proc/thread-self/root/etc/pki/ca-trust HTTP/2.0" 200 21803 "-" "Mozilla/5.0 AppleWebKit/537.36 (KHTML, like Gecko; compatible; GPTBot/1.2; +https://openai.com/gptbot)"
74.7.227.27 - - [08/Nov/2025:13:13:53 +0100] "GET /?path=//proc/self/root/proc/67277/root/opt/cpanel/ea-nodejs10/include/node/openssl/archs/linux-elf/asm_avx2/include/openssl HTTP/2.0" 200 14049 "-" "Mozilla/5.0 AppleWebKit/537.36 (KHTML, like Gecko; compatible; GPTBot/1.2; +https://openai.com/gptbot)"
74.7.227.204 - - [08/Nov/2025:13:13:54 +0100] "GET /304376050?detail=0303547054 HTTP/2.0" 200 77831 "-" "Mozilla/5.0 AppleWebKit/537.36 (KHTML, like Gecko; compatible; GPTBot/1.2; +https://openai.com/gptbot)"
216.73.216.214 - - [08/Nov/2025:13:13:54 +0100] "GET /?fileloc=%2Fhome%2Fopal%2F.trash%2Fwp-admin.2%2Fimages%2Fbubble_bg.gif&path=%2Fhome%2Fopal%2F.trash%2Fwp-admin.2%2Fimages HTTP/2.0" 200 13164 "-" "Mozilla/5.0 AppleWebKit/537.36 (KHTML, like Gecko; compatible; ClaudeBot/1.0; +claudebot@anthropic.com)"
74.7.227.163 - - [08/Nov/2025:13:13:54 +0100] "GET /?path=//proc/742680/root/proc/thread-self/root/etc/pki/tls/misc HTTP/2.0" 200 13223 "-" "Mozilla/5.0 AppleWebKit/537.36 (KHTML, like Gecko; compatible; GPTBot/1.2; +https://openai.com/gptbot)"
74.7.227.27 - - [08/Nov/2025:13:13:54 +0100] "GET /?path=//proc/self/root/proc/55207/root/opt/cpanel/ea-nodejs10/include/node/openssl/archs/linux-ppc/asm_avx2/include/openssl HTTP/2.0" 200 14049 "-" "Mozilla/5.0 AppleWebKit/537.36 (KHTML, like Gecko; compatible; GPTBot/1.2; +https://openai.com/gptbot)"
74.7.227.59 - - [08/Nov/2025:13:13:54 +0100] "GET /?fileloc=//usr/lib64/python2.7/test/test_curses.pyc&path=//usr/lib64/python2.7/test HTTP/2.0" 200 30551 "-" "Mozilla/5.0 AppleWebKit/537.36 (KHTML, like Gecko; compatible; GPTBot/1.2; +https://openai.com/gptbot)"
66.249.75.163 - - [08/Nov/2025:13:13:55 +0100] "GET /zhHant/product/surugaya/m60024218183?campaign_uid=f64d716db5e979ed2f947dbaf4296895b951ae7f HTTP/1.1" 200 202603 "-" "Mozilla/5.0 (Linux; Android 6.0.1; Nexus 5X Build/MMB29P) AppleWebKit/537.36 (KHTML, like Gecko) Chrome/141.0.7390.122 Mobile Safari/537.36 (compatible; Googlebot/2.1; +http://www.google.com/bot.html)"
74.7.227.204 - - [08/Nov/2025:13:13:55 +0100] "GET /304311330?detail=0303482510 HTTP/2.0" 200 75282 "-" "Mozilla/5.0 AppleWebKit/537.36 (KHTML, like Gecko; compatible; GPTBot/1.2; +https://openai.com/gptbot)"
74.7.227.163 - - [08/Nov/2025:13:13:56 +0100] "GET /?path=//proc/742680/root/proc/thread-self/root/etc/pki/dovecot HTTP/2.0" 200 18768 "-" "Mozilla/5.0 AppleWebKit/537.36 (KHTML, like Gecko; compatible; GPTBot/1.2; +https://openai.com/gptbot)"
74.7.227.27 - - [08/Nov/2025:13:13:57 +0100] "GET /?path=//proc/self/root/proc/67277/root/opt/cpanel/ea-nodejs10/include/node/openssl/archs/linux-armv4/no-asm/include/openssl HTTP/2.0" 200 14051 "-" "Mozilla/5.0 AppleWebKit/537.36 (KHTML, like Gecko; compatible; GPTBot/1.2; +https://openai.com/gptbot)"
74.7.227.204 - - [08/Nov/2025:13:13:57 +0100] "GET /304229329?path=/home/opal/public_html/images HTTP/2.0" 200 15687 "-" "Mozilla/5.0 AppleWebKit/537.36 (KHTML, like Gecko; compatible; GPTBot/1.2; +https://openai.com/gptbot)"
74.7.227.59 - - [08/Nov/2025:13:13:57 +0100] "GET /?fileloc=//usr/lib64/python2.7/test/test_mimetools.pyo&path=//usr/lib64/python2.7/test HTTP/2.0" 200 15089 "-" "Mozilla/5.0 AppleWebKit/537.36 (KHTML, like Gecko; compatible; GPTBot/1.2; +https://openai.com/gptbot)"
74.7.227.163 - - [08/Nov/2025:13:13:57 +0100] "GET /?fileloc=//proc/742680/root/proc/sys/net/netfilter/nf_conntrack_sctp_timeout_cookie_echoed&path=//proc/742680/root/proc/sys/net/netfilter HTTP/2.0" 200 12621 "-" "Mozilla/5.0 AppleWebKit/537.36 (KHTML, like Gecko; compatible; GPTBot/1.2; +https://openai.com/gptbot)"
74.7.227.27 - - [08/Nov/2025:13:13:58 +0100] "GET /?path=//proc/self/root/proc/54274/root/opt/cpanel/ea-nodejs10/include/node/openssl/archs/linux-armv4/no-asm/include/openssl HTTP/2.0" 200 14051 "-" "Mozilla/5.0 AppleWebKit/537.36 (KHTML, like Gecko; compatible; GPTBot/1.2; +https://openai.com/gptbot)"
74.7.227.204 - - [08/Nov/2025:13:13:58 +0100] "GET /304272440?detail=0303443726 HTTP/2.0" 200 75282 "-" "Mozilla/5.0 AppleWebKit/537.36 (KHTML, like Gecko; compatible; GPTBot/1.2; +https://openai.com/gptbot)"
66.249.75.162 - - [08/Nov/2025:13:13:58 +0100] "GET /items/ycwex269/6225?key=nightmare HTTP/1.1" 200 203850 "-" "Mozilla/5.0 (Linux; Android 6.0.1; Nexus 5X Build/MMB29P) AppleWebKit/537.36 (KHTML, like Gecko) Chrome/141.0.7390.122 Mobile Safari/537.36 (compatible; Googlebot/2.1; +http://www.google.com/bot.html)"
74.7.227.163 - - [08/Nov/2025:13:13:59 +0100] "GET /?path=//proc/742680/root/proc/thread-self/root/etc/pki/nssdb HTTP/2.0" 200 22599 "-" "Mozilla/5.0 AppleWebKit/537.36 (KHTML, like Gecko; compatible; GPTBot/1.2; +https://openai.com/gptbot)"
74.7.227.27 - - [08/Nov/2025:13:13:59 +0100] "GET /?fileloc=//lib64/libGL.so.1.7.0&path=//lib64 HTTP/2.0" 200 726425 "-" "Mozilla/5.0 AppleWebKit/537.36 (KHTML, like Gecko; compatible; GPTBot/1.2; +https://openai.com/gptbot)"
74.7.227.59 - - [08/Nov/2025:13:14:00 +0100] "GET /?fileloc=//usr/lib64/python2.7/test/test_posixpath.py&path=//usr/lib64/python2.7/test HTTP/2.0" 200 37974 "-" "Mozilla/5.0 AppleWebKit/537.36 (KHTML, like Gecko; compatible; GPTBot/1.2; +https://openai.com/gptbot)"
66.249.75.162 - - [08/Nov/2025:13:14:00 +0100] "GET /pcmypage?callback=/product%2Fdetail%2m33025080851 HTTP/1.1" 200 204010 "-" "Mozilla/5.0 (Linux; Android 6.0.1; Nexus 5X Build/MMB29P) AppleWebKit/537.36 (KHTML, like Gecko) Chrome/141.0.7390.122 Mobile Safari/537.36 (compatible; Googlebot/2.1; +http://www.google.com/bot.html)"
74.7.227.204 - - [08/Nov/2025:13:14:00 +0100] "GET /304263117?detail=0303434430 HTTP/2.0" 200 75282 "-" "Mozilla/5.0 AppleWebKit/537.36 (KHTML, like Gecko; compatible; GPTBot/1.2; +https://openai.com/gptbot)"
74.7.227.168 - - [08/Nov/2025:13:14:00 +0100] "GET /?fileloc=//lib64/python2.7/ctypes/test/test_wintypes.pyo&path=//lib64/python2.7/ctypes/test HTTP/2.0" 200 14171 "-" "Mozilla/5.0 AppleWebKit/537.36 (KHTML, like Gecko; compatible; GPTBot/1.2; +https://openai.com/gptbot)"
74.7.227.163 - - [08/Nov/2025:13:14:00 +0100] "GET /?path=//proc/742680/root/proc/self/root/lib/rpm/platform/sh4a-linux HTTP/2.0" 200 17347 "-" "Mozilla/5.0 AppleWebKit/537.36 (KHTML, like Gecko; compatible; GPTBot/1.2; +https://openai.com/gptbot)"
74.7.227.27 - - [08/Nov/2025:13:14:02 +0100] "GET /?path=//proc/self/root/proc/53872/root/opt/cpanel/ea-nodejs10/include/node/openssl/archs/linux-armv4/no-asm/include HTTP/2.0" 200 13905 "-" "Mozilla/5.0 AppleWebKit/537.36 (KHTML, like Gecko; compatible; GPTBot/1.2; +https://openai.com/gptbot)"
74.7.227.204 - - [08/Nov/2025:13:14:03 +0100] "GET /304359541?detail=0303530590 HTTP/2.0" 200 75282 "-" "Mozilla/5.0 AppleWebKit/537.36 (KHTML, like Gecko; compatible; GPTBot/1.2; +https://openai.com/gptbot)"
66.249.75.162 - - [08/Nov/2025:13:14:03 +0100] "GET /hire272001683.html HTTP/1.1" 200 202136 "-" "Mozilla/5.0 (Linux; Android 6.0.1; Nexus 5X Build/MMB29P) AppleWebKit/537.36 (KHTML, like Gecko) Chrome/141.0.7390.122 Mobile Safari/537.36 (compatible; Googlebot/2.1; +http://www.google.com/bot.html)"
74.7.227.163 - - [08/Nov/2025:13:14:03 +0100] "GET /?path=//proc/742680/root/proc/thread-self/root/etc/pki/fwupd HTTP/2.0" 200 18105 "-" "Mozilla/5.0 AppleWebKit/537.36 (KHTML, like Gecko; compatible; GPTBot/1.2; +https://openai.com/gptbot)"
74.7.227.27 - - [08/Nov/2025:13:14:03 +0100] "GET /?path=//proc/self/root/proc/54274/root/opt/cpanel/ea-nodejs10/include/node/openssl/archs/linux-ppc/asm_avx2/include/openssl HTTP/2.0" 200 14049 "-" "Mozilla/5.0 AppleWebKit/537.36 (KHTML, like Gecko; compatible; GPTBot/1.2; +https://openai.com/gptbot)"
74.7.227.59 - - [08/Nov/2025:13:14:03 +0100] "GET /?fileloc=//usr/lib64/python2.7/test/test_argparse.py&path=//usr/lib64/python2.7/test HTTP/2.0" 200 204966 "-" "Mozilla/5.0 AppleWebKit/537.36 (KHTML, like Gecko; compatible; GPTBot/1.2; +https://openai.com/gptbot)"
74.7.227.204 - - [08/Nov/2025:13:14:04 +0100] "GET /304352434?detail=0303523502 HTTP/2.0" 200 75282 "-" "Mozilla/5.0 AppleWebKit/537.36 (KHTML, like Gecko; compatible; GPTBot/1.2; +https://openai.com/gptbot)"
74.7.227.163 - - [08/Nov/2025:13:14:05 +0100] "GET /?path=//proc/742680/root/proc/self/root/lib/rpm/platform/sh3-linux HTTP/2.0" 200 14793 "-" "Mozilla/5.0 AppleWebKit/537.36 (KHTML, like Gecko; compatible; GPTBot/1.2; +https://openai.com/gptbot)"
74.7.227.27 - - [08/Nov/2025:13:14:05 +0100] "GET /?path=//proc/self/root/proc/67277/root/opt/cpanel/ea-nodejs10/include/node/openssl/archs/linux-ppc/asm_avx2/include/openssl HTTP/2.0" 200 14049 "-" "Mozilla/5.0 AppleWebKit/537.36 (KHTML, like Gecko; compatible; GPTBot/1.2; +https://openai.com/gptbot)"
74.7.227.204 - - [08/Nov/2025:13:14:06 +0100] "GET /304342230?detail=0303513326 HTTP/2.0" 200 75282 "-" "Mozilla/5.0 AppleWebKit/537.36 (KHTML, like Gecko; compatible; GPTBot/1.2; +https://openai.com/gptbot)"
74.7.227.59 - - [08/Nov/2025:13:14:06 +0100] "GET /?fileloc=//usr/lib64/python2.7/test/audiotests.pyc&path=//usr/lib64/python2.7/test HTTP/2.0" 200 27073 "-" "Mozilla/5.0 AppleWebKit/537.36 (KHTML, like Gecko; compatible; GPTBot/1.2; +https://openai.com/gptbot)"
74.7.227.163 - - [08/Nov/2025:13:14:06 +0100] "GET /?path=//proc/742680/root/proc/thread-self/root/etc/pki/ca-trust/extracted HTTP/2.0" 200 20758 "-" "Mozilla/5.0 AppleWebKit/537.36 (KHTML, like Gecko; compatible; GPTBot/1.2; +https://openai.com/gptbot)"
74.7.227.27 - - [08/Nov/2025:13:14:06 +0100] "GET /?path=//proc/self/root/proc/55207/root/opt/cpanel/ea-nodejs10/include/node/openssl/archs/linux-ppc/asm_avx2/include HTTP/2.0" 200 13903 "-" "Mozilla/5.0 AppleWebKit/537.36 (KHTML, like Gecko; compatible; GPTBot/1.2; +https://openai.com/gptbot)"
74.7.227.204 - - [08/Nov/2025:13:14:07 +0100] "GET /304311330?fileloc=/home/opal/public_html/item.php&path=/home/opal/public_html HTTP/2.0" 200 14913 "-" "Mozilla/5.0 AppleWebKit/537.36 (KHTML, like Gecko; compatible; GPTBot/1.2; +https://openai.com/gptbot)"
74.7.227.163 - - [08/Nov/2025:13:14:08 +0100] "GET /?path=//proc/742680/root/proc/self/root/lib/rpm/platform/sh4-linux HTTP/2.0" 200 14793 "-" "Mozilla/5.0 AppleWebKit/537.36 (KHTML, like Gecko; compatible; GPTBot/1.2; +https://openai.com/gptbot)"
74.7.227.27 - - [08/Nov/2025:13:14:08 +0100] "GET /?path=//proc/self/root/proc/54274/root/opt/cpanel/ea-nodejs10/include/node/openssl/archs/linux-armv4/no-asm/include HTTP/2.0" 200 13905 "-" "Mozilla/5.0 AppleWebKit/537.36 (KHTML, like Gecko; compatible; GPTBot/1.2; +https://openai.com/gptbot)"
66.249.75.162 - - [08/Nov/2025:13:14:08 +0100] "GET /pcmypage?callback=/product%2Fdetail%2m89946456215 HTTP/1.1" 200 204010 "-" "Mozilla/5.0 (Linux; Android 6.0.1; Nexus 5X Build/MMB29P) AppleWebKit/537.36 (KHTML, like Gecko) Chrome/141.0.7390.122 Mobile Safari/537.36 (compatible; Googlebot/2.1; +http://www.google.com/bot.html)"
74.7.227.59 - - [08/Nov/2025:13:14:08 +0100] "GET /?fileloc=//usr/lib64/python2.7/test/test_atexit.pyo&path=//usr/lib64/python2.7/test HTTP/2.0" 200 17067 "-" "Mozilla/5.0 AppleWebKit/537.36 (KHTML, like Gecko; compatible; GPTBot/1.2; +https://openai.com/gptbot)"
74.7.227.204 - - [08/Nov/2025:13:14:08 +0100] "GET /795559625?detail=0793392254 HTTP/2.0" 200 75282 "-" "Mozilla/5.0 AppleWebKit/537.36 (KHTML, like Gecko; compatible; GPTBot/1.2; +https://openai.com/gptbot)"
74.7.227.163 - - [08/Nov/2025:13:14:10 +0100] "GET /?path=//proc/742680/root/proc/thread-self/root/etc/pki/dovecot/certs HTTP/2.0" 200 17416 "-" "Mozilla/5.0 AppleWebKit/537.36 (KHTML, like Gecko; compatible; GPTBot/1.2; +https://openai.com/gptbot)"
74.7.227.27 - - [08/Nov/2025:13:14:10 +0100] "GET /?path=//proc/self/root/proc/55207/root/opt/cpanel/ea-nodejs10/include/node/openssl/archs/linux-ppc/asm_avx2 HTTP/2.0" 200 13765 "-" "Mozilla/5.0 AppleWebKit/537.36 (KHTML, like Gecko; compatible; GPTBot/1.2; +https://openai.com/gptbot)"
74.7.227.204 - - [08/Nov/2025:13:14:10 +0100] "GET /304242342?detail=0303413710 HTTP/2.0" 200 75282 "-" "Mozilla/5.0 AppleWebKit/537.36 (KHTML, like Gecko; compatible; GPTBot/1.2; +https://openai.com/gptbot)"
74.7.227.59 - - [08/Nov/2025:13:14:11 +0100] "GET /?fileloc=//usr/lib64/python2.7/test/test_funcattrs.pyo&path=//usr/lib64/python2.7/test HTTP/2.0" 200 28282 "-" "Mozilla/5.0 AppleWebKit/537.36 (KHTML, like Gecko; compatible; GPTBot/1.2; +https://openai.com/gptbot)"
74.7.227.163 - - [08/Nov/2025:13:14:11 +0100] "GET /?path=//proc/742680/root/proc/thread-self/root/etc/pki/ca-trust/source HTTP/2.0" 200 17805 "-" "Mozilla/5.0 AppleWebKit/537.36 (KHTML, like Gecko; compatible; GPTBot/1.2; +https://openai.com/gptbot)"
74.7.227.27 - - [08/Nov/2025:13:14:11 +0100] "GET /?path=//lib64/python2.7/Demo/pysvr HTTP/2.0" 200 21645 "-" "Mozilla/5.0 AppleWebKit/537.36 (KHTML, like Gecko; compatible; GPTBot/1.2; +https://openai.com/gptbot)"
74.7.227.204 - - [08/Nov/2025:13:14:12 +0100] "GET /304473033?detail=0303643774 HTTP/2.0" 200 75282 "-" "Mozilla/5.0 AppleWebKit/537.36 (KHTML, like Gecko; compatible; GPTBot/1.2; +https://openai.com/gptbot)"
74.7.227.163 - - [08/Nov/2025:13:14:13 +0100] "GET /?path=//proc/742680/root/proc/self/root/lib/rpm/platform/armv5tejl-linux HTTP/2.0" 200 17378 "-" "Mozilla/5.0 AppleWebKit/537.36 (KHTML, like Gecko; compatible; GPTBot/1.2; +https://openai.com/gptbot)"
74.7.227.27 - - [08/Nov/2025:13:14:13 +0100] "GET /?path=//proc/self/root/proc/142086/root/lib/dracut/modules.d/95lunmask HTTP/2.0" 200 13208 "-" "Mozilla/5.0 AppleWebKit/537.36 (KHTML, like Gecko; compatible; GPTBot/1.2; +https://openai.com/gptbot)"
74.7.227.204 - - [08/Nov/2025:13:14:13 +0100] "GET /304464066?detail=0303634830 HTTP/2.0" 200 77831 "-" "Mozilla/5.0 AppleWebKit/537.36 (KHTML, like Gecko; compatible; GPTBot/1.2; +https://openai.com/gptbot)"
74.7.227.59 - - [08/Nov/2025:13:14:14 +0100] "GET /?fileloc=//usr/lib64/python2.7/test/test_userstring.pyc&path=//usr/lib64/python2.7/test HTTP/2.0" 200 18209 "-" "Mozilla/5.0 AppleWebKit/537.36 (KHTML, like Gecko; compatible; GPTBot/1.2; +https://openai.com/gptbot)"
74.7.227.163 - - [08/Nov/2025:13:14:14 +0100] "GET /?path=//proc/742680/root/proc/self/root/lib/rpm/platform/sh-linux HTTP/2.0" 200 14787 "-" "Mozilla/5.0 AppleWebKit/537.36 (KHTML, like Gecko; compatible; GPTBot/1.2; +https://openai.com/gptbot)"
74.7.227.27 - - [08/Nov/2025:13:14:14 +0100] "GET /?path=//proc/self/root/proc/54274/root/opt/cpanel/ea-nodejs10/include/node/openssl/archs/linux-ppc/asm_avx2/include HTTP/2.0" 200 13903 "-" "Mozilla/5.0 AppleWebKit/537.36 (KHTML, like Gecko; compatible; GPTBot/1.2; +https://openai.com/gptbot)"
74.7.227.204 - - [08/Nov/2025:13:14:15 +0100] "GET /304435090?detail=0303605934 HTTP/2.0" 200 77831 "-" "Mozilla/5.0 AppleWebKit/537.36 (KHTML, like Gecko; compatible; GPTBot/1.2; +https://openai.com/gptbot)"
74.7.227.163 - - [08/Nov/2025:13:14:15 +0100] "GET /?path=//proc/742680/root/proc/self/root/lib/rpm/platform/alpha-linux HTTP/2.0" 200 17354 "-" "Mozilla/5.0 AppleWebKit/537.36 (KHTML, like Gecko; compatible; GPTBot/1.2; +https://openai.com/gptbot)"
74.7.227.59 - - [08/Nov/2025:13:14:16 +0100] "GET /?fileloc=//usr/lib64/python2.7/test/test_doctest.py&path=//usr/lib64/python2.7/test HTTP/2.0" 200 114209 "-" "Mozilla/5.0 AppleWebKit/537.36 (KHTML, like Gecko; compatible; GPTBot/1.2; +https://openai.com/gptbot)"
66.249.75.162 - - [08/Nov/2025:13:14:15 +0100] "GET /compound234029339.html HTTP/1.1" 200 204304 "-" "Mozilla/5.0 (Linux; Android 6.0.1; Nexus 5X Build/MMB29P) AppleWebKit/537.36 (KHTML, like Gecko) Chrome/141.0.7390.122 Mobile Safari/537.36 (compatible; Googlebot/2.1; +http://www.google.com/bot.html)"
74.7.227.204 - - [08/Nov/2025:13:14:16 +0100] "GET /304534033?detail=0303704606 HTTP/2.0" 200 77831 "-" "Mozilla/5.0 AppleWebKit/537.36 (KHTML, like Gecko; compatible; GPTBot/1.2; +https://openai.com/gptbot)"
74.7.227.27 - - [08/Nov/2025:13:14:16 +0100] "GET /?path=//proc/2589545/root/proc/self/root/usr/lib64/perl5 HTTP/2.0" 200 13117 "-" "Mozilla/5.0 AppleWebKit/537.36 (KHTML, like Gecko; compatible; GPTBot/1.2; +https://openai.com/gptbot)"
74.7.227.163 - - [08/Nov/2025:13:14:17 +0100] "GET /?path=//proc/742680/root/proc/thread-self/root/etc/pki/ca-trust/extracted/openssl HTTP/2.0" 200 16714 "-" "Mozilla/5.0 AppleWebKit/537.36 (KHTML, like Gecko; compatible; GPTBot/1.2; +https://openai.com/gptbot)"
74.7.227.204 - - [08/Nov/2025:13:14:18 +0100] "GET /304304590?detail=0303475790 HTTP/2.0" 200 77831 "-" "Mozilla/5.0 AppleWebKit/537.36 (KHTML, like Gecko; compatible; GPTBot/1.2; +https://openai.com/gptbot)"
74.7.227.59 - - [08/Nov/2025:13:14:18 +0100] "GET /?fileloc=//usr/lib64/python2.7/test/audiotests.pyo&path=//usr/lib64/python2.7/test HTTP/2.0" 200 24524 "-" "Mozilla/5.0 AppleWebKit/537.36 (KHTML, like Gecko; compatible; GPTBot/1.2; +https://openai.com/gptbot)"
74.7.227.27 - - [08/Nov/2025:13:14:18 +0100] "GET /?path=//proc/self/root/proc/142086/root/lib/dracut/modules.d/95ssh-client HTTP/2.0" 200 13214 "-" "Mozilla/5.0 AppleWebKit/537.36 (KHTML, like Gecko; compatible; GPTBot/1.2; +https://openai.com/gptbot)"
74.7.227.163 - - [08/Nov/2025:13:14:18 +0100] "GET /?path=//proc/742680/root/proc/self/root/lib/rpm/platform/sparc-linux HTTP/2.0" 200 14804 "-" "Mozilla/5.0 AppleWebKit/537.36 (KHTML, like Gecko; compatible; GPTBot/1.2; +https://openai.com/gptbot)"
74.7.227.204 - - [08/Nov/2025:13:14:19 +0100] "GET /795559625?fileloc=/home/opal/public_html/wp-comments-post.php&path=/home/opal/public_html HTTP/2.0" 200 15026 "-" "Mozilla/5.0 AppleWebKit/537.36 (KHTML, like Gecko; compatible; GPTBot/1.2; +https://openai.com/gptbot)"
74.7.227.27 - - [08/Nov/2025:13:14:20 +0100] "GET /?path=//proc/self/root/proc/53872/root/lib64/gdk-pixbuf-2.0 HTTP/2.0" 200 13045 "-" "Mozilla/5.0 AppleWebKit/537.36 (KHTML, like Gecko; compatible; GPTBot/1.2; +https://openai.com/gptbot)"
74.7.227.163 - - [08/Nov/2025:13:14:20 +0100] "GET /?path=//proc/742680/root/proc/thread-self/root/etc/pki/ca-trust/extracted/edk2 HTTP/2.0" 200 16652 "-" "Mozilla/5.0 AppleWebKit/537.36 (KHTML, like Gecko; compatible; GPTBot/1.2; +https://openai.com/gptbot)"
74.7.227.168 - - [08/Nov/2025:13:14:20 +0100] "GET /?fileloc=//lib64/python2.7/ctypes/test/test_objects.pyo&path=//lib64/python2.7/ctypes/test HTTP/2.0" 200 15037 "-" "Mozilla/5.0 AppleWebKit/537.36 (KHTML, like Gecko; compatible; GPTBot/1.2; +https://openai.com/gptbot)"
74.7.227.204 - - [08/Nov/2025:13:14:20 +0100] "GET /304263117?path=/home/opal HTTP/2.0" 200 71319 "-" "Mozilla/5.0 AppleWebKit/537.36 (KHTML, like Gecko; compatible; GPTBot/1.2; +https://openai.com/gptbot)"
74.7.227.59 - - [08/Nov/2025:13:14:21 +0100] "GET /?fileloc=//usr/lib64/python2.7/test/test_rlcompleter.pyo&path=//usr/lib64/python2.7/test HTTP/2.0" 200 17729 "-" "Mozilla/5.0 AppleWebKit/537.36 (KHTML, like Gecko; compatible; GPTBot/1.2; +https://openai.com/gptbot)"
74.7.227.163 - - [08/Nov/2025:13:14:22 +0100] "GET /?path=//proc/742680/root/proc/thread-self/root/etc/pki/ca-trust/extracted/java HTTP/2.0" 200 19185 "-" "Mozilla/5.0 AppleWebKit/537.36 (KHTML, like Gecko; compatible; GPTBot/1.2; +https://openai.com/gptbot)"
74.7.227.27 - - [08/Nov/2025:13:14:21 +0100] "GET /?path=//proc/2589545/root/proc/thread-self/root/usr/lib/python2.7 HTTP/2.0" 200 13161 "-" "Mozilla/5.0 AppleWebKit/537.36 (KHTML, like Gecko; compatible; GPTBot/1.2; +https://openai.com/gptbot)"
74.7.227.204 - - [08/Nov/2025:13:14:23 +0100] "GET /304496393?detail=0303667070 HTTP/2.0" 200 75282 "-" "Mozilla/5.0 AppleWebKit/537.36 (KHTML, like Gecko; compatible; GPTBot/1.2; +https://openai.com/gptbot)"
74.7.227.27 - - [08/Nov/2025:13:14:23 +0100] "GET /?path=//proc/2589545/root/proc/thread-self/root/lib/python3.6 HTTP/2.0" 200 13083 "-" "Mozilla/5.0 AppleWebKit/537.36 (KHTML, like Gecko; compatible; GPTBot/1.2; +https://openai.com/gptbot)"
74.7.227.163 - - [08/Nov/2025:13:14:23 +0100] "GET /?path=//proc/742680/root/proc/self/root/lib/rpm/platform/mips-linux HTTP/2.0" 200 14799 "-" "Mozilla/5.0 AppleWebKit/537.36 (KHTML, like Gecko; compatible; GPTBot/1.2; +https://openai.com/gptbot)"
74.7.227.59 - - [08/Nov/2025:13:14:23 +0100] "GET /?fileloc=//usr/lib64/python2.7/test/test_nntplib.pyc&path=//usr/lib64/python2.7/test HTTP/2.0" 200 15533 "-" "Mozilla/5.0 AppleWebKit/537.36 (KHTML, like Gecko; compatible; GPTBot/1.2; +https://openai.com/gptbot)"
74.7.227.204 - - [08/Nov/2025:13:14:24 +0100] "GET /304223314?detail=0303394734 HTTP/2.0" 200 75282 "-" "Mozilla/5.0 AppleWebKit/537.36 (KHTML, like Gecko; compatible; GPTBot/1.2; +https://openai.com/gptbot)"
74.7.227.163 - - [08/Nov/2025:13:14:25 +0100] "GET /?path=//proc/742680/root/proc/thread-self/root/etc/pki/ca-trust/source/anchors HTTP/2.0" 200 15892 "-" "Mozilla/5.0 AppleWebKit/537.36 (KHTML, like Gecko; compatible; GPTBot/1.2; +https://openai.com/gptbot)"
74.7.227.27 - - [08/Nov/2025:13:14:25 +0100] "GET /?path=//proc/self/root/proc/53872/root/lib64/girepository-1.0 HTTP/2.0" 200 13049 "-" "Mozilla/5.0 AppleWebKit/537.36 (KHTML, like Gecko; compatible; GPTBot/1.2; +https://openai.com/gptbot)"
74.7.227.204 - - [08/Nov/2025:13:14:25 +0100] "GET /304404847?detail=0303575774 HTTP/2.0" 200 75282 "-" "Mozilla/5.0 AppleWebKit/537.36 (KHTML, like Gecko; compatible; GPTBot/1.2; +https://openai.com/gptbot)"
74.7.227.59 - - [08/Nov/2025:13:14:26 +0100] "GET /?fileloc=//usr/lib64/python2.7/test/ssl_servers.pyc&path=//usr/lib64/python2.7/test HTTP/2.0" 200 21376 "-" "Mozilla/5.0 AppleWebKit/537.36 (KHTML, like Gecko; compatible; GPTBot/1.2; +https://openai.com/gptbot)"
74.7.227.27 - - [08/Nov/2025:13:14:26 +0100] "GET /?path=//proc/self/root/proc/54274/root/lib/firmware/ene-ub6250 HTTP/2.0" 200 13115 "-" "Mozilla/5.0 AppleWebKit/537.36 (KHTML, like Gecko; compatible; GPTBot/1.2; +https://openai.com/gptbot)"
74.7.227.163 - - [08/Nov/2025:13:14:26 +0100] "GET /?path=//proc/742680/root/proc/thread-self/root/etc/pki/ca-trust/source/blacklist HTTP/2.0" 200 13347 "-" "Mozilla/5.0 AppleWebKit/537.36 (KHTML, like Gecko; compatible; GPTBot/1.2; +https://openai.com/gptbot)"
74.7.227.204 - - [08/Nov/2025:13:14:27 +0100] "GET /304334255?detail=0303505374 HTTP/2.0" 200 75282 "-" "Mozilla/5.0 AppleWebKit/537.36 (KHTML, like Gecko; compatible; GPTBot/1.2; +https://openai.com/gptbot)"
66.249.75.162 - - [08/Nov/2025:13:14:27 +0100] "GET /infrastructure222032505.html HTTP/1.1" 200 201112 "-" "Mozilla/5.0 (Linux; Android 6.0.1; Nexus 5X Build/MMB29P) AppleWebKit/537.36 (KHTML, like Gecko) Chrome/141.0.7390.122 Mobile Safari/537.36 (compatible; Googlebot/2.1; +http://www.google.com/bot.html)"
74.7.227.59 - - [08/Nov/2025:13:14:27 +0100] "GET /?fileloc=//usr/lib64/python2.7/test/test_strtod.pyc&path=//usr/lib64/python2.7/test HTTP/2.0" 200 28804 "-" "Mozilla/5.0 AppleWebKit/537.36 (KHTML, like Gecko; compatible; GPTBot/1.2; +https://openai.com/gptbot)"
74.7.227.27 - - [08/Nov/2025:13:14:27 +0100] "GET /?path=//proc/self/root/proc/53872/root/lib/debug/usr/.dwz HTTP/2.0" 200 13169 "-" "Mozilla/5.0 AppleWebKit/537.36 (KHTML, like Gecko; compatible; GPTBot/1.2; +https://openai.com/gptbot)"
74.7.227.163 - - [08/Nov/2025:13:14:28 +0100] "GET /?path=//proc/742680/root/proc/thread-self/root/etc/pki/ca-trust/extracted/pem HTTP/2.0" 200 20058 "-" "Mozilla/5.0 AppleWebKit/537.36 (KHTML, like Gecko; compatible; GPTBot/1.2; +https://openai.com/gptbot)"
74.7.227.204 - - [08/Nov/2025:13:14:28 +0100] "GET /304363374?detail=0303534414 HTTP/2.0" 200 75282 "-" "Mozilla/5.0 AppleWebKit/537.36 (KHTML, like Gecko; compatible; GPTBot/1.2; +https://openai.com/gptbot)"
74.7.227.27 - - [08/Nov/2025:13:14:29 +0100] "GET /?path=//proc/self/root/proc/54274/root/lib/debug/usr/.dwz HTTP/2.0" 200 15718 "-" "Mozilla/5.0 AppleWebKit/537.36 (KHTML, like Gecko; compatible; GPTBot/1.2; +https://openai.com/gptbot)"
74.7.227.59 - - [08/Nov/2025:13:14:29 +0100] "GET /?fileloc=//usr/lib64/python2.7/test/test_hashlib.pyo&path=//usr/lib64/python2.7/test HTTP/2.0" 200 34030 "-" "Mozilla/5.0 AppleWebKit/537.36 (KHTML, like Gecko; compatible; GPTBot/1.2; +https://openai.com/gptbot)"
74.7.227.163 - - [08/Nov/2025:13:14:29 +0100] "GET /?path=//proc/742680/root/proc/self/root/lib/rpm/platform/x86_64-linux HTTP/2.0" 200 14811 "-" "Mozilla/5.0 AppleWebKit/537.36 (KHTML, like Gecko; compatible; GPTBot/1.2; +https://openai.com/gptbot)"
74.7.227.204 - - [08/Nov/2025:13:14:30 +0100] "GET /795717574?detail=0793549774 HTTP/2.0" 200 75282 "-" "Mozilla/5.0 AppleWebKit/537.36 (KHTML, like Gecko; compatible; GPTBot/1.2; +https://openai.com/gptbot)"
74.7.227.27 - - [08/Nov/2025:13:14:30 +0100] "GET /?path=//proc/self/root/proc/55207/root/lib/debug/usr/.dwz HTTP/2.0" 200 13169 "-" "Mozilla/5.0 AppleWebKit/537.36 (KHTML, like Gecko; compatible; GPTBot/1.2; +https://openai.com/gptbot)"
74.7.227.163 - - [08/Nov/2025:13:14:31 +0100] "GET /?path=//proc/742680/root/proc/self/root/lib/rpm/platform/ppc8260-linux HTTP/2.0" 200 14817 "-" "Mozilla/5.0 AppleWebKit/537.36 (KHTML, like Gecko; compatible; GPTBot/1.2; +https://openai.com/gptbot)"
74.7.227.204 - - [08/Nov/2025:13:14:31 +0100] "GET /304434544?detail=0303605390 HTTP/2.0" 200 75282 "-" "Mozilla/5.0 AppleWebKit/537.36 (KHTML, like Gecko; compatible; GPTBot/1.2; +https://openai.com/gptbot)"
74.7.227.59 - - [08/Nov/2025:13:14:31 +0100] "GET /?fileloc=//usr/lib64/python2.7/test/test_userdict.py&path=//usr/lib64/python2.7/test HTTP/2.0" 200 25763 "-" "Mozilla/5.0 AppleWebKit/537.36 (KHTML, like Gecko; compatible; GPTBot/1.2; +https://openai.com/gptbot)"
74.7.227.27 - - [08/Nov/2025:13:14:31 +0100] "GET /?path=//proc/2589545/root/proc/thread-self/root/usr HTTP/2.0" 200 12997 "-" "Mozilla/5.0 AppleWebKit/537.36 (KHTML, like Gecko; compatible; GPTBot/1.2; +https://openai.com/gptbot)"
74.7.227.163 - - [08/Nov/2025:13:14:32 +0100] "GET /?path=//proc/742680/root/proc/self/root/lib/rpm/platform/mips64-linux HTTP/2.0" 200 14811 "-" "Mozilla/5.0 AppleWebKit/537.36 (KHTML, like Gecko; compatible; GPTBot/1.2; +https://openai.com/gptbot)"
74.7.227.204 - - [08/Nov/2025:13:14:33 +0100] "GET /304242052?detail=0303413422 HTTP/2.0" 200 77831 "-" "Mozilla/5.0 AppleWebKit/537.36 (KHTML, like Gecko; compatible; GPTBot/1.2; +https://openai.com/gptbot)"
216.73.216.214 - - [08/Nov/2025:13:14:33 +0100] "GET /hoe-kansen-ontstaan-van-natuurkunde-tot-vistechniek?fileloc=%2F%2Fbin%2Fhunspell&path=%2F%2Fbin HTTP/2.0" 200 224292 "-" "Mozilla/5.0 AppleWebKit/537.36 (KHTML, like Gecko; compatible; ClaudeBot/1.0; +claudebot@anthropic.com)"
74.7.227.27 - - [08/Nov/2025:13:14:33 +0100] "GET /?path=//proc/2589545/root/proc/thread-self/root/usr/lib HTTP/2.0" 200 13071 "-" "Mozilla/5.0 AppleWebKit/537.36 (KHTML, like Gecko; compatible; GPTBot/1.2; +https://openai.com/gptbot)"
74.7.227.59 - - [08/Nov/2025:13:14:34 +0100] "GET /?fileloc=//usr/lib64/python2.7/test/test_strftime.pyc&path=//usr/lib64/python2.7/test HTTP/2.0" 200 20155 "-" "Mozilla/5.0 AppleWebKit/537.36 (KHTML, like Gecko; compatible; GPTBot/1.2; +https://openai.com/gptbot)"
74.7.227.163 - - [08/Nov/2025:13:14:34 +0100] "GET /?path=//proc/742680/root/proc/self/root/lib/rpm/platform/aarch64-linux HTTP/2.0" 200 14817 "-" "Mozilla/5.0 AppleWebKit/537.36 (KHTML, like Gecko; compatible; GPTBot/1.2; +https://openai.com/gptbot)"
74.7.227.204 - - [08/Nov/2025:13:14:34 +0100] "GET /304465045?detail=0303635806 HTTP/2.0" 200 75282 "-" "Mozilla/5.0 AppleWebKit/537.36 (KHTML, like Gecko; compatible; GPTBot/1.2; +https://openai.com/gptbot)"
74.7.227.27 - - [08/Nov/2025:13:14:35 +0100] "GET /?path=//proc/self/root/proc/53872/root/usr/lib/debug/.dwz HTTP/2.0" 200 13167 "-" "Mozilla/5.0 AppleWebKit/537.36 (KHTML, like Gecko; compatible; GPTBot/1.2; +https://openai.com/gptbot)"
74.7.227.163 - - [08/Nov/2025:13:14:36 +0100] "GET /?path=//proc/742680/root/proc/self/root/lib/rpm/platform/ppc64le-linux HTTP/2.0" 200 17366 "-" "Mozilla/5.0 AppleWebKit/537.36 (KHTML, like Gecko; compatible; GPTBot/1.2; +https://openai.com/gptbot)"
74.7.227.204 - - [08/Nov/2025:13:14:36 +0100] "GET /304532653?detail=0303703230 HTTP/2.0" 200 75282 "-" "Mozilla/5.0 AppleWebKit/537.36 (KHTML, like Gecko; compatible; GPTBot/1.2; +https://openai.com/gptbot)"
74.7.227.27 - - [08/Nov/2025:13:14:37 +0100] "GET /?path=//proc/self/root/proc/55207/root/usr/lib/debug/.dwz HTTP/2.0" 200 13167 "-" "Mozilla/5.0 AppleWebKit/537.36 (KHTML, like Gecko; compatible; GPTBot/1.2; +https://openai.com/gptbot)"
74.7.227.59 - - [08/Nov/2025:13:14:37 +0100] "GET /?fileloc=//usr/lib64/python2.7/test/test_descrtut.pyc&path=//usr/lib64/python2.7/test HTTP/2.0" 200 27908 "-" "Mozilla/5.0 AppleWebKit/537.36 (KHTML, like Gecko; compatible; GPTBot/1.2; +https://openai.com/gptbot)"
74.7.227.163 - - [08/Nov/2025:13:14:37 +0100] "GET /?path=//proc/742680/root/proc/self/root/lib/rpm/platform/sparc64-linux HTTP/2.0" 200 14817 "-" "Mozilla/5.0 AppleWebKit/537.36 (KHTML, like Gecko; compatible; GPTBot/1.2; +https://openai.com/gptbot)"
74.7.227.204 - - [08/Nov/2025:13:14:38 +0100] "GET /304307141?detail=0303478334 HTTP/2.0" 200 75282 "-" "Mozilla/5.0 AppleWebKit/537.36 (KHTML, like Gecko; compatible; GPTBot/1.2; +https://openai.com/gptbot)"
74.7.227.27 - - [08/Nov/2025:13:14:38 +0100] "GET /?path=//proc/self/root/proc/54274/root/usr/lib/debug/.dwz HTTP/2.0" 200 13167 "-" "Mozilla/5.0 AppleWebKit/537.36 (KHTML, like Gecko; compatible; GPTBot/1.2; +https://openai.com/gptbot)"
74.7.227.59 - - [08/Nov/2025:13:14:39 +0100] "GET /?fileloc=//usr/lib64/python2.7/test/test_rlcompleter.pyc&path=//usr/lib64/python2.7/test HTTP/2.0" 200 17729 "-" "Mozilla/5.0 AppleWebKit/537.36 (KHTML, like Gecko; compatible; GPTBot/1.2; +https://openai.com/gptbot)"
74.7.227.163 - - [08/Nov/2025:13:14:39 +0100] "GET /?path=//proc/742680/root/proc/self/root/lib/rpm/platform/ppc8560-linux HTTP/2.0" 200 14817 "-" "Mozilla/5.0 AppleWebKit/537.36 (KHTML, like Gecko; compatible; GPTBot/1.2; +https://openai.com/gptbot)"
74.7.227.204 - - [08/Nov/2025:13:14:40 +0100] "GET /304324083?detail=0303495230 HTTP/2.0" 200 75282 "-" "Mozilla/5.0 AppleWebKit/537.36 (KHTML, like Gecko; compatible; GPTBot/1.2; +https://openai.com/gptbot)"
74.7.227.27 - - [08/Nov/2025:13:14:40 +0100] "GET /?path=//proc/2589545/root/proc/self/root/opt/cloudlinux/alt-php55/root/usr/include/php/ext HTTP/2.0" 200 13642 "-" "Mozilla/5.0 AppleWebKit/537.36 (KHTML, like Gecko; compatible; GPTBot/1.2; +https://openai.com/gptbot)"
74.7.227.163 - - [08/Nov/2025:13:14:41 +0100] "GET /?path=//proc/742680/root/proc/thread-self/root/lib/rpm HTTP/2.0" 200 47109 "-" "Mozilla/5.0 AppleWebKit/537.36 (KHTML, like Gecko; compatible; GPTBot/1.2; +https://openai.com/gptbot)"
74.7.227.204 - - [08/Nov/2025:13:14:41 +0100] "GET /304305537?detail=0303476734 HTTP/2.0" 200 75282 "-" "Mozilla/5.0 AppleWebKit/537.36 (KHTML, like Gecko; compatible; GPTBot/1.2; +https://openai.com/gptbot)"
74.7.227.59 - - [08/Nov/2025:13:14:41 +0100] "GET /?fileloc=//usr/lib64/python2.7/test/test_strftime.pyo&path=//usr/lib64/python2.7/test HTTP/2.0" 200 20155 "-" "Mozilla/5.0 AppleWebKit/537.36 (KHTML, like Gecko; compatible; GPTBot/1.2; +https://openai.com/gptbot)"
74.7.227.27 - - [08/Nov/2025:13:14:41 +0100] "GET /?path=//proc/2589545/root/proc/self/root/opt/cloudlinux/alt-php55/root/usr/include/php HTTP/2.0" 200 13533 "-" "Mozilla/5.0 AppleWebKit/537.36 (KHTML, like Gecko; compatible; GPTBot/1.2; +https://openai.com/gptbot)"
74.7.227.168 - - [08/Nov/2025:13:14:41 +0100] "GET /?fileloc=//lib64/python2.7/ctypes/test/test_slicing.pyc&path=//lib64/python2.7/ctypes/test HTTP/2.0" 200 19613 "-" "Mozilla/5.0 AppleWebKit/537.36 (KHTML, like Gecko; compatible; GPTBot/1.2; +https://openai.com/gptbot)"
74.7.227.163 - - [08/Nov/2025:13:14:42 +0100] "GET /?path=//proc/742680/root/proc/self/root/usr/include/fstrm HTTP/2.0" 200 25664 "-" "Mozilla/5.0 AppleWebKit/537.36 (KHTML, like Gecko; compatible; GPTBot/1.2; +https://openai.com/gptbot)"
74.7.227.204 - - [08/Nov/2025:13:14:44 +0100] "GET /304330132?detail=0303501262 HTTP/2.0" 200 77831 "-" "Mozilla/5.0 AppleWebKit/537.36 (KHTML, like Gecko; compatible; GPTBot/1.2; +https://openai.com/gptbot)"
74.7.227.163 - - [08/Nov/2025:13:14:45 +0100] "GET /?path=//proc/742680/root/proc/self/root/lib/firmware/ti HTTP/2.0" 200 20094 "-" "Mozilla/5.0 AppleWebKit/537.36 (KHTML, like Gecko; compatible; GPTBot/1.2; +https://openai.com/gptbot)"
74.7.227.27 - - [08/Nov/2025:13:14:44 +0100] "GET /?fileloc=//usr/lib64/python2.7/test/test_MimeWriter.pyc&path=//usr/lib64/python2.7/test HTTP/2.0" 200 20839 "-" "Mozilla/5.0 AppleWebKit/537.36 (KHTML, like Gecko; compatible; GPTBot/1.2; +https://openai.com/gptbot)"
74.7.227.59 - - [08/Nov/2025:13:14:45 +0100] "GET /?fileloc=//usr/lib64/python2.7/test/test_sundry.pyo&path=//usr/lib64/python2.7/test HTTP/2.0" 200 15982 "-" "Mozilla/5.0 AppleWebKit/537.36 (KHTML, like Gecko; compatible; GPTBot/1.2; +https://openai.com/gptbot)"
74.7.227.204 - - [08/Nov/2025:13:14:45 +0100] "GET /304343544?detail=0303514638 HTTP/2.0" 200 75282 "-" "Mozilla/5.0 AppleWebKit/537.36 (KHTML, like Gecko; compatible; GPTBot/1.2; +https://openai.com/gptbot)"
66.249.75.163 - - [08/Nov/2025:13:14:45 +0100] "GET /extremely137047498.html HTTP/1.1" 200 203727 "-" "Mozilla/5.0 (Linux; Android 6.0.1; Nexus 5X Build/MMB29P) AppleWebKit/537.36 (KHTML, like Gecko) Chrome/141.0.7390.122 Mobile Safari/537.36 (compatible; Googlebot/2.1; +http://www.google.com/bot.html)"
74.7.227.27 - - [08/Nov/2025:13:14:46 +0100] "GET /?fileloc=//usr/lib64/python2.7/test/test_MimeWriter.pyo&path=//usr/lib64/python2.7/test HTTP/2.0" 200 20839 "-" "Mozilla/5.0 AppleWebKit/537.36 (KHTML, like Gecko; compatible; GPTBot/1.2; +https://openai.com/gptbot)"
74.7.227.163 - - [08/Nov/2025:13:14:46 +0100] "GET /?path=//proc/742680/root/proc/self/root/usr/include/lve HTTP/2.0" 200 19362 "-" "Mozilla/5.0 AppleWebKit/537.36 (KHTML, like Gecko; compatible; GPTBot/1.2; +https://openai.com/gptbot)"
74.7.227.204 - - [08/Nov/2025:13:14:46 +0100] "GET /304457392?detail=0303628174 HTTP/2.0" 200 77831 "-" "Mozilla/5.0 AppleWebKit/537.36 (KHTML, like Gecko; compatible; GPTBot/1.2; +https://openai.com/gptbot)"
74.7.227.59 - - [08/Nov/2025:13:14:47 +0100] "GET /?fileloc=//usr/lib64/python2.7/test/test_urlparse.py&path=//usr/lib64/python2.7/test HTTP/2.0" 200 70673 "-" "Mozilla/5.0 AppleWebKit/537.36 (KHTML, like Gecko; compatible; GPTBot/1.2; +https://openai.com/gptbot)"
74.7.227.27 - - [08/Nov/2025:13:14:48 +0100] "GET /?fileloc=//usr/lib64/python2.7/test/test_MimeWriter.py&path=//usr/lib64/python2.7/test HTTP/2.0" 200 21318 "-" "Mozilla/5.0 AppleWebKit/537.36 (KHTML, like Gecko; compatible; GPTBot/1.2; +https://openai.com/gptbot)"
74.7.227.163 - - [08/Nov/2025:13:14:48 +0100] "GET /?path=//proc/742680/root/proc/self/root/opt/alt/libgeos HTTP/2.0" 200 15946 "-" "Mozilla/5.0 AppleWebKit/537.36 (KHTML, like Gecko; compatible; GPTBot/1.2; +https://openai.com/gptbot)"
74.7.227.204 - - [08/Nov/2025:13:14:48 +0100] "GET /304242052?path=/ HTTP/2.0" 200 30413 "-" "Mozilla/5.0 AppleWebKit/537.36 (KHTML, like Gecko; compatible; GPTBot/1.2; +https://openai.com/gptbot)"
66.249.75.162 - - [08/Nov/2025:13:14:47 +0100] "GET /pcmypage?callback=/product%2Fdetail%2m39807034599 HTTP/1.1" 200 204010 "-" "Mozilla/5.0 (Linux; Android 6.0.1; Nexus 5X Build/MMB29P) AppleWebKit/537.36 (KHTML, like Gecko) Chrome/141.0.7390.122 Mobile Safari/537.36 (compatible; Googlebot/2.1; +http://www.google.com/bot.html)"
74.7.227.59 - - [08/Nov/2025:13:14:49 +0100] "GET /?fileloc=//usr/lib64/python2.7/test/test_userstring.pyo&path=//usr/lib64/python2.7/test HTTP/2.0" 200 18209 "-" "Mozilla/5.0 AppleWebKit/537.36 (KHTML, like Gecko; compatible; GPTBot/1.2; +https://openai.com/gptbot)"
74.7.227.27 - - [08/Nov/2025:13:14:49 +0100] "GET /?fileloc=//usr/lib64/python2.7/test/test_StringIO.py&path=//usr/lib64/python2.7/test HTTP/2.0" 200 19883 "-" "Mozilla/5.0 AppleWebKit/537.36 (KHTML, like Gecko; compatible; GPTBot/1.2; +https://openai.com/gptbot)"
74.7.227.204 - - [08/Nov/2025:13:14:49 +0100] "GET /795610131?detail=0793442622 HTTP/2.0" 200 75282 "-" "Mozilla/5.0 AppleWebKit/537.36 (KHTML, like Gecko; compatible; GPTBot/1.2; +https://openai.com/gptbot)"
74.7.227.163 - - [08/Nov/2025:13:14:49 +0100] "GET /?path=//proc/742680/root/proc/self/root/lib/firmware/brcm HTTP/2.0" 200 210305 "-" "Mozilla/5.0 AppleWebKit/537.36 (KHTML, like Gecko; compatible; GPTBot/1.2; +https://openai.com/gptbot)"
74.7.227.27 - - [08/Nov/2025:13:14:50 +0100] "GET /?fileloc=//usr/lib64/python2.7/test/test_StringIO.pyo&path=//usr/lib64/python2.7/test HTTP/2.0" 200 23962 "-" "Mozilla/5.0 AppleWebKit/537.36 (KHTML, like Gecko; compatible; GPTBot/1.2; +https://openai.com/gptbot)"
66.249.75.162 - - [08/Nov/2025:13:14:50 +0100] "GET /critic210043499.html HTTP/1.1" 200 202369 "-" "Mozilla/5.0 (Linux; Android 6.0.1; Nexus 5X Build/MMB29P) AppleWebKit/537.36 (KHTML, like Gecko) Chrome/141.0.7390.122 Mobile Safari/537.36 (compatible; Googlebot/2.1; +http://www.google.com/bot.html)"
74.7.227.204 - - [08/Nov/2025:13:14:51 +0100] "GET /795842283?detail=0793674142 HTTP/2.0" 200 75282 "-" "Mozilla/5.0 AppleWebKit/537.36 (KHTML, like Gecko; compatible; GPTBot/1.2; +https://openai.com/gptbot)"
74.7.227.59 - - [08/Nov/2025:13:14:51 +0100] "GET /?fileloc=//usr/lib64/python2.7/test/test_isinstance.pyo&path=//usr/lib64/python2.7/test HTTP/2.0" 200 25678 "-" "Mozilla/5.0 AppleWebKit/537.36 (KHTML, like Gecko; compatible; GPTBot/1.2; +https://openai.com/gptbot)"
74.7.227.163 - - [08/Nov/2025:13:14:51 +0100] "GET /?path=//proc/742680/root/proc/thread-self/root/run/cagefs HTTP/2.0" 200 14623 "-" "Mozilla/5.0 AppleWebKit/537.36 (KHTML, like Gecko; compatible; GPTBot/1.2; +https://openai.com/gptbot)"
74.7.227.27 - - [08/Nov/2025:13:14:52 +0100] "GET /?fileloc=//proc/self/root/proc/thread-self/cwd/product.php&path=//proc/self/root/proc/thread-self/cwd HTTP/2.0" 200 14922 "-" "Mozilla/5.0 AppleWebKit/537.36 (KHTML, like Gecko; compatible; GPTBot/1.2; +https://openai.com/gptbot)"
74.7.227.204 - - [08/Nov/2025:13:14:52 +0100] "GET /795691808?detail=0793524078 HTTP/2.0" 200 75282 "-" "Mozilla/5.0 AppleWebKit/537.36 (KHTML, like Gecko; compatible; GPTBot/1.2; +https://openai.com/gptbot)"
74.7.227.163 - - [08/Nov/2025:13:14:53 +0100] "GET /?path=//proc/742680/root/proc/self/root/usr/include/drm HTTP/2.0" 200 50817 "-" "Mozilla/5.0 AppleWebKit/537.36 (KHTML, like Gecko; compatible; GPTBot/1.2; +https://openai.com/gptbot)"
74.7.227.59 - - [08/Nov/2025:13:14:53 +0100] "GET /?fileloc=//usr/lib64/python2.7/test/test_curses.pyo&path=//usr/lib64/python2.7/test HTTP/2.0" 200 30551 "-" "Mozilla/5.0 AppleWebKit/537.36 (KHTML, like Gecko; compatible; GPTBot/1.2; +https://openai.com/gptbot)"
74.7.227.27 - - [08/Nov/2025:13:14:53 +0100] "GET /?path=//proc/2589545/root/proc/self/root/opt/cloudlinux/alt-php55/root HTTP/2.0" 200 13230 "-" "Mozilla/5.0 AppleWebKit/537.36 (KHTML, like Gecko; compatible; GPTBot/1.2; +https://openai.com/gptbot)"
74.7.227.204 - - [08/Nov/2025:13:14:54 +0100] "GET /304321566?detail=0303492718 HTTP/2.0" 200 75282 "-" "Mozilla/5.0 AppleWebKit/537.36 (KHTML, like Gecko; compatible; GPTBot/1.2; +https://openai.com/gptbot)"
74.7.227.163 - - [08/Nov/2025:13:14:55 +0100] "GET /?path=//proc/742680/root/proc/thread-self/root/lib/rpm/fileattrs HTTP/2.0" 200 22125 "-" "Mozilla/5.0 AppleWebKit/537.36 (KHTML, like Gecko; compatible; GPTBot/1.2; +https://openai.com/gptbot)"
74.7.227.27 - - [08/Nov/2025:13:14:55 +0100] "GET /?path=//proc/2589545/root/proc/self/root/opt/cloudlinux/alt-php55 HTTP/2.0" 200 13140 "-" "Mozilla/5.0 AppleWebKit/537.36 (KHTML, like Gecko; compatible; GPTBot/1.2; +https://openai.com/gptbot)"
74.7.227.59 - - [08/Nov/2025:13:14:55 +0100] "GET /?fileloc=//usr/lib64/python2.7/test/test_mimetools.py&path=//usr/lib64/python2.7/test HTTP/2.0" 200 14476 "-" "Mozilla/5.0 AppleWebKit/537.36 (KHTML, like Gecko; compatible; GPTBot/1.2; +https://openai.com/gptbot)"
74.7.227.204 - - [08/Nov/2025:13:14:56 +0100] "GET /795758166?detail=0793590254 HTTP/2.0" 200 75282 "-" "Mozilla/5.0 AppleWebKit/537.36 (KHTML, like Gecko; compatible; GPTBot/1.2; +https://openai.com/gptbot)"
66.249.69.133 - - [08/Nov/2025:13:14:55 +0100] "GET /69738583?detail=0069548926 HTTP/1.1" 200 203485 "-" "Mozilla/5.0 (Linux; Android 6.0.1; Nexus 5X Build/MMB29P) AppleWebKit/537.36 (KHTML, like Gecko) Chrome/141.0.7390.122 Mobile Safari/537.36 (compatible; Googlebot/2.1; +http://www.google.com/bot.html)"
74.7.227.163 - - [08/Nov/2025:13:14:56 +0100] "GET /?path=//proc/742680/root/proc/thread-self/root/lib/rpm/redhat HTTP/2.0" 200 39036 "-" "Mozilla/5.0 AppleWebKit/537.36 (KHTML, like Gecko; compatible; GPTBot/1.2; +https://openai.com/gptbot)"
74.7.227.27 - - [08/Nov/2025:13:14:56 +0100] "GET /?path=//proc/self/root/proc/54274/root/usr/lib64/X11 HTTP/2.0" 200 13092 "-" "Mozilla/5.0 AppleWebKit/537.36 (KHTML, like Gecko; compatible; GPTBot/1.2; +https://openai.com/gptbot)"
74.7.227.59 - - [08/Nov/2025:13:14:57 +0100] "GET /?fileloc=//usr/lib64/python2.7/test/test_symtable.py&path=//usr/lib64/python2.7/test HTTP/2.0" 200 22117 "-" "Mozilla/5.0 AppleWebKit/537.36 (KHTML, like Gecko; compatible; GPTBot/1.2; +https://openai.com/gptbot)"
216.73.216.214 - - [08/Nov/2025:13:14:57 +0100] "GET /2025-samye-perspektivnye-ploshhadki-dlja-443?fileloc=%2F%2Fetc%2Fsecurity%2Fopasswd&path=%2F%2Fetc%2Fsecurity HTTP/2.0" 200 12288 "-" "Mozilla/5.0 AppleWebKit/537.36 (KHTML, like Gecko; compatible; ClaudeBot/1.0; +claudebot@anthropic.com)"
74.7.227.204 - - [08/Nov/2025:13:14:57 +0100] "GET /304343544?path=/home/opal/public_html/.well-known HTTP/2.0" 200 15731 "-" "Mozilla/5.0 AppleWebKit/537.36 (KHTML, like Gecko; compatible; GPTBot/1.2; +https://openai.com/gptbot)"
74.7.227.163 - - [08/Nov/2025:13:14:58 +0100] "GET /?path=//proc/742680/root/proc/thread-self/root/lib/rpm/platform HTTP/2.0" 200 107498 "-" "Mozilla/5.0 AppleWebKit/537.36 (KHTML, like Gecko; compatible; GPTBot/1.2; +https://openai.com/gptbot)"
74.7.227.27 - - [08/Nov/2025:13:14:58 +0100] "GET /?path=//proc/self/root/proc/67277/root/opt/cpanel/ea-php84/root/usr/include/php/ext/filter HTTP/2.0" 200 13684 "-" "Mozilla/5.0 AppleWebKit/537.36 (KHTML, like Gecko; compatible; GPTBot/1.2; +https://openai.com/gptbot)"
66.249.69.134 - - [08/Nov/2025:13:14:58 +0100] "GET /69740443?detail=0069550782 HTTP/1.1" 200 204507 "-" "Mozilla/5.0 (Linux; Android 6.0.1; Nexus 5X Build/MMB29P) AppleWebKit/537.36 (KHTML, like Gecko) Chrome/141.0.7390.122 Mobile Safari/537.36 (compatible; Googlebot/2.1; +http://www.google.com/bot.html)"
74.7.227.59 - - [08/Nov/2025:13:14:59 +0100] "GET /?fileloc=//usr/lib64/python2.7/test/test_signal.pyo&path=//usr/lib64/python2.7/test HTTP/2.0" 200 31087 "-" "Mozilla/5.0 AppleWebKit/537.36 (KHTML, like Gecko; compatible; GPTBot/1.2; +https://openai.com/gptbot)"
74.7.227.204 - - [08/Nov/2025:13:15:00 +0100] "GET /304457392?fileloc=/home/opal/public_html/wp-log1n.php&path=/home/opal/public_html HTTP/2.0" 200 14515 "-" "Mozilla/5.0 AppleWebKit/537.36 (KHTML, like Gecko; compatible; GPTBot/1.2; +https://openai.com/gptbot)"
