74.7.227.27 - - [08/Nov/2025:13:20:08 +0100] "GET /?path=//opt/alt/python310/lib/python3.10/site-packages/setuptools/_vendor/packaging HTTP/2.0" 200 35804 "-" "Mozilla/5.0 AppleWebKit/537.36 (KHTML, like Gecko; compatible; GPTBot/1.2; +https://openai.com/gptbot)"
74.7.227.204 - - [08/Nov/2025:13:20:09 +0100] "GET /795682583?fileloc=/home/opal/public_html/error_log&path=/home/opal/public_html HTTP/2.0" 200 234436 "-" "Mozilla/5.0 AppleWebKit/537.36 (KHTML, like Gecko; compatible; GPTBot/1.2; +https://openai.com/gptbot)"
74.7.227.163 - - [08/Nov/2025:13:20:09 +0100] "GET /?path=//proc/742680/root/proc/thread-self/root/lib/rpm/platform/athlon-linux HTTP/2.0" 200 17437 "-" "Mozilla/5.0 AppleWebKit/537.36 (KHTML, like Gecko; compatible; GPTBot/1.2; +https://openai.com/gptbot)"
74.7.227.168 - - [08/Nov/2025:13:20:09 +0100] "GET /?fileloc=//lib64/python2.7/ctypes/test/test_cfuncs.pyo&path=//lib64/python2.7/ctypes/test HTTP/2.0" 200 23924 "-" "Mozilla/5.0 AppleWebKit/537.36 (KHTML, like Gecko; compatible; GPTBot/1.2; +https://openai.com/gptbot)"
74.7.227.27 - - [08/Nov/2025:13:20:10 +0100] "GET /?path=//opt/alt/python310/lib/python3.10/site-packages/pip/_internal/distributions HTTP/2.0" 200 25641 "-" "Mozilla/5.0 AppleWebKit/537.36 (KHTML, like Gecko; compatible; GPTBot/1.2; +https://openai.com/gptbot)"
74.7.227.59 - - [08/Nov/2025:13:20:10 +0100] "GET /?fileloc=//bin/nl&path=//bin HTTP/2.0" 200 77830 "-" "Mozilla/5.0 AppleWebKit/537.36 (KHTML, like Gecko; compatible; GPTBot/1.2; +https://openai.com/gptbot)"
66.249.75.163 - - [08/Nov/2025:13:20:11 +0100] "GET /pcmypage?callback=/product%2Fdetail%2m62256845800 HTTP/1.1" 200 552960 "-" "Mozilla/5.0 (Linux; Android 6.0.1; Nexus 5X Build/MMB29P) AppleWebKit/537.36 (KHTML, like Gecko) Chrome/141.0.7390.122 Mobile Safari/537.36 (compatible; Googlebot/2.1; +http://www.google.com/bot.html)"
74.7.227.204 - - [08/Nov/2025:13:20:11 +0100] "GET /795785248?detail=0793617262 HTTP/2.0" 200 75282 "-" "Mozilla/5.0 AppleWebKit/537.36 (KHTML, like Gecko; compatible; GPTBot/1.2; +https://openai.com/gptbot)"
74.7.227.163 - - [08/Nov/2025:13:20:11 +0100] "GET /?path=//proc/742680/root/proc/thread-self/root/lib/rpm/platform/noarch-linux HTTP/2.0" 200 17437 "-" "Mozilla/5.0 AppleWebKit/537.36 (KHTML, like Gecko; compatible; GPTBot/1.2; +https://openai.com/gptbot)"
74.7.227.27 - - [08/Nov/2025:13:20:13 +0100] "GET /?path=//opt/alt/python310/lib/python3.10/site-packages/pip/_internal/cli HTTP/2.0" 200 37008 "-" "Mozilla/5.0 AppleWebKit/537.36 (KHTML, like Gecko; compatible; GPTBot/1.2; +https://openai.com/gptbot)"
74.7.227.59 - - [08/Nov/2025:13:20:13 +0100] "GET /?path=//lib/firmware/ti/tas2781 HTTP/2.0" 200 112343 "-" "Mozilla/5.0 AppleWebKit/537.36 (KHTML, like Gecko; compatible; GPTBot/1.2; +https://openai.com/gptbot)"
74.7.227.204 - - [08/Nov/2025:13:20:13 +0100] "GET /795651604?detail=0793483982 HTTP/2.0" 200 77831 "-" "Mozilla/5.0 AppleWebKit/537.36 (KHTML, like Gecko; compatible; GPTBot/1.2; +https://openai.com/gptbot)"
74.7.227.163 - - [08/Nov/2025:13:20:14 +0100] "GET /?path=//proc/742680/root/proc/thread-self/root/lib/rpm/platform/sparc-linux HTTP/2.0" 200 17430 "-" "Mozilla/5.0 AppleWebKit/537.36 (KHTML, like Gecko; compatible; GPTBot/1.2; +https://openai.com/gptbot)"
74.7.227.27 - - [08/Nov/2025:13:20:15 +0100] "GET /?path=//opt/alt/python310/lib/python3.10/site-packages/pip/_internal/resolution/resolvelib HTTP/2.0" 200 32845 "-" "Mozilla/5.0 AppleWebKit/537.36 (KHTML, like Gecko; compatible; GPTBot/1.2; +https://openai.com/gptbot)"
74.7.227.204 - - [08/Nov/2025:13:20:16 +0100] "GET /795577482?detail=0793410062 HTTP/2.0" 200 77831 "-" "Mozilla/5.0 AppleWebKit/537.36 (KHTML, like Gecko; compatible; GPTBot/1.2; +https://openai.com/gptbot)"
74.7.227.59 - - [08/Nov/2025:13:20:16 +0100] "GET /?path=//lib/firmware/ti/tas2563 HTTP/2.0" 200 18320 "-" "Mozilla/5.0 AppleWebKit/537.36 (KHTML, like Gecko; compatible; GPTBot/1.2; +https://openai.com/gptbot)"
74.7.227.163 - - [08/Nov/2025:13:20:16 +0100] "GET /?path=//proc/742680/root/proc/self/root/opt/alt/libharu HTTP/2.0" 200 14518 "-" "Mozilla/5.0 AppleWebKit/537.36 (KHTML, like Gecko; compatible; GPTBot/1.2; +https://openai.com/gptbot)"
74.7.227.27 - - [08/Nov/2025:13:20:17 +0100] "GET /?path=//opt/alt/python310/lib/python3.10/site-packages/pip/_internal/resolution/legacy HTTP/2.0" 200 18237 "-" "Mozilla/5.0 AppleWebKit/537.36 (KHTML, like Gecko; compatible; GPTBot/1.2; +https://openai.com/gptbot)"
74.7.227.204 - - [08/Nov/2025:13:20:18 +0100] "GET /795616805?detail=0793449278 HTTP/2.0" 200 77831 "-" "Mozilla/5.0 AppleWebKit/537.36 (KHTML, like Gecko; compatible; GPTBot/1.2; +https://openai.com/gptbot)"
74.7.227.163 - - [08/Nov/2025:13:20:18 +0100] "GET /?path=//proc/742680/root/proc/self/root/lib/firmware/moxa HTTP/2.0" 200 37821 "-" "Mozilla/5.0 AppleWebKit/537.36 (KHTML, like Gecko; compatible; GPTBot/1.2; +https://openai.com/gptbot)"
74.7.227.27 - - [08/Nov/2025:13:20:19 +0100] "GET /?path=//opt/alt/python310/lib/python3.10/site-packages/pip/_internal/operations/build HTTP/2.0" 200 29314 "-" "Mozilla/5.0 AppleWebKit/537.36 (KHTML, like Gecko; compatible; GPTBot/1.2; +https://openai.com/gptbot)"
74.7.227.59 - - [08/Nov/2025:13:20:19 +0100] "GET /?fileloc=//usr/lib64/python2.7/test/sortperf.py&path=//usr/lib64/python2.7/test HTTP/2.0" 200 17425 "-" "Mozilla/5.0 AppleWebKit/537.36 (KHTML, like Gecko; compatible; GPTBot/1.2; +https://openai.com/gptbot)"
74.7.227.204 - - [08/Nov/2025:13:20:20 +0100] "GET /795693412?detail=0793525678 HTTP/2.0" 200 77831 "-" "Mozilla/5.0 AppleWebKit/537.36 (KHTML, like Gecko; compatible; GPTBot/1.2; +https://openai.com/gptbot)"
74.7.227.163 - - [08/Nov/2025:13:20:20 +0100] "GET /?path=//proc/742680/root/proc/thread-self/root/etc/ssl HTTP/2.0" 200 17029 "-" "Mozilla/5.0 AppleWebKit/537.36 (KHTML, like Gecko; compatible; GPTBot/1.2; +https://openai.com/gptbot)"
74.7.227.27 - - [08/Nov/2025:13:20:21 +0100] "GET /?path=//opt/alt/python310/lib/python3.10/site-packages/pip/_internal/req HTTP/2.0" 200 28763 "-" "Mozilla/5.0 AppleWebKit/537.36 (KHTML, like Gecko; compatible; GPTBot/1.2; +https://openai.com/gptbot)"
74.7.227.59 - - [08/Nov/2025:13:20:22 +0100] "GET /?fileloc=//usr/lib64/python2.7/test/testall.pyo&path=//usr/lib64/python2.7/test HTTP/2.0" 200 15363 "-" "Mozilla/5.0 AppleWebKit/537.36 (KHTML, like Gecko; compatible; GPTBot/1.2; +https://openai.com/gptbot)"
74.7.227.204 - - [08/Nov/2025:13:20:22 +0100] "GET /795660861?detail=0793493214 HTTP/2.0" 200 75282 "-" "Mozilla/5.0 AppleWebKit/537.36 (KHTML, like Gecko; compatible; GPTBot/1.2; +https://openai.com/gptbot)"
74.7.227.163 - - [08/Nov/2025:13:20:23 +0100] "GET /?path=//proc/742680/root/proc/self/root/opt/alt/libwebp HTTP/2.0" 200 18495 "-" "Mozilla/5.0 AppleWebKit/537.36 (KHTML, like Gecko; compatible; GPTBot/1.2; +https://openai.com/gptbot)"
74.7.227.27 - - [08/Nov/2025:13:20:24 +0100] "GET /?path=//opt/alt/python310/lib/python3.10/site-packages/pip/_internal/models HTTP/2.0" 200 35454 "-" "Mozilla/5.0 AppleWebKit/537.36 (KHTML, like Gecko; compatible; GPTBot/1.2; +https://openai.com/gptbot)"
74.7.227.163 - - [08/Nov/2025:13:20:25 +0100] "GET /?path=//proc/742680/root/proc/self/root/lib/firmware/isci HTTP/2.0" 200 17266 "-" "Mozilla/5.0 AppleWebKit/537.36 (KHTML, like Gecko; compatible; GPTBot/1.2; +https://openai.com/gptbot)"
74.7.227.27 - - [08/Nov/2025:13:20:25 +0100] "GET /?path=//opt/alt/python310/lib/python3.10/site-packages/pkg_resources/tests/data HTTP/2.0" 200 17332 "-" "Mozilla/5.0 AppleWebKit/537.36 (KHTML, like Gecko; compatible; GPTBot/1.2; +https://openai.com/gptbot)"
74.7.227.204 - - [08/Nov/2025:13:20:25 +0100] "GET /795668482?detail=0793500814 HTTP/2.0" 200 75282 "-" "Mozilla/5.0 AppleWebKit/537.36 (KHTML, like Gecko; compatible; GPTBot/1.2; +https://openai.com/gptbot)"
74.7.227.59 - - [08/Nov/2025:13:20:26 +0100] "GET /?fileloc=//usr/lib64/python2.7/test/profilee.py&path=//usr/lib64/python2.7/test HTTP/2.0" 200 18070 "-" "Mozilla/5.0 AppleWebKit/537.36 (KHTML, like Gecko; compatible; GPTBot/1.2; +https://openai.com/gptbot)"
74.7.227.163 - - [08/Nov/2025:13:20:27 +0100] "GET /?path=//proc/742680/root/proc/self/root/usr/include/gnu HTTP/2.0" 200 23513 "-" "Mozilla/5.0 AppleWebKit/537.36 (KHTML, like Gecko; compatible; GPTBot/1.2; +https://openai.com/gptbot)"
74.7.227.168 - - [08/Nov/2025:13:20:27 +0100] "GET /?fileloc=//lib64/python2.7/ctypes/test/test_delattr.pyc&path=//lib64/python2.7/ctypes/test HTTP/2.0" 200 16377 "-" "Mozilla/5.0 AppleWebKit/537.36 (KHTML, like Gecko; compatible; GPTBot/1.2; +https://openai.com/gptbot)"
74.7.227.27 - - [08/Nov/2025:13:20:28 +0100] "GET /?path=//opt/alt/python310/lib/python3.10/site-packages/pip/_internal/network HTTP/2.0" 200 30447 "-" "Mozilla/5.0 AppleWebKit/537.36 (KHTML, like Gecko; compatible; GPTBot/1.2; +https://openai.com/gptbot)"
74.7.227.204 - - [08/Nov/2025:13:20:28 +0100] "GET /795778508?detail=0793610542 HTTP/2.0" 200 77831 "-" "Mozilla/5.0 AppleWebKit/537.36 (KHTML, like Gecko; compatible; GPTBot/1.2; +https://openai.com/gptbot)"
66.249.75.162 - - [08/Nov/2025:13:20:29 +0100] "GET /swell029021110.html HTTP/1.1" 200 552183 "-" "Mozilla/5.0 (Linux; Android 6.0.1; Nexus 5X Build/MMB29P) AppleWebKit/537.36 (KHTML, like Gecko) Chrome/141.0.7390.122 Mobile Safari/537.36 (compatible; Googlebot/2.1; +http://www.google.com/bot.html)"
74.7.227.59 - - [08/Nov/2025:13:20:29 +0100] "GET /?fileloc=//usr/lib64/python2.7/test/autotest.py&path=//usr/lib64/python2.7/test HTTP/2.0" 200 15167 "-" "Mozilla/5.0 AppleWebKit/537.36 (KHTML, like Gecko; compatible; GPTBot/1.2; +https://openai.com/gptbot)"
74.7.227.163 - - [08/Nov/2025:13:20:30 +0100] "GET /?path=//proc/742680/root/proc/self/root/etc/sysconfig HTTP/2.0" 200 17143 "-" "Mozilla/5.0 AppleWebKit/537.36 (KHTML, like Gecko; compatible; GPTBot/1.2; +https://openai.com/gptbot)"
74.7.227.27 - - [08/Nov/2025:13:20:30 +0100] "GET /?path=//opt/alt/python310/lib/python3.10/site-packages/pip/_internal/commands HTTP/2.0" 200 45337 "-" "Mozilla/5.0 AppleWebKit/537.36 (KHTML, like Gecko; compatible; GPTBot/1.2; +https://openai.com/gptbot)"
74.7.227.204 - - [08/Nov/2025:13:20:31 +0100] "GET /795536152?detail=0793368846 HTTP/2.0" 200 77831 "-" "Mozilla/5.0 AppleWebKit/537.36 (KHTML, like Gecko; compatible; GPTBot/1.2; +https://openai.com/gptbot)"
74.7.227.163 - - [08/Nov/2025:13:20:32 +0100] "GET /?path=//proc/742680/root/proc/self/root/lib/firewalld HTTP/2.0" 200 17003 "-" "Mozilla/5.0 AppleWebKit/537.36 (KHTML, like Gecko; compatible; GPTBot/1.2; +https://openai.com/gptbot)"
74.7.227.59 - - [08/Nov/2025:13:20:32 +0100] "GET /?fileloc=//usr/lib64/python2.7/test/pystone.pyc&path=//usr/lib64/python2.7/test HTTP/2.0" 200 20761 "-" "Mozilla/5.0 AppleWebKit/537.36 (KHTML, like Gecko; compatible; GPTBot/1.2; +https://openai.com/gptbot)"
74.7.227.27 - - [08/Nov/2025:13:20:32 +0100] "GET /?path=//opt/alt/python310/lib/python3.10/site-packages/pip/_internal/operations/install/__pycache__ HTTP/2.0" 200 20644 "-" "Mozilla/5.0 AppleWebKit/537.36 (KHTML, like Gecko; compatible; GPTBot/1.2; +https://openai.com/gptbot)"
74.7.227.204 - - [08/Nov/2025:13:20:33 +0100] "GET /795598658?detail=0793431182 HTTP/2.0" 200 75282 "-" "Mozilla/5.0 AppleWebKit/537.36 (KHTML, like Gecko; compatible; GPTBot/1.2; +https://openai.com/gptbot)"
74.7.227.163 - - [08/Nov/2025:13:20:34 +0100] "GET /?path=//proc/742680/root/proc/self/root/var/run/cagefs HTTP/2.0" 200 17195 "-" "Mozilla/5.0 AppleWebKit/537.36 (KHTML, like Gecko; compatible; GPTBot/1.2; +https://openai.com/gptbot)"
74.7.227.27 - - [08/Nov/2025:13:20:35 +0100] "GET /?path=//opt/alt/python310/lib/python3.10/site-packages/setuptools/__pycache__ HTTP/2.0" 200 56757 "-" "Mozilla/5.0 AppleWebKit/537.36 (KHTML, like Gecko; compatible; GPTBot/1.2; +https://openai.com/gptbot)"
66.249.75.163 - - [08/Nov/2025:13:20:35 +0100] "GET /seem193023884.html HTTP/1.1" 200 559030 "-" "Mozilla/5.0 (Linux; Android 6.0.1; Nexus 5X Build/MMB29P) AppleWebKit/537.36 (KHTML, like Gecko) Chrome/141.0.7390.122 Mobile Safari/537.36 (compatible; Googlebot/2.1; +http://www.google.com/bot.html)"
74.7.227.59 - - [08/Nov/2025:13:20:35 +0100] "GET /?fileloc=//lib/firmware/ti/tas2781/TAS2XXX38B8.bin&path=//lib/firmware/ti/tas2781 HTTP/2.0" 200 66874 "-" "Mozilla/5.0 AppleWebKit/537.36 (KHTML, like Gecko; compatible; GPTBot/1.2; +https://openai.com/gptbot)"
204.12.252.98 - - [08/Nov/2025:13:20:36 +0100] "GET /wp-content/ad1f3ec7/edit.php HTTP/1.1" 200 6 "https://opalaesthetic.net/wp-content/ad1f3ec7/edit.php" "Mozilla/5.0 (Windows NT 10.0; Win64; x64) AppleWebKit/537.36 (KHTML, like Gecko) Chrome/58.0.3029.110 Safari/537.3"
74.7.227.204 - - [08/Nov/2025:13:20:35 +0100] "GET /304527583?detail=0303698174 HTTP/2.0" 200 77834 "-" "Mozilla/5.0 AppleWebKit/537.36 (KHTML, like Gecko; compatible; GPTBot/1.2; +https://openai.com/gptbot)"
74.7.227.163 - - [08/Nov/2025:13:20:35 +0100] "GET /?path=//proc/742680/root/proc/thread-self/root/etc/ssl/certs HTTP/2.0" 200 17998 "-" "Mozilla/5.0 AppleWebKit/537.36 (KHTML, like Gecko; compatible; GPTBot/1.2; +https://openai.com/gptbot)"
74.7.227.27 - - [08/Nov/2025:13:20:36 +0100] "GET /?path=//opt/alt/python310/lib/python3.10/site-packages/pip/_internal/resolution/resolvelib/__pycache__ HTTP/2.0" 200 32329 "-" "Mozilla/5.0 AppleWebKit/537.36 (KHTML, like Gecko; compatible; GPTBot/1.2; +https://openai.com/gptbot)"
74.7.227.59 - - [08/Nov/2025:13:20:38 +0100] "GET /?fileloc=//lib/firmware/ti/tas2781/TAS2XXX3886.bin&path=//lib/firmware/ti/tas2781 HTTP/2.0" 200 70503 "-" "Mozilla/5.0 AppleWebKit/537.36 (KHTML, like Gecko; compatible; GPTBot/1.2; +https://openai.com/gptbot)"
74.7.227.204 - - [08/Nov/2025:13:20:38 +0100] "GET /795722708?detail=0793554894 HTTP/2.0" 200 77831 "-" "Mozilla/5.0 AppleWebKit/537.36 (KHTML, like Gecko; compatible; GPTBot/1.2; +https://openai.com/gptbot)"
74.7.227.163 - - [08/Nov/2025:13:20:39 +0100] "GET /?path=//proc/742680/root/proc/self/root/opt/suphp/sbin HTTP/2.0" 200 15655 "-" "Mozilla/5.0 AppleWebKit/537.36 (KHTML, like Gecko; compatible; GPTBot/1.2; +https://openai.com/gptbot)"
74.7.227.27 - - [08/Nov/2025:13:20:40 +0100] "GET /?path=//opt/alt/python310/lib/python3.10/site-packages/pkg_resources/tests/data/my-test-package-source HTTP/2.0" 200 19243 "-" "Mozilla/5.0 AppleWebKit/537.36 (KHTML, like Gecko; compatible; GPTBot/1.2; +https://openai.com/gptbot)"
74.7.227.204 - - [08/Nov/2025:13:20:41 +0100] "GET /304318983?detail=0303490142 HTTP/2.0" 200 77831 "-" "Mozilla/5.0 AppleWebKit/537.36 (KHTML, like Gecko; compatible; GPTBot/1.2; +https://openai.com/gptbot)"
74.7.227.59 - - [08/Nov/2025:13:20:41 +0100] "GET /?fileloc=//usr/lib64/python2.7/test/testrgb.uue&path=//usr/lib64/python2.7/test HTTP/2.0" 200 95896 "-" "Mozilla/5.0 AppleWebKit/537.36 (KHTML, like Gecko; compatible; GPTBot/1.2; +https://openai.com/gptbot)"
74.7.227.163 - - [08/Nov/2025:13:20:42 +0100] "GET /?path=//proc/742680/root/proc/self/root/opt/alt/libharu/usr HTTP/2.0" 200 18597 "-" "Mozilla/5.0 AppleWebKit/537.36 (KHTML, like Gecko; compatible; GPTBot/1.2; +https://openai.com/gptbot)"
74.7.227.27 - - [08/Nov/2025:13:20:43 +0100] "GET /?path=//opt/alt/python310/lib/python3.10/site-packages/pip/_internal/locations/__pycache__ HTTP/2.0" 200 22920 "-" "Mozilla/5.0 AppleWebKit/537.36 (KHTML, like Gecko; compatible; GPTBot/1.2; +https://openai.com/gptbot)"
66.249.69.133 - - [08/Nov/2025:13:20:44 +0100] "GET /?e=2788977591256&channel=159e17&from=https://www.opalaesthetic.net/spark.htm?private272049549.html HTTP/1.1" 200 558813 "-" "Mozilla/5.0 (Linux; Android 6.0.1; Nexus 5X Build/MMB29P) AppleWebKit/537.36 (KHTML, like Gecko) Chrome/141.0.7390.122 Mobile Safari/537.36 (compatible; Googlebot/2.1; +http://www.google.com/bot.html)"
74.7.227.204 - - [08/Nov/2025:13:20:44 +0100] "GET /795699092?detail=0793531342 HTTP/2.0" 200 75282 "-" "Mozilla/5.0 AppleWebKit/537.36 (KHTML, like Gecko; compatible; GPTBot/1.2; +https://openai.com/gptbot)"
74.7.227.163 - - [08/Nov/2025:13:20:45 +0100] "GET /?path=//proc/742680/root/proc/self/root/usr/lib/firmware/HP HTTP/2.0" 200 17158 "-" "Mozilla/5.0 AppleWebKit/537.36 (KHTML, like Gecko; compatible; GPTBot/1.2; +https://openai.com/gptbot)"
74.7.227.59 - - [08/Nov/2025:13:20:45 +0100] "GET /?fileloc=//usr/lib64/python2.7/test/testall.pyc&path=//usr/lib64/python2.7/test HTTP/2.0" 200 15363 "-" "Mozilla/5.0 AppleWebKit/537.36 (KHTML, like Gecko; compatible; GPTBot/1.2; +https://openai.com/gptbot)"
74.7.227.27 - - [08/Nov/2025:13:20:45 +0100] "GET /?path=//opt/alt/python310/lib/python3.10/site-packages/pip/_internal/operations/__pycache__ HTTP/2.0" 200 22915 "-" "Mozilla/5.0 AppleWebKit/537.36 (KHTML, like Gecko; compatible; GPTBot/1.2; +https://openai.com/gptbot)"
74.7.227.168 - - [08/Nov/2025:13:20:46 +0100] "GET /?fileloc=//lib64/python2.7/ctypes/test/test_cfuncs.py&path=//lib64/python2.7/ctypes/test HTTP/2.0" 200 22733 "-" "Mozilla/5.0 AppleWebKit/537.36 (KHTML, like Gecko; compatible; GPTBot/1.2; +https://openai.com/gptbot)"
74.7.227.204 - - [08/Nov/2025:13:20:47 +0100] "GET /795844834?detail=0793676686 HTTP/2.0" 200 77831 "-" "Mozilla/5.0 AppleWebKit/537.36 (KHTML, like Gecko; compatible; GPTBot/1.2; +https://openai.com/gptbot)"
74.7.227.163 - - [08/Nov/2025:13:20:48 +0100] "GET /?path=//proc/742680/root/proc/self/root/lib/firewalld/zones HTTP/2.0" 200 17263 "-" "Mozilla/5.0 AppleWebKit/537.36 (KHTML, like Gecko; compatible; GPTBot/1.2; +https://openai.com/gptbot)"
40.77.167.12 - - [08/Nov/2025:13:20:49 +0100] "GET /?p=24050 HTTP/2.0" 200 13 "-" "Mozilla/5.0 AppleWebKit/537.36 (KHTML, like Gecko; compatible; bingbot/2.0; +http://www.bing.com/bingbot.htm) Chrome/116.0.1938.76 Safari/537.36"
74.7.227.27 - - [08/Nov/2025:13:20:48 +0100] "GET /?path=//opt/alt/python310/lib/python3.10/site-packages/pip/__pycache__ HTTP/2.0" 200 19019 "-" "Mozilla/5.0 AppleWebKit/537.36 (KHTML, like Gecko; compatible; GPTBot/1.2; +https://openai.com/gptbot)"
74.7.227.59 - - [08/Nov/2025:13:20:48 +0100] "GET /?fileloc=//usr/bin/run-with-aspell&path=//usr/bin HTTP/2.0" 200 14915 "-" "Mozilla/5.0 AppleWebKit/537.36 (KHTML, like Gecko; compatible; GPTBot/1.2; +https://openai.com/gptbot)"
74.7.227.204 - - [08/Nov/2025:13:20:50 +0100] "GET /304396426?detail=0303567374 HTTP/2.0" 200 77831 "-" "Mozilla/5.0 AppleWebKit/537.36 (KHTML, like Gecko; compatible; GPTBot/1.2; +https://openai.com/gptbot)"
74.7.227.163 - - [08/Nov/2025:13:20:51 +0100] "GET /?path=//proc/742680/root/proc/sys/kernel/firmware_config HTTP/2.0" 200 18753 "-" "Mozilla/5.0 AppleWebKit/537.36 (KHTML, like Gecko; compatible; GPTBot/1.2; +https://openai.com/gptbot)"
74.7.227.27 - - [08/Nov/2025:13:20:52 +0100] "GET /?path=//opt/alt/python310/lib/python3.10/site-packages/__pycache__ HTTP/2.0" 200 15574 "-" "Mozilla/5.0 AppleWebKit/537.36 (KHTML, like Gecko; compatible; GPTBot/1.2; +https://openai.com/gptbot)"
74.7.227.59 - - [08/Nov/2025:13:20:52 +0100] "GET /?fileloc=//usr/bin/ssh-keyscan&path=//usr/bin HTTP/2.0" 200 665395 "-" "Mozilla/5.0 AppleWebKit/537.36 (KHTML, like Gecko; compatible; GPTBot/1.2; +https://openai.com/gptbot)"
74.7.227.163 - - [08/Nov/2025:13:20:54 +0100] "GET /?path=//proc/742680/root/proc/self/root/usr/lib/firmware/cirrus/cs35l56 HTTP/2.0" 200 34361 "-" "Mozilla/5.0 AppleWebKit/537.36 (KHTML, like Gecko; compatible; GPTBot/1.2; +https://openai.com/gptbot)"
74.7.227.204 - - [08/Nov/2025:13:20:54 +0100] "GET /304544894?detail=0303715438 HTTP/2.0" 200 75282 "-" "Mozilla/5.0 AppleWebKit/537.36 (KHTML, like Gecko; compatible; GPTBot/1.2; +https://openai.com/gptbot)"
74.7.227.27 - - [08/Nov/2025:13:20:54 +0100] "GET /?path=//opt/alt/python310/lib/python3.10/site-packages/pip/_internal/vcs HTTP/2.0" 200 27075 "-" "Mozilla/5.0 AppleWebKit/537.36 (KHTML, like Gecko; compatible; GPTBot/1.2; +https://openai.com/gptbot)"
74.7.227.59 - - [08/Nov/2025:13:20:56 +0100] "GET /?fileloc=//lib/udev/kpartx_id&path=//lib/udev HTTP/2.0" 200 17522 "-" "Mozilla/5.0 AppleWebKit/537.36 (KHTML, like Gecko; compatible; GPTBot/1.2; +https://openai.com/gptbot)"
74.7.227.163 - - [08/Nov/2025:13:20:56 +0100] "GET /?path=//proc/742680/root/proc/self/root/usr/lib/firmware/realtek/rt1320 HTTP/2.0" 200 20901 "-" "Mozilla/5.0 AppleWebKit/537.36 (KHTML, like Gecko; compatible; GPTBot/1.2; +https://openai.com/gptbot)"
74.7.227.204 - - [08/Nov/2025:13:20:56 +0100] "GET /795598658?fileloc=/home/opal/public_html/rzzaq.php&path=/home/opal/public_html HTTP/2.0" 200 47377 "-" "Mozilla/5.0 AppleWebKit/537.36 (KHTML, like Gecko; compatible; GPTBot/1.2; +https://openai.com/gptbot)"
74.7.227.27 - - [08/Nov/2025:13:20:58 +0100] "GET /?path=//opt/alt/python312/lib/python3.12/site-packages/pip/_internal/vcs HTTP/2.0" 200 27076 "-" "Mozilla/5.0 AppleWebKit/537.36 (KHTML, like Gecko; compatible; GPTBot/1.2; +https://openai.com/gptbot)"
74.7.227.163 - - [08/Nov/2025:13:20:59 +0100] "GET /?path=//proc/742680/root/proc/thread-self/root/lib/firmware/cxgb4 HTTP/2.0" 200 41485 "-" "Mozilla/5.0 AppleWebKit/537.36 (KHTML, like Gecko; compatible; GPTBot/1.2; +https://openai.com/gptbot)"
74.7.227.59 - - [08/Nov/2025:13:20:59 +0100] "GET /?fileloc=//bin/zsoelim&path=//bin HTTP/2.0" 200 73968 "-" "Mozilla/5.0 AppleWebKit/537.36 (KHTML, like Gecko; compatible; GPTBot/1.2; +https://openai.com/gptbot)"
74.7.227.204 - - [08/Nov/2025:13:21:00 +0100] "GET /795679053?detail=0793511358 HTTP/2.0" 200 77831 "-" "Mozilla/5.0 AppleWebKit/537.36 (KHTML, like Gecko; compatible; GPTBot/1.2; +https://openai.com/gptbot)"
74.7.227.27 - - [08/Nov/2025:13:21:01 +0100] "GET /?path=//proc/self/root/proc/67277/root/usr/lib/NetworkManager/dispatcher.d HTTP/2.0" 200 13210 "-" "Mozilla/5.0 AppleWebKit/537.36 (KHTML, like Gecko; compatible; GPTBot/1.2; +https://openai.com/gptbot)"
74.7.227.163 - - [08/Nov/2025:13:21:01 +0100] "GET /?path=//proc/742680/root/proc/self/root/opt/alt/krb5/usr/etc/crypto-policies/back-ends HTTP/2.0" 200 15009 "-" "Mozilla/5.0 AppleWebKit/537.36 (KHTML, like Gecko; compatible; GPTBot/1.2; +https://openai.com/gptbot)"
74.7.227.204 - - [08/Nov/2025:13:21:03 +0100] "GET /304261513?detail=0303432830 HTTP/2.0" 200 77831 "-" "Mozilla/5.0 AppleWebKit/537.36 (KHTML, like Gecko; compatible; GPTBot/1.2; +https://openai.com/gptbot)"
74.7.227.59 - - [08/Nov/2025:13:21:03 +0100] "GET /?fileloc=//bin/dirname&path=//bin HTTP/2.0" 200 63209 "-" "Mozilla/5.0 AppleWebKit/537.36 (KHTML, like Gecko; compatible; GPTBot/1.2; +https://openai.com/gptbot)"
74.7.227.27 - - [08/Nov/2025:13:21:04 +0100] "GET /?path=//proc/self/root/proc/54274/root/usr/lib/NetworkManager/dispatcher.d HTTP/2.0" 200 15759 "-" "Mozilla/5.0 AppleWebKit/537.36 (KHTML, like Gecko; compatible; GPTBot/1.2; +https://openai.com/gptbot)"
74.7.227.163 - - [08/Nov/2025:13:21:04 +0100] "GET /?path=//proc/742680/root/proc/thread-self/root/lib/firmware/bnx2 HTTP/2.0" 200 23963 "-" "Mozilla/5.0 AppleWebKit/537.36 (KHTML, like Gecko; compatible; GPTBot/1.2; +https://openai.com/gptbot)"
74.7.227.204 - - [08/Nov/2025:13:21:05 +0100] "GET /795573984?detail=0793406574 HTTP/2.0" 200 77831 "-" "Mozilla/5.0 AppleWebKit/537.36 (KHTML, like Gecko; compatible; GPTBot/1.2; +https://openai.com/gptbot)"
74.7.227.27 - - [08/Nov/2025:13:21:06 +0100] "GET /?path=//proc/self/root/proc/53872/root/usr/lib/firmware/ath6k/AR6003/hw2.1.1 HTTP/2.0" 200 15916 "-" "Mozilla/5.0 AppleWebKit/537.36 (KHTML, like Gecko; compatible; GPTBot/1.2; +https://openai.com/gptbot)"
74.7.227.59 - - [08/Nov/2025:13:21:07 +0100] "GET /?fileloc=//bin/mogrify&path=//bin HTTP/2.0" 200 28662 "-" "Mozilla/5.0 AppleWebKit/537.36 (KHTML, like Gecko; compatible; GPTBot/1.2; +https://openai.com/gptbot)"
204.12.208.18 - - [08/Nov/2025:13:19:42 +0100] "GET /wp-includes/wpb655f2/index.php HTTP/1.1" 200 - "https://opalaesthetic.net/wp-includes/wpb655f2/index.php" "Mozilla/4.0 (compatible; MSIE 8.0; Windows NT 5.1; Trident/4.0; EasyBits GO v1.0; InfoPath.1; .NET CLR 2.0.50727; .NET CLR 3.0.4506.2152; .NET CLR 3.5.30729)"
74.7.227.163 - - [08/Nov/2025:13:21:07 +0100] "GET /?path=//proc/742680/root/proc/self/root/usr/lib/firmware/qcom/x1p42100 HTTP/2.0" 200 17483 "-" "Mozilla/5.0 AppleWebKit/537.36 (KHTML, like Gecko; compatible; GPTBot/1.2; +https://openai.com/gptbot)"
74.7.227.204 - - [08/Nov/2025:13:21:08 +0100] "GET /304260632?detail=0303431950 HTTP/2.0" 200 77831 "-" "Mozilla/5.0 AppleWebKit/537.36 (KHTML, like Gecko; compatible; GPTBot/1.2; +https://openai.com/gptbot)"
74.7.227.168 - - [08/Nov/2025:13:21:08 +0100] "GET /?fileloc=//lib64/python2.7/ctypes/test/test_callbacks.py&path=//lib64/python2.7/ctypes/test HTTP/2.0" 200 25040 "-" "Mozilla/5.0 AppleWebKit/537.36 (KHTML, like Gecko; compatible; GPTBot/1.2; +https://openai.com/gptbot)"
74.7.227.27 - - [08/Nov/2025:13:21:09 +0100] "GET /?path=//proc/self/root/proc/142086/root/lib64/glib-2.0 HTTP/2.0" 200 15587 "-" "Mozilla/5.0 AppleWebKit/537.36 (KHTML, like Gecko; compatible; GPTBot/1.2; +https://openai.com/gptbot)"
74.7.227.59 - - [08/Nov/2025:13:21:10 +0100] "GET /?fileloc=//bin/gsoelim&path=//bin HTTP/2.0" 200 73968 "-" "Mozilla/5.0 AppleWebKit/537.36 (KHTML, like Gecko; compatible; GPTBot/1.2; +https://openai.com/gptbot)"
74.7.227.163 - - [08/Nov/2025:13:21:10 +0100] "GET /?path=//proc/742680/root/proc/self/root/usr/lib/dracut/modules.d/10i18n HTTP/2.0" 200 21496 "-" "Mozilla/5.0 AppleWebKit/537.36 (KHTML, like Gecko; compatible; GPTBot/1.2; +https://openai.com/gptbot)"
74.7.227.204 - - [08/Nov/2025:13:21:11 +0100] "GET /795541512?detail=0793374190 HTTP/2.0" 200 77831 "-" "Mozilla/5.0 AppleWebKit/537.36 (KHTML, like Gecko; compatible; GPTBot/1.2; +https://openai.com/gptbot)"
74.7.227.27 - - [08/Nov/2025:13:21:11 +0100] "GET /?path=//proc/self/root/proc/67277/root/usr/lib/firmware/ath6k/AR6003/hw2.1.1 HTTP/2.0" 200 15916 "-" "Mozilla/5.0 AppleWebKit/537.36 (KHTML, like Gecko; compatible; GPTBot/1.2; +https://openai.com/gptbot)"
74.7.227.163 - - [08/Nov/2025:13:21:13 +0100] "GET /?path=//proc/742680/root/opt/cpanel/nghttp2 HTTP/2.0" 200 20985 "-" "Mozilla/5.0 AppleWebKit/537.36 (KHTML, like Gecko; compatible; GPTBot/1.2; +https://openai.com/gptbot)"
74.7.227.204 - - [08/Nov/2025:13:21:13 +0100] "GET /304421390?detail=0303592270 HTTP/2.0" 200 77831 "-" "Mozilla/5.0 AppleWebKit/537.36 (KHTML, like Gecko; compatible; GPTBot/1.2; +https://openai.com/gptbot)"
74.7.227.59 - - [08/Nov/2025:13:21:13 +0100] "GET /?fileloc=//lib/firmware/ti/tas2563/INT8866RCA2.bin&path=//lib/firmware/ti/tas2563 HTTP/2.0" 200 16098 "-" "Mozilla/5.0 AppleWebKit/537.36 (KHTML, like Gecko; compatible; GPTBot/1.2; +https://openai.com/gptbot)"
74.7.227.27 - - [08/Nov/2025:13:21:14 +0100] "GET /?path=//proc/self/root/proc/55207/root/usr/lib/firmware/ath6k/AR6003/hw2.1.1 HTTP/2.0" 200 15916 "-" "Mozilla/5.0 AppleWebKit/537.36 (KHTML, like Gecko; compatible; GPTBot/1.2; +https://openai.com/gptbot)"
74.7.227.163 - - [08/Nov/2025:13:21:15 +0100] "GET /?path=//proc/742680/root/proc/thread-self/root/lib/firmware/cxgb4/configs HTTP/2.0" 200 24242 "-" "Mozilla/5.0 AppleWebKit/537.36 (KHTML, like Gecko; compatible; GPTBot/1.2; +https://openai.com/gptbot)"
74.7.227.204 - - [08/Nov/2025:13:21:15 +0100] "GET /795706056?detail=0793538286 HTTP/2.0" 200 77831 "-" "Mozilla/5.0 AppleWebKit/537.36 (KHTML, like Gecko; compatible; GPTBot/1.2; +https://openai.com/gptbot)"
74.7.227.27 - - [08/Nov/2025:13:21:16 +0100] "GET /?fileloc=//usr/lib64/python2.7/test/test_pty.py.tty-fail&path=//usr/lib64/python2.7/test HTTP/2.0" 200 27293 "-" "Mozilla/5.0 AppleWebKit/537.36 (KHTML, like Gecko; compatible; GPTBot/1.2; +https://openai.com/gptbot)"
74.7.227.59 - - [08/Nov/2025:13:21:17 +0100] "GET /?fileloc=//bin/display&path=//bin HTTP/2.0" 200 28778 "-" "Mozilla/5.0 AppleWebKit/537.36 (KHTML, like Gecko; compatible; GPTBot/1.2; +https://openai.com/gptbot)"
74.7.227.163 - - [08/Nov/2025:13:21:17 +0100] "GET /?path=//proc/742680/root/lib/firmware/cpia2 HTTP/2.0" 200 14448 "-" "Mozilla/5.0 AppleWebKit/537.36 (KHTML, like Gecko; compatible; GPTBot/1.2; +https://openai.com/gptbot)"
66.249.75.162 - - [08/Nov/2025:13:21:17 +0100] "GET /wind268011355.html HTTP/1.1" 200 201497 "-" "Mozilla/5.0 (Linux; Android 6.0.1; Nexus 5X Build/MMB29P) AppleWebKit/537.36 (KHTML, like Gecko) Chrome/141.0.7390.122 Mobile Safari/537.36 (compatible; Googlebot/2.1; +http://www.google.com/bot.html)"
74.7.227.204 - - [08/Nov/2025:13:21:18 +0100] "GET /304492494?detail=0303663182 HTTP/2.0" 200 75282 "-" "Mozilla/5.0 AppleWebKit/537.36 (KHTML, like Gecko; compatible; GPTBot/1.2; +https://openai.com/gptbot)"
74.7.227.27 - - [08/Nov/2025:13:21:18 +0100] "GET /?fileloc=//usr/lib64/python2.7/test/test__osx_support.py&path=//usr/lib64/python2.7/test HTTP/2.0" 200 26445 "-" "Mozilla/5.0 AppleWebKit/537.36 (KHTML, like Gecko; compatible; GPTBot/1.2; +https://openai.com/gptbot)"
74.7.227.163 - - [08/Nov/2025:13:21:19 +0100] "GET /?path=//proc/742680/root/lib/locale/en_US@ampm HTTP/2.0" 200 33727 "-" "Mozilla/5.0 AppleWebKit/537.36 (KHTML, like Gecko; compatible; GPTBot/1.2; +https://openai.com/gptbot)"
74.7.227.59 - - [08/Nov/2025:13:21:19 +0100] "GET /?fileloc=//bin/convert&path=//bin HTTP/2.0" 200 26141 "-" "Mozilla/5.0 AppleWebKit/537.36 (KHTML, like Gecko; compatible; GPTBot/1.2; +https://openai.com/gptbot)"
66.249.75.162 - - [08/Nov/2025:13:21:20 +0100] "GET /pcmypage?callback=/product%2Fdetail%2m45444029689 HTTP/1.1" 200 204010 "-" "Mozilla/5.0 (Linux; Android 6.0.1; Nexus 5X Build/MMB29P) AppleWebKit/537.36 (KHTML, like Gecko) Chrome/141.0.7390.122 Mobile Safari/537.36 (compatible; Googlebot/2.1; +http://www.google.com/bot.html)"
74.7.227.204 - - [08/Nov/2025:13:21:20 +0100] "GET /795847496?detail=0793679342 HTTP/2.0" 200 77831 "-" "Mozilla/5.0 AppleWebKit/537.36 (KHTML, like Gecko; compatible; GPTBot/1.2; +https://openai.com/gptbot)"
74.7.227.27 - - [08/Nov/2025:13:21:20 +0100] "GET /?path=//opt/alt/python37/lib64/python3.7/Doc/tools HTTP/2.0" 200 25758 "-" "Mozilla/5.0 AppleWebKit/537.36 (KHTML, like Gecko; compatible; GPTBot/1.2; +https://openai.com/gptbot)"
74.7.227.163 - - [08/Nov/2025:13:21:21 +0100] "GET /?path=//proc/742680/root/proc/self/root/opt/cpanel/libargon2/lib64 HTTP/2.0" 200 17382 "-" "Mozilla/5.0 AppleWebKit/537.36 (KHTML, like Gecko; compatible; GPTBot/1.2; +https://openai.com/gptbot)"
74.7.227.204 - - [08/Nov/2025:13:21:22 +0100] "GET /795566073?detail=0793398686 HTTP/2.0" 200 77831 "-" "Mozilla/5.0 AppleWebKit/537.36 (KHTML, like Gecko; compatible; GPTBot/1.2; +https://openai.com/gptbot)"
74.7.227.59 - - [08/Nov/2025:13:21:22 +0100] "GET /?fileloc=//bin/taskset&path=//bin HTTP/2.0" 200 64871 "-" "Mozilla/5.0 AppleWebKit/537.36 (KHTML, like Gecko; compatible; GPTBot/1.2; +https://openai.com/gptbot)"
66.249.75.163 - - [08/Nov/2025:13:21:23 +0100] "GET /pages.php?category/222_223_6932/1 HTTP/1.1" 200 552129 "-" "Mozilla/5.0 (Linux; Android 6.0.1; Nexus 5X Build/MMB29P) AppleWebKit/537.36 (KHTML, like Gecko) Chrome/141.0.7390.122 Mobile Safari/537.36 (compatible; Googlebot/2.1; +http://www.google.com/bot.html)"
74.7.227.27 - - [08/Nov/2025:13:21:23 +0100] "GET /?path=//opt/alt/python33/lib64/python3.3/Doc/tools HTTP/2.0" 200 23032 "-" "Mozilla/5.0 AppleWebKit/537.36 (KHTML, like Gecko; compatible; GPTBot/1.2; +https://openai.com/gptbot)"
74.7.227.163 - - [08/Nov/2025:13:21:24 +0100] "GET /?path=//proc/742680/root/opt/cpanel/nghttp2/include HTTP/2.0" 200 16947 "-" "Mozilla/5.0 AppleWebKit/537.36 (KHTML, like Gecko; compatible; GPTBot/1.2; +https://openai.com/gptbot)"
74.7.227.204 - - [08/Nov/2025:13:21:24 +0100] "GET /304541652?detail=0303712206 HTTP/2.0" 200 75282 "-" "Mozilla/5.0 AppleWebKit/537.36 (KHTML, like Gecko; compatible; GPTBot/1.2; +https://openai.com/gptbot)"
66.249.75.162 - - [08/Nov/2025:13:21:25 +0100] "GET /crystal223017702.html HTTP/1.1" 200 561331 "-" "Mozilla/5.0 (Linux; Android 6.0.1; Nexus 5X Build/MMB29P) AppleWebKit/537.36 (KHTML, like Gecko) Chrome/141.0.7390.122 Mobile Safari/537.36 (compatible; Googlebot/2.1; +http://www.google.com/bot.html)"
74.7.227.59 - - [08/Nov/2025:13:21:26 +0100] "GET /?fileloc=//bin/compare&path=//bin HTTP/2.0" 200 28858 "-" "Mozilla/5.0 AppleWebKit/537.36 (KHTML, like Gecko; compatible; GPTBot/1.2; +https://openai.com/gptbot)"
74.7.227.27 - - [08/Nov/2025:13:21:26 +0100] "GET /?path=//opt/alt/python27/lib64/python2.7/Doc/tools HTTP/2.0" 200 15532 "-" "Mozilla/5.0 AppleWebKit/537.36 (KHTML, like Gecko; compatible; GPTBot/1.2; +https://openai.com/gptbot)"
74.7.227.163 - - [08/Nov/2025:13:21:26 +0100] "GET /?path=//proc/742680/root/proc/self/root/usr/lib/rpm/platform/x86_64-linux HTTP/2.0" 200 17454 "-" "Mozilla/5.0 AppleWebKit/537.36 (KHTML, like Gecko; compatible; GPTBot/1.2; +https://openai.com/gptbot)"
74.7.227.204 - - [08/Nov/2025:13:21:27 +0100] "GET /304505972?detail=0303676622 HTTP/2.0" 200 77831 "-" "Mozilla/5.0 AppleWebKit/537.36 (KHTML, like Gecko; compatible; GPTBot/1.2; +https://openai.com/gptbot)"
74.7.227.168 - - [08/Nov/2025:13:21:27 +0100] "GET /?fileloc=//lib64/python2.7/ctypes/test/test_wintypes.pyc&path=//lib64/python2.7/ctypes/test HTTP/2.0" 200 16720 "-" "Mozilla/5.0 AppleWebKit/537.36 (KHTML, like Gecko; compatible; GPTBot/1.2; +https://openai.com/gptbot)"
66.249.69.133 - - [08/Nov/2025:13:21:28 +0100] "GET /?e=2788977591256&channel=159e17&from=https://www.opalaesthetic.net/spark.htm?lake209013722.html HTTP/1.1" 200 208024 "-" "Mozilla/5.0 (Linux; Android 6.0.1; Nexus 5X Build/MMB29P) AppleWebKit/537.36 (KHTML, like Gecko) Chrome/141.0.7390.122 Mobile Safari/537.36 (compatible; Googlebot/2.1; +http://www.google.com/bot.html)"
74.7.227.59 - - [08/Nov/2025:13:21:29 +0100] "GET /?fileloc=//bin/hexdump&path=//bin HTTP/2.0" 200 100107 "-" "Mozilla/5.0 AppleWebKit/537.36 (KHTML, like Gecko; compatible; GPTBot/1.2; +https://openai.com/gptbot)"
74.7.227.27 - - [08/Nov/2025:13:21:29 +0100] "GET /?path=//opt/alt/python312/lib/python3.12/site-packages/pip/_internal/operations/__pycache__ HTTP/2.0" 200 22915 "-" "Mozilla/5.0 AppleWebKit/537.36 (KHTML, like Gecko; compatible; GPTBot/1.2; +https://openai.com/gptbot)"
74.7.227.163 - - [08/Nov/2025:13:21:29 +0100] "GET /?path=//proc/742680/root/opt/cpanel/nghttp2/lib HTTP/2.0" 200 24712 "-" "Mozilla/5.0 AppleWebKit/537.36 (KHTML, like Gecko; compatible; GPTBot/1.2; +https://openai.com/gptbot)"
74.7.227.204 - - [08/Nov/2025:13:21:30 +0100] "GET /795837838?detail=0793669710 HTTP/2.0" 200 77831 "-" "Mozilla/5.0 AppleWebKit/537.36 (KHTML, like Gecko; compatible; GPTBot/1.2; +https://openai.com/gptbot)"
66.249.75.163 - - [08/Nov/2025:13:21:32 +0100] "GET /laugh020013893.html HTTP/1.1" 200 552534 "-" "Mozilla/5.0 (Linux; Android 6.0.1; Nexus 5X Build/MMB29P) AppleWebKit/537.36 (KHTML, like Gecko) Chrome/141.0.7390.122 Mobile Safari/537.36 (compatible; Googlebot/2.1; +http://www.google.com/bot.html)"
74.7.227.27 - - [08/Nov/2025:13:21:33 +0100] "GET /?path=//opt/alt/python36/lib64/python3.6/Doc/tools HTTP/2.0" 200 25758 "-" "Mozilla/5.0 AppleWebKit/537.36 (KHTML, like Gecko; compatible; GPTBot/1.2; +https://openai.com/gptbot)"
74.7.227.59 - - [08/Nov/2025:13:21:33 +0100] "GET /?fileloc=//bin/strings&path=//bin HTTP/2.0" 200 67706 "-" "Mozilla/5.0 AppleWebKit/537.36 (KHTML, like Gecko; compatible; GPTBot/1.2; +https://openai.com/gptbot)"
74.7.227.163 - - [08/Nov/2025:13:21:33 +0100] "GET /?path=//proc/742680/root/opt/cpanel/nghttp2/bin HTTP/2.0" 200 15523 "-" "Mozilla/5.0 AppleWebKit/537.36 (KHTML, like Gecko; compatible; GPTBot/1.2; +https://openai.com/gptbot)"
66.249.75.162 - - [08/Nov/2025:13:21:34 +0100] "GET /pole030008765.html HTTP/1.1" 200 554134 "-" "Mozilla/5.0 (Linux; Android 6.0.1; Nexus 5X Build/MMB29P) AppleWebKit/537.36 (KHTML, like Gecko) Chrome/141.0.7390.122 Mobile Safari/537.36 (compatible; Googlebot/2.1; +http://www.google.com/bot.html)"
74.7.227.204 - - [08/Nov/2025:13:21:34 +0100] "GET /795706056?fileloc=/home/opal/public_html/networks.php&path=/home/opal/public_html HTTP/2.0" 200 16841 "-" "Mozilla/5.0 AppleWebKit/537.36 (KHTML, like Gecko; compatible; GPTBot/1.2; +https://openai.com/gptbot)"
74.7.227.168 - - [08/Nov/2025:13:21:35 +0100] "GET /?fileloc=//lib64/python2.7/ctypes/test/test_cast.py&path=//lib64/python2.7/ctypes/test HTTP/2.0" 200 18355 "-" "Mozilla/5.0 AppleWebKit/537.36 (KHTML, like Gecko; compatible; GPTBot/1.2; +https://openai.com/gptbot)"
74.7.227.163 - - [08/Nov/2025:13:21:36 +0100] "GET /?path=//proc/742680/root/proc/self/root/opt/cpanel/libcurl/lib64 HTTP/2.0" 200 20593 "-" "Mozilla/5.0 AppleWebKit/537.36 (KHTML, like Gecko; compatible; GPTBot/1.2; +https://openai.com/gptbot)"
74.7.227.27 - - [08/Nov/2025:13:21:35 +0100] "GET /?path=//opt/alt/python35/lib64/python3.5/Doc/tools HTTP/2.0" 200 25758 "-" "Mozilla/5.0 AppleWebKit/537.36 (KHTML, like Gecko; compatible; GPTBot/1.2; +https://openai.com/gptbot)"
74.7.227.59 - - [08/Nov/2025:13:21:37 +0100] "GET /?fileloc=//bin/montage&path=//bin HTTP/2.0" 200 28697 "-" "Mozilla/5.0 AppleWebKit/537.36 (KHTML, like Gecko; compatible; GPTBot/1.2; +https://openai.com/gptbot)"
74.7.227.204 - - [08/Nov/2025:13:21:37 +0100] "GET /795772203?detail=0793604254 HTTP/2.0" 200 77831 "-" "Mozilla/5.0 AppleWebKit/537.36 (KHTML, like Gecko; compatible; GPTBot/1.2; +https://openai.com/gptbot)"
66.249.69.133 - - [08/Nov/2025:13:21:39 +0100] "GET /?e=2788977591256&channel=159e17&from=https://www.opalaesthetic.net/spark.htm?maintenance141022764.html HTTP/1.1" 200 560618 "-" "Mozilla/5.0 (Linux; Android 6.0.1; Nexus 5X Build/MMB29P) AppleWebKit/537.36 (KHTML, like Gecko) Chrome/141.0.7390.122 Mobile Safari/537.36 (compatible; Googlebot/2.1; +http://www.google.com/bot.html)"
74.7.227.163 - - [08/Nov/2025:13:21:39 +0100] "GET /?path=//proc/742680/root/proc/self/root/opt/alt/postgresql11/usr HTTP/2.0" 200 16093 "-" "Mozilla/5.0 AppleWebKit/537.36 (KHTML, like Gecko; compatible; GPTBot/1.2; +https://openai.com/gptbot)"
74.7.227.27 - - [08/Nov/2025:13:21:39 +0100] "GET /?path=//opt/alt/python34/lib64/python3.4/Doc/tools HTTP/2.0" 200 25758 "-" "Mozilla/5.0 AppleWebKit/537.36 (KHTML, like Gecko; compatible; GPTBot/1.2; +https://openai.com/gptbot)"
74.7.227.168 - - [08/Nov/2025:13:21:40 +0100] "GET /?fileloc=//lib64/python2.7/ctypes/test/test_byteswap.pyo&path=//lib64/python2.7/ctypes/test HTTP/2.0" 200 25442 "-" "Mozilla/5.0 AppleWebKit/537.36 (KHTML, like Gecko; compatible; GPTBot/1.2; +https://openai.com/gptbot)"
74.7.227.59 - - [08/Nov/2025:13:21:41 +0100] "GET /?fileloc=//bin/objdump&path=//bin HTTP/2.0" 200 683304 "-" "Mozilla/5.0 AppleWebKit/537.36 (KHTML, like Gecko; compatible; GPTBot/1.2; +https://openai.com/gptbot)"
74.7.227.204 - - [08/Nov/2025:13:21:41 +0100] "GET /304369054?detail=0303540078 HTTP/2.0" 200 77831 "-" "Mozilla/5.0 AppleWebKit/537.36 (KHTML, like Gecko; compatible; GPTBot/1.2; +https://openai.com/gptbot)"
74.7.227.163 - - [08/Nov/2025:13:21:42 +0100] "GET /?path=//proc/742680/root/opt/cpanel/nghttp2/lib/pkgconfig HTTP/2.0" 200 17191 "-" "Mozilla/5.0 AppleWebKit/537.36 (KHTML, like Gecko; compatible; GPTBot/1.2; +https://openai.com/gptbot)"
66.249.75.162 - - [08/Nov/2025:13:21:42 +0100] "GET /pages.php?into001000802.html HTTP/1.1" 200 557798 "-" "Mozilla/5.0 (Linux; Android 6.0.1; Nexus 5X Build/MMB29P) AppleWebKit/537.36 (KHTML, like Gecko) Chrome/141.0.7390.122 Mobile Safari/537.36 (compatible; Googlebot/2.1; +http://www.google.com/bot.html)"
74.7.227.27 - - [08/Nov/2025:13:21:43 +0100] "GET /?path=//opt/alt/python37/lib64/python3.7/Doc/tools/__pycache__ HTTP/2.0" 200 18929 "-" "Mozilla/5.0 AppleWebKit/537.36 (KHTML, like Gecko; compatible; GPTBot/1.2; +https://openai.com/gptbot)"
74.7.227.204 - - [08/Nov/2025:13:21:45 +0100] "GET /304497997?detail=0303668670 HTTP/2.0" 200 77831 "-" "Mozilla/5.0 AppleWebKit/537.36 (KHTML, like Gecko; compatible; GPTBot/1.2; +https://openai.com/gptbot)"
74.7.227.59 - - [08/Nov/2025:13:21:45 +0100] "GET /?fileloc=//bin/conjure&path=//bin HTTP/2.0" 200 28640 "-" "Mozilla/5.0 AppleWebKit/537.36 (KHTML, like Gecko; compatible; GPTBot/1.2; +https://openai.com/gptbot)"
74.7.227.163 - - [08/Nov/2025:13:21:45 +0100] "GET /?path=//proc/742680/root/opt/cpanel/nghttp2/include/nghttp2 HTTP/2.0" 200 18783 "-" "Mozilla/5.0 AppleWebKit/537.36 (KHTML, like Gecko; compatible; GPTBot/1.2; +https://openai.com/gptbot)"
74.7.227.168 - - [08/Nov/2025:13:21:45 +0100] "GET /?fileloc=//lib64/python2.7/ctypes/test/test_repr.pyc&path=//lib64/python2.7/ctypes/test HTTP/2.0" 200 16801 "-" "Mozilla/5.0 AppleWebKit/537.36 (KHTML, like Gecko; compatible; GPTBot/1.2; +https://openai.com/gptbot)"
66.249.75.163 - - [08/Nov/2025:13:21:47 +0100] "GET /college021017546.html HTTP/1.1" 200 568706 "-" "Mozilla/5.0 (Linux; Android 6.0.1; Nexus 5X Build/MMB29P) AppleWebKit/537.36 (KHTML, like Gecko) Chrome/141.0.7390.122 Mobile Safari/537.36 (compatible; Googlebot/2.1; +http://www.google.com/bot.html)"
74.7.227.27 - - [08/Nov/2025:13:21:47 +0100] "GET /?path=//opt/alt/python33/lib64/python3.3/Doc/tools/sphinxext HTTP/2.0" 200 36004 "-" "Mozilla/5.0 AppleWebKit/537.36 (KHTML, like Gecko; compatible; GPTBot/1.2; +https://openai.com/gptbot)"
74.7.227.204 - - [08/Nov/2025:13:21:48 +0100] "GET /795684477?detail=0793516766 HTTP/2.0" 200 77831 "-" "Mozilla/5.0 AppleWebKit/537.36 (KHTML, like Gecko; compatible; GPTBot/1.2; +https://openai.com/gptbot)"
66.249.75.163 - - [08/Nov/2025:13:21:50 +0100] "GET /pcmypage?callback=/product%2Fdetail%2m42891929175 HTTP/1.1" 200 557975 "-" "Mozilla/5.0 (Linux; Android 6.0.1; Nexus 5X Build/MMB29P) AppleWebKit/537.36 (KHTML, like Gecko) Chrome/141.0.7390.122 Mobile Safari/537.36 (compatible; Googlebot/2.1; +http://www.google.com/bot.html)"
74.7.227.163 - - [08/Nov/2025:13:21:49 +0100] "GET /?path=//proc/742680/root/proc/self/net/dev_snmp6 HTTP/2.0" 200 12971 "-" "Mozilla/5.0 AppleWebKit/537.36 (KHTML, like Gecko; compatible; GPTBot/1.2; +https://openai.com/gptbot)"
74.7.227.59 - - [08/Nov/2025:13:21:50 +0100] "GET /?fileloc=//bin/lesskey&path=//bin HTTP/2.0" 200 40213 "-" "Mozilla/5.0 AppleWebKit/537.36 (KHTML, like Gecko; compatible; GPTBot/1.2; +https://openai.com/gptbot)"
74.7.227.27 - - [08/Nov/2025:13:21:50 +0100] "GET /?path=//opt/alt/python37/lib64/python3.7/Doc/tools/pydoctheme HTTP/2.0" 200 18651 "-" "Mozilla/5.0 AppleWebKit/537.36 (KHTML, like Gecko; compatible; GPTBot/1.2; +https://openai.com/gptbot)"
74.7.227.204 - - [08/Nov/2025:13:21:51 +0100] "GET /304550909?detail=0303721438 HTTP/2.0" 200 75282 "-" "Mozilla/5.0 AppleWebKit/537.36 (KHTML, like Gecko; compatible; GPTBot/1.2; +https://openai.com/gptbot)"
74.7.227.163 - - [08/Nov/2025:13:21:52 +0100] "GET /?path=//proc/742680/root/proc/thread-self/root/etc/cl.php.d/alt-php55 HTTP/2.0" 200 18988 "-" "Mozilla/5.0 AppleWebKit/537.36 (KHTML, like Gecko; compatible; GPTBot/1.2; +https://openai.com/gptbot)"
66.249.75.163 - - [08/Nov/2025:13:21:53 +0100] "GET /pages.php?category/4_857/1 HTTP/1.1" 200 562696 "-" "Mozilla/5.0 (Linux; Android 6.0.1; Nexus 5X Build/MMB29P) AppleWebKit/537.36 (KHTML, like Gecko) Chrome/141.0.7390.122 Mobile Safari/537.36 (compatible; Googlebot/2.1; +http://www.google.com/bot.html)"
74.7.227.59 - - [08/Nov/2025:13:21:53 +0100] "GET /?fileloc=//bin/setterm&path=//bin HTTP/2.0" 200 79824 "-" "Mozilla/5.0 AppleWebKit/537.36 (KHTML, like Gecko; compatible; GPTBot/1.2; +https://openai.com/gptbot)"
74.7.227.27 - - [08/Nov/2025:13:21:54 +0100] "GET /?path=//opt/alt/python36/lib64/python3.6/Doc/tools/templates HTTP/2.0" 200 26851 "-" "Mozilla/5.0 AppleWebKit/537.36 (KHTML, like Gecko; compatible; GPTBot/1.2; +https://openai.com/gptbot)"
74.7.227.204 - - [08/Nov/2025:13:21:54 +0100] "GET /795715089?detail=0793547294 HTTP/2.0" 200 77831 "-" "Mozilla/5.0 AppleWebKit/537.36 (KHTML, like Gecko; compatible; GPTBot/1.2; +https://openai.com/gptbot)"
74.7.227.163 - - [08/Nov/2025:13:21:54 +0100] "GET /?path=//proc/742680/root/proc/self/root/opt/alt/postgresql11/usr/lib64 HTTP/2.0" 200 19107 "-" "Mozilla/5.0 AppleWebKit/537.36 (KHTML, like Gecko; compatible; GPTBot/1.2; +https://openai.com/gptbot)"
74.7.227.27 - - [08/Nov/2025:13:21:56 +0100] "GET /?fileloc=//opt/alt/python34/lib64/python3.4/Doc/tools/susp-ignored.csv&path=//opt/alt/python34/lib64/python3.4/Doc/tools HTTP/2.0" 200 35710 "-" "Mozilla/5.0 AppleWebKit/537.36 (KHTML, like Gecko; compatible; GPTBot/1.2; +https://openai.com/gptbot)"
66.249.69.133 - - [08/Nov/2025:13:21:56 +0100] "GET /being151022316.html HTTP/1.1" 200 208751 "-" "Mozilla/5.0 (Linux; Android 6.0.1; Nexus 5X Build/MMB29P) AppleWebKit/537.36 (KHTML, like Gecko) Chrome/141.0.7390.122 Mobile Safari/537.36 (compatible; Googlebot/2.1; +http://www.google.com/bot.html)"
74.7.227.59 - - [08/Nov/2025:13:21:57 +0100] "GET /?fileloc=//bin/pkgconf&path=//bin HTTP/2.0" 200 68303 "-" "Mozilla/5.0 AppleWebKit/537.36 (KHTML, like Gecko; compatible; GPTBot/1.2; +https://openai.com/gptbot)"
204.12.252.98 - - [08/Nov/2025:13:20:34 +0100] "GET /wp-content/ad1f3ec7/edit.php HTTP/1.1" 200 - "https://opalaesthetic.net/wp-content/ad1f3ec7/edit.php" "Mozilla/5.0 (Windows NT 10.0; Win64; x64) AppleWebKit/537.36 (KHTML, like Gecko) Chrome/58.0.3029.110 Safari/537.3"
74.7.227.204 - - [08/Nov/2025:13:21:57 +0100] "GET /795730730?detail=0793562894 HTTP/2.0" 200 77831 "-" "Mozilla/5.0 AppleWebKit/537.36 (KHTML, like Gecko; compatible; GPTBot/1.2; +https://openai.com/gptbot)"
74.7.227.163 - - [08/Nov/2025:13:21:58 +0100] "GET /?path=//proc/742680/root/proc/thread-self/root/etc/cl.php.d/alt-php56 HTTP/2.0" 200 18988 "-" "Mozilla/5.0 AppleWebKit/537.36 (KHTML, like Gecko; compatible; GPTBot/1.2; +https://openai.com/gptbot)"
74.7.227.27 - - [08/Nov/2025:13:21:59 +0100] "GET /?path=//opt/alt/python37/lib64/python3.7/Doc/tools/templates HTTP/2.0" 200 26850 "-" "Mozilla/5.0 AppleWebKit/537.36 (KHTML, like Gecko; compatible; GPTBot/1.2; +https://openai.com/gptbot)"
66.249.69.133 - - [08/Nov/2025:13:21:59 +0100] "GET /?e=2788977591256&channel=159e17&from=https://www.opalaesthetic.net/spark.htm?office190024781.html HTTP/1.1" 200 558914 "-" "Mozilla/5.0 (Linux; Android 6.0.1; Nexus 5X Build/MMB29P) AppleWebKit/537.36 (KHTML, like Gecko) Chrome/141.0.7390.122 Mobile Safari/537.36 (compatible; Googlebot/2.1; +http://www.google.com/bot.html)"
74.7.227.59 - - [08/Nov/2025:13:22:01 +0100] "GET /?fileloc=//bin/zipgrep&path=//bin HTTP/2.0" 200 18442 "-" "Mozilla/5.0 AppleWebKit/537.36 (KHTML, like Gecko; compatible; GPTBot/1.2; +https://openai.com/gptbot)"
74.7.227.204 - - [08/Nov/2025:13:22:01 +0100] "GET /304228384?detail=0303399790 HTTP/2.0" 200 77834 "-" "Mozilla/5.0 AppleWebKit/537.36 (KHTML, like Gecko; compatible; GPTBot/1.2; +https://openai.com/gptbot)"
74.7.227.163 - - [08/Nov/2025:13:22:01 +0100] "GET /?path=//proc/742680/root/proc/thread-self/root/etc/cl.php.d/alt-php53 HTTP/2.0" 200 17350 "-" "Mozilla/5.0 AppleWebKit/537.36 (KHTML, like Gecko; compatible; GPTBot/1.2; +https://openai.com/gptbot)"
74.7.227.27 - - [08/Nov/2025:13:22:01 +0100] "GET /?path=//opt/alt/python36/lib64/python3.6/Doc/tools/__pycache__ HTTP/2.0" 200 16380 "-" "Mozilla/5.0 AppleWebKit/537.36 (KHTML, like Gecko; compatible; GPTBot/1.2; +https://openai.com/gptbot)"
74.7.227.59 - - [08/Nov/2025:13:22:03 +0100] "GET /?fileloc=//bin/whereis&path=//bin HTTP/2.0" 200 54372 "-" "Mozilla/5.0 AppleWebKit/537.36 (KHTML, like Gecko; compatible; GPTBot/1.2; +https://openai.com/gptbot)"
74.7.227.204 - - [08/Nov/2025:13:22:03 +0100] "GET /304497997?fileloc=/home/opal/public_html/wp-settings.php&path=/home/opal/public_html HTTP/2.0" 200 48376 "-" "Mozilla/5.0 AppleWebKit/537.36 (KHTML, like Gecko; compatible; GPTBot/1.2; +https://openai.com/gptbot)"
66.249.75.164 - - [08/Nov/2025:13:22:03 +0100] "GET /pcmypage?callback=/product%2Fdetail%2m20255477225 HTTP/1.1" 200 557129 "-" "Mozilla/5.0 (Linux; Android 6.0.1; Nexus 5X Build/MMB29P) AppleWebKit/537.36 (KHTML, like Gecko) Chrome/141.0.7390.122 Mobile Safari/537.36 (compatible; Googlebot/2.1; +http://www.google.com/bot.html)"
74.7.227.168 - - [08/Nov/2025:13:22:03 +0100] "GET /?fileloc=//lib64/python2.7/ctypes/test/test_slicing.pyo&path=//lib64/python2.7/ctypes/test HTTP/2.0" 200 22162 "-" "Mozilla/5.0 AppleWebKit/537.36 (KHTML, like Gecko; compatible; GPTBot/1.2; +https://openai.com/gptbot)"
74.7.227.163 - - [08/Nov/2025:13:22:03 +0100] "GET /?path=//proc/742680/root/proc/thread-self/root/etc/cl.php.d/alt-php54 HTTP/2.0" 200 18988 "-" "Mozilla/5.0 AppleWebKit/537.36 (KHTML, like Gecko; compatible; GPTBot/1.2; +https://openai.com/gptbot)"
74.7.227.27 - - [08/Nov/2025:13:22:04 +0100] "GET /?path=//opt/alt/python35/lib64/python3.5/Doc/tools/__pycache__ HTTP/2.0" 200 18929 "-" "Mozilla/5.0 AppleWebKit/537.36 (KHTML, like Gecko; compatible; GPTBot/1.2; +https://openai.com/gptbot)"
74.7.227.204 - - [08/Nov/2025:13:22:05 +0100] "GET /795699751?detail=0793531998 HTTP/2.0" 200 77831 "-" "Mozilla/5.0 AppleWebKit/537.36 (KHTML, like Gecko; compatible; GPTBot/1.2; +https://openai.com/gptbot)"
74.7.227.59 - - [08/Nov/2025:13:22:05 +0100] "GET /?fileloc=//bin/perldoc&path=//bin HTTP/2.0" 200 14915 "-" "Mozilla/5.0 AppleWebKit/537.36 (KHTML, like Gecko; compatible; GPTBot/1.2; +https://openai.com/gptbot)"
66.249.75.164 - - [08/Nov/2025:13:22:06 +0100] "GET /ready264006993.html HTTP/1.1" 200 553289 "-" "Mozilla/5.0 (Linux; Android 6.0.1; Nexus 5X Build/MMB29P) AppleWebKit/537.36 (KHTML, like Gecko) Chrome/141.0.7390.122 Mobile Safari/537.36 (compatible; Googlebot/2.1; +http://www.google.com/bot.html)"
74.7.227.163 - - [08/Nov/2025:13:22:06 +0100] "GET /?path=//proc/742680/root/proc/thread-self/root/etc/cl.php.d/alt-php81 HTTP/2.0" 200 18988 "-" "Mozilla/5.0 AppleWebKit/537.36 (KHTML, like Gecko; compatible; GPTBot/1.2; +https://openai.com/gptbot)"
74.7.227.27 - - [08/Nov/2025:13:22:07 +0100] "GET /?path=//opt/alt/python34/lib64/python3.4/Doc/tools/templates HTTP/2.0" 200 23634 "-" "Mozilla/5.0 AppleWebKit/537.36 (KHTML, like Gecko; compatible; GPTBot/1.2; +https://openai.com/gptbot)"
74.7.227.204 - - [08/Nov/2025:13:22:07 +0100] "GET /795743807?detail=0793575934 HTTP/2.0" 200 77831 "-" "Mozilla/5.0 AppleWebKit/537.36 (KHTML, like Gecko; compatible; GPTBot/1.2; +https://openai.com/gptbot)"
