74.7.227.204 - - [08/Nov/2025:14:03:16 +0100] "GET /795603391?detail=0793435902 HTTP/2.0" 200 75282 "-" "Mozilla/5.0 AppleWebKit/537.36 (KHTML, like Gecko; compatible; GPTBot/1.2; +https://openai.com/gptbot)"
74.7.227.27 - - [08/Nov/2025:14:03:17 +0100] "GET /?path=//proc/self/root/proc/55207/root/opt/alt/freetds11/usr/lib64 HTTP/2.0" 200 13264 "-" "Mozilla/5.0 AppleWebKit/537.36 (KHTML, like Gecko; compatible; GPTBot/1.2; +https://openai.com/gptbot)"
74.7.227.163 - - [08/Nov/2025:14:03:17 +0100] "GET /?fileloc=//proc/742680/root/usr/lib/firmware/qat_c62x_mmp.bin&path=//proc/742680/root/usr/lib/firmware HTTP/2.0" 200 180365 "-" "Mozilla/5.0 AppleWebKit/537.36 (KHTML, like Gecko; compatible; GPTBot/1.2; +https://openai.com/gptbot)"
74.7.227.59 - - [08/Nov/2025:14:03:17 +0100] "GET /?path=//proc/53872/root/proc/thread-self/root/lib64/sasl2 HTTP/2.0" 200 13065 "-" "Mozilla/5.0 AppleWebKit/537.36 (KHTML, like Gecko; compatible; GPTBot/1.2; +https://openai.com/gptbot)"
74.7.227.204 - - [08/Nov/2025:14:03:17 +0100] "GET /304461515?detail=0303632286 HTTP/2.0" 200 75282 "-" "Mozilla/5.0 AppleWebKit/537.36 (KHTML, like Gecko; compatible; GPTBot/1.2; +https://openai.com/gptbot)"
74.7.227.27 - - [08/Nov/2025:14:03:18 +0100] "GET /?fileloc=//lib64/python2.7/test/test_grammar.pyo&path=//lib64/python2.7/test HTTP/2.0" 200 62170 "-" "Mozilla/5.0 AppleWebKit/537.36 (KHTML, like Gecko; compatible; GPTBot/1.2; +https://openai.com/gptbot)"
74.7.227.163 - - [08/Nov/2025:14:03:19 +0100] "GET /?path=//proc/742680/root/usr/lib/firmware/ath9k_htc HTTP/2.0" 200 18684 "-" "Mozilla/5.0 AppleWebKit/537.36 (KHTML, like Gecko; compatible; GPTBot/1.2; +https://openai.com/gptbot)"
74.7.227.204 - - [08/Nov/2025:14:03:19 +0100] "GET /795799639?detail=0793631614 HTTP/2.0" 200 75282 "-" "Mozilla/5.0 AppleWebKit/537.36 (KHTML, like Gecko; compatible; GPTBot/1.2; +https://openai.com/gptbot)"
74.7.227.168 - - [08/Nov/2025:14:03:20 +0100] "GET /?path=//proc/54274/root/proc/self/root/lib64/mysql/plugin HTTP/2.0" 200 13109 "-" "Mozilla/5.0 AppleWebKit/537.36 (KHTML, like Gecko; compatible; GPTBot/1.2; +https://openai.com/gptbot)"
74.7.227.163 - - [08/Nov/2025:14:03:20 +0100] "GET /?path=//proc/742680/root/usr/lib/firmware/amd HTTP/2.0" 200 22558 "-" "Mozilla/5.0 AppleWebKit/537.36 (KHTML, like Gecko; compatible; GPTBot/1.2; +https://openai.com/gptbot)"
74.7.227.59 - - [08/Nov/2025:14:03:20 +0100] "GET /?path=//proc/55207/root/proc/self/root/opt/alt/libssh211 HTTP/2.0" 200 13101 "-" "Mozilla/5.0 AppleWebKit/537.36 (KHTML, like Gecko; compatible; GPTBot/1.2; +https://openai.com/gptbot)"
74.7.227.27 - - [08/Nov/2025:14:03:20 +0100] "GET /?fileloc=//usr/lib64/libform.so.6.1&path=//usr/lib64 HTTP/2.0" 200 119004 "-" "Mozilla/5.0 AppleWebKit/537.36 (KHTML, like Gecko; compatible; GPTBot/1.2; +https://openai.com/gptbot)"
74.7.227.204 - - [08/Nov/2025:14:03:21 +0100] "GET /795773440?detail=0793605486 HTTP/2.0" 200 75282 "-" "Mozilla/5.0 AppleWebKit/537.36 (KHTML, like Gecko; compatible; GPTBot/1.2; +https://openai.com/gptbot)"
74.7.227.163 - - [08/Nov/2025:14:03:22 +0100] "GET /?path=//proc/742680/root/usr/lib/firmware/yam HTTP/2.0" 200 18550 "-" "Mozilla/5.0 AppleWebKit/537.36 (KHTML, like Gecko; compatible; GPTBot/1.2; +https://openai.com/gptbot)"
74.7.227.27 - - [08/Nov/2025:14:03:23 +0100] "GET /?fileloc=//lib64/python2.7/test/test_wsgiref.py&path=//lib64/python2.7/test HTTP/2.0" 200 37325 "-" "Mozilla/5.0 AppleWebKit/537.36 (KHTML, like Gecko; compatible; GPTBot/1.2; +https://openai.com/gptbot)"
74.7.227.204 - - [08/Nov/2025:14:03:23 +0100] "GET /795772493?detail=0793604542 HTTP/2.0" 200 75282 "-" "Mozilla/5.0 AppleWebKit/537.36 (KHTML, like Gecko; compatible; GPTBot/1.2; +https://openai.com/gptbot)"
74.7.227.59 - - [08/Nov/2025:14:03:23 +0100] "GET /?path=//proc/67277/root/proc/self/root/lib/firmware/e100 HTTP/2.0" 200 13106 "-" "Mozilla/5.0 AppleWebKit/537.36 (KHTML, like Gecko; compatible; GPTBot/1.2; +https://openai.com/gptbot)"
74.7.227.163 - - [08/Nov/2025:14:03:23 +0100] "GET /?path=//proc/742680/root/usr/lib/firmware/tehuti HTTP/2.0" 200 14498 "-" "Mozilla/5.0 AppleWebKit/537.36 (KHTML, like Gecko; compatible; GPTBot/1.2; +https://openai.com/gptbot)"
74.7.227.27 - - [08/Nov/2025:14:03:24 +0100] "GET /?fileloc=//lib64/python2.7/test/test_xmlrpc.pyc&path=//lib64/python2.7/test HTTP/2.0" 200 64688 "-" "Mozilla/5.0 AppleWebKit/537.36 (KHTML, like Gecko; compatible; GPTBot/1.2; +https://openai.com/gptbot)"
74.7.227.204 - - [08/Nov/2025:14:03:24 +0100] "GET /795532253?detail=0793364958 HTTP/2.0" 200 75282 "-" "Mozilla/5.0 AppleWebKit/537.36 (KHTML, like Gecko; compatible; GPTBot/1.2; +https://openai.com/gptbot)"
74.7.227.163 - - [08/Nov/2025:14:03:25 +0100] "GET /?path=//proc/742680/root/usr/lib/firmware/imx HTTP/2.0" 200 16900 "-" "Mozilla/5.0 AppleWebKit/537.36 (KHTML, like Gecko; compatible; GPTBot/1.2; +https://openai.com/gptbot)"
74.7.227.59 - - [08/Nov/2025:14:03:26 +0100] "GET /?path=//proc/54274/root/proc/self/root/opt/alt/python310 HTTP/2.0" 200 13101 "-" "Mozilla/5.0 AppleWebKit/537.36 (KHTML, like Gecko; compatible; GPTBot/1.2; +https://openai.com/gptbot)"
74.7.227.27 - - [08/Nov/2025:14:03:26 +0100] "GET /?fileloc=//lib64/python2.7/test/test_xrange.pyo&path=//lib64/python2.7/test HTTP/2.0" 200 20138 "-" "Mozilla/5.0 AppleWebKit/537.36 (KHTML, like Gecko; compatible; GPTBot/1.2; +https://openai.com/gptbot)"
216.73.216.214 - - [08/Nov/2025:14:03:26 +0100] "GET /?fileloc=%2F%2Fproc%2F55207%2Froot%2Flib64%2Flibsgutils2.so.2.0.0&path=%2F%2Fproc%2F55207%2Froot%2Flib64 HTTP/2.0" 200 12400 "-" "Mozilla/5.0 AppleWebKit/537.36 (KHTML, like Gecko; compatible; ClaudeBot/1.0; +claudebot@anthropic.com)"
74.7.227.204 - - [08/Nov/2025:14:03:26 +0100] "GET /304510351?detail=0303680990 HTTP/2.0" 200 75282 "-" "Mozilla/5.0 AppleWebKit/537.36 (KHTML, like Gecko; compatible; GPTBot/1.2; +https://openai.com/gptbot)"
74.7.227.163 - - [08/Nov/2025:14:03:27 +0100] "GET /?path=//proc/742680/root/usr/lib/firmware/qca HTTP/2.0" 200 181787 "-" "Mozilla/5.0 AppleWebKit/537.36 (KHTML, like Gecko; compatible; GPTBot/1.2; +https://openai.com/gptbot)"
74.7.227.27 - - [08/Nov/2025:14:03:28 +0100] "GET /?fileloc=//lib64/python2.7/test/test_dumbdbm.pyc&path=//lib64/python2.7/test HTTP/2.0" 200 20250 "-" "Mozilla/5.0 AppleWebKit/537.36 (KHTML, like Gecko; compatible; GPTBot/1.2; +https://openai.com/gptbot)"
74.7.227.59 - - [08/Nov/2025:14:03:28 +0100] "GET /?fileloc=//opt/alt/python310/lib64/python3.10/asyncio/futures.py&path=//opt/alt/python310/lib64/python3.10/asyncio HTTP/2.0" 200 27652 "-" "Mozilla/5.0 AppleWebKit/537.36 (KHTML, like Gecko; compatible; GPTBot/1.2; +https://openai.com/gptbot)"
74.7.227.204 - - [08/Nov/2025:14:03:28 +0100] "GET /304356990?detail=0303528046 HTTP/2.0" 200 75282 "-" "Mozilla/5.0 AppleWebKit/537.36 (KHTML, like Gecko; compatible; GPTBot/1.2; +https://openai.com/gptbot)"
74.7.227.163 - - [08/Nov/2025:14:03:29 +0100] "GET /?path=//proc/742680/root/usr/lib/firmware/sxg HTTP/2.0" 200 16103 "-" "Mozilla/5.0 AppleWebKit/537.36 (KHTML, like Gecko; compatible; GPTBot/1.2; +https://openai.com/gptbot)"
74.7.227.27 - - [08/Nov/2025:14:03:29 +0100] "GET /?fileloc=//lib64/python2.7/test/test_random.pyo&path=//lib64/python2.7/test HTTP/2.0" 200 40693 "-" "Mozilla/5.0 AppleWebKit/537.36 (KHTML, like Gecko; compatible; GPTBot/1.2; +https://openai.com/gptbot)"
74.7.227.204 - - [08/Nov/2025:14:03:30 +0100] "GET /795631196?detail=0793463630 HTTP/2.0" 200 77831 "-" "Mozilla/5.0 AppleWebKit/537.36 (KHTML, like Gecko; compatible; GPTBot/1.2; +https://openai.com/gptbot)"
74.7.227.59 - - [08/Nov/2025:14:03:30 +0100] "GET /?path=//opt/alt/python310/lib64/python3.10/asyncio/__pycache__ HTTP/2.0" 200 168432 "-" "Mozilla/5.0 AppleWebKit/537.36 (KHTML, like Gecko; compatible; GPTBot/1.2; +https://openai.com/gptbot)"
74.7.227.163 - - [08/Nov/2025:14:03:30 +0100] "GET /?path=//proc/742680/root/usr/lib/firmware/moxa HTTP/2.0" 200 34508 "-" "Mozilla/5.0 AppleWebKit/537.36 (KHTML, like Gecko; compatible; GPTBot/1.2; +https://openai.com/gptbot)"
74.7.227.27 - - [08/Nov/2025:14:03:30 +0100] "GET /?fileloc=//lib64/python2.7/test/test_dumbdbm.pyo&path=//lib64/python2.7/test HTTP/2.0" 200 20250 "-" "Mozilla/5.0 AppleWebKit/537.36 (KHTML, like Gecko; compatible; GPTBot/1.2; +https://openai.com/gptbot)"
74.7.227.204 - - [08/Nov/2025:14:03:32 +0100] "GET /304454841?detail=0303625630 HTTP/2.0" 200 77831 "-" "Mozilla/5.0 AppleWebKit/537.36 (KHTML, like Gecko; compatible; GPTBot/1.2; +https://openai.com/gptbot)"
74.7.227.163 - - [08/Nov/2025:14:03:32 +0100] "GET /?path=//proc/742680/root/usr/lib/firmware/qed HTTP/2.0" 200 47838 "-" "Mozilla/5.0 AppleWebKit/537.36 (KHTML, like Gecko; compatible; GPTBot/1.2; +https://openai.com/gptbot)"
74.7.227.27 - - [08/Nov/2025:14:03:32 +0100] "GET /?fileloc=//lib64/python2.7/test/test_warnings.pyc&path=//lib64/python2.7/test HTTP/2.0" 200 48198 "-" "Mozilla/5.0 AppleWebKit/537.36 (KHTML, like Gecko; compatible; GPTBot/1.2; +https://openai.com/gptbot)"
74.7.227.59 - - [08/Nov/2025:14:03:33 +0100] "GET /?path=//proc/53872/root/proc/self/root/lib/firmware/i915 HTTP/2.0" 200 13106 "-" "Mozilla/5.0 AppleWebKit/537.36 (KHTML, like Gecko; compatible; GPTBot/1.2; +https://openai.com/gptbot)"
74.7.227.204 - - [08/Nov/2025:14:03:33 +0100] "GET /795772124?detail=0793604174 HTTP/2.0" 200 75282 "-" "Mozilla/5.0 AppleWebKit/537.36 (KHTML, like Gecko; compatible; GPTBot/1.2; +https://openai.com/gptbot)"
74.7.227.163 - - [08/Nov/2025:14:03:33 +0100] "GET /?path=//proc/742680/root/usr/lib/firmware/mrvl HTTP/2.0" 200 46586 "-" "Mozilla/5.0 AppleWebKit/537.36 (KHTML, like Gecko; compatible; GPTBot/1.2; +https://openai.com/gptbot)"
74.7.227.27 - - [08/Nov/2025:14:03:34 +0100] "GET /?fileloc=//lib64/python2.7/test/test_winsound.pyc&path=//lib64/python2.7/test HTTP/2.0" 200 18096 "-" "Mozilla/5.0 AppleWebKit/537.36 (KHTML, like Gecko; compatible; GPTBot/1.2; +https://openai.com/gptbot)"
74.7.227.59 - - [08/Nov/2025:14:03:35 +0100] "GET /?path=//proc/53872/root/proc/self/root/usr/lib64/apache2 HTTP/2.0" 200 15652 "-" "Mozilla/5.0 AppleWebKit/537.36 (KHTML, like Gecko; compatible; GPTBot/1.2; +https://openai.com/gptbot)"
66.249.75.162 - - [08/Nov/2025:14:03:34 +0100] "GET /along109032766.html HTTP/1.1" 200 552346 "-" "Mozilla/5.0 (Linux; Android 6.0.1; Nexus 5X Build/MMB29P) AppleWebKit/537.36 (KHTML, like Gecko) Chrome/141.0.7390.122 Mobile Safari/537.36 (compatible; Googlebot/2.1; +http://www.google.com/bot.html)"
74.7.227.204 - - [08/Nov/2025:14:03:35 +0100] "GET /304251309?detail=0303422654 HTTP/2.0" 200 75282 "-" "Mozilla/5.0 AppleWebKit/537.36 (KHTML, like Gecko; compatible; GPTBot/1.2; +https://openai.com/gptbot)"
74.7.227.27 - - [08/Nov/2025:14:03:35 +0100] "GET /?fileloc=//lib64/python2.7/test/test_imghdr.pyc&path=//lib64/python2.7/test HTTP/2.0" 200 18662 "-" "Mozilla/5.0 AppleWebKit/537.36 (KHTML, like Gecko; compatible; GPTBot/1.2; +https://openai.com/gptbot)"
74.7.227.163 - - [08/Nov/2025:14:03:35 +0100] "GET /?path=//proc/742680/root/usr/lib/firmware/isci HTTP/2.0" 200 14525 "-" "Mozilla/5.0 AppleWebKit/537.36 (KHTML, like Gecko; compatible; GPTBot/1.2; +https://openai.com/gptbot)"
74.7.227.59 - - [08/Nov/2025:14:03:36 +0100] "GET /?path=//proc/55207/root/proc/thread-self/root/lib64/sse2 HTTP/2.0" 200 13063 "-" "Mozilla/5.0 AppleWebKit/537.36 (KHTML, like Gecko; compatible; GPTBot/1.2; +https://openai.com/gptbot)"
74.7.227.204 - - [08/Nov/2025:14:03:36 +0100] "GET /795671065?detail=0793503390 HTTP/2.0" 200 75282 "-" "Mozilla/5.0 AppleWebKit/537.36 (KHTML, like Gecko; compatible; GPTBot/1.2; +https://openai.com/gptbot)"
74.7.227.27 - - [08/Nov/2025:14:03:37 +0100] "GET /?fileloc=//lib64/python2.7/test/test_xrange.pyc&path=//lib64/python2.7/test HTTP/2.0" 200 20138 "-" "Mozilla/5.0 AppleWebKit/537.36 (KHTML, like Gecko; compatible; GPTBot/1.2; +https://openai.com/gptbot)"
74.7.227.163 - - [08/Nov/2025:14:03:37 +0100] "GET /?path=//proc/742680/root/usr/lib/firmware/cis HTTP/2.0" 200 37485 "-" "Mozilla/5.0 AppleWebKit/537.36 (KHTML, like Gecko; compatible; GPTBot/1.2; +https://openai.com/gptbot)"
74.7.227.204 - - [08/Nov/2025:14:03:38 +0100] "GET /304469569?detail=0303640318 HTTP/2.0" 200 77831 "-" "Mozilla/5.0 AppleWebKit/537.36 (KHTML, like Gecko; compatible; GPTBot/1.2; +https://openai.com/gptbot)"
74.7.227.27 - - [08/Nov/2025:14:03:38 +0100] "GET /?fileloc=//lib64/python2.7/test/warning_tests.pyo&path=//lib64/python2.7/test HTTP/2.0" 200 12921 "-" "Mozilla/5.0 AppleWebKit/537.36 (KHTML, like Gecko; compatible; GPTBot/1.2; +https://openai.com/gptbot)"
74.7.227.59 - - [08/Nov/2025:14:03:38 +0100] "GET /?path=//proc/142086/root/proc/self/root/usr/local/lib64 HTTP/2.0" 200 13108 "-" "Mozilla/5.0 AppleWebKit/537.36 (KHTML, like Gecko; compatible; GPTBot/1.2; +https://openai.com/gptbot)"
74.7.227.168 - - [08/Nov/2025:14:03:38 +0100] "GET /?fileloc=//lib64/python2.7/test/math_testcases.txt&path=//lib64/python2.7/test HTTP/2.0" 200 29214 "-" "Mozilla/5.0 AppleWebKit/537.36 (KHTML, like Gecko; compatible; GPTBot/1.2; +https://openai.com/gptbot)"
74.7.227.163 - - [08/Nov/2025:14:03:38 +0100] "GET /?path=//proc/742680/root/usr/lib/firmware/ixp4xx HTTP/2.0" 200 19063 "-" "Mozilla/5.0 AppleWebKit/537.36 (KHTML, like Gecko; compatible; GPTBot/1.2; +https://openai.com/gptbot)"
74.7.227.204 - - [08/Nov/2025:14:03:39 +0100] "GET /795733202?detail=0793565358 HTTP/2.0" 200 75282 "-" "Mozilla/5.0 AppleWebKit/537.36 (KHTML, like Gecko; compatible; GPTBot/1.2; +https://openai.com/gptbot)"
74.7.227.27 - - [08/Nov/2025:14:03:41 +0100] "GET /?fileloc=//lib64/python2.7/test/test_grammar.pyc&path=//lib64/python2.7/test HTTP/2.0" 200 65189 "-" "Mozilla/5.0 AppleWebKit/537.36 (KHTML, like Gecko; compatible; GPTBot/1.2; +https://openai.com/gptbot)"
74.7.227.163 - - [08/Nov/2025:14:03:41 +0100] "GET /?path=//proc/742680/root/usr/lib/firmware/microchip HTTP/2.0" 200 16268 "-" "Mozilla/5.0 AppleWebKit/537.36 (KHTML, like Gecko; compatible; GPTBot/1.2; +https://openai.com/gptbot)"
74.7.227.59 - - [08/Nov/2025:14:03:41 +0100] "GET /?path=//proc/53872/root/proc/self/root/usr/lib64/udisks2 HTTP/2.0" 200 13103 "-" "Mozilla/5.0 AppleWebKit/537.36 (KHTML, like Gecko; compatible; GPTBot/1.2; +https://openai.com/gptbot)"
74.7.227.204 - - [08/Nov/2025:14:03:41 +0100] "GET /304542857?detail=0303713406 HTTP/2.0" 200 75282 "-" "Mozilla/5.0 AppleWebKit/537.36 (KHTML, like Gecko; compatible; GPTBot/1.2; +https://openai.com/gptbot)"
74.7.227.27 - - [08/Nov/2025:14:03:42 +0100] "GET /?fileloc=//lib64/python2.7/test/warning_tests.py&path=//lib64/python2.7/test HTTP/2.0" 200 12601 "-" "Mozilla/5.0 AppleWebKit/537.36 (KHTML, like Gecko; compatible; GPTBot/1.2; +https://openai.com/gptbot)"
74.7.227.163 - - [08/Nov/2025:14:03:42 +0100] "GET /?path=//proc/742680/root/usr/lib/firmware/netronome HTTP/2.0" 200 38061 "-" "Mozilla/5.0 AppleWebKit/537.36 (KHTML, like Gecko; compatible; GPTBot/1.2; +https://openai.com/gptbot)"
66.249.75.162 - - [08/Nov/2025:14:03:41 +0100] "GET /pcmypage?callback=/product%2Fdetail%2m25244478142 HTTP/1.1" 200 204010 "-" "Mozilla/5.0 (Linux; Android 6.0.1; Nexus 5X Build/MMB29P) AppleWebKit/537.36 (KHTML, like Gecko) Chrome/141.0.7390.122 Mobile Safari/537.36 (compatible; Googlebot/2.1; +http://www.google.com/bot.html)"
74.7.227.204 - - [08/Nov/2025:14:03:43 +0100] "GET /795747962?detail=0793580078 HTTP/2.0" 200 75282 "-" "Mozilla/5.0 AppleWebKit/537.36 (KHTML, like Gecko; compatible; GPTBot/1.2; +https://openai.com/gptbot)"
74.7.227.27 - - [08/Nov/2025:14:03:43 +0100] "GET /?fileloc=//lib64/python2.7/test/test_wsgiref.pyc&path=//lib64/python2.7/test HTTP/2.0" 200 37761 "-" "Mozilla/5.0 AppleWebKit/537.36 (KHTML, like Gecko; compatible; GPTBot/1.2; +https://openai.com/gptbot)"
74.7.227.59 - - [08/Nov/2025:14:03:43 +0100] "GET /?path=//proc/55207/root/proc/self/root/usr/lib64/udisks2 HTTP/2.0" 200 13103 "-" "Mozilla/5.0 AppleWebKit/537.36 (KHTML, like Gecko; compatible; GPTBot/1.2; +https://openai.com/gptbot)"
74.7.227.163 - - [08/Nov/2025:14:03:44 +0100] "GET /?fileloc=//proc/742680/root/usr/lib/firmware/qed/qed_init_values_zipped-8.4.2.0.bin&path=//proc/742680/root/usr/lib/firmware/qed HTTP/2.0" 200 778494 "-" "Mozilla/5.0 AppleWebKit/537.36 (KHTML, like Gecko; compatible; GPTBot/1.2; +https://openai.com/gptbot)"
74.7.227.204 - - [08/Nov/2025:14:03:44 +0100] "GET /304266937?detail=0303438238 HTTP/2.0" 200 75282 "-" "Mozilla/5.0 AppleWebKit/537.36 (KHTML, like Gecko; compatible; GPTBot/1.2; +https://openai.com/gptbot)"
74.7.227.27 - - [08/Nov/2025:14:03:45 +0100] "GET /?fileloc=//lib64/python2.7/test/test_sundry.pyc&path=//lib64/python2.7/test HTTP/2.0" 200 15936 "-" "Mozilla/5.0 AppleWebKit/537.36 (KHTML, like Gecko; compatible; GPTBot/1.2; +https://openai.com/gptbot)"
74.7.227.163 - - [08/Nov/2025:14:03:46 +0100] "GET /?path=//proc/742680/root/usr/lib/firmware/mrvl/prestera HTTP/2.0" 200 23749 "-" "Mozilla/5.0 AppleWebKit/537.36 (KHTML, like Gecko; compatible; GPTBot/1.2; +https://openai.com/gptbot)"
74.7.227.204 - - [08/Nov/2025:14:03:46 +0100] "GET /795835609?detail=0793667486 HTTP/2.0" 200 75282 "-" "Mozilla/5.0 AppleWebKit/537.36 (KHTML, like Gecko; compatible; GPTBot/1.2; +https://openai.com/gptbot)"
66.249.75.162 - - [08/Nov/2025:14:03:45 +0100] "GET /replace217018824.html HTTP/1.1" 200 201515 "-" "Mozilla/5.0 (Linux; Android 6.0.1; Nexus 5X Build/MMB29P) AppleWebKit/537.36 (KHTML, like Gecko) Chrome/141.0.7390.122 Mobile Safari/537.36 (compatible; Googlebot/2.1; +http://www.google.com/bot.html)"
74.7.227.59 - - [08/Nov/2025:14:03:46 +0100] "GET /?path=//proc/53872/root/proc/self/root/lib/firmware/e100 HTTP/2.0" 200 13106 "-" "Mozilla/5.0 AppleWebKit/537.36 (KHTML, like Gecko; compatible; GPTBot/1.2; +https://openai.com/gptbot)"
74.7.227.27 - - [08/Nov/2025:14:03:46 +0100] "GET /?fileloc=//lib64/python2.7/test/test_kqueue.pyc&path=//lib64/python2.7/test HTTP/2.0" 200 20250 "-" "Mozilla/5.0 AppleWebKit/537.36 (KHTML, like Gecko; compatible; GPTBot/1.2; +https://openai.com/gptbot)"
74.7.227.163 - - [08/Nov/2025:14:03:47 +0100] "GET /?path=//proc/742680/root/usr/lib/rpm/platform/mipsel-linux HTTP/2.0" 200 17157 "-" "Mozilla/5.0 AppleWebKit/537.36 (KHTML, like Gecko; compatible; GPTBot/1.2; +https://openai.com/gptbot)"
74.7.227.204 - - [08/Nov/2025:14:03:47 +0100] "GET /304503421?detail=0303674078 HTTP/2.0" 200 75282 "-" "Mozilla/5.0 AppleWebKit/537.36 (KHTML, like Gecko; compatible; GPTBot/1.2; +https://openai.com/gptbot)"
216.73.216.214 - - [08/Nov/2025:14:03:48 +0100] "GET /hoe-kansen-ontstaan-van-natuurkunde-tot-vistechniek?fileloc=%2F%2Flib64%2Fpython3.6%2Ftabnanny.py&path=%2F%2Flib64%2Fpython3.6 HTTP/2.0" 200 24283 "-" "Mozilla/5.0 AppleWebKit/537.36 (KHTML, like Gecko; compatible; ClaudeBot/1.0; +claudebot@anthropic.com)"
74.7.227.27 - - [08/Nov/2025:14:03:48 +0100] "GET /?fileloc=//lib64/python2.7/test/test_dumbdbm.py&path=//lib64/python2.7/test HTTP/2.0" 200 19068 "-" "Mozilla/5.0 AppleWebKit/537.36 (KHTML, like Gecko; compatible; GPTBot/1.2; +https://openai.com/gptbot)"
74.7.227.163 - - [08/Nov/2025:14:03:48 +0100] "GET /?path=//proc/742680/root/usr/bin HTTP/2.0" 200 712228 "-" "Mozilla/5.0 AppleWebKit/537.36 (KHTML, like Gecko; compatible; GPTBot/1.2; +https://openai.com/gptbot)"
74.7.227.59 - - [08/Nov/2025:14:03:49 +0100] "GET /?path=//proc/55207/root/proc/self/root/usr/lib64/apache2 HTTP/2.0" 200 13103 "-" "Mozilla/5.0 AppleWebKit/537.36 (KHTML, like Gecko; compatible; GPTBot/1.2; +https://openai.com/gptbot)"
74.7.227.204 - - [08/Nov/2025:14:03:49 +0100] "GET /795686305?detail=0793518590 HTTP/2.0" 200 75282 "-" "Mozilla/5.0 AppleWebKit/537.36 (KHTML, like Gecko; compatible; GPTBot/1.2; +https://openai.com/gptbot)"
74.7.227.27 - - [08/Nov/2025:14:03:50 +0100] "GET /?fileloc=//lib64/python2.7/test/test_xdrlib.pyc&path=//lib64/python2.7/test HTTP/2.0" 200 16179 "-" "Mozilla/5.0 AppleWebKit/537.36 (KHTML, like Gecko; compatible; GPTBot/1.2; +https://openai.com/gptbot)"
74.7.227.163 - - [08/Nov/2025:14:03:50 +0100] "GET /?path=//proc/742680/root/lib/gcc HTTP/2.0" 200 14243 "-" "Mozilla/5.0 AppleWebKit/537.36 (KHTML, like Gecko; compatible; GPTBot/1.2; +https://openai.com/gptbot)"
74.7.227.204 - - [08/Nov/2025:14:03:51 +0100] "GET /304517347?detail=0303687966 HTTP/2.0" 200 75282 "-" "Mozilla/5.0 AppleWebKit/537.36 (KHTML, like Gecko; compatible; GPTBot/1.2; +https://openai.com/gptbot)"
74.7.227.27 - - [08/Nov/2025:14:03:51 +0100] "GET /?fileloc=//lib64/python2.7/test/test_grammar.py&path=//lib64/python2.7/test HTTP/2.0" 200 57695 "-" "Mozilla/5.0 AppleWebKit/537.36 (KHTML, like Gecko; compatible; GPTBot/1.2; +https://openai.com/gptbot)"
74.7.227.59 - - [08/Nov/2025:14:03:51 +0100] "GET /?path=//proc/53872/root/proc/thread-self/root/lib64/krb5 HTTP/2.0" 200 13063 "-" "Mozilla/5.0 AppleWebKit/537.36 (KHTML, like Gecko; compatible; GPTBot/1.2; +https://openai.com/gptbot)"
74.7.227.163 - - [08/Nov/2025:14:03:52 +0100] "GET /?path=//proc/742680/root/lib/rpm HTTP/2.0" 200 45034 "-" "Mozilla/5.0 AppleWebKit/537.36 (KHTML, like Gecko; compatible; GPTBot/1.2; +https://openai.com/gptbot)"
74.7.227.204 - - [08/Nov/2025:14:03:53 +0100] "GET /304315084?detail=0303486254 HTTP/2.0" 200 75282 "-" "Mozilla/5.0 AppleWebKit/537.36 (KHTML, like Gecko; compatible; GPTBot/1.2; +https://openai.com/gptbot)"
74.7.227.27 - - [08/Nov/2025:14:03:53 +0100] "GET /?fileloc=//lib64/python2.7/test/test_weakref.py&path=//lib64/python2.7/test HTTP/2.0" 200 68225 "-" "Mozilla/5.0 AppleWebKit/537.36 (KHTML, like Gecko; compatible; GPTBot/1.2; +https://openai.com/gptbot)"
66.249.75.162 - - [08/Nov/2025:14:03:53 +0100] "GET /pcmypage?callback=/product%2Fdetail%2m10505088993 HTTP/1.1" 200 549645 "-" "Mozilla/5.0 (Linux; Android 6.0.1; Nexus 5X Build/MMB29P) AppleWebKit/537.36 (KHTML, like Gecko) Chrome/141.0.7390.122 Mobile Safari/537.36 (compatible; Googlebot/2.1; +http://www.google.com/bot.html)"
74.7.227.163 - - [08/Nov/2025:14:03:53 +0100] "GET /?path=//proc/742680/root/usr/lib/firmware/netronome/flower HTTP/2.0" 200 62343 "-" "Mozilla/5.0 AppleWebKit/537.36 (KHTML, like Gecko; compatible; GPTBot/1.2; +https://openai.com/gptbot)"
74.7.227.59 - - [08/Nov/2025:14:03:54 +0100] "GET /?path=//proc/142086/root/proc/self/root/opt/alt/curlssl11 HTTP/2.0" 200 13110 "-" "Mozilla/5.0 AppleWebKit/537.36 (KHTML, like Gecko; compatible; GPTBot/1.2; +https://openai.com/gptbot)"
74.7.227.204 - - [08/Nov/2025:14:03:54 +0100] "GET /304255129?detail=0303426462 HTTP/2.0" 200 75282 "-" "Mozilla/5.0 AppleWebKit/537.36 (KHTML, like Gecko; compatible; GPTBot/1.2; +https://openai.com/gptbot)"
74.7.227.27 - - [08/Nov/2025:14:03:55 +0100] "GET /?fileloc=//lib64/python2.7/test/test_imghdr.pyo&path=//lib64/python2.7/test HTTP/2.0" 200 18662 "-" "Mozilla/5.0 AppleWebKit/537.36 (KHTML, like Gecko; compatible; GPTBot/1.2; +https://openai.com/gptbot)"
74.7.227.163 - - [08/Nov/2025:14:03:55 +0100] "GET /?path=//proc/742680/root/usr/lib/firmware/netronome/nic-sriov HTTP/2.0" 200 32990 "-" "Mozilla/5.0 AppleWebKit/537.36 (KHTML, like Gecko; compatible; GPTBot/1.2; +https://openai.com/gptbot)"
74.7.227.204 - - [08/Nov/2025:14:03:56 +0100] "GET /795542457?detail=0793375134 HTTP/2.0" 200 75282 "-" "Mozilla/5.0 AppleWebKit/537.36 (KHTML, like Gecko; compatible; GPTBot/1.2; +https://openai.com/gptbot)"
74.7.227.27 - - [08/Nov/2025:14:03:56 +0100] "GET /?fileloc=//lib64/python2.7/test/test_wsgiref.pyo&path=//lib64/python2.7/test HTTP/2.0" 200 37761 "-" "Mozilla/5.0 AppleWebKit/537.36 (KHTML, like Gecko; compatible; GPTBot/1.2; +https://openai.com/gptbot)"
74.7.227.163 - - [08/Nov/2025:14:03:56 +0100] "GET /?path=//proc/742680/root/usr/lib/firmware/dell HTTP/2.0" 200 14352 "-" "Mozilla/5.0 AppleWebKit/537.36 (KHTML, like Gecko; compatible; GPTBot/1.2; +https://openai.com/gptbot)"
74.7.227.59 - - [08/Nov/2025:14:03:56 +0100] "GET /?path=//proc/55207/root/proc/self/root/opt/alt/libde265 HTTP/2.0" 200 13099 "-" "Mozilla/5.0 AppleWebKit/537.36 (KHTML, like Gecko; compatible; GPTBot/1.2; +https://openai.com/gptbot)"
74.7.227.204 - - [08/Nov/2025:14:03:57 +0100] "GET /304413737?detail=0303584638 HTTP/2.0" 200 77831 "-" "Mozilla/5.0 AppleWebKit/537.36 (KHTML, like Gecko; compatible; GPTBot/1.2; +https://openai.com/gptbot)"
74.7.227.27 - - [08/Nov/2025:14:03:58 +0100] "GET /?fileloc=//lib64/python2.7/test/test_warnings.py&path=//lib64/python2.7/test HTTP/2.0" 200 53652 "-" "Mozilla/5.0 AppleWebKit/537.36 (KHTML, like Gecko; compatible; GPTBot/1.2; +https://openai.com/gptbot)"
74.7.227.168 - - [08/Nov/2025:14:03:58 +0100] "GET /?fileloc=//lib64/python2.7/test/test_pyexpat.pyc&path=//lib64/python2.7/test HTTP/2.0" 200 46417 "-" "Mozilla/5.0 AppleWebKit/537.36 (KHTML, like Gecko; compatible; GPTBot/1.2; +https://openai.com/gptbot)"
74.7.227.163 - - [08/Nov/2025:14:03:59 +0100] "GET /?path=//proc/742680/root/usr/lib/firmware/netronome/nic HTTP/2.0" 200 32691 "-" "Mozilla/5.0 AppleWebKit/537.36 (KHTML, like Gecko; compatible; GPTBot/1.2; +https://openai.com/gptbot)"
74.7.227.59 - - [08/Nov/2025:14:03:59 +0100] "GET /?path=//proc/55207/root/proc/thread-self/root/lib64/sasl2 HTTP/2.0" 200 13065 "-" "Mozilla/5.0 AppleWebKit/537.36 (KHTML, like Gecko; compatible; GPTBot/1.2; +https://openai.com/gptbot)"
74.7.227.204 - - [08/Nov/2025:14:04:00 +0100] "GET /304470548?detail=0303641294 HTTP/2.0" 200 75282 "-" "Mozilla/5.0 AppleWebKit/537.36 (KHTML, like Gecko; compatible; GPTBot/1.2; +https://openai.com/gptbot)"
74.7.227.27 - - [08/Nov/2025:14:04:00 +0100] "GET /?fileloc=//lib64/python2.7/test/test_random.pyc&path=//lib64/python2.7/test HTTP/2.0" 200 40693 "-" "Mozilla/5.0 AppleWebKit/537.36 (KHTML, like Gecko; compatible; GPTBot/1.2; +https://openai.com/gptbot)"
74.7.227.163 - - [08/Nov/2025:14:04:01 +0100] "GET /?path=//proc/742680/root/usr/lib/firmware/netronome/bpf HTTP/2.0" 200 32691 "-" "Mozilla/5.0 AppleWebKit/537.36 (KHTML, like Gecko; compatible; GPTBot/1.2; +https://openai.com/gptbot)"
74.7.227.204 - - [08/Nov/2025:14:04:02 +0100] "GET /795713419?detail=0793545630 HTTP/2.0" 200 75282 "-" "Mozilla/5.0 AppleWebKit/537.36 (KHTML, like Gecko; compatible; GPTBot/1.2; +https://openai.com/gptbot)"
74.7.227.59 - - [08/Nov/2025:14:04:02 +0100] "GET /?path=//proc/55207/root/proc/thread-self/root/lib64/perl5 HTTP/2.0" 200 13065 "-" "Mozilla/5.0 AppleWebKit/537.36 (KHTML, like Gecko; compatible; GPTBot/1.2; +https://openai.com/gptbot)"
74.7.227.27 - - [08/Nov/2025:14:04:02 +0100] "GET /?fileloc=//lib64/python2.7/test/test_warnings.pyo&path=//lib64/python2.7/test HTTP/2.0" 200 48179 "-" "Mozilla/5.0 AppleWebKit/537.36 (KHTML, like Gecko; compatible; GPTBot/1.2; +https://openai.com/gptbot)"
74.7.227.163 - - [08/Nov/2025:14:04:02 +0100] "GET /?path=//proc/742680/root/etc/ssl HTTP/2.0" 200 14187 "-" "Mozilla/5.0 AppleWebKit/537.36 (KHTML, like Gecko; compatible; GPTBot/1.2; +https://openai.com/gptbot)"
74.7.227.168 - - [08/Nov/2025:14:04:03 +0100] "GET /?path=//proc/55207/root/proc/sys/net/ipv4/conf/enp0s31f6 HTTP/2.0" 200 15646 "-" "Mozilla/5.0 AppleWebKit/537.36 (KHTML, like Gecko; compatible; GPTBot/1.2; +https://openai.com/gptbot)"
74.7.227.204 - - [08/Nov/2025:14:04:04 +0100] "GET /795657988?detail=0793490350 HTTP/2.0" 200 77831 "-" "Mozilla/5.0 AppleWebKit/537.36 (KHTML, like Gecko; compatible; GPTBot/1.2; +https://openai.com/gptbot)"
74.7.227.59 - - [08/Nov/2025:14:04:04 +0100] "GET /?path=//proc/54274/root/proc/self/root/opt/alt/libssh211 HTTP/2.0" 200 13101 "-" "Mozilla/5.0 AppleWebKit/537.36 (KHTML, like Gecko; compatible; GPTBot/1.2; +https://openai.com/gptbot)"
74.7.227.27 - - [08/Nov/2025:14:04:04 +0100] "GET /?path=//proc/self/root/proc/67277/root/opt/alt/python27/include/CXX/Python2 HTTP/2.0" 200 13366 "-" "Mozilla/5.0 AppleWebKit/537.36 (KHTML, like Gecko; compatible; GPTBot/1.2; +https://openai.com/gptbot)"
66.249.75.163 - - [08/Nov/2025:14:04:04 +0100] "GET /pcmypage?callback=/product%2Fdetail%2m54970102977 HTTP/1.1" 200 204010 "-" "Mozilla/5.0 (Linux; Android 6.0.1; Nexus 5X Build/MMB29P) AppleWebKit/537.36 (KHTML, like Gecko) Chrome/141.0.7390.122 Mobile Safari/537.36 (compatible; Googlebot/2.1; +http://www.google.com/bot.html)"
74.7.227.163 - - [08/Nov/2025:14:04:05 +0100] "GET /?fileloc=//proc/742680/root/usr/bin/setterm&path=//proc/742680/root/usr/bin HTTP/2.0" 200 77481 "-" "Mozilla/5.0 AppleWebKit/537.36 (KHTML, like Gecko; compatible; GPTBot/1.2; +https://openai.com/gptbot)"
74.7.227.204 - - [08/Nov/2025:14:04:05 +0100] "GET /304285562?detail=0303456814 HTTP/2.0" 200 75282 "-" "Mozilla/5.0 AppleWebKit/537.36 (KHTML, like Gecko; compatible; GPTBot/1.2; +https://openai.com/gptbot)"
74.7.227.27 - - [08/Nov/2025:14:04:06 +0100] "GET /?path=//proc/self/root/proc/53872/root/opt/alt/python38/include/CXX/Python3 HTTP/2.0" 200 13366 "-" "Mozilla/5.0 AppleWebKit/537.36 (KHTML, like Gecko; compatible; GPTBot/1.2; +https://openai.com/gptbot)"
74.7.227.59 - - [08/Nov/2025:14:04:06 +0100] "GET /?path=//proc/142086/root/proc/self/root/opt/alt/python34 HTTP/2.0" 200 13108 "-" "Mozilla/5.0 AppleWebKit/537.36 (KHTML, like Gecko; compatible; GPTBot/1.2; +https://openai.com/gptbot)"
74.7.227.163 - - [08/Nov/2025:14:04:06 +0100] "GET /?fileloc=//proc/742680/root/usr/bin/geqn&path=//proc/742680/root/usr/bin HTTP/2.0" 200 354632 "-" "Mozilla/5.0 AppleWebKit/537.36 (KHTML, like Gecko; compatible; GPTBot/1.2; +https://openai.com/gptbot)"
74.7.227.204 - - [08/Nov/2025:14:04:07 +0100] "GET /304269488?detail=0303440782 HTTP/2.0" 200 75282 "-" "Mozilla/5.0 AppleWebKit/537.36 (KHTML, like Gecko; compatible; GPTBot/1.2; +https://openai.com/gptbot)"
74.7.227.168 - - [08/Nov/2025:14:04:07 +0100] "GET /?path=//proc/53872/root/proc/sys/net/ipv4/conf/enp0s31f6 HTTP/2.0" 200 13097 "-" "Mozilla/5.0 AppleWebKit/537.36 (KHTML, like Gecko; compatible; GPTBot/1.2; +https://openai.com/gptbot)"
74.7.227.27 - - [08/Nov/2025:14:04:07 +0100] "GET /?path=//proc/self/root/proc/55207/root/opt/alt/python38/include/CXX/Python3 HTTP/2.0" 200 13366 "-" "Mozilla/5.0 AppleWebKit/537.36 (KHTML, like Gecko; compatible; GPTBot/1.2; +https://openai.com/gptbot)"
74.7.227.163 - - [08/Nov/2025:14:04:09 +0100] "GET /?fileloc=//proc/742680/root/usr/bin/cagefs_enter.proxied&path=//proc/742680/root/usr/bin HTTP/2.0" 200 16239 "-" "Mozilla/5.0 AppleWebKit/537.36 (KHTML, like Gecko; compatible; GPTBot/1.2; +https://openai.com/gptbot)"
74.7.227.59 - - [08/Nov/2025:14:04:09 +0100] "GET /?path=//proc/142086/root/proc/self/root/opt/alt/python35 HTTP/2.0" 200 13108 "-" "Mozilla/5.0 AppleWebKit/537.36 (KHTML, like Gecko; compatible; GPTBot/1.2; +https://openai.com/gptbot)"
74.7.227.204 - - [08/Nov/2025:14:04:09 +0100] "GET /304244635?detail=0303415998 HTTP/2.0" 200 75282 "-" "Mozilla/5.0 AppleWebKit/537.36 (KHTML, like Gecko; compatible; GPTBot/1.2; +https://openai.com/gptbot)"
74.7.227.27 - - [08/Nov/2025:14:04:10 +0100] "GET /?path=//proc/self/root/proc/53872/root/opt/alt/python27/include/CXX/Python2 HTTP/2.0" 200 13366 "-" "Mozilla/5.0 AppleWebKit/537.36 (KHTML, like Gecko; compatible; GPTBot/1.2; +https://openai.com/gptbot)"
74.7.227.163 - - [08/Nov/2025:14:04:10 +0100] "GET /?path=//proc/742680/root/lib/rpm/macros.d HTTP/2.0" 200 68264 "-" "Mozilla/5.0 AppleWebKit/537.36 (KHTML, like Gecko; compatible; GPTBot/1.2; +https://openai.com/gptbot)"
74.7.227.168 - - [08/Nov/2025:14:04:11 +0100] "GET /?fileloc=//lib64/python2.7/test/test_mutants.py&path=//lib64/python2.7/test HTTP/2.0" 200 21103 "-" "Mozilla/5.0 AppleWebKit/537.36 (KHTML, like Gecko; compatible; GPTBot/1.2; +https://openai.com/gptbot)"
74.7.227.59 - - [08/Nov/2025:14:04:11 +0100] "GET /?path=//proc/142086/root/proc/self/root/opt/alt/freetds11 HTTP/2.0" 200 15659 "-" "Mozilla/5.0 AppleWebKit/537.36 (KHTML, like Gecko; compatible; GPTBot/1.2; +https://openai.com/gptbot)"
74.7.227.27 - - [08/Nov/2025:14:04:11 +0100] "GET /?path=//proc/self/root/proc/55207/root/opt/alt/python27/include/CXX/Python2 HTTP/2.0" 200 13366 "-" "Mozilla/5.0 AppleWebKit/537.36 (KHTML, like Gecko; compatible; GPTBot/1.2; +https://openai.com/gptbot)"
74.7.227.204 - - [08/Nov/2025:14:04:11 +0100] "GET /304459911?detail=0303630686 HTTP/2.0" 200 75282 "-" "Mozilla/5.0 AppleWebKit/537.36 (KHTML, like Gecko; compatible; GPTBot/1.2; +https://openai.com/gptbot)"
74.7.227.163 - - [08/Nov/2025:14:04:11 +0100] "GET /?path=//proc/742680/root/lib/rpm/fileattrs HTTP/2.0" 200 18975 "-" "Mozilla/5.0 AppleWebKit/537.36 (KHTML, like Gecko; compatible; GPTBot/1.2; +https://openai.com/gptbot)"
216.73.216.214 - - [08/Nov/2025:14:04:13 +0100] "GET /kasyno-internetowe-z-bonusem-bez-depozytu-35?path=%2F%2Fusr%2Fshare%2Fgroff%2Fcurrent HTTP/2.0" 200 19470 "-" "Mozilla/5.0 AppleWebKit/537.36 (KHTML, like Gecko; compatible; ClaudeBot/1.0; +claudebot@anthropic.com)"
74.7.227.59 - - [08/Nov/2025:14:04:13 +0100] "GET /?path=//proc/55207/root/proc/self/root/opt/alt/python311 HTTP/2.0" 200 13101 "-" "Mozilla/5.0 AppleWebKit/537.36 (KHTML, like Gecko; compatible; GPTBot/1.2; +https://openai.com/gptbot)"
74.7.227.163 - - [08/Nov/2025:14:04:14 +0100] "GET /?path=//proc/742680/root/etc/pki HTTP/2.0" 200 26550 "-" "Mozilla/5.0 AppleWebKit/537.36 (KHTML, like Gecko; compatible; GPTBot/1.2; +https://openai.com/gptbot)"
74.7.227.27 - - [08/Nov/2025:14:04:13 +0100] "GET /?path=//proc/self/root/proc/54274/root/opt/alt/python27/include/CXX/Python2 HTTP/2.0" 200 13366 "-" "Mozilla/5.0 AppleWebKit/537.36 (KHTML, like Gecko; compatible; GPTBot/1.2; +https://openai.com/gptbot)"
74.7.227.204 - - [08/Nov/2025:14:04:13 +0100] "GET /795779745?detail=0793611774 HTTP/2.0" 200 75282 "-" "Mozilla/5.0 AppleWebKit/537.36 (KHTML, like Gecko; compatible; GPTBot/1.2; +https://openai.com/gptbot)"
74.7.227.59 - - [08/Nov/2025:14:04:15 +0100] "GET /?path=//proc/54274/root/proc/self/root/lib/firmware/r128 HTTP/2.0" 200 15655 "-" "Mozilla/5.0 AppleWebKit/537.36 (KHTML, like Gecko; compatible; GPTBot/1.2; +https://openai.com/gptbot)"
74.7.227.163 - - [08/Nov/2025:14:04:16 +0100] "GET /?path=//proc/742680/root/lib/kbd HTTP/2.0" 200 18312 "-" "Mozilla/5.0 AppleWebKit/537.36 (KHTML, like Gecko; compatible; GPTBot/1.2; +https://openai.com/gptbot)"
74.7.227.27 - - [08/Nov/2025:14:04:16 +0100] "GET /?path=//proc/self/root/proc/67277/root/opt/alt/python27/include/CXX HTTP/2.0" 200 13268 "-" "Mozilla/5.0 AppleWebKit/537.36 (KHTML, like Gecko; compatible; GPTBot/1.2; +https://openai.com/gptbot)"
74.7.227.204 - - [08/Nov/2025:14:04:16 +0100] "GET /304242775?detail=0303414142 HTTP/2.0" 200 75282 "-" "Mozilla/5.0 AppleWebKit/537.36 (KHTML, like Gecko; compatible; GPTBot/1.2; +https://openai.com/gptbot)"
74.7.227.163 - - [08/Nov/2025:14:04:17 +0100] "GET /?path=//proc/742680/root/lib/rpm/platform HTTP/2.0" 200 105574 "-" "Mozilla/5.0 AppleWebKit/537.36 (KHTML, like Gecko; compatible; GPTBot/1.2; +https://openai.com/gptbot)"
74.7.227.59 - - [08/Nov/2025:14:04:17 +0100] "GET /?path=//proc/53872/root/proc/thread-self/root/lib64/perl5 HTTP/2.0" 200 13065 "-" "Mozilla/5.0 AppleWebKit/537.36 (KHTML, like Gecko; compatible; GPTBot/1.2; +https://openai.com/gptbot)"
74.7.227.27 - - [08/Nov/2025:14:04:17 +0100] "GET /?path=//proc/self/root/proc/53872/root/opt/alt/python35/include/CXX/Python3 HTTP/2.0" 200 13366 "-" "Mozilla/5.0 AppleWebKit/537.36 (KHTML, like Gecko; compatible; GPTBot/1.2; +https://openai.com/gptbot)"
74.7.227.204 - - [08/Nov/2025:14:04:17 +0100] "GET /304285562?fileloc=/home/opal/public_html/wp-log1n.php&path=/home/opal/public_html HTTP/2.0" 200 14515 "-" "Mozilla/5.0 AppleWebKit/537.36 (KHTML, like Gecko; compatible; GPTBot/1.2; +https://openai.com/gptbot)"
74.7.227.163 - - [08/Nov/2025:14:04:18 +0100] "GET /?path=//proc/742680/root/proc/self/root/etc/ssl/certs HTTP/2.0" 200 20421 "-" "Mozilla/5.0 AppleWebKit/537.36 (KHTML, like Gecko; compatible; GPTBot/1.2; +https://openai.com/gptbot)"
74.7.227.27 - - [08/Nov/2025:14:04:19 +0100] "GET /?path=//proc/self/root/proc/53872/root/opt/alt/python38/include/CXX HTTP/2.0" 200 13268 "-" "Mozilla/5.0 AppleWebKit/537.36 (KHTML, like Gecko; compatible; GPTBot/1.2; +https://openai.com/gptbot)"
74.7.227.204 - - [08/Nov/2025:14:04:19 +0100] "GET /304413078?detail=0303583982 HTTP/2.0" 200 75282 "-" "Mozilla/5.0 AppleWebKit/537.36 (KHTML, like Gecko; compatible; GPTBot/1.2; +https://openai.com/gptbot)"
74.7.227.59 - - [08/Nov/2025:14:04:19 +0100] "GET /?path=//proc/53872/root/proc/self/root/opt/alt/python310 HTTP/2.0" 200 13101 "-" "Mozilla/5.0 AppleWebKit/537.36 (KHTML, like Gecko; compatible; GPTBot/1.2; +https://openai.com/gptbot)"
74.7.227.163 - - [08/Nov/2025:14:04:20 +0100] "GET /?path=//proc/742680/root/usr/lib/rpm/platform/sparc64-linux HTTP/2.0" 200 14614 "-" "Mozilla/5.0 AppleWebKit/537.36 (KHTML, like Gecko; compatible; GPTBot/1.2; +https://openai.com/gptbot)"
74.7.227.27 - - [08/Nov/2025:14:04:21 +0100] "GET /?path=//proc/self/root/proc/53872/root/opt/alt/python38/include HTTP/2.0" 200 13182 "-" "Mozilla/5.0 AppleWebKit/537.36 (KHTML, like Gecko; compatible; GPTBot/1.2; +https://openai.com/gptbot)"
74.7.227.204 - - [08/Nov/2025:14:04:21 +0100] "GET /304365925?detail=0303536958 HTTP/2.0" 200 77831 "-" "Mozilla/5.0 AppleWebKit/537.36 (KHTML, like Gecko; compatible; GPTBot/1.2; +https://openai.com/gptbot)"
74.7.227.59 - - [08/Nov/2025:14:04:22 +0100] "GET /?path=//lib/modules/4.18.0-553.54.1.lve.el8.x86_64/kernel/sound/usb/usx2y HTTP/2.0" 200 16486 "-" "Mozilla/5.0 AppleWebKit/537.36 (KHTML, like Gecko; compatible; GPTBot/1.2; +https://openai.com/gptbot)"
74.7.227.163 - - [08/Nov/2025:14:04:22 +0100] "GET /?path=//proc/742680/root/etc/ssl/certs HTTP/2.0" 200 17485 "-" "Mozilla/5.0 AppleWebKit/537.36 (KHTML, like Gecko; compatible; GPTBot/1.2; +https://openai.com/gptbot)"
74.7.227.27 - - [08/Nov/2025:14:04:23 +0100] "GET /?path=//proc/self/root/proc/53872/root/opt/alt/python27/include/CXX HTTP/2.0" 200 13268 "-" "Mozilla/5.0 AppleWebKit/537.36 (KHTML, like Gecko; compatible; GPTBot/1.2; +https://openai.com/gptbot)"
74.7.227.204 - - [08/Nov/2025:14:04:23 +0100] "GET /304252546?detail=0303423886 HTTP/2.0" 200 75282 "-" "Mozilla/5.0 AppleWebKit/537.36 (KHTML, like Gecko; compatible; GPTBot/1.2; +https://openai.com/gptbot)"
66.249.75.162 - - [08/Nov/2025:14:04:23 +0100] "GET /items/gppkg72/142?key=separate HTTP/1.1" 200 203820 "-" "Mozilla/5.0 (Linux; Android 6.0.1; Nexus 5X Build/MMB29P) AppleWebKit/537.36 (KHTML, like Gecko) Chrome/141.0.7390.122 Mobile Safari/537.36 (compatible; Googlebot/2.1; +http://www.google.com/bot.html)"
74.7.227.163 - - [08/Nov/2025:14:04:24 +0100] "GET /?path=//proc/742680/root/lib/firmware/qed HTTP/2.0" 200 44910 "-" "Mozilla/5.0 AppleWebKit/537.36 (KHTML, like Gecko; compatible; GPTBot/1.2; +https://openai.com/gptbot)"
74.7.227.27 - - [08/Nov/2025:14:04:24 +0100] "GET /?path=//proc/self/root/proc/55207/root/opt/alt/python38/include/CXX HTTP/2.0" 200 13268 "-" "Mozilla/5.0 AppleWebKit/537.36 (KHTML, like Gecko; compatible; GPTBot/1.2; +https://openai.com/gptbot)"
74.7.227.59 - - [08/Nov/2025:14:04:24 +0100] "GET /?path=//lib/modules/4.18.0-553.54.1.lve.el8.x86_64/kernel/sound/i2c/other HTTP/2.0" 200 19800 "-" "Mozilla/5.0 AppleWebKit/537.36 (KHTML, like Gecko; compatible; GPTBot/1.2; +https://openai.com/gptbot)"
74.7.227.204 - - [08/Nov/2025:14:04:24 +0100] "GET /304504368?detail=0303675022 HTTP/2.0" 200 75282 "-" "Mozilla/5.0 AppleWebKit/537.36 (KHTML, like Gecko; compatible; GPTBot/1.2; +https://openai.com/gptbot)"
74.7.227.163 - - [08/Nov/2025:14:04:25 +0100] "GET /?path=//proc/742680/root/lib/firmware/nxp HTTP/2.0" 200 23764 "-" "Mozilla/5.0 AppleWebKit/537.36 (KHTML, like Gecko; compatible; GPTBot/1.2; +https://openai.com/gptbot)"
74.7.227.27 - - [08/Nov/2025:14:04:25 +0100] "GET /?path=//proc/self/root/proc/54274/root/opt/alt/python38/include/CXX/Python3 HTTP/2.0" 200 13366 "-" "Mozilla/5.0 AppleWebKit/537.36 (KHTML, like Gecko; compatible; GPTBot/1.2; +https://openai.com/gptbot)"
66.249.75.163 - - [08/Nov/2025:14:04:25 +0100] "GET /peanut050042845.html HTTP/1.1" 200 204879 "-" "Mozilla/5.0 (Linux; Android 6.0.1; Nexus 5X Build/MMB29P) AppleWebKit/537.36 (KHTML, like Gecko) Chrome/141.0.7390.122 Mobile Safari/537.36 (compatible; Googlebot/2.1; +http://www.google.com/bot.html)"
74.7.227.59 - - [08/Nov/2025:14:04:27 +0100] "GET /?path=//lib/modules/4.18.0-553.54.1.lve.el8.x86_64/kernel/fs/overlayfs HTTP/2.0" 200 17229 "-" "Mozilla/5.0 AppleWebKit/537.36 (KHTML, like Gecko; compatible; GPTBot/1.2; +https://openai.com/gptbot)"
74.7.227.204 - - [08/Nov/2025:14:04:26 +0100] "GET /795607915?detail=0793440414 HTTP/2.0" 200 75282 "-" "Mozilla/5.0 AppleWebKit/537.36 (KHTML, like Gecko; compatible; GPTBot/1.2; +https://openai.com/gptbot)"
74.7.227.163 - - [08/Nov/2025:14:04:27 +0100] "GET /?path=//proc/742680/root/etc/pki/nssdb HTTP/2.0" 200 21822 "-" "Mozilla/5.0 AppleWebKit/537.36 (KHTML, like Gecko; compatible; GPTBot/1.2; +https://openai.com/gptbot)"
74.7.227.27 - - [08/Nov/2025:14:04:27 +0100] "GET /?path=//proc/self/root/proc/67277/root/opt/alt/python35/include/CXX/Python3 HTTP/2.0" 200 13366 "-" "Mozilla/5.0 AppleWebKit/537.36 (KHTML, like Gecko; compatible; GPTBot/1.2; +https://openai.com/gptbot)"
74.7.227.168 - - [08/Nov/2025:14:04:28 +0100] "GET /?fileloc=//lib64/python2.7/test/test_strtod.pyc&path=//lib64/python2.7/test HTTP/2.0" 200 31307 "-" "Mozilla/5.0 AppleWebKit/537.36 (KHTML, like Gecko; compatible; GPTBot/1.2; +https://openai.com/gptbot)"
66.249.69.135 - - [08/Nov/2025:14:04:27 +0100] "GET /15770891?detail=0015728286 HTTP/1.1" 200 199865 "-" "Mozilla/5.0 (Linux; Android 6.0.1; Nexus 5X Build/MMB29P) AppleWebKit/537.36 (KHTML, like Gecko) Chrome/141.0.7390.122 Mobile Safari/537.36 (compatible; Googlebot/2.1; +http://www.google.com/bot.html)"
74.7.227.163 - - [08/Nov/2025:14:04:29 +0100] "GET /?path=//proc/742680/root/usr/lib/rpm/platform/aarch64-linux HTTP/2.0" 200 17163 "-" "Mozilla/5.0 AppleWebKit/537.36 (KHTML, like Gecko; compatible; GPTBot/1.2; +https://openai.com/gptbot)"
74.7.227.204 - - [08/Nov/2025:14:04:29 +0100] "GET /795704885?detail=0793537118 HTTP/2.0" 200 75282 "-" "Mozilla/5.0 AppleWebKit/537.36 (KHTML, like Gecko; compatible; GPTBot/1.2; +https://openai.com/gptbot)"
74.7.227.27 - - [08/Nov/2025:14:04:29 +0100] "GET /?path=//proc/self/root/proc/53872/root/opt/alt/python35/include/CXX HTTP/2.0" 200 13268 "-" "Mozilla/5.0 AppleWebKit/537.36 (KHTML, like Gecko; compatible; GPTBot/1.2; +https://openai.com/gptbot)"
74.7.227.59 - - [08/Nov/2025:14:04:29 +0100] "GET /?path=//lib/modules/4.18.0-553.54.1.lve.el8.x86_64/kernel/fs/squashfs HTTP/2.0" 200 14678 "-" "Mozilla/5.0 AppleWebKit/537.36 (KHTML, like Gecko; compatible; GPTBot/1.2; +https://openai.com/gptbot)"
74.7.227.163 - - [08/Nov/2025:14:04:30 +0100] "GET /?path=//proc/742680/root/etc/pki/tls HTTP/2.0" 200 20102 "-" "Mozilla/5.0 AppleWebKit/537.36 (KHTML, like Gecko; compatible; GPTBot/1.2; +https://openai.com/gptbot)"
74.7.227.204 - - [08/Nov/2025:14:04:31 +0100] "GET /795704595?detail=0793536830 HTTP/2.0" 200 77831 "-" "Mozilla/5.0 AppleWebKit/537.36 (KHTML, like Gecko; compatible; GPTBot/1.2; +https://openai.com/gptbot)"
74.7.227.27 - - [08/Nov/2025:14:04:31 +0100] "GET /?path=//proc/self/root/proc/53872/root/opt/alt/python35/include HTTP/2.0" 200 13182 "-" "Mozilla/5.0 AppleWebKit/537.36 (KHTML, like Gecko; compatible; GPTBot/1.2; +https://openai.com/gptbot)"
40.77.167.41 - - [08/Nov/2025:14:04:32 +0100] "GET /?p=24394 HTTP/2.0" 200 13 "-" "Mozilla/5.0 AppleWebKit/537.36 (KHTML, like Gecko; compatible; bingbot/2.0; +http://www.bing.com/bingbot.htm) Chrome/116.0.1938.76 Safari/537.36"
74.7.227.59 - - [08/Nov/2025:14:04:31 +0100] "GET /?path=//proc/142086/root/etc/environment-modules HTTP/2.0" 200 12868 "-" "Mozilla/5.0 AppleWebKit/537.36 (KHTML, like Gecko; compatible; GPTBot/1.2; +https://openai.com/gptbot)"
74.7.227.163 - - [08/Nov/2025:14:04:31 +0100] "GET /?path=//proc/742680/root/lib/rpm/platform/s390-linux HTTP/2.0" 200 14517 "-" "Mozilla/5.0 AppleWebKit/537.36 (KHTML, like Gecko; compatible; GPTBot/1.2; +https://openai.com/gptbot)"
74.7.227.204 - - [08/Nov/2025:14:04:32 +0100] "GET /795769251?detail=0793601310 HTTP/2.0" 200 75282 "-" "Mozilla/5.0 AppleWebKit/537.36 (KHTML, like Gecko; compatible; GPTBot/1.2; +https://openai.com/gptbot)"
74.7.227.27 - - [08/Nov/2025:14:04:32 +0100] "GET /?path=//proc/self/root/proc/55207/root/opt/alt/python35/include/CXX/Python3 HTTP/2.0" 200 13366 "-" "Mozilla/5.0 AppleWebKit/537.36 (KHTML, like Gecko; compatible; GPTBot/1.2; +https://openai.com/gptbot)"
66.249.75.162 - - [08/Nov/2025:14:04:32 +0100] "GET /finance187040306.html HTTP/1.1" 200 200449 "-" "Mozilla/5.0 (Linux; Android 6.0.1; Nexus 5X Build/MMB29P) AppleWebKit/537.36 (KHTML, like Gecko) Chrome/141.0.7390.122 Mobile Safari/537.36 (compatible; Googlebot/2.1; +http://www.google.com/bot.html)"
74.7.227.204 - - [08/Nov/2025:14:04:34 +0100] "GET /304437899?detail=0303608734 HTTP/2.0" 200 77831 "-" "Mozilla/5.0 AppleWebKit/537.36 (KHTML, like Gecko; compatible; GPTBot/1.2; +https://openai.com/gptbot)"
74.7.227.59 - - [08/Nov/2025:14:04:34 +0100] "GET /?fileloc=//usr/sbin/cracklib-unpacker&path=//usr/sbin HTTP/2.0" 200 25876 "-" "Mozilla/5.0 AppleWebKit/537.36 (KHTML, like Gecko; compatible; GPTBot/1.2; +https://openai.com/gptbot)"
74.7.227.27 - - [08/Nov/2025:14:04:34 +0100] "GET /?path=//proc/self/root/proc/67277/root/opt/alt/python38/include/CXX/Python3 HTTP/2.0" 200 13366 "-" "Mozilla/5.0 AppleWebKit/537.36 (KHTML, like Gecko; compatible; GPTBot/1.2; +https://openai.com/gptbot)"
216.73.216.214 - - [08/Nov/2025:14:04:35 +0100] "GET /url%20=%3Cwidth%3Ex%3Cheight%3E%20%22optional%20title%22?fileloc=%2F%2Flib64%2FlibSM.so.6.0.1&path=%2F%2Flib64 HTTP/2.0" 200 68663 "-" "Mozilla/5.0 AppleWebKit/537.36 (KHTML, like Gecko; compatible; ClaudeBot/1.0; +claudebot@anthropic.com)"
66.249.75.162 - - [08/Nov/2025:14:04:34 +0100] "GET /iron162031877.html HTTP/1.1" 200 204737 "-" "Mozilla/5.0 (Linux; Android 6.0.1; Nexus 5X Build/MMB29P) AppleWebKit/537.36 (KHTML, like Gecko) Chrome/141.0.7390.122 Mobile Safari/537.36 (compatible; Googlebot/2.1; +http://www.google.com/bot.html)"
74.7.227.204 - - [08/Nov/2025:14:04:35 +0100] "GET /304418871?detail=0303589758 HTTP/2.0" 200 75282 "-" "Mozilla/5.0 AppleWebKit/537.36 (KHTML, like Gecko; compatible; GPTBot/1.2; +https://openai.com/gptbot)"
74.7.227.27 - - [08/Nov/2025:14:04:35 +0100] "GET /?path=//proc/self/root/proc/54274/root/opt/alt/python35/include/CXX/Python3 HTTP/2.0" 200 13366 "-" "Mozilla/5.0 AppleWebKit/537.36 (KHTML, like Gecko; compatible; GPTBot/1.2; +https://openai.com/gptbot)"
74.7.227.59 - - [08/Nov/2025:14:04:36 +0100] "GET /?path=//proc/67277/root/proc/self/root/usr/lib/python3.6/site-packages/certbot/plugins/__pycache__ HTTP/2.0" 200 13535 "-" "Mozilla/5.0 AppleWebKit/537.36 (KHTML, like Gecko; compatible; GPTBot/1.2; +https://openai.com/gptbot)"
74.7.227.204 - - [08/Nov/2025:14:04:36 +0100] "GET /304379548?detail=0303550542 HTTP/2.0" 200 75282 "-" "Mozilla/5.0 AppleWebKit/537.36 (KHTML, like Gecko; compatible; GPTBot/1.2; +https://openai.com/gptbot)"
74.7.227.27 - - [08/Nov/2025:14:04:36 +0100] "GET /?path=//proc/self/root/proc/54274/root/opt/alt/python38/include/CXX HTTP/2.0" 200 13268 "-" "Mozilla/5.0 AppleWebKit/537.36 (KHTML, like Gecko; compatible; GPTBot/1.2; +https://openai.com/gptbot)"
74.7.227.168 - - [08/Nov/2025:14:04:37 +0100] "GET /?path=//proc/54274/root/proc/sys/net/ipv4/conf/enp0s31f6 HTTP/2.0" 200 13097 "-" "Mozilla/5.0 AppleWebKit/537.36 (KHTML, like Gecko; compatible; GPTBot/1.2; +https://openai.com/gptbot)"
74.7.227.59 - - [08/Nov/2025:14:04:37 +0100] "GET /?path=//proc/67277/root/proc/self/root/usr/lib/python3.6/site-packages/parsedatetime/__pycache__ HTTP/2.0" 200 13436 "-" "Mozilla/5.0 AppleWebKit/537.36 (KHTML, like Gecko; compatible; GPTBot/1.2; +https://openai.com/gptbot)"
74.7.227.204 - - [08/Nov/2025:14:04:38 +0100] "GET /304427838?detail=0303598702 HTTP/2.0" 200 75282 "-" "Mozilla/5.0 AppleWebKit/537.36 (KHTML, like Gecko; compatible; GPTBot/1.2; +https://openai.com/gptbot)"
66.249.75.162 - - [08/Nov/2025:14:04:37 +0100] "GET /average062048973.html HTTP/1.1" 200 200898 "-" "Mozilla/5.0 (Linux; Android 6.0.1; Nexus 5X Build/MMB29P) AppleWebKit/537.36 (KHTML, like Gecko) Chrome/141.0.7390.122 Mobile Safari/537.36 (compatible; Googlebot/2.1; +http://www.google.com/bot.html)"
74.7.227.27 - - [08/Nov/2025:14:04:38 +0100] "GET /?fileloc=//etc/security/opasswd&path=//etc/security HTTP/2.0" 200 12288 "-" "Mozilla/5.0 AppleWebKit/537.36 (KHTML, like Gecko; compatible; GPTBot/1.2; +https://openai.com/gptbot)"
74.7.227.59 - - [08/Nov/2025:14:04:39 +0100] "GET /?path=//proc/67277/root/proc/self/root/usr/lib/python3.6/site-packages/certbot/display/__pycache__ HTTP/2.0" 200 16084 "-" "Mozilla/5.0 AppleWebKit/537.36 (KHTML, like Gecko; compatible; GPTBot/1.2; +https://openai.com/gptbot)"
74.7.227.204 - - [08/Nov/2025:14:04:39 +0100] "GET /304314794?detail=0303485966 HTTP/2.0" 200 75282 "-" "Mozilla/5.0 AppleWebKit/537.36 (KHTML, like Gecko; compatible; GPTBot/1.2; +https://openai.com/gptbot)"
74.7.227.27 - - [08/Nov/2025:14:04:39 +0100] "GET /?path=//usr/lib64/gtk-2.0/2.10.0/engines HTTP/2.0" 200 14369 "-" "Mozilla/5.0 AppleWebKit/537.36 (KHTML, like Gecko; compatible; GPTBot/1.2; +https://openai.com/gptbot)"
74.7.227.163 - - [08/Nov/2025:14:04:40 +0100] "GET /?path=//proc/742680/root/lib/kbd/consolefonts HTTP/2.0" 200 339255 "-" "Mozilla/5.0 AppleWebKit/537.36 (KHTML, like Gecko; compatible; GPTBot/1.2; +https://openai.com/gptbot)"
74.7.227.59 - - [08/Nov/2025:14:04:40 +0100] "GET /?fileloc=//proc/53872/root/opt/cloudlinux/alt-php56/enable&path=//proc/53872/root/opt/cloudlinux/alt-php56 HTTP/2.0" 200 12538 "-" "Mozilla/5.0 AppleWebKit/537.36 (KHTML, like Gecko; compatible; GPTBot/1.2; +https://openai.com/gptbot)"
74.7.227.204 - - [08/Nov/2025:14:04:41 +0100] "GET /795671031?detail=0793503358 HTTP/2.0" 200 75282 "-" "Mozilla/5.0 AppleWebKit/537.36 (KHTML, like Gecko; compatible; GPTBot/1.2; +https://openai.com/gptbot)"
74.7.227.27 - - [08/Nov/2025:14:04:41 +0100] "GET /?path=//usr/lib64/python3.6/ensurepip HTTP/2.0" 200 18695 "-" "Mozilla/5.0 AppleWebKit/537.36 (KHTML, like Gecko; compatible; GPTBot/1.2; +https://openai.com/gptbot)"
