216.73.216.214 - - [08/Nov/2025:13:36:38 +0100] "GET /kasyno-internetowe-z-bonusem-bez-depozytu-35?fileloc=%2F%2Fopt%2Fcpanel%2Fea-openssl11%2Fshare%2Fdoc%2Fopenssl%2Fhtml%2Fman3%2Fi2d_BASIC_CONSTRAINTS.html&path=%2F%2Fopt%2Fcpanel%2Fea-openssl11%2Fshare%2Fdoc%2Fopenssl%2Fhtml%2Fman3 HTTP/2.0" 200 32814 "-" "Mozilla/5.0 AppleWebKit/537.36 (KHTML, like Gecko; compatible; ClaudeBot/1.0; +claudebot@anthropic.com)"
74.7.227.27 - - [08/Nov/2025:13:36:39 +0100] "GET /?fileloc=//usr/lib64/python2.7/test/test_modulefinder.pyc&path=//usr/lib64/python2.7/test HTTP/2.0" 200 21003 "-" "Mozilla/5.0 AppleWebKit/537.36 (KHTML, like Gecko; compatible; GPTBot/1.2; +https://openai.com/gptbot)"
66.249.69.133 - - [08/Nov/2025:13:36:40 +0100] "GET /stem060012977.html HTTP/1.1" 200 552366 "-" "Mozilla/5.0 (Linux; Android 6.0.1; Nexus 5X Build/MMB29P) AppleWebKit/537.36 (KHTML, like Gecko) Chrome/141.0.7390.122 Mobile Safari/537.36 (compatible; Googlebot/2.1; +http://www.google.com/bot.html)"
74.7.227.163 - - [08/Nov/2025:13:36:39 +0100] "GET /?path=//proc/742680/root/proc/self/root/opt/cloudlinux/alt-php72/root/usr/include/php/sapi/cli HTTP/2.0" 200 15445 "-" "Mozilla/5.0 AppleWebKit/537.36 (KHTML, like Gecko; compatible; GPTBot/1.2; +https://openai.com/gptbot)"
74.7.227.59 - - [08/Nov/2025:13:36:41 +0100] "GET /?path=//lib/modules/4.18.0-553.54.1.lve.el8.x86_64/kernel/sound/core HTTP/2.0" 200 31810 "-" "Mozilla/5.0 AppleWebKit/537.36 (KHTML, like Gecko; compatible; GPTBot/1.2; +https://openai.com/gptbot)"
37.187.226.30 - - [08/Nov/2025:13:36:41 +0100] "GET /powerlessness-is-not-weakness-marr-treatment/?fileloc=/home/opal/public_html/wp-includes/css/wp-auth-check.css&path=/home/opal/public_html/wp-includes/css HTTP/1.1" 200 14986 "-" "Mozilla/5.0 (compatible; MJ12bot/v1.4.8; http://mj12bot.com/)"
74.7.227.204 - - [08/Nov/2025:13:36:41 +0100] "GET /304355096?detail=0303526158 HTTP/2.0" 200 75282 "-" "Mozilla/5.0 AppleWebKit/537.36 (KHTML, like Gecko; compatible; GPTBot/1.2; +https://openai.com/gptbot)"
74.7.227.27 - - [08/Nov/2025:13:36:41 +0100] "GET /?fileloc=//usr/lib64/python2.7/test/test_pkgimport.py&path=//usr/lib64/python2.7/test HTTP/2.0" 200 15464 "-" "Mozilla/5.0 AppleWebKit/537.36 (KHTML, like Gecko; compatible; GPTBot/1.2; +https://openai.com/gptbot)"
216.73.216.214 - - [08/Nov/2025:13:36:42 +0100] "GET /kasyno-internetowe-z-bonusem-bez-depozytu-35?fileloc=%2F%2Fopt%2Fcpanel%2Fea-openssl11%2Fshare%2Fdoc%2Fopenssl%2Fhtml%2Fman3%2FSSL_CTX_use_certificate_file.html&path=%2F%2Fopt%2Fcpanel%2Fea-openssl11%2Fshare%2Fdoc%2Fopenssl%2Fhtml%2Fman3 HTTP/2.0" 200 27031 "-" "Mozilla/5.0 AppleWebKit/537.36 (KHTML, like Gecko; compatible; ClaudeBot/1.0; +claudebot@anthropic.com)"
74.7.227.168 - - [08/Nov/2025:13:36:42 +0100] "GET /?fileloc=//usr/lib64/python2.7/test/test_iterlen.py&path=//usr/lib64/python2.7/test HTTP/2.0" 200 20639 "-" "Mozilla/5.0 AppleWebKit/537.36 (KHTML, like Gecko; compatible; GPTBot/1.2; +https://openai.com/gptbot)"
74.7.227.163 - - [08/Nov/2025:13:36:42 +0100] "GET /?path=//proc/742680/root/proc/self/root/opt/cloudlinux/alt-php74/root/usr/include/php/ext/sockets HTTP/2.0" 200 15494 "-" "Mozilla/5.0 AppleWebKit/537.36 (KHTML, like Gecko; compatible; GPTBot/1.2; +https://openai.com/gptbot)"
74.7.227.204 - - [08/Nov/2025:13:36:43 +0100] "GET /304224485?detail=0303395902 HTTP/2.0" 200 75282 "-" "Mozilla/5.0 AppleWebKit/537.36 (KHTML, like Gecko; compatible; GPTBot/1.2; +https://openai.com/gptbot)"
74.7.227.27 - - [08/Nov/2025:13:36:44 +0100] "GET /?fileloc=//usr/lib64/python2.7/test/test_filecmp.pyc&path=//usr/lib64/python2.7/test HTTP/2.0" 200 17976 "-" "Mozilla/5.0 AppleWebKit/537.36 (KHTML, like Gecko; compatible; GPTBot/1.2; +https://openai.com/gptbot)"
74.7.227.59 - - [08/Nov/2025:13:36:44 +0100] "GET /?path=//lib/modules/4.18.0-553.54.1.lve.el8.x86_64/kernel/fs/nfs/filelayout HTTP/2.0" 200 14853 "-" "Mozilla/5.0 AppleWebKit/537.36 (KHTML, like Gecko; compatible; GPTBot/1.2; +https://openai.com/gptbot)"
216.73.216.214 - - [08/Nov/2025:13:36:44 +0100] "GET /kasyno-internetowe-z-bonusem-bez-depozytu-35?fileloc=%2F%2Fopt%2Fcpanel%2Fea-openssl11%2Fshare%2Fdoc%2Fopenssl%2Fhtml%2Fman3%2FDTLS_get_data_mtu.html&path=%2F%2Fopt%2Fcpanel%2Fea-openssl11%2Fshare%2Fdoc%2Fopenssl%2Fhtml%2Fman3 HTTP/2.0" 200 15190 "-" "Mozilla/5.0 AppleWebKit/537.36 (KHTML, like Gecko; compatible; ClaudeBot/1.0; +claudebot@anthropic.com)"
74.7.227.163 - - [08/Nov/2025:13:36:45 +0100] "GET /?path=//proc/742680/root/proc/self/root/opt/cloudlinux/alt-php73/root/usr/include/php/ext/iconv HTTP/2.0" 200 33204 "-" "Mozilla/5.0 AppleWebKit/537.36 (KHTML, like Gecko; compatible; GPTBot/1.2; +https://openai.com/gptbot)"
37.187.226.30 - - [08/Nov/2025:13:36:45 +0100] "GET /powerlessness-is-not-weakness-marr-treatment/?fileloc=/home/opal/public_html/wp-includes/css/wp-auth-check.min.css&path=/home/opal/public_html/wp-includes/css HTTP/1.1" 200 14402 "-" "Mozilla/5.0 (compatible; MJ12bot/v1.4.8; http://mj12bot.com/)"
74.7.227.204 - - [08/Nov/2025:13:36:45 +0100] "GET /304489975?detail=0303660670 HTTP/2.0" 200 75282 "-" "Mozilla/5.0 AppleWebKit/537.36 (KHTML, like Gecko; compatible; GPTBot/1.2; +https://openai.com/gptbot)"
74.7.227.27 - - [08/Nov/2025:13:36:46 +0100] "GET /?fileloc=//usr/lib64/python2.7/test/pydocfodder.pyo&path=//usr/lib64/python2.7/test HTTP/2.0" 200 28815 "-" "Mozilla/5.0 AppleWebKit/537.36 (KHTML, like Gecko; compatible; GPTBot/1.2; +https://openai.com/gptbot)"
216.73.216.214 - - [08/Nov/2025:13:36:47 +0100] "GET /kasyno-internetowe-z-bonusem-bez-depozytu-35?fileloc=%2F%2Fopt%2Fcpanel%2Fea-openssl11%2Fshare%2Fdoc%2Fopenssl%2Fhtml%2Fman3%2FOPENSSL_hexchar2int.html&path=%2F%2Fopt%2Fcpanel%2Fea-openssl11%2Fshare%2Fdoc%2Fopenssl%2Fhtml%2Fman3 HTTP/2.0" 200 - "-" "Mozilla/5.0 AppleWebKit/537.36 (KHTML, like Gecko; compatible; ClaudeBot/1.0; +claudebot@anthropic.com)"
66.249.75.163 - - [08/Nov/2025:13:36:46 +0100] "GET /north265045308.html HTTP/1.1" 200 201011 "-" "Mozilla/5.0 (Linux; Android 6.0.1; Nexus 5X Build/MMB29P) AppleWebKit/537.36 (KHTML, like Gecko) Chrome/141.0.7390.122 Mobile Safari/537.36 (compatible; Googlebot/2.1; +http://www.google.com/bot.html)"
74.7.227.59 - - [08/Nov/2025:13:36:46 +0100] "GET /?path=//lib/modules/4.18.0-553.54.1.lve.el8.x86_64/kernel/fs/nfs/blocklayout HTTP/2.0" 200 14835 "-" "Mozilla/5.0 AppleWebKit/537.36 (KHTML, like Gecko; compatible; GPTBot/1.2; +https://openai.com/gptbot)"
74.7.227.168 - - [08/Nov/2025:13:36:46 +0100] "GET /?fileloc=//usr/lib64/python2.7/test/sortperf.pyo&path=//usr/lib64/python2.7/test HTTP/2.0" 200 16858 "-" "Mozilla/5.0 AppleWebKit/537.36 (KHTML, like Gecko; compatible; GPTBot/1.2; +https://openai.com/gptbot)"
74.7.227.163 - - [08/Nov/2025:13:36:47 +0100] "GET /?path=//proc/742680/root/proc/self/root/opt/cloudlinux/alt-php74/root/usr/include/php/ext/gmp HTTP/2.0" 200 15470 "-" "Mozilla/5.0 AppleWebKit/537.36 (KHTML, like Gecko; compatible; GPTBot/1.2; +https://openai.com/gptbot)"
74.7.227.204 - - [08/Nov/2025:13:36:47 +0100] "GET /304476563?detail=0303647294 HTTP/2.0" 200 75282 "-" "Mozilla/5.0 AppleWebKit/537.36 (KHTML, like Gecko; compatible; GPTBot/1.2; +https://openai.com/gptbot)"
74.7.227.27 - - [08/Nov/2025:13:36:48 +0100] "GET /?fileloc=//usr/lib64/python2.7/test/test_univnewlines.pyo&path=//usr/lib64/python2.7/test HTTP/2.0" 200 18136 "-" "Mozilla/5.0 AppleWebKit/537.36 (KHTML, like Gecko; compatible; GPTBot/1.2; +https://openai.com/gptbot)"
216.73.216.214 - - [08/Nov/2025:13:36:48 +0100] "GET /kasyno-internetowe-z-bonusem-bez-depozytu-35?fileloc=%2F%2Flib64%2Fpython2.7%2Flib-dynload%2F_tkinter_d.so&path=%2F%2Flib64%2Fpython2.7%2Flib-dynload HTTP/2.0" 200 113073 "-" "Mozilla/5.0 AppleWebKit/537.36 (KHTML, like Gecko; compatible; ClaudeBot/1.0; +claudebot@anthropic.com)"
37.187.226.30 - - [08/Nov/2025:13:36:49 +0100] "GET /powerlessness-is-not-weakness-marr-treatment/?fileloc=/home/opal/public_html/wp-includes/css/wp-embed-template-ie.css&path=/home/opal/public_html/wp-includes/css HTTP/1.1" 200 13984 "-" "Mozilla/5.0 (compatible; MJ12bot/v1.4.8; http://mj12bot.com/)"
74.7.227.163 - - [08/Nov/2025:13:36:49 +0100] "GET /?path=//proc/742680/root/proc/self/root/opt/cloudlinux/alt-php73/root/usr/include/php/ext/apcu HTTP/2.0" 200 38776 "-" "Mozilla/5.0 AppleWebKit/537.36 (KHTML, like Gecko; compatible; GPTBot/1.2; +https://openai.com/gptbot)"
74.7.227.59 - - [08/Nov/2025:13:36:49 +0100] "GET /?path=//lib/modules/4.18.0-553.54.1.lve.el8.x86_64/kernel/sound/x86 HTTP/2.0" 200 14709 "-" "Mozilla/5.0 AppleWebKit/537.36 (KHTML, like Gecko; compatible; GPTBot/1.2; +https://openai.com/gptbot)"
74.7.227.204 - - [08/Nov/2025:13:36:50 +0100] "GET /304483527?detail=0303654238 HTTP/2.0" 200 75282 "-" "Mozilla/5.0 AppleWebKit/537.36 (KHTML, like Gecko; compatible; GPTBot/1.2; +https://openai.com/gptbot)"
74.7.227.168 - - [08/Nov/2025:13:36:50 +0100] "GET /?fileloc=//usr/lib64/python2.7/test/test_hotshot.pyo&path=//usr/lib64/python2.7/test HTTP/2.0" 200 19416 "-" "Mozilla/5.0 AppleWebKit/537.36 (KHTML, like Gecko; compatible; GPTBot/1.2; +https://openai.com/gptbot)"
216.73.216.214 - - [08/Nov/2025:13:36:52 +0100] "GET /kasyno-internetowe-z-bonusem-bez-depozytu-35?fileloc=%2F%2Flib64%2Fpython3.6%2Fpydoc.py&path=%2F%2Flib64%2Fpython3.6 HTTP/2.0" 200 132825 "-" "Mozilla/5.0 AppleWebKit/537.36 (KHTML, like Gecko; compatible; ClaudeBot/1.0; +claudebot@anthropic.com)"
74.7.227.27 - - [08/Nov/2025:13:36:50 +0100] "GET /?fileloc=//usr/lib64/python2.7/test/test_marshal.pyo&path=//usr/lib64/python2.7/test HTTP/2.0" 200 31284 "-" "Mozilla/5.0 AppleWebKit/537.36 (KHTML, like Gecko; compatible; GPTBot/1.2; +https://openai.com/gptbot)"
74.7.227.163 - - [08/Nov/2025:13:36:52 +0100] "GET /?path=//proc/742680/root/proc/self/root/opt/cloudlinux/alt-php73/root/usr/include/php/ext/curl HTTP/2.0" 200 15464 "-" "Mozilla/5.0 AppleWebKit/537.36 (KHTML, like Gecko; compatible; GPTBot/1.2; +https://openai.com/gptbot)"
74.7.227.204 - - [08/Nov/2025:13:36:53 +0100] "GET /304439646?detail=0303610478 HTTP/2.0" 200 77831 "-" "Mozilla/5.0 AppleWebKit/537.36 (KHTML, like Gecko; compatible; GPTBot/1.2; +https://openai.com/gptbot)"
74.7.227.59 - - [08/Nov/2025:13:36:53 +0100] "GET /?path=//lib/modules/4.18.0-553.54.1.lve.el8.x86_64/kernel/arch/x86 HTTP/2.0" 200 20316 "-" "Mozilla/5.0 AppleWebKit/537.36 (KHTML, like Gecko; compatible; GPTBot/1.2; +https://openai.com/gptbot)"
37.187.226.30 - - [08/Nov/2025:13:36:53 +0100] "GET /powerlessness-is-not-weakness-marr-treatment/?fileloc=/home/opal/public_html/wp-includes/css/wp-empty-template-alert.min.css&path=/home/opal/public_html/wp-includes/css HTTP/1.1" 200 12926 "-" "Mozilla/5.0 (compatible; MJ12bot/v1.4.8; http://mj12bot.com/)"
74.7.227.27 - - [08/Nov/2025:13:36:54 +0100] "GET /?fileloc=//usr/lib64/python2.7/test/test_warnings.pyc&path=//usr/lib64/python2.7/test HTTP/2.0" 200 48244 "-" "Mozilla/5.0 AppleWebKit/537.36 (KHTML, like Gecko; compatible; GPTBot/1.2; +https://openai.com/gptbot)"
74.7.227.163 - - [08/Nov/2025:13:36:54 +0100] "GET /?path=//proc/742680/root/proc/self/root/opt/cloudlinux/alt-php73/root/usr/include/php/ext/phar HTTP/2.0" 200 15464 "-" "Mozilla/5.0 AppleWebKit/537.36 (KHTML, like Gecko; compatible; GPTBot/1.2; +https://openai.com/gptbot)"
216.73.216.214 - - [08/Nov/2025:13:36:54 +0100] "GET /kasyno-internetowe-z-bonusem-bez-depozytu-35?fileloc=%2Fhome%2Fopal%2F.trash%2Fwp-includes%2Fclass-wp-customize-widgets.php&path=%2Fhome%2Fopal%2F.trash%2Fwp-includes HTTP/2.0" 200 91622 "-" "Mozilla/5.0 AppleWebKit/537.36 (KHTML, like Gecko; compatible; ClaudeBot/1.0; +claudebot@anthropic.com)"
74.7.227.204 - - [08/Nov/2025:13:36:55 +0100] "GET /304235668?detail=0303407054 HTTP/2.0" 200 75282 "-" "Mozilla/5.0 AppleWebKit/537.36 (KHTML, like Gecko; compatible; GPTBot/1.2; +https://openai.com/gptbot)"
74.7.227.168 - - [08/Nov/2025:13:36:55 +0100] "GET /?fileloc=//usr/lib64/python2.7/test/test_httplib.py&path=//usr/lib64/python2.7/test HTTP/2.0" 200 58546 "-" "Mozilla/5.0 AppleWebKit/537.36 (KHTML, like Gecko; compatible; GPTBot/1.2; +https://openai.com/gptbot)"
74.7.227.59 - - [08/Nov/2025:13:36:56 +0100] "GET /?path=//lib/modules/4.18.0-553.54.1.lve.el8.x86_64/kernel/sound/pci HTTP/2.0" 200 66904 "-" "Mozilla/5.0 AppleWebKit/537.36 (KHTML, like Gecko; compatible; GPTBot/1.2; +https://openai.com/gptbot)"
74.7.227.27 - - [08/Nov/2025:13:36:56 +0100] "GET /?fileloc=//usr/lib64/python2.7/test/tf_inherit_check.pyo&path=//usr/lib64/python2.7/test HTTP/2.0" 200 12991 "-" "Mozilla/5.0 AppleWebKit/537.36 (KHTML, like Gecko; compatible; GPTBot/1.2; +https://openai.com/gptbot)"
216.73.216.214 - - [08/Nov/2025:13:36:56 +0100] "GET /kasyno-internetowe-z-bonusem-bez-depozytu-35?fileloc=%2F%2Fopt%2Fcpanel%2Fea-openssl11%2Fshare%2Fdoc%2Fopenssl%2Fhtml%2Fman3%2FDSA_get0_key.html&path=%2F%2Fopt%2Fcpanel%2Fea-openssl11%2Fshare%2Fdoc%2Fopenssl%2Fhtml%2Fman3 HTTP/2.0" 200 20647 "-" "Mozilla/5.0 AppleWebKit/537.36 (KHTML, like Gecko; compatible; ClaudeBot/1.0; +claudebot@anthropic.com)"
74.7.227.163 - - [08/Nov/2025:13:36:56 +0100] "GET /?path=//proc/742680/root/proc/self/root/opt/cloudlinux/alt-php73/root/usr/include/php/ext/hash HTTP/2.0" 200 38156 "-" "Mozilla/5.0 AppleWebKit/537.36 (KHTML, like Gecko; compatible; GPTBot/1.2; +https://openai.com/gptbot)"
74.7.227.204 - - [08/Nov/2025:13:36:58 +0100] "GET /304517057?detail=0303687678 HTTP/2.0" 200 75282 "-" "Mozilla/5.0 AppleWebKit/537.36 (KHTML, like Gecko; compatible; GPTBot/1.2; +https://openai.com/gptbot)"
216.73.216.214 - - [08/Nov/2025:13:36:57 +0100] "GET /kasyno-internetowe-z-bonusem-bez-depozytu-35?fileloc=%2F%2Fopt%2Fcpanel%2Fea-openssl11%2Fshare%2Fdoc%2Fopenssl%2Fhtml%2Fman3%2FEC_KEY_get_flags.html&path=%2F%2Fopt%2Fcpanel%2Fea-openssl11%2Fshare%2Fdoc%2Fopenssl%2Fhtml%2Fman3 HTTP/2.0" 200 24820 "-" "Mozilla/5.0 AppleWebKit/537.36 (KHTML, like Gecko; compatible; ClaudeBot/1.0; +claudebot@anthropic.com)"
37.187.226.30 - - [08/Nov/2025:13:36:58 +0100] "GET /powerlessness-is-not-weakness-marr-treatment/?fileloc=/home/opal/public_html/wp-includes/css/wp-pointer-rtl.css&path=/home/opal/public_html/wp-includes/css HTTP/1.1" 200 16631 "-" "Mozilla/5.0 (compatible; MJ12bot/v1.4.8; http://mj12bot.com/)"
74.7.227.27 - - [08/Nov/2025:13:36:58 +0100] "GET /?fileloc=//usr/lib64/python2.7/test/test_macpath.pyo&path=//usr/lib64/python2.7/test HTTP/2.0" 200 16561 "-" "Mozilla/5.0 AppleWebKit/537.36 (KHTML, like Gecko; compatible; GPTBot/1.2; +https://openai.com/gptbot)"
66.249.75.162 - - [08/Nov/2025:13:36:58 +0100] "GET /challenge276036189.html HTTP/1.1" 200 202745 "-" "Mozilla/5.0 (Linux; Android 6.0.1; Nexus 5X Build/MMB29P) AppleWebKit/537.36 (KHTML, like Gecko) Chrome/141.0.7390.122 Mobile Safari/537.36 (compatible; Googlebot/2.1; +http://www.google.com/bot.html)"
74.7.227.59 - - [08/Nov/2025:13:36:59 +0100] "GET /?path=//lib/modules/4.18.0-553.54.1.lve.el8.x86_64/kernel/sound/soc HTTP/2.0" 200 22143 "-" "Mozilla/5.0 AppleWebKit/537.36 (KHTML, like Gecko; compatible; GPTBot/1.2; +https://openai.com/gptbot)"
216.73.216.214 - - [08/Nov/2025:13:36:59 +0100] "GET /kasyno-internetowe-z-bonusem-bez-depozytu-35?fileloc=%2Fhome%2Fopal%2Fwww%2Fwp-admin%2Fnetwork%2Fedit.php&path=%2Fhome%2Fopal%2Fwww%2Fwp-admin%2Fnetwork HTTP/2.0" 200 13422 "-" "Mozilla/5.0 AppleWebKit/537.36 (KHTML, like Gecko; compatible; ClaudeBot/1.0; +claudebot@anthropic.com)"
74.7.227.163 - - [08/Nov/2025:13:36:59 +0100] "GET /?path=//proc/742680/root/proc/self/root/opt/cloudlinux/alt-php73/root/usr/include/php/ext/date HTTP/2.0" 200 16993 "-" "Mozilla/5.0 AppleWebKit/537.36 (KHTML, like Gecko; compatible; GPTBot/1.2; +https://openai.com/gptbot)"
74.7.227.204 - - [08/Nov/2025:13:37:00 +0100] "GET /304238586?detail=0303409966 HTTP/2.0" 200 75282 "-" "Mozilla/5.0 AppleWebKit/537.36 (KHTML, like Gecko; compatible; GPTBot/1.2; +https://openai.com/gptbot)"
216.73.216.214 - - [08/Nov/2025:13:37:00 +0100] "GET /2025-samye-perspektivnye-ploshhadki-dlja-443?fileloc=%2Fhome%2Fopal%2F.trash%2Fwp-includes.1%2FSimplePie%2Fsrc%2FCredit.php&path=%2Fhome%2Fopal%2F.trash%2Fwp-includes.1%2FSimplePie%2Fsrc HTTP/2.0" 200 16664 "-" "Mozilla/5.0 AppleWebKit/537.36 (KHTML, like Gecko; compatible; ClaudeBot/1.0; +claudebot@anthropic.com)"
74.7.227.168 - - [08/Nov/2025:13:37:00 +0100] "GET /?fileloc=//usr/lib64/python2.7/test/test_strtod.pyo&path=//usr/lib64/python2.7/test HTTP/2.0" 200 28544 "-" "Mozilla/5.0 AppleWebKit/537.36 (KHTML, like Gecko; compatible; GPTBot/1.2; +https://openai.com/gptbot)"
74.7.227.27 - - [08/Nov/2025:13:37:01 +0100] "GET /?fileloc=//usr/lib64/python2.7/test/test_platform.pyc&path=//usr/lib64/python2.7/test HTTP/2.0" 200 25280 "-" "Mozilla/5.0 AppleWebKit/537.36 (KHTML, like Gecko; compatible; GPTBot/1.2; +https://openai.com/gptbot)"
66.249.75.162 - - [08/Nov/2025:13:37:01 +0100] "GET /bond045029124.html HTTP/1.1" 200 201140 "-" "Mozilla/5.0 (Linux; Android 6.0.1; Nexus 5X Build/MMB29P) AppleWebKit/537.36 (KHTML, like Gecko) Chrome/141.0.7390.122 Mobile Safari/537.36 (compatible; Googlebot/2.1; +http://www.google.com/bot.html)"
216.73.216.214 - - [08/Nov/2025:13:37:02 +0100] "GET /kasyno-internetowe-z-bonusem-bez-depozytu-35?fileloc=%2F%2Fopt%2Fcpanel%2Fea-openssl11%2Fshare%2Fdoc%2Fopenssl%2Fhtml%2Fman3%2FSSL_get_session.html&path=%2F%2Fopt%2Fcpanel%2Fea-openssl11%2Fshare%2Fdoc%2Fopenssl%2Fhtml%2Fman3 HTTP/2.0" 200 22456 "-" "Mozilla/5.0 AppleWebKit/537.36 (KHTML, like Gecko; compatible; ClaudeBot/1.0; +claudebot@anthropic.com)"
74.7.227.59 - - [08/Nov/2025:13:37:02 +0100] "GET /?path=//lib/modules/4.18.0-553.54.1.lve.el8.x86_64/kernel/sound/usb HTTP/2.0" 200 26549 "-" "Mozilla/5.0 AppleWebKit/537.36 (KHTML, like Gecko; compatible; GPTBot/1.2; +https://openai.com/gptbot)"
74.7.227.163 - - [08/Nov/2025:13:37:02 +0100] "GET /?path=//proc/742680/root/proc/self/root/opt/cloudlinux/alt-php73/root/usr/include/php/ext/pdo HTTP/2.0" 200 18935 "-" "Mozilla/5.0 AppleWebKit/537.36 (KHTML, like Gecko; compatible; GPTBot/1.2; +https://openai.com/gptbot)"
37.187.226.30 - - [08/Nov/2025:13:37:02 +0100] "GET /powerlessness-is-not-weakness-marr-treatment/?fileloc=/home/opal/public_html/wp-includes/css/wp-pointer-rtl.min.css&path=/home/opal/public_html/wp-includes/css HTTP/1.1" 200 15808 "-" "Mozilla/5.0 (compatible; MJ12bot/v1.4.8; http://mj12bot.com/)"
74.7.227.204 - - [08/Nov/2025:13:37:03 +0100] "GET /304512902?detail=0303683534 HTTP/2.0" 200 75282 "-" "Mozilla/5.0 AppleWebKit/537.36 (KHTML, like Gecko; compatible; GPTBot/1.2; +https://openai.com/gptbot)"
216.73.216.214 - - [08/Nov/2025:13:37:03 +0100] "GET /kasyno-internetowe-z-bonusem-bez-depozytu-35?fileloc=%2F%2Fopt%2Fcpanel%2Fea-openssl11%2Fshare%2Fdoc%2Fopenssl%2Fhtml%2Fman3%2FSSL_get_cipher_version.html&path=%2F%2Fopt%2Fcpanel%2Fea-openssl11%2Fshare%2Fdoc%2Fopenssl%2Fhtml%2Fman3 HTTP/2.0" 200 17179 "-" "Mozilla/5.0 AppleWebKit/537.36 (KHTML, like Gecko; compatible; ClaudeBot/1.0; +claudebot@anthropic.com)"
216.73.216.214 - - [08/Nov/2025:13:37:04 +0100] "GET /kasyno-internetowe-z-bonusem-bez-depozytu-35?fileloc=%2F%2Fopt%2Fcpanel%2Fea-openssl11%2Fshare%2Fdoc%2Fopenssl%2Fhtml%2Fman3%2FPROFESSION_INFOS_free.html&path=%2F%2Fopt%2Fcpanel%2Fea-openssl11%2Fshare%2Fdoc%2Fopenssl%2Fhtml%2Fman3 HTTP/2.0" 200 21240 "-" "Mozilla/5.0 AppleWebKit/537.36 (KHTML, like Gecko; compatible; ClaudeBot/1.0; +claudebot@anthropic.com)"
74.7.227.27 - - [08/Nov/2025:13:37:04 +0100] "GET /?fileloc=//usr/lib64/python2.7/test/test_threading.pyc&path=//usr/lib64/python2.7/test HTTP/2.0" 200 47045 "-" "Mozilla/5.0 AppleWebKit/537.36 (KHTML, like Gecko; compatible; GPTBot/1.2; +https://openai.com/gptbot)"
66.249.69.135 - - [08/Nov/2025:13:37:04 +0100] "GET /Iraqi111011082.html HTTP/1.1" 200 200391 "-" "Mozilla/5.0 (Linux; Android 6.0.1; Nexus 5X Build/MMB29P) AppleWebKit/537.36 (KHTML, like Gecko) Chrome/141.0.7390.122 Mobile Safari/537.36 (compatible; Googlebot/2.1; +http://www.google.com/bot.html)"
74.7.227.168 - - [08/Nov/2025:13:37:05 +0100] "GET /?fileloc=//usr/lib64/python2.7/test/test_inspect.py&path=//usr/lib64/python2.7/test HTTP/2.0" 200 55721 "-" "Mozilla/5.0 AppleWebKit/537.36 (KHTML, like Gecko; compatible; GPTBot/1.2; +https://openai.com/gptbot)"
74.7.227.163 - - [08/Nov/2025:13:37:05 +0100] "GET /?path=//proc/742680/root/proc/self/root/opt/cloudlinux/alt-php73/root/usr/include/php/ext/pcre HTTP/2.0" 200 17013 "-" "Mozilla/5.0 AppleWebKit/537.36 (KHTML, like Gecko; compatible; GPTBot/1.2; +https://openai.com/gptbot)"
74.7.227.204 - - [08/Nov/2025:13:37:06 +0100] "GET /795765386?detail=0793597454 HTTP/2.0" 200 75282 "-" "Mozilla/5.0 AppleWebKit/537.36 (KHTML, like Gecko; compatible; GPTBot/1.2; +https://openai.com/gptbot)"
74.7.227.59 - - [08/Nov/2025:13:37:05 +0100] "GET /?path=//lib/modules/4.18.0-553.54.1.lve.el8.x86_64/kernel/sound/hda HTTP/2.0" 200 19465 "-" "Mozilla/5.0 AppleWebKit/537.36 (KHTML, like Gecko; compatible; GPTBot/1.2; +https://openai.com/gptbot)"
37.187.226.30 - - [08/Nov/2025:13:37:07 +0100] "GET /powerlessness-is-not-weakness-marr-treatment/?fileloc=/home/opal/public_html/wp-includes/css/wp-pointer.css&path=/home/opal/public_html/wp-includes/css HTTP/1.1" 200 19136 "-" "Mozilla/5.0 (compatible; MJ12bot/v1.4.8; http://mj12bot.com/)"
216.73.216.214 - - [08/Nov/2025:13:37:07 +0100] "GET /kasyno-internetowe-z-bonusem-bez-depozytu-35?fileloc=%2F%2Fopt%2Fcpanel%2Fea-openssl11%2Fshare%2Fdoc%2Fopenssl%2Fhtml%2Fman3%2FSSL_CTX_get_mode.html&path=%2F%2Fopt%2Fcpanel%2Fea-openssl11%2Fshare%2Fdoc%2Fopenssl%2Fhtml%2Fman3 HTTP/2.0" 200 21642 "-" "Mozilla/5.0 AppleWebKit/537.36 (KHTML, like Gecko; compatible; ClaudeBot/1.0; +claudebot@anthropic.com)"
216.73.216.214 - - [08/Nov/2025:13:37:06 +0100] "GET /kasyno-internetowe-z-bonusem-bez-depozytu-35?fileloc=%2F%2Fusr%2Flib64%2Fpython2.7%2FCookie.pyo&path=%2F%2Fusr%2Flib64%2Fpython2.7 HTTP/2.0" 200 37279 "-" "Mozilla/5.0 AppleWebKit/537.36 (KHTML, like Gecko; compatible; ClaudeBot/1.0; +claudebot@anthropic.com)"
74.7.227.27 - - [08/Nov/2025:13:37:07 +0100] "GET /?fileloc=//usr/lib64/python2.7/test/test_longexp.py&path=//usr/lib64/python2.7/test HTTP/2.0" 200 15313 "-" "Mozilla/5.0 AppleWebKit/537.36 (KHTML, like Gecko; compatible; GPTBot/1.2; +https://openai.com/gptbot)"
74.7.227.204 - - [08/Nov/2025:13:37:09 +0100] "GET /795804709?detail=0793636670 HTTP/2.0" 200 77831 "-" "Mozilla/5.0 AppleWebKit/537.36 (KHTML, like Gecko; compatible; GPTBot/1.2; +https://openai.com/gptbot)"
74.7.227.163 - - [08/Nov/2025:13:37:08 +0100] "GET /?path=//proc/742680/root/proc/self/root/opt/cloudlinux/alt-php73/root/usr/include/php/ext/gd HTTP/2.0" 200 18692 "-" "Mozilla/5.0 AppleWebKit/537.36 (KHTML, like Gecko; compatible; GPTBot/1.2; +https://openai.com/gptbot)"
74.7.227.168 - - [08/Nov/2025:13:37:10 +0100] "GET /?fileloc=//usr/lib64/python2.7/test/test_struct.pyo&path=//usr/lib64/python2.7/test HTTP/2.0" 200 36483 "-" "Mozilla/5.0 AppleWebKit/537.36 (KHTML, like Gecko; compatible; GPTBot/1.2; +https://openai.com/gptbot)"
74.7.227.59 - - [08/Nov/2025:13:37:10 +0100] "GET /?path=//lib/modules/4.18.0-553.54.1.lve.el8.x86_64/kernel/sound/xen HTTP/2.0" 200 14689 "-" "Mozilla/5.0 AppleWebKit/537.36 (KHTML, like Gecko; compatible; GPTBot/1.2; +https://openai.com/gptbot)"
216.73.216.214 - - [08/Nov/2025:13:37:10 +0100] "GET /kasyno-internetowe-z-bonusem-bez-depozytu-35?fileloc=%2F%2Fopt%2Fcpanel%2Fea-openssl11%2Fshare%2Fdoc%2Fopenssl%2Fhtml%2Fman3%2FSSL_connect.html&path=%2F%2Fopt%2Fcpanel%2Fea-openssl11%2Fshare%2Fdoc%2Fopenssl%2Fhtml%2Fman3 HTTP/2.0" 200 18829 "-" "Mozilla/5.0 AppleWebKit/537.36 (KHTML, like Gecko; compatible; ClaudeBot/1.0; +claudebot@anthropic.com)"
216.73.216.214 - - [08/Nov/2025:13:37:11 +0100] "GET /kasyno-internetowe-z-bonusem-bez-depozytu-35?fileloc=%2F%2Fopt%2Fcpanel%2Fea-openssl11%2Fshare%2Fdoc%2Fopenssl%2Fhtml%2Fman3%2FX509_STORE_set_default_paths.html&path=%2F%2Fopt%2Fcpanel%2Fea-openssl11%2Fshare%2Fdoc%2Fopenssl%2Fhtml%2Fman3 HTTP/2.0" 200 20390 "-" "Mozilla/5.0 AppleWebKit/537.36 (KHTML, like Gecko; compatible; ClaudeBot/1.0; +claudebot@anthropic.com)"
74.7.227.27 - - [08/Nov/2025:13:37:11 +0100] "GET /?fileloc=//usr/lib64/python2.7/test/test_bigaddrspace.pyo&path=//usr/lib64/python2.7/test HTTP/2.0" 200 14046 "-" "Mozilla/5.0 AppleWebKit/537.36 (KHTML, like Gecko; compatible; GPTBot/1.2; +https://openai.com/gptbot)"
37.187.226.30 - - [08/Nov/2025:13:37:12 +0100] "GET /powerlessness-is-not-weakness-marr-treatment/?fileloc=/home/opal/public_html/wp-includes/css/wp-pointer.min.css&path=/home/opal/public_html/wp-includes/css HTTP/1.1" 200 15799 "-" "Mozilla/5.0 (compatible; MJ12bot/v1.4.8; http://mj12bot.com/)"
74.7.227.163 - - [08/Nov/2025:13:37:12 +0100] "GET /?path=//proc/742680/root/proc/self/root/opt/cloudlinux/alt-php73/root/usr/include/php/ext/spl HTTP/2.0" 200 32777 "-" "Mozilla/5.0 AppleWebKit/537.36 (KHTML, like Gecko; compatible; GPTBot/1.2; +https://openai.com/gptbot)"
74.7.227.204 - - [08/Nov/2025:13:37:12 +0100] "GET /304325431?detail=0303496574 HTTP/2.0" 200 75282 "-" "Mozilla/5.0 AppleWebKit/537.36 (KHTML, like Gecko; compatible; GPTBot/1.2; +https://openai.com/gptbot)"
216.73.216.214 - - [08/Nov/2025:13:37:13 +0100] "GET /kasyno-internetowe-z-bonusem-bez-depozytu-35?fileloc=%2F%2Fopt%2Fcpanel%2Fea-openssl11%2Fshare%2Fdoc%2Fopenssl%2Fhtml%2Fman3%2FDSA_meth_set_verify.html&path=%2F%2Fopt%2Fcpanel%2Fea-openssl11%2Fshare%2Fdoc%2Fopenssl%2Fhtml%2Fman3 HTTP/2.0" 200 26446 "-" "Mozilla/5.0 AppleWebKit/537.36 (KHTML, like Gecko; compatible; ClaudeBot/1.0; +claudebot@anthropic.com)"
74.7.227.59 - - [08/Nov/2025:13:37:13 +0100] "GET /?fileloc=//usr/lib64/python2.7/test/capath/0e4015b9.0&path=//usr/lib64/python2.7/test/capath HTTP/2.0" 200 15974 "-" "Mozilla/5.0 AppleWebKit/537.36 (KHTML, like Gecko; compatible; GPTBot/1.2; +https://openai.com/gptbot)"
216.73.216.214 - - [08/Nov/2025:13:37:14 +0100] "GET /kasyno-internetowe-z-bonusem-bez-depozytu-35?fileloc=%2F%2Fopt%2Fcpanel%2Fea-openssl11%2Fshare%2Fdoc%2Fopenssl%2Fhtml%2Fman3%2FSSL_CTX_set_keylog_callback.html&path=%2F%2Fopt%2Fcpanel%2Fea-openssl11%2Fshare%2Fdoc%2Fopenssl%2Fhtml%2Fman3 HTTP/2.0" 200 16284 "-" "Mozilla/5.0 AppleWebKit/537.36 (KHTML, like Gecko; compatible; ClaudeBot/1.0; +claudebot@anthropic.com)"
74.7.227.168 - - [08/Nov/2025:13:37:14 +0100] "GET /?fileloc=//usr/lib64/python2.7/test/regrtest.pyo&path=//usr/lib64/python2.7/test HTTP/2.0" 200 75941 "-" "Mozilla/5.0 AppleWebKit/537.36 (KHTML, like Gecko; compatible; GPTBot/1.2; +https://openai.com/gptbot)"
74.7.227.27 - - [08/Nov/2025:13:37:14 +0100] "GET /?fileloc=//usr/lib64/python2.7/test/test_genexps.py&path=//usr/lib64/python2.7/test HTTP/2.0" 200 20876 "-" "Mozilla/5.0 AppleWebKit/537.36 (KHTML, like Gecko; compatible; GPTBot/1.2; +https://openai.com/gptbot)"
74.7.227.163 - - [08/Nov/2025:13:37:15 +0100] "GET /?path=//proc/742680/root/proc/self/root/opt/cloudlinux/alt-php73/root/usr/include/php/ext/gmp HTTP/2.0" 200 15470 "-" "Mozilla/5.0 AppleWebKit/537.36 (KHTML, like Gecko; compatible; GPTBot/1.2; +https://openai.com/gptbot)"
74.7.227.204 - - [08/Nov/2025:13:37:15 +0100] "GET /304257102?detail=0303428430 HTTP/2.0" 200 75282 "-" "Mozilla/5.0 AppleWebKit/537.36 (KHTML, like Gecko; compatible; GPTBot/1.2; +https://openai.com/gptbot)"
37.187.226.30 - - [08/Nov/2025:13:37:16 +0100] "GET /powerlessness-is-not-weakness-marr-treatment/?fileloc=/home/opal/public_html/wp-includes/customize/class-wp-customize-background-image-control.php&path=/home/opal/public_html/wp-includes/customize HTTP/1.1" 200 13980 "-" "Mozilla/5.0 (compatible; MJ12bot/v1.4.8; http://mj12bot.com/)"
216.73.216.214 - - [08/Nov/2025:13:37:16 +0100] "GET /kasyno-internetowe-z-bonusem-bez-depozytu-35?fileloc=%2F%2Fopt%2Fcpanel%2Fea-openssl11%2Fshare%2Fdoc%2Fopenssl%2Fhtml%2Fman3%2FEC_KEY_get_enc_flags.html&path=%2F%2Fopt%2Fcpanel%2Fea-openssl11%2Fshare%2Fdoc%2Fopenssl%2Fhtml%2Fman3 HTTP/2.0" 200 16967 "-" "Mozilla/5.0 AppleWebKit/537.36 (KHTML, like Gecko; compatible; ClaudeBot/1.0; +claudebot@anthropic.com)"
216.73.216.214 - - [08/Nov/2025:13:37:17 +0100] "GET /kasyno-internetowe-z-bonusem-bez-depozytu-35?fileloc=%2F%2Fopt%2Fcpanel%2Fea-openssl11%2Fshare%2Fdoc%2Fopenssl%2Fhtml%2Fman3%2FX509_get_ext.html&path=%2F%2Fopt%2Fcpanel%2Fea-openssl11%2Fshare%2Fdoc%2Fopenssl%2Fhtml%2Fman3 HTTP/2.0" 200 21734 "-" "Mozilla/5.0 AppleWebKit/537.36 (KHTML, like Gecko; compatible; ClaudeBot/1.0; +claudebot@anthropic.com)"
74.7.227.59 - - [08/Nov/2025:13:37:18 +0100] "GET /?path=//lib/modules/4.18.0-553.54.1.lve.el8.x86_64/kernel/sound/pci/pcxhr HTTP/2.0" 200 14791 "-" "Mozilla/5.0 AppleWebKit/537.36 (KHTML, like Gecko; compatible; GPTBot/1.2; +https://openai.com/gptbot)"
74.7.227.27 - - [08/Nov/2025:13:37:18 +0100] "GET /?fileloc=//usr/lib64/python2.7/test/test_dummy_thread.pyc&path=//usr/lib64/python2.7/test HTTP/2.0" 200 20752 "-" "Mozilla/5.0 AppleWebKit/537.36 (KHTML, like Gecko; compatible; GPTBot/1.2; +https://openai.com/gptbot)"
74.7.227.204 - - [08/Nov/2025:13:37:19 +0100] "GET /795774754?detail=0793606798 HTTP/2.0" 200 77834 "-" "Mozilla/5.0 AppleWebKit/537.36 (KHTML, like Gecko; compatible; GPTBot/1.2; +https://openai.com/gptbot)"
74.7.227.163 - - [08/Nov/2025:13:37:18 +0100] "GET /?path=//proc/742680/root/proc/self/root/opt/cloudlinux/alt-php54/root/usr/include/php/ext/sockets HTTP/2.0" 200 15494 "-" "Mozilla/5.0 AppleWebKit/537.36 (KHTML, like Gecko; compatible; GPTBot/1.2; +https://openai.com/gptbot)"
74.7.227.168 - - [08/Nov/2025:13:37:19 +0100] "GET /?fileloc=//usr/lib64/python2.7/test/curses_tests.pyo&path=//usr/lib64/python2.7/test HTTP/2.0" 200 13962 "-" "Mozilla/5.0 AppleWebKit/537.36 (KHTML, like Gecko; compatible; GPTBot/1.2; +https://openai.com/gptbot)"
216.73.216.214 - - [08/Nov/2025:13:37:20 +0100] "GET /2025-samye-perspektivnye-ploshhadki-dlja-443?fileloc=%2Fhome%2Fopal%2Fpublic_html%2Fwp-includes%2Ffonts%2Fclass-wp-font-library.php&path=%2Fhome%2Fopal%2Fpublic_html%2Fwp-includes%2Ffonts HTTP/2.0" 200 18673 "-" "Mozilla/5.0 AppleWebKit/537.36 (KHTML, like Gecko; compatible; ClaudeBot/1.0; +claudebot@anthropic.com)"
216.73.216.214 - - [08/Nov/2025:13:37:20 +0100] "GET /kasyno-internetowe-z-bonusem-bez-depozytu-35?fileloc=%2F%2Fopt%2Fcpanel%2Fea-openssl11%2Fshare%2Fdoc%2Fopenssl%2Fhtml%2Fman3%2FX509_set_ex_data.html&path=%2F%2Fopt%2Fcpanel%2Fea-openssl11%2Fshare%2Fdoc%2Fopenssl%2Fhtml%2Fman3 HTTP/2.0" 200 16864 "-" "Mozilla/5.0 AppleWebKit/537.36 (KHTML, like Gecko; compatible; ClaudeBot/1.0; +claudebot@anthropic.com)"
74.7.227.27 - - [08/Nov/2025:13:37:21 +0100] "GET /?fileloc=//usr/lib64/python2.7/test/warning_tests.py&path=//usr/lib64/python2.7/test HTTP/2.0" 200 12647 "-" "Mozilla/5.0 AppleWebKit/537.36 (KHTML, like Gecko; compatible; GPTBot/1.2; +https://openai.com/gptbot)"
66.249.75.162 - - [08/Nov/2025:13:37:20 +0100] "GET /silver208037477.html HTTP/1.1" 200 199530 "-" "Mozilla/5.0 (Linux; Android 6.0.1; Nexus 5X Build/MMB29P) AppleWebKit/537.36 (KHTML, like Gecko) Chrome/141.0.7390.122 Mobile Safari/537.36 (compatible; Googlebot/2.1; +http://www.google.com/bot.html)"
37.187.226.30 - - [08/Nov/2025:13:37:21 +0100] "GET /powerlessness-is-not-weakness-marr-treatment/?fileloc=/home/opal/public_html/wp-includes/customize/class-wp-customize-background-image-setting.php&path=/home/opal/public_html/wp-includes/customize HTTP/1.1" 200 13210 "-" "Mozilla/5.0 (compatible; MJ12bot/v1.4.8; http://mj12bot.com/)"
74.7.227.59 - - [08/Nov/2025:13:37:21 +0100] "GET /?path=//lib/modules/4.18.0-553.54.1.lve.el8.x86_64/kernel/arch/x86/kvm HTTP/2.0" 200 18035 "-" "Mozilla/5.0 AppleWebKit/537.36 (KHTML, like Gecko; compatible; GPTBot/1.2; +https://openai.com/gptbot)"
74.7.227.204 - - [08/Nov/2025:13:37:22 +0100] "GET /304475584?detail=0303646318 HTTP/2.0" 200 75282 "-" "Mozilla/5.0 AppleWebKit/537.36 (KHTML, like Gecko; compatible; GPTBot/1.2; +https://openai.com/gptbot)"
74.7.227.163 - - [08/Nov/2025:13:37:22 +0100] "GET /?path=//proc/742680/root/proc/self/root/opt/cloudlinux/alt-php54/root/usr/include/php/ext/session HTTP/2.0" 200 18966 "-" "Mozilla/5.0 AppleWebKit/537.36 (KHTML, like Gecko; compatible; GPTBot/1.2; +https://openai.com/gptbot)"
216.73.216.214 - - [08/Nov/2025:13:37:23 +0100] "GET /?fileloc=%2F%2Flib64%2Fpython3.6%2Fencodings%2Fcp1006.py&path=%2F%2Flib64%2Fpython3.6%2Fencodings HTTP/2.0" 200 29552 "-" "Mozilla/5.0 AppleWebKit/537.36 (KHTML, like Gecko; compatible; ClaudeBot/1.0; +claudebot@anthropic.com)"
216.73.216.214 - - [08/Nov/2025:13:37:23 +0100] "GET /kasyno-internetowe-z-bonusem-bez-depozytu-35?fileloc=%2Fhome%2Fopal%2Fwww%2Fwp-admin%2Fauthorize-application.php&path=%2Fhome%2Fopal%2Fwww%2Fwp-admin HTTP/2.0" 200 24921 "-" "Mozilla/5.0 AppleWebKit/537.36 (KHTML, like Gecko; compatible; ClaudeBot/1.0; +claudebot@anthropic.com)"
74.7.227.27 - - [08/Nov/2025:13:37:24 +0100] "GET /?fileloc=//usr/lib64/python2.7/test/test_ossaudiodev.pyo&path=//usr/lib64/python2.7/test HTTP/2.0" 200 17818 "-" "Mozilla/5.0 AppleWebKit/537.36 (KHTML, like Gecko; compatible; GPTBot/1.2; +https://openai.com/gptbot)"
74.7.227.168 - - [08/Nov/2025:13:37:24 +0100] "GET /?fileloc=//usr/lib64/python2.7/test/test_unittest.pyo&path=//usr/lib64/python2.7/test HTTP/2.0" 200 12951 "-" "Mozilla/5.0 AppleWebKit/537.36 (KHTML, like Gecko; compatible; GPTBot/1.2; +https://openai.com/gptbot)"
74.7.227.59 - - [08/Nov/2025:13:37:25 +0100] "GET /?path=//lib/modules/4.18.0-553.54.1.lve.el8.x86_64/kernel/sound/usb/hiface HTTP/2.0" 200 14815 "-" "Mozilla/5.0 AppleWebKit/537.36 (KHTML, like Gecko; compatible; GPTBot/1.2; +https://openai.com/gptbot)"
74.7.227.163 - - [08/Nov/2025:13:37:26 +0100] "GET /?path=//proc/742680/root/proc/self/root/opt/cloudlinux/alt-php74/root/usr/include/php/ext/simplexml HTTP/2.0" 200 17308 "-" "Mozilla/5.0 AppleWebKit/537.36 (KHTML, like Gecko; compatible; GPTBot/1.2; +https://openai.com/gptbot)"
66.249.69.133 - - [08/Nov/2025:13:37:26 +0100] "GET /follow114031475.html HTTP/1.1" 200 202076 "-" "Mozilla/5.0 (Linux; Android 6.0.1; Nexus 5X Build/MMB29P) AppleWebKit/537.36 (KHTML, like Gecko) Chrome/141.0.7390.122 Mobile Safari/537.36 (compatible; Googlebot/2.1; +http://www.google.com/bot.html)"
74.7.227.204 - - [08/Nov/2025:13:37:25 +0100] "GET /795664293?detail=0793496638 HTTP/2.0" 200 75282 "-" "Mozilla/5.0 AppleWebKit/537.36 (KHTML, like Gecko; compatible; GPTBot/1.2; +https://openai.com/gptbot)"
216.73.216.214 - - [08/Nov/2025:13:37:26 +0100] "GET /kasyno-internetowe-z-bonusem-bez-depozytu-35?fileloc=%2F%2Fopt%2Fcpanel%2Fea-openssl11%2Fshare%2Fdoc%2Fopenssl%2Fhtml%2Fman3%2FCMS_SignerInfo_cert_cmp.html&path=%2F%2Fopt%2Fcpanel%2Fea-openssl11%2Fshare%2Fdoc%2Fopenssl%2Fhtml%2Fman3 HTTP/2.0" 200 20761 "-" "Mozilla/5.0 AppleWebKit/537.36 (KHTML, like Gecko; compatible; ClaudeBot/1.0; +claudebot@anthropic.com)"
37.187.226.30 - - [08/Nov/2025:13:37:26 +0100] "GET /powerlessness-is-not-weakness-marr-treatment/?fileloc=/home/opal/public_html/wp-includes/customize/class-wp-customize-background-position-control.php&path=/home/opal/public_html/wp-includes/customize HTTP/1.1" 200 16538 "-" "Mozilla/5.0 (compatible; MJ12bot/v1.4.8; http://mj12bot.com/)"
74.7.227.27 - - [08/Nov/2025:13:37:27 +0100] "GET /?fileloc=//usr/lib64/python2.7/test/test_winsound.py&path=//usr/lib64/python2.7/test HTTP/2.0" 200 18820 "-" "Mozilla/5.0 AppleWebKit/537.36 (KHTML, like Gecko; compatible; GPTBot/1.2; +https://openai.com/gptbot)"
216.73.216.214 - - [08/Nov/2025:13:37:27 +0100] "GET /?fileloc=%2F%2Flib64%2Fpython3.6%2Fencodings%2Fmac_croatian.py&path=%2F%2Flib64%2Fpython3.6%2Fencodings HTTP/2.0" 200 29431 "-" "Mozilla/5.0 AppleWebKit/537.36 (KHTML, like Gecko; compatible; ClaudeBot/1.0; +claudebot@anthropic.com)"
74.7.227.59 - - [08/Nov/2025:13:37:28 +0100] "GET /?path=//lib/modules/4.18.0-553.54.1.lve.el8.x86_64/kernel/sound/pci/ctxfi HTTP/2.0" 200 14791 "-" "Mozilla/5.0 AppleWebKit/537.36 (KHTML, like Gecko; compatible; GPTBot/1.2; +https://openai.com/gptbot)"
74.7.227.163 - - [08/Nov/2025:13:37:28 +0100] "GET /?path=//proc/742680/root/proc/self/root/opt/cloudlinux/alt-php53/root/usr/include/php/ext/ereg/regex HTTP/2.0" 200 22541 "-" "Mozilla/5.0 AppleWebKit/537.36 (KHTML, like Gecko; compatible; GPTBot/1.2; +https://openai.com/gptbot)"
74.7.227.204 - - [08/Nov/2025:13:37:29 +0100] "GET /795804709?fileloc=/home/opal/public_html/robots.txt&path=/home/opal/public_html HTTP/2.0" 200 12738 "-" "Mozilla/5.0 AppleWebKit/537.36 (KHTML, like Gecko; compatible; GPTBot/1.2; +https://openai.com/gptbot)"
74.7.227.168 - - [08/Nov/2025:13:37:29 +0100] "GET /?fileloc=//usr/lib64/python2.7/test/test_nntplib.pyo&path=//usr/lib64/python2.7/test HTTP/2.0" 200 15533 "-" "Mozilla/5.0 AppleWebKit/537.36 (KHTML, like Gecko; compatible; GPTBot/1.2; +https://openai.com/gptbot)"
74.7.227.27 - - [08/Nov/2025:13:37:30 +0100] "GET /?fileloc=//usr/lib64/python2.7/test/test_traceback.pyo&path=//usr/lib64/python2.7/test HTTP/2.0" 200 23339 "-" "Mozilla/5.0 AppleWebKit/537.36 (KHTML, like Gecko; compatible; GPTBot/1.2; +https://openai.com/gptbot)"
216.73.216.214 - - [08/Nov/2025:13:37:29 +0100] "GET /kasyno-internetowe-z-bonusem-bez-depozytu-35?fileloc=%2F%2Fopt%2Fcpanel%2Fea-openssl11%2Fshare%2Fdoc%2Fopenssl%2Fhtml%2Fman3%2FDSA_meth_get_finish.html&path=%2F%2Fopt%2Fcpanel%2Fea-openssl11%2Fshare%2Fdoc%2Fopenssl%2Fhtml%2Fman3 HTTP/2.0" 200 26446 "-" "Mozilla/5.0 AppleWebKit/537.36 (KHTML, like Gecko; compatible; ClaudeBot/1.0; +claudebot@anthropic.com)"
216.73.216.214 - - [08/Nov/2025:13:37:30 +0100] "GET /kasyno-internetowe-z-bonusem-bez-depozytu-35?fileloc=%2F%2Fopt%2Fcpanel%2Fea-openssl11%2Fshare%2Fdoc%2Fopenssl%2Fhtml%2Fman3%2FSSL_SESSION_up_ref.html&path=%2F%2Fopt%2Fcpanel%2Fea-openssl11%2Fshare%2Fdoc%2Fopenssl%2Fhtml%2Fman3 HTTP/2.0" 200 18279 "-" "Mozilla/5.0 AppleWebKit/537.36 (KHTML, like Gecko; compatible; ClaudeBot/1.0; +claudebot@anthropic.com)"
37.187.226.30 - - [08/Nov/2025:13:37:30 +0100] "GET /powerlessness-is-not-weakness-marr-treatment/?fileloc=/home/opal/public_html/wp-includes/customize/class-wp-customize-code-editor-control.php&path=/home/opal/public_html/wp-includes/customize HTTP/1.1" 200 15166 "-" "Mozilla/5.0 (compatible; MJ12bot/v1.4.8; http://mj12bot.com/)"
74.7.227.163 - - [08/Nov/2025:13:37:31 +0100] "GET /?path=//proc/742680/root/proc/self/root/opt/cloudlinux/alt-php73/root/usr/include/php/ext/date/lib HTTP/2.0" 200 17356 "-" "Mozilla/5.0 AppleWebKit/537.36 (KHTML, like Gecko; compatible; GPTBot/1.2; +https://openai.com/gptbot)"
74.7.227.59 - - [08/Nov/2025:13:37:31 +0100] "GET /?path=//lib/modules/4.18.0-553.54.1.lve.el8.x86_64/kernel/sound/usb/caiaq HTTP/2.0" 200 17356 "-" "Mozilla/5.0 AppleWebKit/537.36 (KHTML, like Gecko; compatible; GPTBot/1.2; +https://openai.com/gptbot)"
74.7.227.204 - - [08/Nov/2025:13:37:31 +0100] "GET /795566107?detail=0793398718 HTTP/2.0" 200 75282 "-" "Mozilla/5.0 AppleWebKit/537.36 (KHTML, like Gecko; compatible; GPTBot/1.2; +https://openai.com/gptbot)"
74.7.227.27 - - [08/Nov/2025:13:37:33 +0100] "GET /?fileloc=//usr/lib64/python2.7/test/test_textwrap.pyc&path=//usr/lib64/python2.7/test HTTP/2.0" 200 35406 "-" "Mozilla/5.0 AppleWebKit/537.36 (KHTML, like Gecko; compatible; GPTBot/1.2; +https://openai.com/gptbot)"
74.7.227.168 - - [08/Nov/2025:13:37:33 +0100] "GET /?fileloc=//usr/lib64/python2.7/test/test_unittest.py&path=//usr/lib64/python2.7/test HTTP/2.0" 200 15168 "-" "Mozilla/5.0 AppleWebKit/537.36 (KHTML, like Gecko; compatible; GPTBot/1.2; +https://openai.com/gptbot)"
216.73.216.214 - - [08/Nov/2025:13:37:33 +0100] "GET /kasyno-internetowe-z-bonusem-bez-depozytu-35?fileloc=%2F%2Fopt%2Fcpanel%2Fea-openssl11%2Fshare%2Fdoc%2Fopenssl%2Fhtml%2Fman3%2FSSL_get_early_data_status.html&path=%2F%2Fopt%2Fcpanel%2Fea-openssl11%2Fshare%2Fdoc%2Fopenssl%2Fhtml%2Fman3 HTTP/2.0" 200 38447 "-" "Mozilla/5.0 AppleWebKit/537.36 (KHTML, like Gecko; compatible; ClaudeBot/1.0; +claudebot@anthropic.com)"
216.73.216.214 - - [08/Nov/2025:13:37:34 +0100] "GET /?fileloc=%2F%2Flib64%2Fpython2.7%2Fmd5.pyo&path=%2F%2Flib64%2Fpython2.7 HTTP/2.0" 200 12695 "-" "Mozilla/5.0 AppleWebKit/537.36 (KHTML, like Gecko; compatible; ClaudeBot/1.0; +claudebot@anthropic.com)"
74.7.227.163 - - [08/Nov/2025:13:37:33 +0100] "GET /?path=//proc/742680/root/proc/self/root/opt/cloudlinux/alt-php56/root/usr/include/php/ext/simplexml HTTP/2.0" 200 17307 "-" "Mozilla/5.0 AppleWebKit/537.36 (KHTML, like Gecko; compatible; GPTBot/1.2; +https://openai.com/gptbot)"
74.7.227.59 - - [08/Nov/2025:13:37:35 +0100] "GET /?path=//lib/modules/4.18.0-553.54.1.lve.el8.x86_64/kernel/sound/pci/mixart HTTP/2.0" 200 17350 "-" "Mozilla/5.0 AppleWebKit/537.36 (KHTML, like Gecko; compatible; GPTBot/1.2; +https://openai.com/gptbot)"
74.7.227.204 - - [08/Nov/2025:13:37:35 +0100] "GET /795527520?detail=0793360238 HTTP/2.0" 200 75282 "-" "Mozilla/5.0 AppleWebKit/537.36 (KHTML, like Gecko; compatible; GPTBot/1.2; +https://openai.com/gptbot)"
66.249.75.162 - - [08/Nov/2025:13:37:34 +0100] "GET /power227038758.html HTTP/1.1" 200 201828 "-" "Mozilla/5.0 (Linux; Android 6.0.1; Nexus 5X Build/MMB29P) AppleWebKit/537.36 (KHTML, like Gecko) Chrome/141.0.7390.122 Mobile Safari/537.36 (compatible; Googlebot/2.1; +http://www.google.com/bot.html)"
37.187.226.30 - - [08/Nov/2025:13:37:35 +0100] "GET /powerlessness-is-not-weakness-marr-treatment/?fileloc=/home/opal/public_html/wp-includes/customize/class-wp-customize-color-control.php&path=/home/opal/public_html/wp-includes/customize HTTP/1.1" 200 16045 "-" "Mozilla/5.0 (compatible; MJ12bot/v1.4.8; http://mj12bot.com/)"
74.7.227.27 - - [08/Nov/2025:13:37:36 +0100] "GET /?fileloc=//usr/lib64/python2.7/test/test_sunaudiodev.pyc&path=//usr/lib64/python2.7/test HTTP/2.0" 200 13669 "-" "Mozilla/5.0 AppleWebKit/537.36 (KHTML, like Gecko; compatible; GPTBot/1.2; +https://openai.com/gptbot)"
216.73.216.214 - - [08/Nov/2025:13:37:36 +0100] "GET /kasyno-internetowe-z-bonusem-bez-depozytu-35?fileloc=%2F%2Flib64%2Fpython2.7%2Fcompiler%2Fsyntax.pyo&path=%2F%2Flib64%2Fpython2.7%2Fcompiler HTTP/2.0" 200 14320 "-" "Mozilla/5.0 AppleWebKit/537.36 (KHTML, like Gecko; compatible; ClaudeBot/1.0; +claudebot@anthropic.com)"
216.73.216.214 - - [08/Nov/2025:13:37:37 +0100] "GET /kasyno-internetowe-z-bonusem-bez-depozytu-35?fileloc=%2F%2Fopt%2Fcpanel%2Fea-openssl11%2Fshare%2Fdoc%2Fopenssl%2Fhtml%2Fman3%2FSSL_CTX_use_RSAPrivateKey_file.html&path=%2F%2Fopt%2Fcpanel%2Fea-openssl11%2Fshare%2Fdoc%2Fopenssl%2Fhtml%2Fman3 HTTP/2.0" 200 27033 "-" "Mozilla/5.0 AppleWebKit/537.36 (KHTML, like Gecko; compatible; ClaudeBot/1.0; +claudebot@anthropic.com)"
74.7.227.163 - - [08/Nov/2025:13:37:37 +0100] "GET /?path=//proc/742680/root/proc/self/root/opt/cloudlinux/alt-php73/root/usr/include/php/ext/standard HTTP/2.0" 200 130488 "-" "Mozilla/5.0 AppleWebKit/537.36 (KHTML, like Gecko; compatible; GPTBot/1.2; +https://openai.com/gptbot)"
74.7.227.204 - - [08/Nov/2025:13:37:38 +0100] "GET /304461658?detail=0303632430 HTTP/2.0" 200 75282 "-" "Mozilla/5.0 AppleWebKit/537.36 (KHTML, like Gecko; compatible; GPTBot/1.2; +https://openai.com/gptbot)"
74.7.227.168 - - [08/Nov/2025:13:37:37 +0100] "GET /?fileloc=//usr/lib64/python2.7/test/test_startfile.py&path=//usr/lib64/python2.7/test HTTP/2.0" 200 14096 "-" "Mozilla/5.0 AppleWebKit/537.36 (KHTML, like Gecko; compatible; GPTBot/1.2; +https://openai.com/gptbot)"
66.249.75.162 - - [08/Nov/2025:13:37:38 +0100] "GET /one023006516.html HTTP/1.1" 200 202472 "-" "Mozilla/5.0 (Linux; Android 6.0.1; Nexus 5X Build/MMB29P) AppleWebKit/537.36 (KHTML, like Gecko) Chrome/141.0.7390.122 Mobile Safari/537.36 (compatible; Googlebot/2.1; +http://www.google.com/bot.html)"
74.7.227.59 - - [08/Nov/2025:13:37:38 +0100] "GET /?path=//lib/modules/4.18.0-553.54.1.lve.el8.x86_64/kernel/sound/hda/ext HTTP/2.0" 200 14806 "-" "Mozilla/5.0 AppleWebKit/537.36 (KHTML, like Gecko; compatible; GPTBot/1.2; +https://openai.com/gptbot)"
74.7.227.27 - - [08/Nov/2025:13:37:39 +0100] "GET /?fileloc=//usr/lib64/python2.7/test/test_email_codecs.pyo&path=//usr/lib64/python2.7/test HTTP/2.0" 200 15605 "-" "Mozilla/5.0 AppleWebKit/537.36 (KHTML, like Gecko; compatible; GPTBot/1.2; +https://openai.com/gptbot)"
216.73.216.214 - - [08/Nov/2025:13:37:40 +0100] "GET /kasyno-internetowe-z-bonusem-bez-depozytu-35?fileloc=%2F%2Fopt%2Fcpanel%2Fea-openssl11%2Fshare%2Fdoc%2Fopenssl%2Fhtml%2Fman3%2FASN1_TIME_to_generalizedtime.html&path=%2F%2Fopt%2Fcpanel%2Fea-openssl11%2Fshare%2Fdoc%2Fopenssl%2Fhtml%2Fman3 HTTP/2.0" 200 27879 "-" "Mozilla/5.0 AppleWebKit/537.36 (KHTML, like Gecko; compatible; ClaudeBot/1.0; +claudebot@anthropic.com)"
37.187.226.30 - - [08/Nov/2025:13:37:40 +0100] "GET /powerlessness-is-not-weakness-marr-treatment/?fileloc=/home/opal/public_html/wp-includes/customize/class-wp-customize-cropped-image-control.php&path=/home/opal/public_html/wp-includes/customize HTTP/1.1" 200 14091 "-" "Mozilla/5.0 (compatible; MJ12bot/v1.4.8; http://mj12bot.com/)"
74.7.227.163 - - [08/Nov/2025:13:37:40 +0100] "GET /?path=//proc/742680/root/proc/self/root/opt/cloudlinux/alt-php56/root/usr/include/php/ext/date/lib HTTP/2.0" 200 19120 "-" "Mozilla/5.0 AppleWebKit/537.36 (KHTML, like Gecko; compatible; GPTBot/1.2; +https://openai.com/gptbot)"
216.73.216.214 - - [08/Nov/2025:13:37:40 +0100] "GET /kasyno-internetowe-z-bonusem-bez-depozytu-35?fileloc=%2F%2Fopt%2Fcpanel%2Fea-openssl11%2Fshare%2Fdoc%2Fopenssl%2Fhtml%2Fman3%2FOSSL_STORE_LOADER_set_expect.html&path=%2F%2Fopt%2Fcpanel%2Fea-openssl11%2Fshare%2Fdoc%2Fopenssl%2Fhtml%2Fman3 HTTP/2.0" 200 27717 "-" "Mozilla/5.0 AppleWebKit/537.36 (KHTML, like Gecko; compatible; ClaudeBot/1.0; +claudebot@anthropic.com)"
74.7.227.204 - - [08/Nov/2025:13:37:41 +0100] "GET /795533200?detail=0793365902 HTTP/2.0" 200 75282 "-" "Mozilla/5.0 AppleWebKit/537.36 (KHTML, like Gecko; compatible; GPTBot/1.2; +https://openai.com/gptbot)"
74.7.227.27 - - [08/Nov/2025:13:37:42 +0100] "GET /?fileloc=//usr/lib64/python2.7/test/tf_inherit_check.py&path=//usr/lib64/python2.7/test HTTP/2.0" 200 13021 "-" "Mozilla/5.0 AppleWebKit/537.36 (KHTML, like Gecko; compatible; GPTBot/1.2; +https://openai.com/gptbot)"
74.7.227.59 - - [08/Nov/2025:13:37:42 +0100] "GET /?path=//lib/modules/4.18.0-553.54.1.lve.el8.x86_64/kernel/sound/pci/asihpi HTTP/2.0" 200 14801 "-" "Mozilla/5.0 AppleWebKit/537.36 (KHTML, like Gecko; compatible; GPTBot/1.2; +https://openai.com/gptbot)"
74.7.227.168 - - [08/Nov/2025:13:37:42 +0100] "GET /?fileloc=//usr/lib64/python2.7/test/test_support.py&path=//usr/lib64/python2.7/test HTTP/2.0" 200 12495 "-" "Mozilla/5.0 AppleWebKit/537.36 (KHTML, like Gecko; compatible; GPTBot/1.2; +https://openai.com/gptbot)"
216.73.216.214 - - [08/Nov/2025:13:37:43 +0100] "GET /kasyno-internetowe-z-bonusem-bez-depozytu-35?fileloc=%2F%2Fopt%2Fcpanel%2Fea-openssl11%2Fshare%2Fdoc%2Fopenssl%2Fhtml%2Fman3%2FOSSL_STORE_ctrl_fn.html&path=%2F%2Fopt%2Fcpanel%2Fea-openssl11%2Fshare%2Fdoc%2Fopenssl%2Fhtml%2Fman3 HTTP/2.0" 200 27707 "-" "Mozilla/5.0 AppleWebKit/537.36 (KHTML, like Gecko; compatible; ClaudeBot/1.0; +claudebot@anthropic.com)"
74.7.227.163 - - [08/Nov/2025:13:37:44 +0100] "GET /?path=//proc/742680/root/proc/self/root/opt/cloudlinux/alt-php54/root/usr/include/php/ext/date/lib HTTP/2.0" 200 19121 "-" "Mozilla/5.0 AppleWebKit/537.36 (KHTML, like Gecko; compatible; GPTBot/1.2; +https://openai.com/gptbot)"
74.7.227.59 - - [08/Nov/2025:13:37:45 +0100] "GET /?path=//lib/modules/4.18.0-553.54.1.lve.el8.x86_64/kernel/sound/soc/codecs HTTP/2.0" 200 - "-" "Mozilla/5.0 AppleWebKit/537.36 (KHTML, like Gecko; compatible; GPTBot/1.2; +https://openai.com/gptbot)"
216.73.216.214 - - [08/Nov/2025:13:37:44 +0100] "GET /kasyno-internetowe-z-bonusem-bez-depozytu-35?fileloc=%2F%2Fopt%2Fcpanel%2Fea-openssl11%2Fshare%2Fdoc%2Fopenssl%2Fhtml%2Fman3%2FRSA_meth_get_flags.html&path=%2F%2Fopt%2Fcpanel%2Fea-openssl11%2Fshare%2Fdoc%2Fopenssl%2Fhtml%2Fman3 HTTP/2.0" 200 27905 "-" "Mozilla/5.0 AppleWebKit/537.36 (KHTML, like Gecko; compatible; ClaudeBot/1.0; +claudebot@anthropic.com)"
74.7.227.204 - - [08/Nov/2025:13:37:44 +0100] "GET /795759480?detail=0793591566 HTTP/2.0" 200 75282 "-" "Mozilla/5.0 AppleWebKit/537.36 (KHTML, like Gecko; compatible; GPTBot/1.2; +https://openai.com/gptbot)"
74.7.227.27 - - [08/Nov/2025:13:37:45 +0100] "GET /?fileloc=//usr/lib64/python2.7/test/sample_doctest.pyo&path=//usr/lib64/python2.7/test HTTP/2.0" 200 14586 "-" "Mozilla/5.0 AppleWebKit/537.36 (KHTML, like Gecko; compatible; GPTBot/1.2; +https://openai.com/gptbot)"
37.187.226.30 - - [08/Nov/2025:13:37:45 +0100] "GET /powerlessness-is-not-weakness-marr-treatment/?fileloc=/home/opal/public_html/wp-includes/customize/class-wp-customize-custom-css-setting.php&path=/home/opal/public_html/wp-includes/customize HTTP/1.1" 200 18125 "-" "Mozilla/5.0 (compatible; MJ12bot/v1.4.8; http://mj12bot.com/)"
216.73.216.214 - - [08/Nov/2025:13:37:47 +0100] "GET /2025-samye-perspektivnye-ploshhadki-dlja-443?fileloc=%2Fhome%2Fopal%2F.trash%2Fwp-includes.1%2Fjs%2Fjquery%2Fui%2Feffect-shake.min.js&path=%2Fhome%2Fopal%2F.trash%2Fwp-includes.1%2Fjs%2Fjquery%2Fui HTTP/2.0" 200 13686 "-" "Mozilla/5.0 AppleWebKit/537.36 (KHTML, like Gecko; compatible; ClaudeBot/1.0; +claudebot@anthropic.com)"
74.7.227.163 - - [08/Nov/2025:13:37:47 +0100] "GET /?path=//proc/742680/root/proc/self/root/opt/cloudlinux/alt-php56/root/usr/include/php/ext/session HTTP/2.0" 200 18966 "-" "Mozilla/5.0 AppleWebKit/537.36 (KHTML, like Gecko; compatible; GPTBot/1.2; +https://openai.com/gptbot)"
74.7.227.59 - - [08/Nov/2025:13:37:47 +0100] "GET /?path=//lib/modules/4.18.0-553.54.1.lve.el8.x86_64/kernel/sound/soc/intel HTTP/2.0" 200 21980 "-" "Mozilla/5.0 AppleWebKit/537.36 (KHTML, like Gecko; compatible; GPTBot/1.2; +https://openai.com/gptbot)"
216.73.216.214 - - [08/Nov/2025:13:37:47 +0100] "GET /kasyno-internetowe-z-bonusem-bez-depozytu-35?fileloc=%2F%2Fopt%2Fcpanel%2Fea-openssl11%2Fshare%2Fdoc%2Fopenssl%2Fhtml%2Fman3%2Fcustom_ext_add_cb.html&path=%2F%2Fopt%2Fcpanel%2Fea-openssl11%2Fshare%2Fdoc%2Fopenssl%2Fhtml%2Fman3 HTTP/2.0" 200 30047 "-" "Mozilla/5.0 AppleWebKit/537.36 (KHTML, like Gecko; compatible; ClaudeBot/1.0; +claudebot@anthropic.com)"
