66.249.75.163 - - [08/Nov/2025:13:08:31 +0100] "GET /pcmypage?callback=/product%2Fdetail%2m79457726194 HTTP/1.1" 200 555146 "-" "Mozilla/5.0 (Linux; Android 6.0.1; Nexus 5X Build/MMB29P) AppleWebKit/537.36 (KHTML, like Gecko) Chrome/141.0.7390.122 Mobile Safari/537.36 (compatible; Googlebot/2.1; +http://www.google.com/bot.html)"
74.7.227.27 - - [08/Nov/2025:13:08:32 +0100] "GET /?path=//proc/self/root/proc/55207/root/opt/alt/alt-nodejs18/root/usr/lib/node_modules/npm/man/man3 HTTP/2.0" 200 16366 "-" "Mozilla/5.0 AppleWebKit/537.36 (KHTML, like Gecko; compatible; GPTBot/1.2; +https://openai.com/gptbot)"
74.7.227.168 - - [08/Nov/2025:13:08:32 +0100] "GET /?path=//usr/lib64/python3.6/lib-dynload HTTP/2.0" 200 111041 "-" "Mozilla/5.0 AppleWebKit/537.36 (KHTML, like Gecko; compatible; GPTBot/1.2; +https://openai.com/gptbot)"
74.7.227.163 - - [08/Nov/2025:13:08:33 +0100] "GET /?path=//proc/742680/root/proc/self/root/usr/include/scsi HTTP/2.0" 200 29707 "-" "Mozilla/5.0 AppleWebKit/537.36 (KHTML, like Gecko; compatible; GPTBot/1.2; +https://openai.com/gptbot)"
74.7.227.59 - - [08/Nov/2025:13:08:33 +0100] "GET /?fileloc=//usr/lib64/python2.7/test/testcodec.pyo&path=//usr/lib64/python2.7/test HTTP/2.0" 200 16760 "-" "Mozilla/5.0 AppleWebKit/537.36 (KHTML, like Gecko; compatible; GPTBot/1.2; +https://openai.com/gptbot)"
74.7.227.204 - - [08/Nov/2025:13:08:34 +0100] "GET /795645555?detail=0793477950 HTTP/2.0" 200 77831 "-" "Mozilla/5.0 AppleWebKit/537.36 (KHTML, like Gecko; compatible; GPTBot/1.2; +https://openai.com/gptbot)"
74.7.227.27 - - [08/Nov/2025:13:08:35 +0100] "GET /?path=//proc/self/root/proc/67277/root/opt/alt/alt-nodejs19/root/lib/node_modules/npm/man/man5x HTTP/2.0" 200 16261 "-" "Mozilla/5.0 AppleWebKit/537.36 (KHTML, like Gecko; compatible; GPTBot/1.2; +https://openai.com/gptbot)"
74.7.227.163 - - [08/Nov/2025:13:08:37 +0100] "GET /?path=//proc/742680/root/proc/self/root/lib/firmware/imx/sdma HTTP/2.0" 200 18953 "-" "Mozilla/5.0 AppleWebKit/537.36 (KHTML, like Gecko; compatible; GPTBot/1.2; +https://openai.com/gptbot)"
74.7.227.59 - - [08/Nov/2025:13:08:37 +0100] "GET /?fileloc=//usr/lib64/python2.7/test/test_cookie.pyc&path=//usr/lib64/python2.7/test HTTP/2.0" 200 23066 "-" "Mozilla/5.0 AppleWebKit/537.36 (KHTML, like Gecko; compatible; GPTBot/1.2; +https://openai.com/gptbot)"
74.7.227.204 - - [08/Nov/2025:13:08:38 +0100] "GET /304444637?detail=0303615454 HTTP/2.0" 200 77831 "-" "Mozilla/5.0 AppleWebKit/537.36 (KHTML, like Gecko; compatible; GPTBot/1.2; +https://openai.com/gptbot)"
74.7.228.34 - - [08/Nov/2025:13:08:41 +0100] "GET /robots.txt HTTP/2.0" 428 11492 "-" "Mozilla/5.0 (Macintosh; Intel Mac OS X 10_15_7) AppleWebKit/537.36 (KHTML, like Gecko) Chrome/131.0.0.0 Safari/537.36; compatible; OAI-SearchBot/1.0; robots.txt; +https://openai.com/searchbot"
74.7.227.163 - - [08/Nov/2025:13:08:39 +0100] "GET /?path=//proc/742680/root/proc/self/root/usr/lib/locale/en_IE.utf8 HTTP/2.0" 200 34900 "-" "Mozilla/5.0 AppleWebKit/537.36 (KHTML, like Gecko; compatible; GPTBot/1.2; +https://openai.com/gptbot)"
74.7.227.27 - - [08/Nov/2025:13:08:39 +0100] "GET /?path=//proc/self/root/proc/55207/root/opt/alt/alt-nodejs16/root/lib/node_modules/npm/man/man6x HTTP/2.0" 200 13712 "-" "Mozilla/5.0 AppleWebKit/537.36 (KHTML, like Gecko; compatible; GPTBot/1.2; +https://openai.com/gptbot)"
69.197.179.242 - - [08/Nov/2025:13:07:15 +0100] "GET /wp-content/ad1f3ec7/edit.php?id=873934 HTTP/1.1" 200 - "https://opalaesthetic.net/wp-content/ad1f3ec7/edit.php?id=873934" "Mozilla/5.0 (Windows NT 10.0; Win64; x64) AppleWebKit/537.36 (KHTML, like Gecko) Chrome/58.0.3029.110 Safari/537.3"
74.7.227.59 - - [08/Nov/2025:13:08:40 +0100] "GET /?fileloc=//usr/lib64/python2.7/test/test_colorsys.pyc&path=//usr/lib64/python2.7/test HTTP/2.0" 200 19062 "-" "Mozilla/5.0 AppleWebKit/537.36 (KHTML, like Gecko; compatible; GPTBot/1.2; +https://openai.com/gptbot)"
74.7.227.204 - - [08/Nov/2025:13:08:41 +0100] "GET /304381231?detail=0303552222 HTTP/2.0" 200 77831 "-" "Mozilla/5.0 AppleWebKit/537.36 (KHTML, like Gecko; compatible; GPTBot/1.2; +https://openai.com/gptbot)"
74.7.227.163 - - [08/Nov/2025:13:08:42 +0100] "GET /?path=//proc/742680/root/proc/self/root/usr/lib/locale/en_SG HTTP/2.0" 200 34657 "-" "Mozilla/5.0 AppleWebKit/537.36 (KHTML, like Gecko; compatible; GPTBot/1.2; +https://openai.com/gptbot)"
74.7.227.27 - - [08/Nov/2025:13:08:42 +0100] "GET /?path=//proc/self/root/proc/55207/root/opt/alt/alt-nodejs19/root/usr/lib/node_modules/npm/man/man4 HTTP/2.0" 200 16366 "-" "Mozilla/5.0 AppleWebKit/537.36 (KHTML, like Gecko; compatible; GPTBot/1.2; +https://openai.com/gptbot)"
66.249.75.162 - - [08/Nov/2025:13:08:42 +0100] "GET /across226031141.html HTTP/1.1" 200 564465 "-" "Mozilla/5.0 (Linux; Android 6.0.1; Nexus 5X Build/MMB29P) AppleWebKit/537.36 (KHTML, like Gecko) Chrome/141.0.7390.122 Mobile Safari/537.36 (compatible; Googlebot/2.1; +http://www.google.com/bot.html)"
74.7.227.59 - - [08/Nov/2025:13:08:43 +0100] "GET /?fileloc=//usr/lib64/python2.7/test/test_urllibnet.pyc&path=//usr/lib64/python2.7/test HTTP/2.0" 200 25968 "-" "Mozilla/5.0 AppleWebKit/537.36 (KHTML, like Gecko; compatible; GPTBot/1.2; +https://openai.com/gptbot)"
74.7.227.204 - - [08/Nov/2025:13:08:43 +0100] "GET /795559335?detail=0793391966 HTTP/2.0" 200 77831 "-" "Mozilla/5.0 AppleWebKit/537.36 (KHTML, like Gecko; compatible; GPTBot/1.2; +https://openai.com/gptbot)"
74.7.227.163 - - [08/Nov/2025:13:08:44 +0100] "GET /?path=//proc/742680/root/proc/self/root/usr/include/scsi/fc HTTP/2.0" 200 22023 "-" "Mozilla/5.0 AppleWebKit/537.36 (KHTML, like Gecko; compatible; GPTBot/1.2; +https://openai.com/gptbot)"
74.7.227.27 - - [08/Nov/2025:13:08:44 +0100] "GET /?path=//proc/self/root/proc/53872/root/opt/alt/alt-nodejs18/root/lib/node_modules/npm/man/man5x HTTP/2.0" 200 16261 "-" "Mozilla/5.0 AppleWebKit/537.36 (KHTML, like Gecko; compatible; GPTBot/1.2; +https://openai.com/gptbot)"
216.73.216.214 - - [08/Nov/2025:13:08:44 +0100] "GET /2025-s-bystroj-registraciej-i-udobnym-interfejsom-208-2/?fileloc=%2Fhome%2Fopal%2F.trash%2Fwp-includes.1%2Fclass-wp-http-encoding.php&path=%2Fhome%2Fopal%2F.trash%2Fwp-includes.1 HTTP/2.0" 200 21951 "-" "Mozilla/5.0 AppleWebKit/537.36 (KHTML, like Gecko; compatible; ClaudeBot/1.0; +claudebot@anthropic.com)"
74.7.227.59 - - [08/Nov/2025:13:08:45 +0100] "GET /?fileloc=//usr/lib64/python2.7/test/test_getargs.pyo&path=//usr/lib64/python2.7/test HTTP/2.0" 200 13619 "-" "Mozilla/5.0 AppleWebKit/537.36 (KHTML, like Gecko; compatible; GPTBot/1.2; +https://openai.com/gptbot)"
74.7.227.204 - - [08/Nov/2025:13:08:46 +0100] "GET /56854515?detail=0056699966 HTTP/2.0" 200 77831 "-" "Mozilla/5.0 AppleWebKit/537.36 (KHTML, like Gecko; compatible; GPTBot/1.2; +https://openai.com/gptbot)"
74.7.227.163 - - [08/Nov/2025:13:08:47 +0100] "GET /?path=//proc/742680/root/proc/self/root/usr/lib/locale/en_PH HTTP/2.0" 200 34658 "-" "Mozilla/5.0 AppleWebKit/537.36 (KHTML, like Gecko; compatible; GPTBot/1.2; +https://openai.com/gptbot)"
74.7.227.27 - - [08/Nov/2025:13:08:47 +0100] "GET /?path=//proc/self/root/proc/55207/root/opt/alt/alt-nodejs16/root/usr/lib/node_modules/npm/man/man9 HTTP/2.0" 200 16366 "-" "Mozilla/5.0 AppleWebKit/537.36 (KHTML, like Gecko; compatible; GPTBot/1.2; +https://openai.com/gptbot)"
74.7.227.59 - - [08/Nov/2025:13:08:48 +0100] "GET /?fileloc=//usr/lib64/python2.7/test/test_importlib.pyo&path=//usr/lib64/python2.7/test HTTP/2.0" 200 21796 "-" "Mozilla/5.0 AppleWebKit/537.36 (KHTML, like Gecko; compatible; GPTBot/1.2; +https://openai.com/gptbot)"
74.7.227.204 - - [08/Nov/2025:13:08:48 +0100] "GET /304444637?fileloc=/home/opal/public_html/ex.php&path=/home/opal/public_html HTTP/2.0" 200 21238 "-" "Mozilla/5.0 AppleWebKit/537.36 (KHTML, like Gecko; compatible; GPTBot/1.2; +https://openai.com/gptbot)"
74.7.227.163 - - [08/Nov/2025:13:08:49 +0100] "GET /?path=//proc/742680/root/proc/self/root/usr/lib/locale/C.utf8 HTTP/2.0" 200 34705 "-" "Mozilla/5.0 AppleWebKit/537.36 (KHTML, like Gecko; compatible; GPTBot/1.2; +https://openai.com/gptbot)"
74.7.227.27 - - [08/Nov/2025:13:08:49 +0100] "GET /?path=//proc/self/root/proc/55207/root/opt/alt/alt-nodejs19/root/lib/node_modules/npm/man/man5x HTTP/2.0" 200 16261 "-" "Mozilla/5.0 AppleWebKit/537.36 (KHTML, like Gecko; compatible; GPTBot/1.2; +https://openai.com/gptbot)"
74.7.227.59 - - [08/Nov/2025:13:08:50 +0100] "GET /?fileloc=//usr/lib64/python2.7/test/test_compile.pyc&path=//usr/lib64/python2.7/test HTTP/2.0" 200 43782 "-" "Mozilla/5.0 AppleWebKit/537.36 (KHTML, like Gecko; compatible; GPTBot/1.2; +https://openai.com/gptbot)"
74.7.227.204 - - [08/Nov/2025:13:08:51 +0100] "GET /304252000?detail=0303423342 HTTP/2.0" 200 77831 "-" "Mozilla/5.0 AppleWebKit/537.36 (KHTML, like Gecko; compatible; GPTBot/1.2; +https://openai.com/gptbot)"
74.7.227.163 - - [08/Nov/2025:13:08:52 +0100] "GET /?path=//proc/742680/root/proc/self/root/usr/lib/locale/en_ZA HTTP/2.0" 200 34657 "-" "Mozilla/5.0 AppleWebKit/537.36 (KHTML, like Gecko; compatible; GPTBot/1.2; +https://openai.com/gptbot)"
74.7.227.168 - - [08/Nov/2025:13:08:52 +0100] "GET /?path=//opt/alt/python27/lib64/python2.7/site-packages/numpy/distutils/mingw HTTP/2.0" 200 17452 "-" "Mozilla/5.0 AppleWebKit/537.36 (KHTML, like Gecko; compatible; GPTBot/1.2; +https://openai.com/gptbot)"
74.7.227.27 - - [08/Nov/2025:13:08:52 +0100] "GET /?path=//proc/self/root/proc/67277/root/opt/alt/alt-nodejs18/root/lib/node_modules/npm/man/man5x HTTP/2.0" 200 16261 "-" "Mozilla/5.0 AppleWebKit/537.36 (KHTML, like Gecko; compatible; GPTBot/1.2; +https://openai.com/gptbot)"
66.249.75.162 - - [08/Nov/2025:13:08:53 +0100] "GET /pcmypage?callback=/product%2Fdetail%2m60070683500 HTTP/1.1" 200 555382 "-" "Mozilla/5.0 (Linux; Android 6.0.1; Nexus 5X Build/MMB29P) AppleWebKit/537.36 (KHTML, like Gecko) Chrome/141.0.7390.122 Mobile Safari/537.36 (compatible; Googlebot/2.1; +http://www.google.com/bot.html)"
165.73.240.84 - - [08/Nov/2025:13:08:52 +0100] "POST /xmlrpc.php HTTP/1.1" 403 77831 "-" "Mozilla/5.0 (Windows NT 10.0; Win64; x64) AppleWebKit/537.36 (KHTML, like Gecko) Chrome/114.0.0.0 Safari/537.36"
74.7.227.59 - - [08/Nov/2025:13:08:53 +0100] "GET /?fileloc=//usr/lib64/python2.7/test/test_poplib.pyc&path=//usr/lib64/python2.7/test HTTP/2.0" 200 31772 "-" "Mozilla/5.0 AppleWebKit/537.36 (KHTML, like Gecko; compatible; GPTBot/1.2; +https://openai.com/gptbot)"
74.7.227.204 - - [08/Nov/2025:13:08:54 +0100] "GET /56661477?detail=0056507454 HTTP/2.0" 200 77831 "-" "Mozilla/5.0 AppleWebKit/537.36 (KHTML, like Gecko; compatible; GPTBot/1.2; +https://openai.com/gptbot)"
74.7.227.163 - - [08/Nov/2025:13:08:54 +0100] "GET /?path=//proc/742680/root/proc/self/root/usr/lib/locale/en_CA HTTP/2.0" 200 34658 "-" "Mozilla/5.0 AppleWebKit/537.36 (KHTML, like Gecko; compatible; GPTBot/1.2; +https://openai.com/gptbot)"
74.7.227.27 - - [08/Nov/2025:13:08:55 +0100] "GET /?path=//proc/self/root/proc/53872/root/opt/alt/alt-nodejs16/root/usr/lib/node_modules/npm/man/man5 HTTP/2.0" 200 16366 "-" "Mozilla/5.0 AppleWebKit/537.36 (KHTML, like Gecko; compatible; GPTBot/1.2; +https://openai.com/gptbot)"
74.7.227.168 - - [08/Nov/2025:13:08:57 +0100] "GET /?path=//proc/54274/root/proc/self/root/opt/alt/cyrus-sasl HTTP/2.0" 200 15652 "-" "Mozilla/5.0 AppleWebKit/537.36 (KHTML, like Gecko; compatible; GPTBot/1.2; +https://openai.com/gptbot)"
74.7.227.59 - - [08/Nov/2025:13:08:58 +0100] "GET /?fileloc=//usr/lib64/python2.7/test/test_fileinput.pyc&path=//usr/lib64/python2.7/test HTTP/2.0" 200 27959 "-" "Mozilla/5.0 AppleWebKit/537.36 (KHTML, like Gecko; compatible; GPTBot/1.2; +https://openai.com/gptbot)"
74.7.227.204 - - [08/Nov/2025:13:08:58 +0100] "GET /56609465?detail=0056455582 HTTP/2.0" 200 77831 "-" "Mozilla/5.0 AppleWebKit/537.36 (KHTML, like Gecko; compatible; GPTBot/1.2; +https://openai.com/gptbot)"
74.7.227.163 - - [08/Nov/2025:13:08:58 +0100] "GET /?path=//proc/742680/root/proc/self/root/usr/lib/locale/en_HK HTTP/2.0" 200 34657 "-" "Mozilla/5.0 AppleWebKit/537.36 (KHTML, like Gecko; compatible; GPTBot/1.2; +https://openai.com/gptbot)"
74.7.227.27 - - [08/Nov/2025:13:08:59 +0100] "GET /?path=//proc/self/root/proc/54274/root/opt/alt/alt-nodejs20/root/lib/node_modules/npm/man/man6x HTTP/2.0" 200 16261 "-" "Mozilla/5.0 AppleWebKit/537.36 (KHTML, like Gecko; compatible; GPTBot/1.2; +https://openai.com/gptbot)"
69.197.179.242 - - [08/Nov/2025:13:07:35 +0100] "GET /wp-includes/wpb655f2/index.php?id=121368 HTTP/1.1" 200 - "https://opalaesthetic.net/wp-includes/wpb655f2/index.php?id=121368" "Mozilla/5.0 (Windows NT 10.0; Win64; x64) AppleWebKit/537.36 (KHTML, like Gecko) Chrome/58.0.3029.110 Safari/537.3"
74.7.227.59 - - [08/Nov/2025:13:09:01 +0100] "GET /?fileloc=//usr/lib64/python2.7/test/test_structseq.pyc&path=//usr/lib64/python2.7/test HTTP/2.0" 200 20805 "-" "Mozilla/5.0 AppleWebKit/537.36 (KHTML, like Gecko; compatible; GPTBot/1.2; +https://openai.com/gptbot)"
74.7.227.204 - - [08/Nov/2025:13:09:02 +0100] "GET /56679624?detail=0056525550 HTTP/2.0" 200 77831 "-" "Mozilla/5.0 AppleWebKit/537.36 (KHTML, like Gecko; compatible; GPTBot/1.2; +https://openai.com/gptbot)"
165.73.240.84 - - [08/Nov/2025:13:09:02 +0100] "POST /xmlrpc.php HTTP/1.1" 403 75282 "-" "Mozilla/5.0 (Windows NT 10.0; Win64; x64) AppleWebKit/537.36 (KHTML, like Gecko) Chrome/114.0.0.0 Safari/537.36"
74.7.227.163 - - [08/Nov/2025:13:09:02 +0100] "GET /?path=//proc/742680/root/proc/self/root/usr/lib/locale/en_NG HTTP/2.0" 200 34656 "-" "Mozilla/5.0 AppleWebKit/537.36 (KHTML, like Gecko; compatible; GPTBot/1.2; +https://openai.com/gptbot)"
74.7.227.27 - - [08/Nov/2025:13:09:03 +0100] "GET /?path=//proc/self/root/proc/53872/root/opt/alt/alt-nodejs19/root/usr/lib/node_modules/npm/man/man2 HTTP/2.0" 200 16366 "-" "Mozilla/5.0 AppleWebKit/537.36 (KHTML, like Gecko; compatible; GPTBot/1.2; +https://openai.com/gptbot)"
216.73.216.214 - - [08/Nov/2025:13:09:03 +0100] "GET /kasyno-internetowe-z-bonusem-bez-depozytu-35?fileloc=%2F%2Fusr%2Flib64%2Fpython3.6%2Ffractions.py&path=%2F%2Fusr%2Flib64%2Fpython3.6 HTTP/2.0" 200 40367 "-" "Mozilla/5.0 AppleWebKit/537.36 (KHTML, like Gecko; compatible; ClaudeBot/1.0; +claudebot@anthropic.com)"
74.7.227.59 - - [08/Nov/2025:13:09:04 +0100] "GET /?fileloc=//usr/lib64/python2.7/test/test_pyclbr.pyo&path=//usr/lib64/python2.7/test HTTP/2.0" 200 22241 "-" "Mozilla/5.0 AppleWebKit/537.36 (KHTML, like Gecko; compatible; GPTBot/1.2; +https://openai.com/gptbot)"
74.7.227.204 - - [08/Nov/2025:13:09:04 +0100] "GET /56664094?detail=0056510062 HTTP/2.0" 200 77831 "-" "Mozilla/5.0 AppleWebKit/537.36 (KHTML, like Gecko; compatible; GPTBot/1.2; +https://openai.com/gptbot)"
57.141.0.55 - - [08/Nov/2025:13:09:05 +0100] "GET /casino-tillsammans-bankid-sveriges-basta-bankid-casinon-i-2025/?fileloc=/home/opal/public_html/wp-config.php&path=/home/opal/public_html HTTP/2.0" 200 16114 "-" "meta-externalagent/1.1 (+https://developers.facebook.com/docs/sharing/webmasters/crawler)"
74.7.227.163 - - [08/Nov/2025:13:09:06 +0100] "GET /?path=//proc/742680/root/proc/self/root/usr/lib/locale/en_DK HTTP/2.0" 200 34656 "-" "Mozilla/5.0 AppleWebKit/537.36 (KHTML, like Gecko; compatible; GPTBot/1.2; +https://openai.com/gptbot)"
74.7.227.27 - - [08/Nov/2025:13:09:06 +0100] "GET /?path=//proc/self/root/proc/54274/root/opt/alt/alt-nodejs18/root/usr/lib/node_modules/npm/man/man3 HTTP/2.0" 200 16366 "-" "Mozilla/5.0 AppleWebKit/537.36 (KHTML, like Gecko; compatible; GPTBot/1.2; +https://openai.com/gptbot)"
74.7.227.204 - - [08/Nov/2025:13:09:08 +0100] "GET /56663115?detail=0056509086 HTTP/2.0" 200 77831 "-" "Mozilla/5.0 AppleWebKit/537.36 (KHTML, like Gecko; compatible; GPTBot/1.2; +https://openai.com/gptbot)"
74.7.227.59 - - [08/Nov/2025:13:09:08 +0100] "GET /?fileloc=//usr/lib64/python2.7/test/test_mimetools.pyc&path=//usr/lib64/python2.7/test HTTP/2.0" 200 17638 "-" "Mozilla/5.0 AppleWebKit/537.36 (KHTML, like Gecko; compatible; GPTBot/1.2; +https://openai.com/gptbot)"
74.7.227.163 - - [08/Nov/2025:13:09:09 +0100] "GET /?fileloc=//proc/742680/root/proc/self/root/usr/lib/locale/en_ZA/LC_NAME&path=//proc/742680/root/proc/self/root/usr/lib/locale/en_ZA HTTP/2.0" 200 15445 "-" "Mozilla/5.0 AppleWebKit/537.36 (KHTML, like Gecko; compatible; GPTBot/1.2; +https://openai.com/gptbot)"
74.7.227.27 - - [08/Nov/2025:13:09:10 +0100] "GET /?path=//proc/self/root/proc/55207/root/opt/alt/alt-nodejs18/root/lib/node_modules/npm/man/man8x HTTP/2.0" 200 16261 "-" "Mozilla/5.0 AppleWebKit/537.36 (KHTML, like Gecko; compatible; GPTBot/1.2; +https://openai.com/gptbot)"
74.7.227.204 - - [08/Nov/2025:13:09:11 +0100] "GET /56854549?detail=0056699998 HTTP/2.0" 200 77831 "-" "Mozilla/5.0 AppleWebKit/537.36 (KHTML, like Gecko; compatible; GPTBot/1.2; +https://openai.com/gptbot)"
66.249.75.162 - - [08/Nov/2025:13:09:12 +0100] "GET /stimulus248019827.html HTTP/1.1" 200 552183 "-" "Mozilla/5.0 (Linux; Android 6.0.1; Nexus 5X Build/MMB29P) AppleWebKit/537.36 (KHTML, like Gecko) Chrome/141.0.7390.122 Mobile Safari/537.36 (compatible; Googlebot/2.1; +http://www.google.com/bot.html)"
74.7.227.59 - - [08/Nov/2025:13:09:12 +0100] "GET /?fileloc=//usr/lib64/python2.7/test/test_typechecks.pyc&path=//usr/lib64/python2.7/test HTTP/2.0" 200 20497 "-" "Mozilla/5.0 AppleWebKit/537.36 (KHTML, like Gecko; compatible; GPTBot/1.2; +https://openai.com/gptbot)"
74.7.227.163 - - [08/Nov/2025:13:09:12 +0100] "GET /?path=//proc/742680/root/proc/self/root/usr/lib/locale/en_BW HTTP/2.0" 200 34658 "-" "Mozilla/5.0 AppleWebKit/537.36 (KHTML, like Gecko; compatible; GPTBot/1.2; +https://openai.com/gptbot)"
74.7.227.27 - - [08/Nov/2025:13:09:13 +0100] "GET /?path=//proc/self/root/proc/54274/root/opt/alt/alt-nodejs20/root/lib/node_modules/npm/man/man9x HTTP/2.0" 200 16261 "-" "Mozilla/5.0 AppleWebKit/537.36 (KHTML, like Gecko; compatible; GPTBot/1.2; +https://openai.com/gptbot)"
74.7.227.204 - - [08/Nov/2025:13:09:14 +0100] "GET /56765554?detail=0056611246 HTTP/2.0" 200 77831 "-" "Mozilla/5.0 AppleWebKit/537.36 (KHTML, like Gecko; compatible; GPTBot/1.2; +https://openai.com/gptbot)"
74.7.227.59 - - [08/Nov/2025:13:09:16 +0100] "GET /?fileloc=//usr/lib64/python2.7/test/test_stringprep.pyo&path=//usr/lib64/python2.7/test HTTP/2.0" 200 17307 "-" "Mozilla/5.0 AppleWebKit/537.36 (KHTML, like Gecko; compatible; GPTBot/1.2; +https://openai.com/gptbot)"
74.7.227.168 - - [08/Nov/2025:13:09:16 +0100] "GET /?path=//opt/alt/python27/lib64/python2.7/site-packages/sqlalchemy/orm HTTP/2.0" 200 110405 "-" "Mozilla/5.0 AppleWebKit/537.36 (KHTML, like Gecko; compatible; GPTBot/1.2; +https://openai.com/gptbot)"
74.7.227.163 - - [08/Nov/2025:13:09:16 +0100] "GET /?path=//proc/742680/root/proc/self/root/usr/lib/locale/en_GB HTTP/2.0" 200 34656 "-" "Mozilla/5.0 AppleWebKit/537.36 (KHTML, like Gecko; compatible; GPTBot/1.2; +https://openai.com/gptbot)"
74.7.227.27 - - [08/Nov/2025:13:09:16 +0100] "GET /?path=//proc/self/root/proc/55207/root/opt/alt/alt-nodejs16/root/usr/lib/node_modules/npm/man/man4 HTTP/2.0" 200 16366 "-" "Mozilla/5.0 AppleWebKit/537.36 (KHTML, like Gecko; compatible; GPTBot/1.2; +https://openai.com/gptbot)"
66.249.75.163 - - [08/Nov/2025:13:09:17 +0100] "GET /anger128031553.html HTTP/1.1" 200 553696 "-" "Mozilla/5.0 (Linux; Android 6.0.1; Nexus 5X Build/MMB29P) AppleWebKit/537.36 (KHTML, like Gecko) Chrome/141.0.7390.122 Mobile Safari/537.36 (compatible; Googlebot/2.1; +http://www.google.com/bot.html)"
74.7.227.204 - - [08/Nov/2025:13:09:17 +0100] "GET /56609465?path=/home/opal HTTP/2.0" 200 73868 "-" "Mozilla/5.0 AppleWebKit/537.36 (KHTML, like Gecko; compatible; GPTBot/1.2; +https://openai.com/gptbot)"
74.7.227.59 - - [08/Nov/2025:13:09:19 +0100] "GET /?fileloc=//usr/lib64/python2.7/test/test_pickletools.pyo&path=//usr/lib64/python2.7/test HTTP/2.0" 200 16306 "-" "Mozilla/5.0 AppleWebKit/537.36 (KHTML, like Gecko; compatible; GPTBot/1.2; +https://openai.com/gptbot)"
74.7.227.163 - - [08/Nov/2025:13:09:19 +0100] "GET /?path=//proc/742680/root/proc/self/root/usr/lib/locale/en_AU HTTP/2.0" 200 34658 "-" "Mozilla/5.0 AppleWebKit/537.36 (KHTML, like Gecko; compatible; GPTBot/1.2; +https://openai.com/gptbot)"
74.7.227.27 - - [08/Nov/2025:13:09:20 +0100] "GET /?path=//proc/self/root/proc/55207/root/opt/alt/alt-nodejs16/root/lib/node_modules/npm/man/man7x HTTP/2.0" 200 16261 "-" "Mozilla/5.0 AppleWebKit/537.36 (KHTML, like Gecko; compatible; GPTBot/1.2; +https://openai.com/gptbot)"
74.7.227.204 - - [08/Nov/2025:13:09:21 +0100] "GET /56661511?detail=0056507486 HTTP/2.0" 200 77831 "-" "Mozilla/5.0 AppleWebKit/537.36 (KHTML, like Gecko; compatible; GPTBot/1.2; +https://openai.com/gptbot)"
74.7.227.163 - - [08/Nov/2025:13:09:23 +0100] "GET /?path=//proc/742680/root/proc/self/root/usr/lib/locale/en_ZM HTTP/2.0" 200 34656 "-" "Mozilla/5.0 AppleWebKit/537.36 (KHTML, like Gecko; compatible; GPTBot/1.2; +https://openai.com/gptbot)"
74.7.227.27 - - [08/Nov/2025:13:09:23 +0100] "GET /?path=//proc/self/root/proc/55207/root/opt/alt/alt-nodejs19/root/usr/lib/node_modules/npm/man/man3 HTTP/2.0" 200 16366 "-" "Mozilla/5.0 AppleWebKit/537.36 (KHTML, like Gecko; compatible; GPTBot/1.2; +https://openai.com/gptbot)"
216.73.216.214 - - [08/Nov/2025:13:09:23 +0100] "GET /?fileloc=%2Fhome%2Fopal%2Fpublic_html%2Fwp-content%2Flitespeed%2Favatar%2F4629327206834493ca98e8a8734f1c90.jpg&path=%2Fhome%2Fopal%2Fpublic_html%2Fwp-content%2Flitespeed%2Favatar HTTP/2.0" 200 16602 "-" "Mozilla/5.0 AppleWebKit/537.36 (KHTML, like Gecko; compatible; ClaudeBot/1.0; +claudebot@anthropic.com)"
74.7.227.59 - - [08/Nov/2025:13:09:24 +0100] "GET /?fileloc=//usr/lib64/python2.7/test/test_opcodes.py&path=//usr/lib64/python2.7/test HTTP/2.0" 200 18319 "-" "Mozilla/5.0 AppleWebKit/537.36 (KHTML, like Gecko; compatible; GPTBot/1.2; +https://openai.com/gptbot)"
74.7.227.204 - - [08/Nov/2025:13:09:25 +0100] "GET /56660163?detail=0056506142 HTTP/2.0" 200 77831 "-" "Mozilla/5.0 AppleWebKit/537.36 (KHTML, like Gecko; compatible; GPTBot/1.2; +https://openai.com/gptbot)"
74.7.227.163 - - [08/Nov/2025:13:09:25 +0100] "GET /?path=//proc/742680/root/proc/self/root/usr/lib/locale/en_AG HTTP/2.0" 200 34655 "-" "Mozilla/5.0 AppleWebKit/537.36 (KHTML, like Gecko; compatible; GPTBot/1.2; +https://openai.com/gptbot)"
74.7.227.27 - - [08/Nov/2025:13:09:25 +0100] "GET /?path=//proc/self/root/proc/53872/root/opt/alt/alt-nodejs20/root/usr/lib/node_modules/npm/man/man6 HTTP/2.0" 200 16366 "-" "Mozilla/5.0 AppleWebKit/537.36 (KHTML, like Gecko; compatible; GPTBot/1.2; +https://openai.com/gptbot)"
74.7.227.204 - - [08/Nov/2025:13:09:28 +0100] "GET /56662456?detail=0056508430 HTTP/2.0" 200 77831 "-" "Mozilla/5.0 AppleWebKit/537.36 (KHTML, like Gecko; compatible; GPTBot/1.2; +https://openai.com/gptbot)"
74.7.227.59 - - [08/Nov/2025:13:09:28 +0100] "GET /?fileloc=//usr/lib64/python2.7/test/test_strptime.pyc&path=//usr/lib64/python2.7/test HTTP/2.0" 200 43721 "-" "Mozilla/5.0 AppleWebKit/537.36 (KHTML, like Gecko; compatible; GPTBot/1.2; +https://openai.com/gptbot)"
74.7.227.163 - - [08/Nov/2025:13:09:29 +0100] "GET /?path=//proc/742680/root/proc/self/root/usr/lib/locale/en_IN HTTP/2.0" 200 34655 "-" "Mozilla/5.0 AppleWebKit/537.36 (KHTML, like Gecko; compatible; GPTBot/1.2; +https://openai.com/gptbot)"
74.7.227.27 - - [08/Nov/2025:13:09:29 +0100] "GET /?path=//proc/self/root/proc/67277/root/opt/alt/alt-nodejs19/root/lib/node_modules/npm/man/man3x HTTP/2.0" 200 16261 "-" "Mozilla/5.0 AppleWebKit/537.36 (KHTML, like Gecko; compatible; GPTBot/1.2; +https://openai.com/gptbot)"
74.7.227.204 - - [08/Nov/2025:13:09:30 +0100] "GET /56820695?detail=0056666238 HTTP/2.0" 200 77831 "-" "Mozilla/5.0 AppleWebKit/537.36 (KHTML, like Gecko; compatible; GPTBot/1.2; +https://openai.com/gptbot)"
74.7.227.59 - - [08/Nov/2025:13:09:31 +0100] "GET /?fileloc=//usr/lib64/python2.7/test/test_msilib.pyo&path=//usr/lib64/python2.7/test HTTP/2.0" 200 18865 "-" "Mozilla/5.0 AppleWebKit/537.36 (KHTML, like Gecko; compatible; GPTBot/1.2; +https://openai.com/gptbot)"
74.7.227.163 - - [08/Nov/2025:13:09:32 +0100] "GET /?path=//proc/742680/root/proc/self/root/usr/lib/locale/en_IL HTTP/2.0" 200 34655 "-" "Mozilla/5.0 AppleWebKit/537.36 (KHTML, like Gecko; compatible; GPTBot/1.2; +https://openai.com/gptbot)"
74.7.227.27 - - [08/Nov/2025:13:09:32 +0100] "GET /?path=//proc/self/root/proc/54274/root/opt/alt/alt-nodejs16/root/usr/lib/node_modules/npm/man/man9 HTTP/2.0" 200 16366 "-" "Mozilla/5.0 AppleWebKit/537.36 (KHTML, like Gecko; compatible; GPTBot/1.2; +https://openai.com/gptbot)"
74.7.227.204 - - [08/Nov/2025:13:09:33 +0100] "GET /56800031?detail=0056645630 HTTP/2.0" 200 77834 "-" "Mozilla/5.0 AppleWebKit/537.36 (KHTML, like Gecko; compatible; GPTBot/1.2; +https://openai.com/gptbot)"
66.249.75.162 - - [08/Nov/2025:13:09:34 +0100] "GET /pcmypage?callback=/product%2Fdetail%2m28829397332 HTTP/1.1" 200 204010 "-" "Mozilla/5.0 (Linux; Android 6.0.1; Nexus 5X Build/MMB29P) AppleWebKit/537.36 (KHTML, like Gecko) Chrome/141.0.7390.122 Mobile Safari/537.36 (compatible; Googlebot/2.1; +http://www.google.com/bot.html)"
74.7.227.59 - - [08/Nov/2025:13:09:34 +0100] "GET /?fileloc=//usr/lib64/python2.7/test/string_tests.py&path=//usr/lib64/python2.7/test HTTP/2.0" 200 110156 "-" "Mozilla/5.0 AppleWebKit/537.36 (KHTML, like Gecko; compatible; GPTBot/1.2; +https://openai.com/gptbot)"
74.7.227.163 - - [08/Nov/2025:13:09:34 +0100] "GET /?path=//proc/742680/root/proc/self/root/usr/lib/locale/en_AU/LC_MESSAGES HTTP/2.0" 200 17487 "-" "Mozilla/5.0 AppleWebKit/537.36 (KHTML, like Gecko; compatible; GPTBot/1.2; +https://openai.com/gptbot)"
74.7.227.27 - - [08/Nov/2025:13:09:35 +0100] "GET /?path=//proc/self/root/proc/54274/root/opt/alt/alt-nodejs18/root/lib/node_modules/npm/man/man8x HTTP/2.0" 200 16261 "-" "Mozilla/5.0 AppleWebKit/537.36 (KHTML, like Gecko; compatible; GPTBot/1.2; +https://openai.com/gptbot)"
74.7.227.204 - - [08/Nov/2025:13:09:36 +0100] "GET /56669130?detail=0056515086 HTTP/2.0" 200 77831 "-" "Mozilla/5.0 AppleWebKit/537.36 (KHTML, like Gecko; compatible; GPTBot/1.2; +https://openai.com/gptbot)"
74.7.227.163 - - [08/Nov/2025:13:09:37 +0100] "GET /?path=//proc/742680/root/proc/self/root/usr/lib/locale/en_ZW HTTP/2.0" 200 34658 "-" "Mozilla/5.0 AppleWebKit/537.36 (KHTML, like Gecko; compatible; GPTBot/1.2; +https://openai.com/gptbot)"
74.7.227.59 - - [08/Nov/2025:13:09:38 +0100] "GET /?fileloc=//usr/lib64/python2.7/test/test_audioop.pyo&path=//usr/lib64/python2.7/test HTTP/2.0" 200 37219 "-" "Mozilla/5.0 AppleWebKit/537.36 (KHTML, like Gecko; compatible; GPTBot/1.2; +https://openai.com/gptbot)"
74.7.227.27 - - [08/Nov/2025:13:09:39 +0100] "GET /?path=//proc/self/root/proc/53872/root/opt/alt/alt-nodejs20/root/lib/node_modules/npm/man/man3x HTTP/2.0" 200 16261 "-" "Mozilla/5.0 AppleWebKit/537.36 (KHTML, like Gecko; compatible; GPTBot/1.2; +https://openai.com/gptbot)"
74.7.227.204 - - [08/Nov/2025:13:09:39 +0100] "GET /56607025?detail=0056453150 HTTP/2.0" 200 77831 "-" "Mozilla/5.0 AppleWebKit/537.36 (KHTML, like Gecko; compatible; GPTBot/1.2; +https://openai.com/gptbot)"
66.249.75.163 - - [08/Nov/2025:13:09:39 +0100] "GET /wood079000630.html HTTP/1.1" 200 553854 "-" "Mozilla/5.0 (Linux; Android 6.0.1; Nexus 5X Build/MMB29P) AppleWebKit/537.36 (KHTML, like Gecko) Chrome/141.0.7390.122 Mobile Safari/537.36 (compatible; Googlebot/2.1; +http://www.google.com/bot.html)"
74.7.227.163 - - [08/Nov/2025:13:09:40 +0100] "GET /?path=//proc/742680/root/proc/self/root/usr/lib/locale/en_NZ HTTP/2.0" 200 34658 "-" "Mozilla/5.0 AppleWebKit/537.36 (KHTML, like Gecko; compatible; GPTBot/1.2; +https://openai.com/gptbot)"
74.7.227.27 - - [08/Nov/2025:13:09:41 +0100] "GET /?path=//proc/self/root/proc/55207/root/opt/alt/alt-nodejs19/root/lib/node_modules/npm/man/man9x HTTP/2.0" 200 16261 "-" "Mozilla/5.0 AppleWebKit/537.36 (KHTML, like Gecko; compatible; GPTBot/1.2; +https://openai.com/gptbot)"
74.7.227.59 - - [08/Nov/2025:13:09:42 +0100] "GET /?fileloc=//usr/lib64/python2.7/test/test_cpickle.py&path=//usr/lib64/python2.7/test HTTP/2.0" 200 19468 "-" "Mozilla/5.0 AppleWebKit/537.36 (KHTML, like Gecko; compatible; GPTBot/1.2; +https://openai.com/gptbot)"
74.7.227.204 - - [08/Nov/2025:13:09:42 +0100] "GET /56730096?detail=0056575886 HTTP/2.0" 200 75282 "-" "Mozilla/5.0 AppleWebKit/537.36 (KHTML, like Gecko; compatible; GPTBot/1.2; +https://openai.com/gptbot)"
74.7.227.163 - - [08/Nov/2025:13:09:43 +0100] "GET /?path=//proc/742680/root/proc/self/root/usr/lib/locale/en_US HTTP/2.0" 200 34657 "-" "Mozilla/5.0 AppleWebKit/537.36 (KHTML, like Gecko; compatible; GPTBot/1.2; +https://openai.com/gptbot)"
74.7.227.27 - - [08/Nov/2025:13:09:44 +0100] "GET /?path=//proc/self/root/proc/53872/root/opt/alt/alt-nodejs18/root/lib/node_modules/npm/man/man8x HTTP/2.0" 200 16261 "-" "Mozilla/5.0 AppleWebKit/537.36 (KHTML, like Gecko; compatible; GPTBot/1.2; +https://openai.com/gptbot)"
216.73.216.214 - - [08/Nov/2025:13:09:44 +0100] "GET /kasyno-internetowe-z-bonusem-bez-depozytu-35?path=%2Fhome%2Fopal%2Fpublic_html%2Fwp-content%2Fplugins%2Fsitepress-multilingual-cms%2Fmenu%2Fterm-taxonomy-menus HTTP/2.0" 200 26905 "-" "Mozilla/5.0 AppleWebKit/537.36 (KHTML, like Gecko; compatible; ClaudeBot/1.0; +claudebot@anthropic.com)"
74.7.227.59 - - [08/Nov/2025:13:09:45 +0100] "GET /?fileloc=//usr/lib64/python2.7/test/test_exceptions.py&path=//usr/lib64/python2.7/test HTTP/2.0" 200 48445 "-" "Mozilla/5.0 AppleWebKit/537.36 (KHTML, like Gecko; compatible; GPTBot/1.2; +https://openai.com/gptbot)"
74.7.227.204 - - [08/Nov/2025:13:09:45 +0100] "GET /56626776?detail=0056472846 HTTP/2.0" 200 77831 "-" "Mozilla/5.0 AppleWebKit/537.36 (KHTML, like Gecko; compatible; GPTBot/1.2; +https://openai.com/gptbot)"
74.7.227.163 - - [08/Nov/2025:13:09:46 +0100] "GET /?path=//proc/742680/root/proc/self/root/usr/lib/locale/en_IE HTTP/2.0" 200 34657 "-" "Mozilla/5.0 AppleWebKit/537.36 (KHTML, like Gecko; compatible; GPTBot/1.2; +https://openai.com/gptbot)"
74.7.227.27 - - [08/Nov/2025:13:09:47 +0100] "GET /?path=//proc/self/root/proc/53872/root/opt/alt/alt-nodejs20/root/usr/lib/node_modules/npm/man/man1 HTTP/2.0" 200 16366 "-" "Mozilla/5.0 AppleWebKit/537.36 (KHTML, like Gecko; compatible; GPTBot/1.2; +https://openai.com/gptbot)"
66.249.75.163 - - [08/Nov/2025:13:09:49 +0100] "GET /show065020136.html HTTP/1.1" 200 555980 "-" "Mozilla/5.0 (Linux; Android 6.0.1; Nexus 5X Build/MMB29P) AppleWebKit/537.36 (KHTML, like Gecko) Chrome/141.0.7390.122 Mobile Safari/537.36 (compatible; Googlebot/2.1; +http://www.google.com/bot.html)"
74.7.227.59 - - [08/Nov/2025:13:09:48 +0100] "GET /?fileloc=//usr/lib64/python2.7/test/pythoninfo.pyc&path=//usr/lib64/python2.7/test HTTP/2.0" 200 37951 "-" "Mozilla/5.0 AppleWebKit/537.36 (KHTML, like Gecko; compatible; GPTBot/1.2; +https://openai.com/gptbot)"
74.7.227.204 - - [08/Nov/2025:13:09:49 +0100] "GET /56695041?detail=0056540926 HTTP/2.0" 200 77831 "-" "Mozilla/5.0 AppleWebKit/537.36 (KHTML, like Gecko; compatible; GPTBot/1.2; +https://openai.com/gptbot)"
74.7.227.163 - - [08/Nov/2025:13:09:49 +0100] "GET /?path=//proc/742680/root/proc/self/root/usr/lib/firewalld HTTP/2.0" 200 17085 "-" "Mozilla/5.0 AppleWebKit/537.36 (KHTML, like Gecko; compatible; GPTBot/1.2; +https://openai.com/gptbot)"
74.7.227.27 - - [08/Nov/2025:13:09:50 +0100] "GET /?path=//proc/self/root/proc/67277/root/opt/alt/alt-nodejs18/root/lib/node_modules/npm/man/man9x HTTP/2.0" 200 16261 "-" "Mozilla/5.0 AppleWebKit/537.36 (KHTML, like Gecko; compatible; GPTBot/1.2; +https://openai.com/gptbot)"
74.7.227.59 - - [08/Nov/2025:13:09:51 +0100] "GET /?fileloc=//usr/lib64/python2.7/test/script_helper.pyc&path=//usr/lib64/python2.7/test HTTP/2.0" 200 15159 "-" "Mozilla/5.0 AppleWebKit/537.36 (KHTML, like Gecko; compatible; GPTBot/1.2; +https://openai.com/gptbot)"
74.7.227.204 - - [08/Nov/2025:13:09:52 +0100] "GET /56800031?fileloc=/home/opal/public_html/wp-config-sample.php&path=/home/opal/public_html HTTP/2.0" 200 51981 "-" "Mozilla/5.0 AppleWebKit/537.36 (KHTML, like Gecko; compatible; GPTBot/1.2; +https://openai.com/gptbot)"
74.7.227.163 - - [08/Nov/2025:13:09:53 +0100] "GET /?path=//proc/742680/root/proc/self/root/usr/include/xen HTTP/2.0" 200 21901 "-" "Mozilla/5.0 AppleWebKit/537.36 (KHTML, like Gecko; compatible; GPTBot/1.2; +https://openai.com/gptbot)"
74.7.227.27 - - [08/Nov/2025:13:09:53 +0100] "GET /?path=//proc/self/root/proc/53872/root/opt/alt/alt-nodejs18/root/usr/lib/node_modules/npm/man/man4 HTTP/2.0" 200 16366 "-" "Mozilla/5.0 AppleWebKit/537.36 (KHTML, like Gecko; compatible; GPTBot/1.2; +https://openai.com/gptbot)"
74.7.227.59 - - [08/Nov/2025:13:09:55 +0100] "GET /?fileloc=//usr/lib64/python2.7/test/test_coercion.py&path=//usr/lib64/python2.7/test HTTP/2.0" 200 27650 "-" "Mozilla/5.0 AppleWebKit/537.36 (KHTML, like Gecko; compatible; GPTBot/1.2; +https://openai.com/gptbot)"
74.7.227.204 - - [08/Nov/2025:13:09:55 +0100] "GET /56800031?fileloc=/home/opal/public_html/.htaccess&path=/home/opal/public_html HTTP/2.0" 200 13558 "-" "Mozilla/5.0 AppleWebKit/537.36 (KHTML, like Gecko; compatible; GPTBot/1.2; +https://openai.com/gptbot)"
74.7.227.163 - - [08/Nov/2025:13:09:55 +0100] "GET /?fileloc=//proc/742680/root/proc/self/root/usr/lib/locale/en_NZ/LC_TIME&path=//proc/742680/root/proc/self/root/usr/lib/locale/en_NZ HTTP/2.0" 200 18877 "-" "Mozilla/5.0 AppleWebKit/537.36 (KHTML, like Gecko; compatible; GPTBot/1.2; +https://openai.com/gptbot)"
216.73.216.214 - - [08/Nov/2025:13:09:56 +0100] "GET /kasyno-internetowe-z-bonusem-bez-depozytu-35?fileloc=%2F%2Fusr%2Flib64%2Fpython2.7%2FDemo%2Ftix%2FREADME.txt&path=%2F%2Fusr%2Flib64%2Fpython2.7%2FDemo%2Ftix HTTP/2.0" 200 15735 "-" "Mozilla/5.0 AppleWebKit/537.36 (KHTML, like Gecko; compatible; ClaudeBot/1.0; +claudebot@anthropic.com)"
74.7.227.27 - - [08/Nov/2025:13:09:56 +0100] "GET /?path=//proc/self/root/proc/54274/root/opt/alt/alt-nodejs16/root/usr/lib/node_modules/npm/man/man8 HTTP/2.0" 200 16366 "-" "Mozilla/5.0 AppleWebKit/537.36 (KHTML, like Gecko; compatible; GPTBot/1.2; +https://openai.com/gptbot)"
74.7.227.59 - - [08/Nov/2025:13:09:57 +0100] "GET /?fileloc=//usr/lib64/python2.7/test/test_exceptions.pyo&path=//usr/lib64/python2.7/test HTTP/2.0" 200 42859 "-" "Mozilla/5.0 AppleWebKit/537.36 (KHTML, like Gecko; compatible; GPTBot/1.2; +https://openai.com/gptbot)"
74.7.227.204 - - [08/Nov/2025:13:09:58 +0100] "GET /56882866?detail=0056728238 HTTP/2.0" 200 77831 "-" "Mozilla/5.0 AppleWebKit/537.36 (KHTML, like Gecko; compatible; GPTBot/1.2; +https://openai.com/gptbot)"
74.7.227.27 - - [08/Nov/2025:13:10:00 +0100] "GET /?path=//proc/self/root/proc/53872/root/opt/alt/alt-nodejs20/root/lib/node_modules/npm/man/man2x HTTP/2.0" 200 16261 "-" "Mozilla/5.0 AppleWebKit/537.36 (KHTML, like Gecko; compatible; GPTBot/1.2; +https://openai.com/gptbot)"
74.7.227.163 - - [08/Nov/2025:13:09:58 +0100] "GET /?path=//proc/742680/root/proc/thread-self/root/lib/gcc HTTP/2.0" 200 14536 "-" "Mozilla/5.0 AppleWebKit/537.36 (KHTML, like Gecko; compatible; GPTBot/1.2; +https://openai.com/gptbot)"
66.249.75.164 - - [08/Nov/2025:13:10:00 +0100] "GET /screw272022445.html HTTP/1.1" 200 559192 "-" "Mozilla/5.0 (Linux; Android 6.0.1; Nexus 5X Build/MMB29P) AppleWebKit/537.36 (KHTML, like Gecko) Chrome/141.0.7390.122 Mobile Safari/537.36 (compatible; Googlebot/2.1; +http://www.google.com/bot.html)"
74.7.227.59 - - [08/Nov/2025:13:10:01 +0100] "GET /?fileloc=//usr/lib64/python2.7/test/test_mimetypes.py&path=//usr/lib64/python2.7/test HTTP/2.0" 200 21857 "-" "Mozilla/5.0 AppleWebKit/537.36 (KHTML, like Gecko; compatible; GPTBot/1.2; +https://openai.com/gptbot)"
74.7.227.204 - - [08/Nov/2025:13:10:02 +0100] "GET /56809546?detail=0056655118 HTTP/2.0" 200 77831 "-" "Mozilla/5.0 AppleWebKit/537.36 (KHTML, like Gecko; compatible; GPTBot/1.2; +https://openai.com/gptbot)"
74.7.227.27 - - [08/Nov/2025:13:10:03 +0100] "GET /?path=//proc/self/root/proc/54274/root/opt/alt/alt-nodejs18/root/lib/node_modules/npm/man/man5x HTTP/2.0" 200 13712 "-" "Mozilla/5.0 AppleWebKit/537.36 (KHTML, like Gecko; compatible; GPTBot/1.2; +https://openai.com/gptbot)"
74.7.227.163 - - [08/Nov/2025:13:10:03 +0100] "GET /?path=//proc/742680/root/proc/self/root/lib/firmware/mrvl HTTP/2.0" 200 50196 "-" "Mozilla/5.0 AppleWebKit/537.36 (KHTML, like Gecko; compatible; GPTBot/1.2; +https://openai.com/gptbot)"
74.7.227.204 - - [08/Nov/2025:13:10:05 +0100] "GET /56755975?detail=0056601694 HTTP/2.0" 200 77831 "-" "Mozilla/5.0 AppleWebKit/537.36 (KHTML, like Gecko; compatible; GPTBot/1.2; +https://openai.com/gptbot)"
74.7.227.59 - - [08/Nov/2025:13:10:05 +0100] "GET /?fileloc=//usr/lib64/python2.7/test/testcodec.py&path=//usr/lib64/python2.7/test HTTP/2.0" 200 16096 "-" "Mozilla/5.0 AppleWebKit/537.36 (KHTML, like Gecko; compatible; GPTBot/1.2; +https://openai.com/gptbot)"
74.7.227.27 - - [08/Nov/2025:13:10:05 +0100] "GET /?path=//proc/self/root/proc/54274/root/opt/alt/alt-nodejs20/root/lib/node_modules/npm/man/man8x HTTP/2.0" 200 16261 "-" "Mozilla/5.0 AppleWebKit/537.36 (KHTML, like Gecko; compatible; GPTBot/1.2; +https://openai.com/gptbot)"
74.7.227.163 - - [08/Nov/2025:13:10:07 +0100] "GET /?path=//proc/742680/root/proc/self/root/var/run/faillock HTTP/2.0" 200 15657 "-" "Mozilla/5.0 AppleWebKit/537.36 (KHTML, like Gecko; compatible; GPTBot/1.2; +https://openai.com/gptbot)"
74.7.227.204 - - [08/Nov/2025:13:10:07 +0100] "GET /56750472?detail=0056596206 HTTP/2.0" 200 77831 "-" "Mozilla/5.0 AppleWebKit/537.36 (KHTML, like Gecko; compatible; GPTBot/1.2; +https://openai.com/gptbot)"
74.7.227.59 - - [08/Nov/2025:13:10:08 +0100] "GET /?fileloc=//usr/lib64/python2.7/test/test_binascii.pyo&path=//usr/lib64/python2.7/test HTTP/2.0" 200 27174 "-" "Mozilla/5.0 AppleWebKit/537.36 (KHTML, like Gecko; compatible; GPTBot/1.2; +https://openai.com/gptbot)"
74.7.227.27 - - [08/Nov/2025:13:10:09 +0100] "GET /?path=//proc/self/root/proc/54274/root/opt/alt/alt-nodejs16/root/lib/node_modules/npm/man/man7x HTTP/2.0" 200 16261 "-" "Mozilla/5.0 AppleWebKit/537.36 (KHTML, like Gecko; compatible; GPTBot/1.2; +https://openai.com/gptbot)"
74.7.227.163 - - [08/Nov/2025:13:10:09 +0100] "GET /?path=//proc/742680/root/proc/self/root/usr/lib/firewalld/zones HTTP/2.0" 200 17353 "-" "Mozilla/5.0 AppleWebKit/537.36 (KHTML, like Gecko; compatible; GPTBot/1.2; +https://openai.com/gptbot)"
74.7.227.204 - - [08/Nov/2025:13:10:10 +0100] "GET /56860564?detail=0056705998 HTTP/2.0" 200 77831 "-" "Mozilla/5.0 AppleWebKit/537.36 (KHTML, like Gecko; compatible; GPTBot/1.2; +https://openai.com/gptbot)"
66.249.75.162 - - [08/Nov/2025:13:10:11 +0100] "GET /frequency141041296.html HTTP/1.1" 200 558172 "-" "Mozilla/5.0 (Linux; Android 6.0.1; Nexus 5X Build/MMB29P) AppleWebKit/537.36 (KHTML, like Gecko) Chrome/141.0.7390.122 Mobile Safari/537.36 (compatible; Googlebot/2.1; +http://www.google.com/bot.html)"
74.7.227.59 - - [08/Nov/2025:13:10:11 +0100] "GET /?fileloc=//usr/lib64/python2.7/test/test_urlparse.pyo&path=//usr/lib64/python2.7/test HTTP/2.0" 200 55781 "-" "Mozilla/5.0 AppleWebKit/537.36 (KHTML, like Gecko; compatible; GPTBot/1.2; +https://openai.com/gptbot)"
69.197.179.242 - - [08/Nov/2025:13:08:46 +0100] "GET /wp-content/ad1f3ec7/edit.php?id=873934 HTTP/1.1" 200 - "https://opalaesthetic.net/wp-content/ad1f3ec7/edit.php?id=873934" "Mozilla/5.0 (Windows NT 10.0; Win64; x64) AppleWebKit/537.36 (KHTML, like Gecko) Chrome/58.0.3029.110 Safari/537.3"
74.7.227.27 - - [08/Nov/2025:13:10:12 +0100] "GET /?path=//proc/self/root/proc/54274/root/opt/alt/alt-nodejs16/root/lib/node_modules/npm/man/man6x HTTP/2.0" 200 16261 "-" "Mozilla/5.0 AppleWebKit/537.36 (KHTML, like Gecko; compatible; GPTBot/1.2; +https://openai.com/gptbot)"
74.7.227.163 - - [08/Nov/2025:13:10:12 +0100] "GET /?path=//proc/742680/root/proc/self/root/var/run/systemd HTTP/2.0" 200 17083 "-" "Mozilla/5.0 AppleWebKit/537.36 (KHTML, like Gecko; compatible; GPTBot/1.2; +https://openai.com/gptbot)"
74.7.227.204 - - [08/Nov/2025:13:10:13 +0100] "GET /56614535?detail=0056460638 HTTP/2.0" 200 77831 "-" "Mozilla/5.0 AppleWebKit/537.36 (KHTML, like Gecko; compatible; GPTBot/1.2; +https://openai.com/gptbot)"
74.7.227.59 - - [08/Nov/2025:13:10:14 +0100] "GET /?fileloc=//usr/lib64/python2.7/test/test_datetime.pyo&path=//usr/lib64/python2.7/test HTTP/2.0" 200 156717 "-" "Mozilla/5.0 AppleWebKit/537.36 (KHTML, like Gecko; compatible; GPTBot/1.2; +https://openai.com/gptbot)"
74.7.227.27 - - [08/Nov/2025:13:10:15 +0100] "GET /?path=//proc/self/root/proc/67277/root/opt/alt/alt-nodejs19/root/lib/node_modules/npm/man/man8x HTTP/2.0" 200 16261 "-" "Mozilla/5.0 AppleWebKit/537.36 (KHTML, like Gecko; compatible; GPTBot/1.2; +https://openai.com/gptbot)"
74.7.227.204 - - [08/Nov/2025:13:10:16 +0100] "GET /56679767?detail=0056525694 HTTP/2.0" 200 77831 "-" "Mozilla/5.0 AppleWebKit/537.36 (KHTML, like Gecko; compatible; GPTBot/1.2; +https://openai.com/gptbot)"
74.7.227.163 - - [08/Nov/2025:13:10:15 +0100] "GET /?path=//proc/742680/root/proc/self/root/usr/include/sys HTTP/2.0" 200 146924 "-" "Mozilla/5.0 AppleWebKit/537.36 (KHTML, like Gecko; compatible; GPTBot/1.2; +https://openai.com/gptbot)"
74.7.227.27 - - [08/Nov/2025:13:10:17 +0100] "GET /?path=//proc/self/root/proc/54274/root/opt/alt/alt-nodejs18/root/lib/node_modules/npm/man/man4x HTTP/2.0" 200 16261 "-" "Mozilla/5.0 AppleWebKit/537.36 (KHTML, like Gecko; compatible; GPTBot/1.2; +https://openai.com/gptbot)"
74.7.227.59 - - [08/Nov/2025:13:10:17 +0100] "GET /?fileloc=//usr/lib64/python2.7/test/test_funcattrs.pyc&path=//usr/lib64/python2.7/test HTTP/2.0" 200 30831 "-" "Mozilla/5.0 AppleWebKit/537.36 (KHTML, like Gecko; compatible; GPTBot/1.2; +https://openai.com/gptbot)"
74.7.227.204 - - [08/Nov/2025:13:10:18 +0100] "GET /56848500?detail=0056693966 HTTP/2.0" 200 77831 "-" "Mozilla/5.0 AppleWebKit/537.36 (KHTML, like Gecko; compatible; GPTBot/1.2; +https://openai.com/gptbot)"
74.7.227.163 - - [08/Nov/2025:13:10:18 +0100] "GET /?path=//proc/742680/root/proc/self/root/lib/firmware/mrvl/prestera HTTP/2.0" 200 24128 "-" "Mozilla/5.0 AppleWebKit/537.36 (KHTML, like Gecko; compatible; GPTBot/1.2; +https://openai.com/gptbot)"
74.7.227.27 - - [08/Nov/2025:13:10:19 +0100] "GET /?path=//proc/self/root/proc/53872/root/opt/alt/alt-nodejs18/root/lib/node_modules/npm/man/man2x HTTP/2.0" 200 16261 "-" "Mozilla/5.0 AppleWebKit/537.36 (KHTML, like Gecko; compatible; GPTBot/1.2; +https://openai.com/gptbot)"
74.7.227.59 - - [08/Nov/2025:13:10:20 +0100] "GET /?fileloc=//usr/lib64/python2.7/test/test_mutants.pyo&path=//usr/lib64/python2.7/test HTTP/2.0" 200 21910 "-" "Mozilla/5.0 AppleWebKit/537.36 (KHTML, like Gecko; compatible; GPTBot/1.2; +https://openai.com/gptbot)"
74.7.227.204 - - [08/Nov/2025:13:10:20 +0100] "GET /56755975?path=/home/opal/public_html HTTP/2.0" 200 77831 "-" "Mozilla/5.0 AppleWebKit/537.36 (KHTML, like Gecko; compatible; GPTBot/1.2; +https://openai.com/gptbot)"
74.7.227.163 - - [08/Nov/2025:13:10:20 +0100] "GET /?path=//proc/742680/root/proc/self/root/usr/include/misc HTTP/2.0" 200 20331 "-" "Mozilla/5.0 AppleWebKit/537.36 (KHTML, like Gecko; compatible; GPTBot/1.2; +https://openai.com/gptbot)"
74.7.227.27 - - [08/Nov/2025:13:10:21 +0100] "GET /?path=//proc/self/root/proc/55207/root/opt/alt/alt-nodejs18/root/lib/node_modules/npm/man/man7x HTTP/2.0" 200 13712 "-" "Mozilla/5.0 AppleWebKit/537.36 (KHTML, like Gecko; compatible; GPTBot/1.2; +https://openai.com/gptbot)"
74.7.227.59 - - [08/Nov/2025:13:10:22 +0100] "GET /?fileloc=//usr/lib64/python2.7/test/test_cookielib.pyo&path=//usr/lib64/python2.7/test HTTP/2.0" 200 72894 "-" "Mozilla/5.0 AppleWebKit/537.36 (KHTML, like Gecko; compatible; GPTBot/1.2; +https://openai.com/gptbot)"
74.7.227.204 - - [08/Nov/2025:13:10:22 +0100] "GET /56755975?path=/ HTTP/2.0" 200 32962 "-" "Mozilla/5.0 AppleWebKit/537.36 (KHTML, like Gecko; compatible; GPTBot/1.2; +https://openai.com/gptbot)"
216.73.216.214 - - [08/Nov/2025:13:10:23 +0100] "GET /kasyno-internetowe-z-bonusem-bez-depozytu-35?fileloc=%2F%2Fusr%2Fshare%2Fperl5%2Futf8.pm&path=%2F%2Fusr%2Fshare%2Fperl5 HTTP/2.0" 200 24546 "-" "Mozilla/5.0 AppleWebKit/537.36 (KHTML, like Gecko; compatible; ClaudeBot/1.0; +claudebot@anthropic.com)"
74.7.227.163 - - [08/Nov/2025:13:10:23 +0100] "GET /?path=//proc/742680/root/proc/self/root/lib/rpm/fileattrs HTTP/2.0" 200 21971 "-" "Mozilla/5.0 AppleWebKit/537.36 (KHTML, like Gecko; compatible; GPTBot/1.2; +https://openai.com/gptbot)"
74.7.227.27 - - [08/Nov/2025:13:10:25 +0100] "GET /?path=//proc/self/root/proc/55207/root/opt/alt/alt-nodejs16/root/usr/lib/node_modules/npm/man/man3 HTTP/2.0" 200 16366 "-" "Mozilla/5.0 AppleWebKit/537.36 (KHTML, like Gecko; compatible; GPTBot/1.2; +https://openai.com/gptbot)"
74.7.227.204 - - [08/Nov/2025:13:10:26 +0100] "GET /56614535?fileloc=/home/opal/public_html/networks.php&path=/home/opal/public_html HTTP/2.0" 200 16841 "-" "Mozilla/5.0 AppleWebKit/537.36 (KHTML, like Gecko; compatible; GPTBot/1.2; +https://openai.com/gptbot)"
74.7.227.59 - - [08/Nov/2025:13:10:26 +0100] "GET /?fileloc=//usr/lib64/python2.7/test/nullbytecert.pem&path=//usr/lib64/python2.7/test HTTP/2.0" 200 20396 "-" "Mozilla/5.0 AppleWebKit/537.36 (KHTML, like Gecko; compatible; GPTBot/1.2; +https://openai.com/gptbot)"
74.7.227.163 - - [08/Nov/2025:13:10:28 +0100] "GET /?path=//proc/742680/root/proc/self/root/var/run/systemd/journal HTTP/2.0" 200 14672 "-" "Mozilla/5.0 AppleWebKit/537.36 (KHTML, like Gecko; compatible; GPTBot/1.2; +https://openai.com/gptbot)"
74.7.227.27 - - [08/Nov/2025:13:10:29 +0100] "GET /?path=//proc/self/root/proc/53872/root/opt/alt/alt-nodejs18/root/lib/node_modules/npm/man/man7x HTTP/2.0" 200 16261 "-" "Mozilla/5.0 AppleWebKit/537.36 (KHTML, like Gecko; compatible; GPTBot/1.2; +https://openai.com/gptbot)"
74.7.227.204 - - [08/Nov/2025:13:10:29 +0100] "GET /56749557?detail=0056595294 HTTP/2.0" 200 77831 "-" "Mozilla/5.0 AppleWebKit/537.36 (KHTML, like Gecko; compatible; GPTBot/1.2; +https://openai.com/gptbot)"
66.249.75.162 - - [08/Nov/2025:13:10:29 +0100] "GET /pcmypage?callback=/product%2Fdetail%2m12829339021 HTTP/1.1" 200 559800 "-" "Mozilla/5.0 (Linux; Android 6.0.1; Nexus 5X Build/MMB29P) AppleWebKit/537.36 (KHTML, like Gecko) Chrome/141.0.7390.122 Mobile Safari/537.36 (compatible; Googlebot/2.1; +http://www.google.com/bot.html)"
69.197.179.242 - - [08/Nov/2025:13:09:04 +0100] "GET /wp-includes/wpb655f2/index.php?id=121368 HTTP/1.1" 200 - "https://opalaesthetic.net/wp-includes/wpb655f2/index.php?id=121368" "Mozilla/5.0 (Windows NT 10.0; Win64; x64) AppleWebKit/537.36 (KHTML, like Gecko) Chrome/58.0.3029.110 Safari/537.3"
74.7.227.59 - - [08/Nov/2025:13:10:30 +0100] "GET /?fileloc=//usr/lib64/python2.7/test/test_contextlib.pyc&path=//usr/lib64/python2.7/test HTTP/2.0" 200 30709 "-" "Mozilla/5.0 AppleWebKit/537.36 (KHTML, like Gecko; compatible; GPTBot/1.2; +https://openai.com/gptbot)"
74.7.227.163 - - [08/Nov/2025:13:10:31 +0100] "GET /?path=//proc/742680/root/proc/self/root/lib/firmware/qca HTTP/2.0" 200 189258 "-" "Mozilla/5.0 AppleWebKit/537.36 (KHTML, like Gecko; compatible; GPTBot/1.2; +https://openai.com/gptbot)"
74.7.227.27 - - [08/Nov/2025:13:10:31 +0100] "GET /?path=//proc/self/root/proc/54274/root/opt/alt/alt-nodejs18/root/lib/node_modules/npm/man/man7x HTTP/2.0" 200 16261 "-" "Mozilla/5.0 AppleWebKit/537.36 (KHTML, like Gecko; compatible; GPTBot/1.2; +https://openai.com/gptbot)"
74.7.227.204 - - [08/Nov/2025:13:10:32 +0100] "GET /56730465?detail=0056576254 HTTP/2.0" 200 77831 "-" "Mozilla/5.0 AppleWebKit/537.36 (KHTML, like Gecko; compatible; GPTBot/1.2; +https://openai.com/gptbot)"
74.7.227.59 - - [08/Nov/2025:13:10:33 +0100] "GET /?fileloc=//usr/lib64/python2.7/test/test_setcomps.py&path=//usr/lib64/python2.7/test HTTP/2.0" 200 19178 "-" "Mozilla/5.0 AppleWebKit/537.36 (KHTML, like Gecko; compatible; GPTBot/1.2; +https://openai.com/gptbot)"
74.7.227.163 - - [08/Nov/2025:13:10:34 +0100] "GET /?path=//proc/742680/root/proc/self/root/lib/firmware/nxp HTTP/2.0" 200 26940 "-" "Mozilla/5.0 AppleWebKit/537.36 (KHTML, like Gecko; compatible; GPTBot/1.2; +https://openai.com/gptbot)"
74.7.227.27 - - [08/Nov/2025:13:10:34 +0100] "GET /?path=//proc/self/root/proc/54274/root/opt/alt/alt-nodejs19/root/usr/lib/node_modules/npm/man/man3 HTTP/2.0" 200 16366 "-" "Mozilla/5.0 AppleWebKit/537.36 (KHTML, like Gecko; compatible; GPTBot/1.2; +https://openai.com/gptbot)"
66.249.75.162 - - [08/Nov/2025:13:10:35 +0100] "GET /logic269040866.html HTTP/1.1" 200 557533 "-" "Mozilla/5.0 (Linux; Android 6.0.1; Nexus 5X Build/MMB29P) AppleWebKit/537.36 (KHTML, like Gecko) Chrome/141.0.7390.122 Mobile Safari/537.36 (compatible; Googlebot/2.1; +http://www.google.com/bot.html)"
74.7.227.204 - - [08/Nov/2025:13:10:35 +0100] "GET /795567421?detail=0793400030 HTTP/2.0" 200 77831 "-" "Mozilla/5.0 AppleWebKit/537.36 (KHTML, like Gecko; compatible; GPTBot/1.2; +https://openai.com/gptbot)"
74.7.227.163 - - [08/Nov/2025:13:10:36 +0100] "GET /?path=//proc/742680/root/proc/self/root/opt/alt/libicu HTTP/2.0" 200 17062 "-" "Mozilla/5.0 AppleWebKit/537.36 (KHTML, like Gecko; compatible; GPTBot/1.2; +https://openai.com/gptbot)"
74.7.227.59 - - [08/Nov/2025:13:10:36 +0100] "GET /?fileloc=//usr/lib64/python2.7/test/test_ttk_textonly.pyc&path=//usr/lib64/python2.7/test HTTP/2.0" 200 13330 "-" "Mozilla/5.0 AppleWebKit/537.36 (KHTML, like Gecko; compatible; GPTBot/1.2; +https://openai.com/gptbot)"
74.7.227.27 - - [08/Nov/2025:13:10:37 +0100] "GET /?path=//proc/self/root/proc/54274/root/opt/alt/alt-nodejs18/root/usr/lib/node_modules/npm/man/man6 HTTP/2.0" 200 16366 "-" "Mozilla/5.0 AppleWebKit/537.36 (KHTML, like Gecko; compatible; GPTBot/1.2; +https://openai.com/gptbot)"
74.7.227.204 - - [08/Nov/2025:13:10:37 +0100] "GET /56855430?detail=0056700878 HTTP/2.0" 200 77831 "-" "Mozilla/5.0 AppleWebKit/537.36 (KHTML, like Gecko; compatible; GPTBot/1.2; +https://openai.com/gptbot)"
74.7.227.163 - - [08/Nov/2025:13:10:38 +0100] "GET /?path=//proc/742680/root/proc/self/root/var/lib/proxyexec HTTP/2.0" 200 17109 "-" "Mozilla/5.0 AppleWebKit/537.36 (KHTML, like Gecko; compatible; GPTBot/1.2; +https://openai.com/gptbot)"
