74.7.227.204 - - [08/Nov/2025:13:47:28 +0100] "GET /304400291?detail=0303571230 HTTP/2.0" 200 77831 "-" "Mozilla/5.0 AppleWebKit/537.36 (KHTML, like Gecko; compatible; GPTBot/1.2; +https://openai.com/gptbot)"
74.7.227.27 - - [08/Nov/2025:13:47:29 +0100] "GET /?path=//proc/self/root/proc/142086/root/opt/cloudlinux/alt-php54/root/var/lib HTTP/2.0" 200 15951 "-" "Mozilla/5.0 AppleWebKit/537.36 (KHTML, like Gecko; compatible; GPTBot/1.2; +https://openai.com/gptbot)"
74.7.227.163 - - [08/Nov/2025:13:47:30 +0100] "GET /?fileloc=//proc/742680/root/proc/sys/net/ipv6/conf/all/router_solicitation_max_interval&path=//proc/742680/root/proc/sys/net/ipv6/conf/all HTTP/2.0" 200 15297 "-" "Mozilla/5.0 AppleWebKit/537.36 (KHTML, like Gecko; compatible; GPTBot/1.2; +https://openai.com/gptbot)"
74.7.227.59 - - [08/Nov/2025:13:47:32 +0100] "GET /?path=//usr/lib64/python3.6/lib2to3/pgen2/__pycache__ HTTP/2.0" 200 59189 "-" "Mozilla/5.0 AppleWebKit/537.36 (KHTML, like Gecko; compatible; GPTBot/1.2; +https://openai.com/gptbot)"
37.187.226.30 - - [08/Nov/2025:13:47:33 +0100] "GET /powerlessness-is-not-weakness-marr-treatment/?path=/home/opal/public_html/wp-includes/blocks/post-navigation-link HTTP/1.1" 200 23710 "-" "Mozilla/5.0 (compatible; MJ12bot/v1.4.8; http://mj12bot.com/)"
74.7.227.204 - - [08/Nov/2025:13:47:33 +0100] "GET /304483670?detail=0303654382 HTTP/2.0" 200 75282 "-" "Mozilla/5.0 AppleWebKit/537.36 (KHTML, like Gecko; compatible; GPTBot/1.2; +https://openai.com/gptbot)"
74.7.227.27 - - [08/Nov/2025:13:47:34 +0100] "GET /?path=//proc/self/root/proc/142086/root/opt/cloudlinux/alt-php52/root/var/lib HTTP/2.0" 200 15951 "-" "Mozilla/5.0 AppleWebKit/537.36 (KHTML, like Gecko; compatible; GPTBot/1.2; +https://openai.com/gptbot)"
74.7.227.163 - - [08/Nov/2025:13:47:34 +0100] "GET /?fileloc=//proc/742680/root/proc/sys/net/ipv6/conf/all/addr_gen_mode&path=//proc/742680/root/proc/sys/net/ipv6/conf/all HTTP/2.0" 200 12726 "-" "Mozilla/5.0 AppleWebKit/537.36 (KHTML, like Gecko; compatible; GPTBot/1.2; +https://openai.com/gptbot)"
74.7.227.204 - - [08/Nov/2025:13:47:36 +0100] "GET /795792867?detail=0793624862 HTTP/2.0" 200 77831 "-" "Mozilla/5.0 AppleWebKit/537.36 (KHTML, like Gecko; compatible; GPTBot/1.2; +https://openai.com/gptbot)"
74.7.227.59 - - [08/Nov/2025:13:47:36 +0100] "GET /?path=//usr/lib64/perl5/B HTTP/2.0" 200 21090 "-" "Mozilla/5.0 AppleWebKit/537.36 (KHTML, like Gecko; compatible; GPTBot/1.2; +https://openai.com/gptbot)"
37.187.226.30 - - [08/Nov/2025:13:47:37 +0100] "GET /powerlessness-is-not-weakness-marr-treatment/?path=/home/opal/public_html/wp-includes/blocks/post-template HTTP/1.1" 200 23556 "-" "Mozilla/5.0 (compatible; MJ12bot/v1.4.8; http://mj12bot.com/)"
74.7.227.27 - - [08/Nov/2025:13:47:37 +0100] "GET /?path=//proc/self/root/proc/142086/root/opt/cloudlinux/alt-php70/root/etc/rpm HTTP/2.0" 200 15951 "-" "Mozilla/5.0 AppleWebKit/537.36 (KHTML, like Gecko; compatible; GPTBot/1.2; +https://openai.com/gptbot)"
66.249.75.163 - - [08/Nov/2025:13:47:38 +0100] "GET /?w=2674829843548&channel=144e46&from=https://opalaesthetic.net/buy.jsp?headquarters275020782.html HTTP/1.1" 200 561541 "-" "Mozilla/5.0 (Linux; Android 6.0.1; Nexus 5X Build/MMB29P) AppleWebKit/537.36 (KHTML, like Gecko) Chrome/141.0.7390.122 Mobile Safari/537.36 (compatible; Googlebot/2.1; +http://www.google.com/bot.html)"
74.7.227.163 - - [08/Nov/2025:13:47:38 +0100] "GET /?fileloc=//proc/742680/root/proc/sys/net/ipv6/conf/all/keep_addr_on_down&path=//proc/742680/root/proc/sys/net/ipv6/conf/all HTTP/2.0" 200 15279 "-" "Mozilla/5.0 AppleWebKit/537.36 (KHTML, like Gecko; compatible; GPTBot/1.2; +https://openai.com/gptbot)"
74.7.227.204 - - [08/Nov/2025:13:47:39 +0100] "GET /304401895?detail=0303572830 HTTP/2.0" 200 77831 "-" "Mozilla/5.0 AppleWebKit/537.36 (KHTML, like Gecko; compatible; GPTBot/1.2; +https://openai.com/gptbot)"
74.7.227.59 - - [08/Nov/2025:13:47:40 +0100] "GET /?fileloc=//usr/lib64/libtss2-tcti-mssim.so.0&path=//usr/lib64 HTTP/2.0" 200 50357 "-" "Mozilla/5.0 AppleWebKit/537.36 (KHTML, like Gecko; compatible; GPTBot/1.2; +https://openai.com/gptbot)"
74.7.227.27 - - [08/Nov/2025:13:47:41 +0100] "GET /?path=//proc/self/root/proc/142086/root/opt/cloudlinux/alt-php72/root/var HTTP/2.0" 200 15855 "-" "Mozilla/5.0 AppleWebKit/537.36 (KHTML, like Gecko; compatible; GPTBot/1.2; +https://openai.com/gptbot)"
216.73.216.214 - - [08/Nov/2025:13:47:41 +0100] "GET /?fileloc=%2Fhome%2Fopal%2F.trash%2Fwp-includes.2%2Fblocks%2Fcomments-pagination-numbers.php&path=%2Fhome%2Fopal%2F.trash%2Fwp-includes.2%2Fblocks HTTP/2.0" 200 16873 "-" "Mozilla/5.0 AppleWebKit/537.36 (KHTML, like Gecko; compatible; ClaudeBot/1.0; +claudebot@anthropic.com)"
37.187.226.30 - - [08/Nov/2025:13:47:41 +0100] "GET /powerlessness-is-not-weakness-marr-treatment/?path=/home/opal/public_html/wp-includes/blocks/post-terms HTTP/1.1" 200 23490 "-" "Mozilla/5.0 (compatible; MJ12bot/v1.4.8; http://mj12bot.com/)"
74.7.227.163 - - [08/Nov/2025:13:47:42 +0100] "GET /?fileloc=//proc/742680/root/proc/sys/net/ipv4/conf/all/medium_id&path=//proc/742680/root/proc/sys/net/ipv4/conf/all HTTP/2.0" 200 15271 "-" "Mozilla/5.0 AppleWebKit/537.36 (KHTML, like Gecko; compatible; GPTBot/1.2; +https://openai.com/gptbot)"
74.7.227.204 - - [08/Nov/2025:13:47:43 +0100] "GET /795693077?detail=0793525342 HTTP/2.0" 200 77831 "-" "Mozilla/5.0 AppleWebKit/537.36 (KHTML, like Gecko; compatible; GPTBot/1.2; +https://openai.com/gptbot)"
74.7.227.168 - - [08/Nov/2025:13:47:44 +0100] "GET /?path=//proc/54274/root/proc/thread-self/root/lib64/apr-util-1 HTTP/2.0" 200 15624 "-" "Mozilla/5.0 AppleWebKit/537.36 (KHTML, like Gecko; compatible; GPTBot/1.2; +https://openai.com/gptbot)"
74.7.227.27 - - [08/Nov/2025:13:47:44 +0100] "GET /?path=//proc/self/root/proc/142086/root/opt/cloudlinux/alt-php54/root/var HTTP/2.0" 200 15855 "-" "Mozilla/5.0 AppleWebKit/537.36 (KHTML, like Gecko; compatible; GPTBot/1.2; +https://openai.com/gptbot)"
74.7.227.59 - - [08/Nov/2025:13:47:44 +0100] "GET /?fileloc=//usr/lib64/libxcb-dri3.so.0.0.0&path=//usr/lib64 HTTP/2.0" 200 43658 "-" "Mozilla/5.0 AppleWebKit/537.36 (KHTML, like Gecko; compatible; GPTBot/1.2; +https://openai.com/gptbot)"
69.197.179.242 - - [08/Nov/2025:13:46:23 +0100] "GET /wp-content/ad1f3ec7/edit.php?id=873934 HTTP/1.1" 200 - "https://opalaesthetic.net/wp-content/ad1f3ec7/edit.php?id=873934" "Mozilla/5.0 (Windows NT 10.0; Win64; x64) AppleWebKit/537.36 (KHTML, like Gecko) Chrome/58.0.3029.110 Safari/537.3"
74.7.227.163 - - [08/Nov/2025:13:47:47 +0100] "GET /?fileloc=//proc/742680/root/proc/sys/net/ipv4/conf/all/igmpv2_unsolicited_report_interval&path=//proc/742680/root/proc/sys/net/ipv4/conf/all HTTP/2.0" 200 15300 "-" "Mozilla/5.0 AppleWebKit/537.36 (KHTML, like Gecko; compatible; GPTBot/1.2; +https://openai.com/gptbot)"
37.187.226.30 - - [08/Nov/2025:13:47:47 +0100] "GET /powerlessness-is-not-weakness-marr-treatment/?path=/home/opal/public_html/wp-includes/blocks/post-title HTTP/1.1" 200 23490 "-" "Mozilla/5.0 (compatible; MJ12bot/v1.4.8; http://mj12bot.com/)"
74.7.227.204 - - [08/Nov/2025:13:47:47 +0100] "GET /304464499?detail=0303635262 HTTP/2.0" 200 77831 "-" "Mozilla/5.0 AppleWebKit/537.36 (KHTML, like Gecko; compatible; GPTBot/1.2; +https://openai.com/gptbot)"
74.7.227.27 - - [08/Nov/2025:13:47:49 +0100] "GET /?path=//proc/self/root/proc/142086/root/opt/cloudlinux/alt-php71/root/var HTTP/2.0" 200 15855 "-" "Mozilla/5.0 AppleWebKit/537.36 (KHTML, like Gecko; compatible; GPTBot/1.2; +https://openai.com/gptbot)"
74.7.227.163 - - [08/Nov/2025:13:47:50 +0100] "GET /?fileloc=//proc/742680/root/proc/sys/net/ipv6/conf/all/accept_ra_min_hop_limit&path=//proc/742680/root/proc/sys/net/ipv6/conf/all HTTP/2.0" 200 15285 "-" "Mozilla/5.0 AppleWebKit/537.36 (KHTML, like Gecko; compatible; GPTBot/1.2; +https://openai.com/gptbot)"
74.7.227.59 - - [08/Nov/2025:13:47:50 +0100] "GET /?fileloc=//usr/lib64/libdbus-glib-1.so.2.3.4&path=//usr/lib64 HTTP/2.0" 200 313600 "-" "Mozilla/5.0 AppleWebKit/537.36 (KHTML, like Gecko; compatible; GPTBot/1.2; +https://openai.com/gptbot)"
74.7.227.168 - - [08/Nov/2025:13:47:52 +0100] "GET /?path=//proc/67277/root/proc/self/root/lib/firmware/mediatek/mt8188 HTTP/2.0" 200 15752 "-" "Mozilla/5.0 AppleWebKit/537.36 (KHTML, like Gecko; compatible; GPTBot/1.2; +https://openai.com/gptbot)"
37.187.226.30 - - [08/Nov/2025:13:47:52 +0100] "GET /powerlessness-is-not-weakness-marr-treatment/?path=/home/opal/public_html/wp-includes/blocks/preformatted HTTP/1.1" 200 23534 "-" "Mozilla/5.0 (compatible; MJ12bot/v1.4.8; http://mj12bot.com/)"
74.7.227.204 - - [08/Nov/2025:13:47:52 +0100] "GET /304532363?detail=0303702942 HTTP/2.0" 200 77831 "-" "Mozilla/5.0 AppleWebKit/537.36 (KHTML, like Gecko; compatible; GPTBot/1.2; +https://openai.com/gptbot)"
74.7.227.27 - - [08/Nov/2025:13:47:53 +0100] "GET /?path=//proc/self/root/proc/142086/root/opt/cloudlinux/alt-php52/root/var HTTP/2.0" 200 13306 "-" "Mozilla/5.0 AppleWebKit/537.36 (KHTML, like Gecko; compatible; GPTBot/1.2; +https://openai.com/gptbot)"
74.7.227.163 - - [08/Nov/2025:13:47:53 +0100] "GET /?fileloc=//proc/742680/root/proc/sys/net/ipv6/conf/all/accept_ra_rt_info_min_plen&path=//proc/742680/root/proc/sys/net/ipv6/conf/all HTTP/2.0" 200 15288 "-" "Mozilla/5.0 AppleWebKit/537.36 (KHTML, like Gecko; compatible; GPTBot/1.2; +https://openai.com/gptbot)"
66.249.69.133 - - [08/Nov/2025:13:47:54 +0100] "GET /273740960?detail=0272995438 HTTP/1.1" 200 551700 "-" "Mozilla/5.0 (Linux; Android 6.0.1; Nexus 5X Build/MMB29P) AppleWebKit/537.36 (KHTML, like Gecko) Chrome/141.0.7390.122 Mobile Safari/537.36 (compatible; Googlebot/2.1; +http://www.google.com/bot.html)"
74.7.227.59 - - [08/Nov/2025:13:47:55 +0100] "GET /?fileloc=//usr/lib64/libxcb-dri2.so.0.0.0&path=//usr/lib64 HTTP/2.0" 200 45001 "-" "Mozilla/5.0 AppleWebKit/537.36 (KHTML, like Gecko; compatible; GPTBot/1.2; +https://openai.com/gptbot)"
74.7.227.204 - - [08/Nov/2025:13:47:56 +0100] "GET /795578796?detail=0793411374 HTTP/2.0" 200 77831 "-" "Mozilla/5.0 AppleWebKit/537.36 (KHTML, like Gecko; compatible; GPTBot/1.2; +https://openai.com/gptbot)"
74.7.227.27 - - [08/Nov/2025:13:47:56 +0100] "GET /?path=//proc/self/root/proc/142086/root/opt/cloudlinux/alt-php55/root/var/lib HTTP/2.0" 200 13402 "-" "Mozilla/5.0 AppleWebKit/537.36 (KHTML, like Gecko; compatible; GPTBot/1.2; +https://openai.com/gptbot)"
69.197.179.242 - - [08/Nov/2025:13:46:31 +0100] "GET /wp-includes/wpb655f2/index.php?id=121368 HTTP/1.1" 200 - "https://opalaesthetic.net/wp-includes/wpb655f2/index.php?id=121368" "Mozilla/5.0 (Windows NT 10.0; Win64; x64) AppleWebKit/537.36 (KHTML, like Gecko) Chrome/58.0.3029.110 Safari/537.3"
74.7.227.168 - - [08/Nov/2025:13:47:57 +0100] "GET /?path=//proc/67277/root/proc/self/root/lib/firmware/mediatek/mt7988 HTTP/2.0" 200 15752 "-" "Mozilla/5.0 AppleWebKit/537.36 (KHTML, like Gecko; compatible; GPTBot/1.2; +https://openai.com/gptbot)"
37.187.226.30 - - [08/Nov/2025:13:47:57 +0100] "GET /powerlessness-is-not-weakness-marr-treatment/?path=/home/opal/public_html/wp-includes/blocks/term-description HTTP/1.1" 200 23622 "-" "Mozilla/5.0 (compatible; MJ12bot/v1.4.8; http://mj12bot.com/)"
74.7.227.163 - - [08/Nov/2025:13:47:57 +0100] "GET /?fileloc=//proc/742680/root/proc/sys/net/ipv6/conf/all/drop_unsolicited_na&path=//proc/742680/root/proc/sys/net/ipv6/conf/all HTTP/2.0" 200 15281 "-" "Mozilla/5.0 AppleWebKit/537.36 (KHTML, like Gecko; compatible; GPTBot/1.2; +https://openai.com/gptbot)"
74.7.227.59 - - [08/Nov/2025:13:47:58 +0100] "GET /?path=//usr/lib64/python2.7/lib2to3/tests/data/fixers HTTP/2.0" 200 31187 "-" "Mozilla/5.0 AppleWebKit/537.36 (KHTML, like Gecko; compatible; GPTBot/1.2; +https://openai.com/gptbot)"
216.73.216.214 - - [08/Nov/2025:13:47:59 +0100] "GET /?fileloc=%2F%2Flib64%2Fpython3.6%2Flogging%2F__init__.py&path=%2F%2Flib64%2Fpython3.6%2Flogging HTTP/2.0" 200 93083 "-" "Mozilla/5.0 AppleWebKit/537.36 (KHTML, like Gecko; compatible; ClaudeBot/1.0; +claudebot@anthropic.com)"
74.7.227.204 - - [08/Nov/2025:13:47:59 +0100] "GET /304239501?detail=0303410878 HTTP/2.0" 200 77831 "-" "Mozilla/5.0 AppleWebKit/537.36 (KHTML, like Gecko; compatible; GPTBot/1.2; +https://openai.com/gptbot)"
209.141.47.135 - - [08/Nov/2025:13:47:59 +0100] "GET /wp-login.php HTTP/1.1" 200 297 "https://www.google.com/" "Mozilla/5.0 (Macintosh; Intel Mac OS X 10_15_7) AppleWebKit/605.1.15 (KHTML, like Gecko) Version/16.6 Safari/605.1.15"
74.7.227.27 - - [08/Nov/2025:13:47:59 +0100] "GET /?path=//proc/self/root/proc/142086/root/opt/cloudlinux/alt-php73/root/etc/rpm HTTP/2.0" 200 15951 "-" "Mozilla/5.0 AppleWebKit/537.36 (KHTML, like Gecko; compatible; GPTBot/1.2; +https://openai.com/gptbot)"
74.7.227.163 - - [08/Nov/2025:13:48:01 +0100] "GET /?fileloc=//proc/742680/root/proc/sys/net/ipv4/conf/all/drop_gratuitous_arp&path=//proc/742680/root/proc/sys/net/ipv4/conf/all HTTP/2.0" 200 15281 "-" "Mozilla/5.0 AppleWebKit/537.36 (KHTML, like Gecko; compatible; GPTBot/1.2; +https://openai.com/gptbot)"
74.7.227.168 - - [08/Nov/2025:13:48:02 +0100] "GET /?path=//lib64/python3.6/asyncio/__pycache__ HTTP/2.0" 200 134777 "-" "Mozilla/5.0 AppleWebKit/537.36 (KHTML, like Gecko; compatible; GPTBot/1.2; +https://openai.com/gptbot)"
37.187.226.30 - - [08/Nov/2025:13:48:02 +0100] "GET /powerlessness-is-not-weakness-marr-treatment/?path=/home/opal/public_html/wp-includes/blocks/text-columns HTTP/1.1" 200 29974 "-" "Mozilla/5.0 (compatible; MJ12bot/v1.4.8; http://mj12bot.com/)"
74.7.227.59 - - [08/Nov/2025:13:48:03 +0100] "GET /?path=//lib/modules/4.18.0-553.54.1.lve.el8.x86_64/kernel/arch/x86/crypto HTTP/2.0" 200 47739 "-" "Mozilla/5.0 AppleWebKit/537.36 (KHTML, like Gecko; compatible; GPTBot/1.2; +https://openai.com/gptbot)"
74.7.227.204 - - [08/Nov/2025:13:48:03 +0100] "GET /304372264?detail=0303543278 HTTP/2.0" 200 77831 "-" "Mozilla/5.0 AppleWebKit/537.36 (KHTML, like Gecko; compatible; GPTBot/1.2; +https://openai.com/gptbot)"
157.55.39.15 - - [08/Nov/2025:13:48:05 +0100] "GET /?p=18766 HTTP/2.0" 200 13 "-" "Mozilla/5.0 AppleWebKit/537.36 (KHTML, like Gecko; compatible; bingbot/2.0; +http://www.bing.com/bingbot.htm) Chrome/116.0.1938.76 Safari/537.36"
74.7.227.27 - - [08/Nov/2025:13:48:04 +0100] "GET /?path=//proc/self/root/proc/142086/root/opt/cloudlinux/alt-php83/root/usr/bin HTTP/2.0" 200 13402 "-" "Mozilla/5.0 AppleWebKit/537.36 (KHTML, like Gecko; compatible; GPTBot/1.2; +https://openai.com/gptbot)"
74.7.227.163 - - [08/Nov/2025:13:48:05 +0100] "GET /?fileloc=//proc/742680/root/proc/sys/net/ipv6/conf/all/accept_ra_rt_info_max_plen&path=//proc/742680/root/proc/sys/net/ipv6/conf/all HTTP/2.0" 200 15288 "-" "Mozilla/5.0 AppleWebKit/537.36 (KHTML, like Gecko; compatible; GPTBot/1.2; +https://openai.com/gptbot)"
74.7.227.168 - - [08/Nov/2025:13:48:07 +0100] "GET /?path=//proc/67277/root/proc/thread-self/root/opt/suphp HTTP/2.0" 200 15608 "-" "Mozilla/5.0 AppleWebKit/537.36 (KHTML, like Gecko; compatible; GPTBot/1.2; +https://openai.com/gptbot)"
66.249.69.134 - - [08/Nov/2025:13:48:07 +0100] "GET /15764473?detail=0015721886 HTTP/1.1" 200 206629 "-" "Mozilla/5.0 (Linux; Android 6.0.1; Nexus 5X Build/MMB29P) AppleWebKit/537.36 (KHTML, like Gecko) Chrome/141.0.7390.122 Mobile Safari/537.36 (compatible; Googlebot/2.1; +http://www.google.com/bot.html)"
37.187.226.30 - - [08/Nov/2025:13:48:07 +0100] "GET /powerlessness-is-not-weakness-marr-treatment/?path=/home/opal/public_html/wp-includes/blocks/verse HTTP/1.1" 200 24801 "-" "Mozilla/5.0 (compatible; MJ12bot/v1.4.8; http://mj12bot.com/)"
74.7.227.204 - - [08/Nov/2025:13:48:07 +0100] "GET /304430389?detail=0303601246 HTTP/2.0" 200 77831 "-" "Mozilla/5.0 AppleWebKit/537.36 (KHTML, like Gecko; compatible; GPTBot/1.2; +https://openai.com/gptbot)"
74.7.227.27 - - [08/Nov/2025:13:48:08 +0100] "GET /?path=//proc/self/root/proc/142086/root/opt/cloudlinux/alt-php70/root/var/lib HTTP/2.0" 200 15951 "-" "Mozilla/5.0 AppleWebKit/537.36 (KHTML, like Gecko; compatible; GPTBot/1.2; +https://openai.com/gptbot)"
74.7.227.59 - - [08/Nov/2025:13:48:08 +0100] "GET /?fileloc=//usr/lib/rpm/kmod.prov&path=//usr/lib/rpm HTTP/2.0" 200 15648 "-" "Mozilla/5.0 AppleWebKit/537.36 (KHTML, like Gecko; compatible; GPTBot/1.2; +https://openai.com/gptbot)"
74.7.227.163 - - [08/Nov/2025:13:48:09 +0100] "GET /?fileloc=//proc/742680/root/proc/sys/net/ipv6/conf/all/router_probe_interval&path=//proc/742680/root/proc/sys/net/ipv6/conf/all HTTP/2.0" 200 15284 "-" "Mozilla/5.0 AppleWebKit/537.36 (KHTML, like Gecko; compatible; GPTBot/1.2; +https://openai.com/gptbot)"
74.7.227.168 - - [08/Nov/2025:13:48:11 +0100] "GET /?path=//proc/67277/root/proc/self/root/opt/alt/libharu HTTP/2.0" 200 15646 "-" "Mozilla/5.0 AppleWebKit/537.36 (KHTML, like Gecko; compatible; GPTBot/1.2; +https://openai.com/gptbot)"
74.7.227.204 - - [08/Nov/2025:13:48:11 +0100] "GET /795707404?detail=0793539630 HTTP/2.0" 200 77831 "-" "Mozilla/5.0 AppleWebKit/537.36 (KHTML, like Gecko; compatible; GPTBot/1.2; +https://openai.com/gptbot)"
74.7.227.27 - - [08/Nov/2025:13:48:11 +0100] "GET /?path=//proc/self/root/proc/142086/root/opt/cloudlinux/alt-php73/root/usr/bin HTTP/2.0" 200 15951 "-" "Mozilla/5.0 AppleWebKit/537.36 (KHTML, like Gecko; compatible; GPTBot/1.2; +https://openai.com/gptbot)"
37.187.226.30 - - [08/Nov/2025:13:48:11 +0100] "GET /powerlessness-is-not-weakness-marr-treatment/?path=/home/opal/public_html/wp-includes/blocks/video HTTP/1.1" 200 36020 "-" "Mozilla/5.0 (compatible; MJ12bot/v1.4.8; http://mj12bot.com/)"
74.7.227.59 - - [08/Nov/2025:13:48:12 +0100] "GET /?path=//usr/lib64/python3.6/pydoc_data/__pycache__ HTTP/2.0" 200 25097 "-" "Mozilla/5.0 AppleWebKit/537.36 (KHTML, like Gecko; compatible; GPTBot/1.2; +https://openai.com/gptbot)"
74.7.227.163 - - [08/Nov/2025:13:48:13 +0100] "GET /?fileloc=//proc/742680/root/proc/sys/net/ipv6/conf/all/suppress_frag_ndisc&path=//proc/742680/root/proc/sys/net/ipv6/conf/all HTTP/2.0" 200 15281 "-" "Mozilla/5.0 AppleWebKit/537.36 (KHTML, like Gecko; compatible; GPTBot/1.2; +https://openai.com/gptbot)"
74.7.227.204 - - [08/Nov/2025:13:48:14 +0100] "GET /304482356?detail=0303653070 HTTP/2.0" 200 77831 "-" "Mozilla/5.0 AppleWebKit/537.36 (KHTML, like Gecko; compatible; GPTBot/1.2; +https://openai.com/gptbot)"
74.7.227.27 - - [08/Nov/2025:13:48:15 +0100] "GET /?path=//proc/self/root/proc/142086/root/opt/cloudlinux/alt-php55/root/var HTTP/2.0" 200 15855 "-" "Mozilla/5.0 AppleWebKit/537.36 (KHTML, like Gecko; compatible; GPTBot/1.2; +https://openai.com/gptbot)"
74.7.230.16 - - [08/Nov/2025:13:48:19 +0100] "GET /robots.txt HTTP/2.0" 428 11484 "-" "Mozilla/5.0 (Macintosh; Intel Mac OS X 10_15_7) AppleWebKit/537.36 (KHTML, like Gecko) Chrome/131.0.0.0 Safari/537.36; compatible; OAI-SearchBot/1.0; robots.txt; +https://openai.com/searchbot"
74.7.227.168 - - [08/Nov/2025:13:48:15 +0100] "GET /?path=//proc/54274/root/proc/self/root/opt/alt/curlssl HTTP/2.0" 200 15646 "-" "Mozilla/5.0 AppleWebKit/537.36 (KHTML, like Gecko; compatible; GPTBot/1.2; +https://openai.com/gptbot)"
37.187.226.30 - - [08/Nov/2025:13:48:17 +0100] "GET /powerlessness-is-not-weakness-marr-treatment/?path=/home/opal/public_html/wp-includes/blocks/widget-group HTTP/1.1" 200 17110 "-" "Mozilla/5.0 (compatible; MJ12bot/v1.4.8; http://mj12bot.com/)"
74.7.227.59 - - [08/Nov/2025:13:48:17 +0100] "GET /?fileloc=//usr/lib64/python2.7/test/test_bz2.py&path=//usr/lib64/python2.7/test HTTP/2.0" 200 36274 "-" "Mozilla/5.0 AppleWebKit/537.36 (KHTML, like Gecko; compatible; GPTBot/1.2; +https://openai.com/gptbot)"
74.7.227.163 - - [08/Nov/2025:13:48:17 +0100] "GET /?fileloc=//proc/742680/root/proc/sys/net/ipv4/neigh/lo/delay_first_probe_time&path=//proc/742680/root/proc/sys/net/ipv4/neigh/lo HTTP/2.0" 200 15285 "-" "Mozilla/5.0 AppleWebKit/537.36 (KHTML, like Gecko; compatible; GPTBot/1.2; +https://openai.com/gptbot)"
216.73.216.214 - - [08/Nov/2025:13:48:17 +0100] "GET /?path=%2F%2Flib64%2Fpython2.7%2Fplat-linux2 HTTP/2.0" 200 34512 "-" "Mozilla/5.0 AppleWebKit/537.36 (KHTML, like Gecko; compatible; ClaudeBot/1.0; +claudebot@anthropic.com)"
74.7.227.204 - - [08/Nov/2025:13:48:18 +0100] "GET /304520299?detail=0303690910 HTTP/2.0" 200 75282 "-" "Mozilla/5.0 AppleWebKit/537.36 (KHTML, like Gecko; compatible; GPTBot/1.2; +https://openai.com/gptbot)"
74.7.227.27 - - [08/Nov/2025:13:48:18 +0100] "GET /?path=//proc/self/root/proc/142086/root/opt/cloudlinux/alt-php51/root/usr/bin HTTP/2.0" 200 15951 "-" "Mozilla/5.0 AppleWebKit/537.36 (KHTML, like Gecko; compatible; GPTBot/1.2; +https://openai.com/gptbot)"
37.187.226.30 - - [08/Nov/2025:13:48:21 +0100] "GET /powerlessness-is-not-weakness-marr-treatment/?path=/home/opal/public_html/wp-includes/css/dist HTTP/1.1" 200 41283 "-" "Mozilla/5.0 (compatible; MJ12bot/v1.4.8; http://mj12bot.com/)"
74.7.227.59 - - [08/Nov/2025:13:48:21 +0100] "GET /?path=//usr/lib64/python2.7/lib2to3/tests/data/fixers/myfixes HTTP/2.0" 200 44500 "-" "Mozilla/5.0 AppleWebKit/537.36 (KHTML, like Gecko; compatible; GPTBot/1.2; +https://openai.com/gptbot)"
74.7.227.163 - - [08/Nov/2025:13:48:21 +0100] "GET /?fileloc=//proc/742680/root/proc/sys/net/ipv6/neigh/lo/delay_first_probe_time&path=//proc/742680/root/proc/sys/net/ipv6/neigh/lo HTTP/2.0" 200 15285 "-" "Mozilla/5.0 AppleWebKit/537.36 (KHTML, like Gecko; compatible; GPTBot/1.2; +https://openai.com/gptbot)"
74.7.227.168 - - [08/Nov/2025:13:48:22 +0100] "GET /?path=//proc/67277/root/proc/self/root/var HTTP/2.0" 200 15504 "-" "Mozilla/5.0 AppleWebKit/537.36 (KHTML, like Gecko; compatible; GPTBot/1.2; +https://openai.com/gptbot)"
66.249.75.164 - - [08/Nov/2025:13:48:22 +0100] "GET /?w=2674829843548&channel=144e46&from=https://opalaesthetic.net/buy.jsp?layer253027604.html HTTP/1.1" 200 555037 "-" "Mozilla/5.0 (Linux; Android 6.0.1; Nexus 5X Build/MMB29P) AppleWebKit/537.36 (KHTML, like Gecko) Chrome/141.0.7390.122 Mobile Safari/537.36 (compatible; Googlebot/2.1; +http://www.google.com/bot.html)"
74.7.227.204 - - [08/Nov/2025:13:48:22 +0100] "GET /795581780?detail=0793414350 HTTP/2.0" 200 77831 "-" "Mozilla/5.0 AppleWebKit/537.36 (KHTML, like Gecko; compatible; GPTBot/1.2; +https://openai.com/gptbot)"
74.7.227.27 - - [08/Nov/2025:13:48:23 +0100] "GET /?path=//proc/self/root/proc/142086/root/opt/cloudlinux/alt-php53/root/etc/rpm HTTP/2.0" 200 15951 "-" "Mozilla/5.0 AppleWebKit/537.36 (KHTML, like Gecko; compatible; GPTBot/1.2; +https://openai.com/gptbot)"
37.187.226.30 - - [08/Nov/2025:13:48:25 +0100] "GET /powerlessness-is-not-weakness-marr-treatment/?path=/home/opal/public_html/wp-includes/customize/customize HTTP/1.1" 200 20292 "-" "Mozilla/5.0 (compatible; MJ12bot/v1.4.8; http://mj12bot.com/)"
74.7.227.163 - - [08/Nov/2025:13:48:25 +0100] "GET /?fileloc=//proc/742680/root/proc/sys/net/ipv4/neigh/lo/base_reachable_time&path=//proc/742680/root/proc/sys/net/ipv4/neigh/lo HTTP/2.0" 200 15283 "-" "Mozilla/5.0 AppleWebKit/537.36 (KHTML, like Gecko; compatible; GPTBot/1.2; +https://openai.com/gptbot)"
74.7.227.59 - - [08/Nov/2025:13:48:25 +0100] "GET /?path=//proc/53872/root/proc/self/root/lib/locale/C.utf8 HTTP/2.0" 200 13104 "-" "Mozilla/5.0 AppleWebKit/537.36 (KHTML, like Gecko; compatible; GPTBot/1.2; +https://openai.com/gptbot)"
66.249.75.163 - - [08/Nov/2025:13:48:26 +0100] "GET /fatal021000630.html HTTP/1.1" 200 568143 "-" "Mozilla/5.0 (Linux; Android 6.0.1; Nexus 5X Build/MMB29P) AppleWebKit/537.36 (KHTML, like Gecko) Chrome/141.0.7390.122 Mobile Safari/537.36 (compatible; Googlebot/2.1; +http://www.google.com/bot.html)"
74.7.227.204 - - [08/Nov/2025:13:48:26 +0100] "GET /304263550?detail=0303434862 HTTP/2.0" 200 75282 "-" "Mozilla/5.0 AppleWebKit/537.36 (KHTML, like Gecko; compatible; GPTBot/1.2; +https://openai.com/gptbot)"
74.7.227.27 - - [08/Nov/2025:13:48:27 +0100] "GET /?path=//proc/self/root/proc/142086/root/opt/cloudlinux/alt-php70/root/var HTTP/2.0" 200 15855 "-" "Mozilla/5.0 AppleWebKit/537.36 (KHTML, like Gecko; compatible; GPTBot/1.2; +https://openai.com/gptbot)"
74.7.227.168 - - [08/Nov/2025:13:48:28 +0100] "GET /?path=//proc/67277/root/proc/self/root/opt/alt/libheif HTTP/2.0" 200 13097 "-" "Mozilla/5.0 AppleWebKit/537.36 (KHTML, like Gecko; compatible; GPTBot/1.2; +https://openai.com/gptbot)"
74.7.227.163 - - [08/Nov/2025:13:48:28 +0100] "GET /?fileloc=//proc/742680/root/proc/sys/net/ipv6/neigh/lo/base_reachable_time&path=//proc/742680/root/proc/sys/net/ipv6/neigh/lo HTTP/2.0" 200 12734 "-" "Mozilla/5.0 AppleWebKit/537.36 (KHTML, like Gecko; compatible; GPTBot/1.2; +https://openai.com/gptbot)"
74.7.227.59 - - [08/Nov/2025:13:48:29 +0100] "GET /?path=//proc/54274/root/proc/self/root/lib/locale/C.utf8 HTTP/2.0" 200 15653 "-" "Mozilla/5.0 AppleWebKit/537.36 (KHTML, like Gecko; compatible; GPTBot/1.2; +https://openai.com/gptbot)"
66.249.69.133 - - [08/Nov/2025:13:48:29 +0100] "GET /154766491?detail=0154345150 HTTP/1.1" 200 550704 "-" "Mozilla/5.0 (Linux; Android 6.0.1; Nexus 5X Build/MMB29P) AppleWebKit/537.36 (KHTML, like Gecko) Chrome/141.0.7390.122 Mobile Safari/537.36 (compatible; Googlebot/2.1; +http://www.google.com/bot.html)"
37.187.226.30 - - [08/Nov/2025:13:48:29 +0100] "GET /powerlessness-is-not-weakness-marr-treatment/?path=/home/opal/public_html/wp-includes/images/crystal HTTP/1.1" 200 31282 "-" "Mozilla/5.0 (compatible; MJ12bot/v1.4.8; http://mj12bot.com/)"
204.12.208.18 - - [08/Nov/2025:13:48:31 +0100] "GET /wp-content/ad1f3ec7/edit.php HTTP/1.1" 200 6 "https://opalaesthetic.net/wp-content/ad1f3ec7/edit.php" "Mozilla/5.0 (Macintosh; Intel Mac OS X 10_8) AppleWebKit/536.25 (KHTML, like Gecko) Version/6.0 Safari/536.25"
204.12.208.18 - - [08/Nov/2025:13:48:32 +0100] "GET /wp-content/ad1f3ec7/edit.php HTTP/1.1" 200 6 "https://opalaesthetic.net/wp-content/ad1f3ec7/edit.php" "Mozilla/5.0 (Macintosh; U; PPC Mac OS X; ja-jp) AppleWebKit/522.11.1 (KHTML, like Gecko) Version/3.0.3 Safari/522.12.1"
74.7.227.204 - - [08/Nov/2025:13:48:29 +0100] "GET /795649388?detail=0793481774 HTTP/2.0" 200 77831 "-" "Mozilla/5.0 AppleWebKit/537.36 (KHTML, like Gecko; compatible; GPTBot/1.2; +https://openai.com/gptbot)"
74.7.227.27 - - [08/Nov/2025:13:48:30 +0100] "GET /?path=//proc/self/root/proc/142086/root/opt/cloudlinux/alt-php55/root/etc/rpm HTTP/2.0" 200 15951 "-" "Mozilla/5.0 AppleWebKit/537.36 (KHTML, like Gecko; compatible; GPTBot/1.2; +https://openai.com/gptbot)"
74.7.227.163 - - [08/Nov/2025:13:48:32 +0100] "GET /?fileloc=//proc/742680/root/proc/sys/net/ipv4/neigh/lo/base_reachable_time_ms&path=//proc/742680/root/proc/sys/net/ipv4/neigh/lo HTTP/2.0" 200 15289 "-" "Mozilla/5.0 AppleWebKit/537.36 (KHTML, like Gecko; compatible; GPTBot/1.2; +https://openai.com/gptbot)"
74.7.227.59 - - [08/Nov/2025:13:48:33 +0100] "GET /?path=//proc/67277/root/proc/self/root/lib/locale/C.utf8 HTTP/2.0" 200 13104 "-" "Mozilla/5.0 AppleWebKit/537.36 (KHTML, like Gecko; compatible; GPTBot/1.2; +https://openai.com/gptbot)"
37.187.226.30 - - [08/Nov/2025:13:48:34 +0100] "GET /powerlessness-is-not-weakness-marr-treatment/?path=/home/opal/public_html/wp-includes/js/tinymce HTTP/1.1" 200 30458 "-" "Mozilla/5.0 (compatible; MJ12bot/v1.4.8; http://mj12bot.com/)"
74.7.227.168 - - [08/Nov/2025:13:48:34 +0100] "GET /?path=//usr/lib64/python2.7/Demo HTTP/2.0" 200 41379 "-" "Mozilla/5.0 AppleWebKit/537.36 (KHTML, like Gecko; compatible; GPTBot/1.2; +https://openai.com/gptbot)"
74.7.227.204 - - [08/Nov/2025:13:48:34 +0100] "GET /795803504?detail=0793635470 HTTP/2.0" 200 77831 "-" "Mozilla/5.0 AppleWebKit/537.36 (KHTML, like Gecko; compatible; GPTBot/1.2; +https://openai.com/gptbot)"
74.7.227.27 - - [08/Nov/2025:13:48:34 +0100] "GET /?path=//proc/self/root/proc/142086/root/opt/cloudlinux/alt-php53/root/usr/bin HTTP/2.0" 200 13402 "-" "Mozilla/5.0 AppleWebKit/537.36 (KHTML, like Gecko; compatible; GPTBot/1.2; +https://openai.com/gptbot)"
74.7.227.163 - - [08/Nov/2025:13:48:35 +0100] "GET /?fileloc=//proc/742680/root/proc/sys/net/ipv6/conf/all/ignore_routes_with_linkdown&path=//proc/742680/root/proc/sys/net/ipv6/conf/all HTTP/2.0" 200 15289 "-" "Mozilla/5.0 AppleWebKit/537.36 (KHTML, like Gecko; compatible; GPTBot/1.2; +https://openai.com/gptbot)"
216.73.216.214 - - [08/Nov/2025:13:48:36 +0100] "GET /kasyno-internetowe-z-bonusem-bez-depozytu-35?fileloc=%2F%2Fopt%2Fcpanel%2Fea-openssl11%2Fshare%2Fdoc%2Fopenssl%2Fhtml%2Fman3%2FSSL_CTX_set_msg_callback_arg.html&path=%2F%2Fopt%2Fcpanel%2Fea-openssl11%2Fshare%2Fdoc%2Fopenssl%2Fhtml%2Fman3 HTTP/2.0" 200 23457 "-" "Mozilla/5.0 AppleWebKit/537.36 (KHTML, like Gecko; compatible; ClaudeBot/1.0; +claudebot@anthropic.com)"
74.7.227.59 - - [08/Nov/2025:13:48:37 +0100] "GET /?path=//proc/55207/root/proc/self/root/lib/locale/C.utf8 HTTP/2.0" 200 15653 "-" "Mozilla/5.0 AppleWebKit/537.36 (KHTML, like Gecko; compatible; GPTBot/1.2; +https://openai.com/gptbot)"
74.7.227.204 - - [08/Nov/2025:13:48:38 +0100] "GET /304268251?detail=0303439550 HTTP/2.0" 200 77831 "-" "Mozilla/5.0 AppleWebKit/537.36 (KHTML, like Gecko; compatible; GPTBot/1.2; +https://openai.com/gptbot)"
74.7.227.168 - - [08/Nov/2025:13:48:38 +0100] "GET /?path=//proc/67277/root/proc/self/root/opt/cpanel/ea-nodejs10/include/node/openssl/archs/VC-WIN64A HTTP/2.0" 200 16186 "-" "Mozilla/5.0 AppleWebKit/537.36 (KHTML, like Gecko; compatible; GPTBot/1.2; +https://openai.com/gptbot)"
74.7.227.27 - - [08/Nov/2025:13:48:39 +0100] "GET /?path=//proc/self/root/proc/142086/root/opt/cloudlinux/alt-php53/root/var/lib HTTP/2.0" 200 13402 "-" "Mozilla/5.0 AppleWebKit/537.36 (KHTML, like Gecko; compatible; GPTBot/1.2; +https://openai.com/gptbot)"
74.7.227.163 - - [08/Nov/2025:13:48:39 +0100] "GET /?fileloc=//proc/742680/root/proc/sys/net/ipv4/conf/all/ignore_routes_with_linkdown&path=//proc/742680/root/proc/sys/net/ipv4/conf/all HTTP/2.0" 200 15289 "-" "Mozilla/5.0 AppleWebKit/537.36 (KHTML, like Gecko; compatible; GPTBot/1.2; +https://openai.com/gptbot)"
74.7.227.204 - - [08/Nov/2025:13:48:41 +0100] "GET /304263550?path=/home HTTP/2.0" 200 16493 "-" "Mozilla/5.0 AppleWebKit/537.36 (KHTML, like Gecko; compatible; GPTBot/1.2; +https://openai.com/gptbot)"
74.7.227.59 - - [08/Nov/2025:13:48:42 +0100] "GET /?fileloc=//usr/lib64/python2.7/lib2to3/tests/data/fixers/myfixes/fix_first.pyc&path=//usr/lib64/python2.7/lib2to3/tests/data/fixers/myfixes HTTP/2.0" 200 15942 "-" "Mozilla/5.0 AppleWebKit/537.36 (KHTML, like Gecko; compatible; GPTBot/1.2; +https://openai.com/gptbot)"
74.7.227.27 - - [08/Nov/2025:13:48:42 +0100] "GET /?path=//proc/self/root/proc/142086/root/opt/cloudlinux/alt-php72/root/usr/bin HTTP/2.0" 200 15951 "-" "Mozilla/5.0 AppleWebKit/537.36 (KHTML, like Gecko; compatible; GPTBot/1.2; +https://openai.com/gptbot)"
74.7.227.163 - - [08/Nov/2025:13:48:42 +0100] "GET /?fileloc=//proc/742680/root/proc/sys/net/ipv6/neigh/lo/base_reachable_time_ms&path=//proc/742680/root/proc/sys/net/ipv6/neigh/lo HTTP/2.0" 200 15289 "-" "Mozilla/5.0 AppleWebKit/537.36 (KHTML, like Gecko; compatible; GPTBot/1.2; +https://openai.com/gptbot)"
74.7.227.168 - - [08/Nov/2025:13:48:43 +0100] "GET /?path=//proc/54274/root/proc/self/root/opt/alt/openssl HTTP/2.0" 200 15646 "-" "Mozilla/5.0 AppleWebKit/537.36 (KHTML, like Gecko; compatible; GPTBot/1.2; +https://openai.com/gptbot)"
57.141.0.35 - - [08/Nov/2025:13:48:44 +0100] "GET /casino-tillsammans-bankid-sveriges-basta-bankid-casinon-i-2025/?fileloc=/home/opal/public_html/item.php&path=/home/opal/public_html HTTP/2.0" 200 17462 "-" "meta-externalagent/1.1 (+https://developers.facebook.com/docs/sharing/webmasters/crawler)"
74.7.227.204 - - [08/Nov/2025:13:48:44 +0100] "GET /304410527?detail=0303581438 HTTP/2.0" 200 77831 "-" "Mozilla/5.0 AppleWebKit/537.36 (KHTML, like Gecko; compatible; GPTBot/1.2; +https://openai.com/gptbot)"
66.249.75.162 - - [08/Nov/2025:13:48:44 +0100] "GET /?w=2674829843548&channel=144e46&from=https://opalaesthetic.net/buy.jsp?adventure208029605.html HTTP/1.1" 200 203759 "-" "Mozilla/5.0 (Linux; Android 6.0.1; Nexus 5X Build/MMB29P) AppleWebKit/537.36 (KHTML, like Gecko) Chrome/141.0.7390.122 Mobile Safari/537.36 (compatible; Googlebot/2.1; +http://www.google.com/bot.html)"
74.7.227.27 - - [08/Nov/2025:13:48:44 +0100] "GET /?path=//proc/self/root/proc/142086/root/opt/cloudlinux/alt-php82/root/usr/bin HTTP/2.0" 200 15951 "-" "Mozilla/5.0 AppleWebKit/537.36 (KHTML, like Gecko; compatible; GPTBot/1.2; +https://openai.com/gptbot)"
74.7.227.59 - - [08/Nov/2025:13:48:45 +0100] "GET /?path=//proc/2589545/root/proc/self/root/opt/cloudlinux/venv/lib64/python3.11/site-packages/cryptography HTTP/2.0" 200 16121 "-" "Mozilla/5.0 AppleWebKit/537.36 (KHTML, like Gecko; compatible; GPTBot/1.2; +https://openai.com/gptbot)"
74.7.227.163 - - [08/Nov/2025:13:48:45 +0100] "GET /?fileloc=//proc/742680/root/proc/sys/net/ipv6/conf/all/drop_unicast_in_l2_multicast&path=//proc/742680/root/proc/sys/net/ipv6/conf/all HTTP/2.0" 200 15290 "-" "Mozilla/5.0 AppleWebKit/537.36 (KHTML, like Gecko; compatible; GPTBot/1.2; +https://openai.com/gptbot)"
66.249.69.133 - - [08/Nov/2025:13:48:47 +0100] "GET /154764341?detail=0154343006 HTTP/1.1" 200 564179 "-" "Mozilla/5.0 (Linux; Android 6.0.1; Nexus 5X Build/MMB29P) AppleWebKit/537.36 (KHTML, like Gecko) Chrome/141.0.7390.122 Mobile Safari/537.36 (compatible; Googlebot/2.1; +http://www.google.com/bot.html)"
74.7.227.204 - - [08/Nov/2025:13:48:47 +0100] "GET /304493874?detail=0303664558 HTTP/2.0" 200 77831 "-" "Mozilla/5.0 AppleWebKit/537.36 (KHTML, like Gecko; compatible; GPTBot/1.2; +https://openai.com/gptbot)"
74.7.227.168 - - [08/Nov/2025:13:48:48 +0100] "GET /?path=//proc/67277/net/dev_snmp6 HTTP/2.0" 200 15339 "-" "Mozilla/5.0 AppleWebKit/537.36 (KHTML, like Gecko; compatible; GPTBot/1.2; +https://openai.com/gptbot)"
74.7.227.27 - - [08/Nov/2025:13:48:48 +0100] "GET /?path=//proc/self/root/proc/142086/root/opt/cloudlinux/alt-php55/root/usr/bin HTTP/2.0" 200 13402 "-" "Mozilla/5.0 AppleWebKit/537.36 (KHTML, like Gecko; compatible; GPTBot/1.2; +https://openai.com/gptbot)"
74.7.227.163 - - [08/Nov/2025:13:48:49 +0100] "GET /?fileloc=//proc/742680/root/proc/sys/net/ipv4/conf/all/drop_unicast_in_l2_multicast&path=//proc/742680/root/proc/sys/net/ipv4/conf/all HTTP/2.0" 200 12741 "-" "Mozilla/5.0 AppleWebKit/537.36 (KHTML, like Gecko; compatible; GPTBot/1.2; +https://openai.com/gptbot)"
74.7.227.59 - - [08/Nov/2025:13:48:49 +0100] "GET /?fileloc=//lib64/python2.7/telnetlib.pyc&path=//lib64/python2.7 HTTP/2.0" 200 36718 "-" "Mozilla/5.0 AppleWebKit/537.36 (KHTML, like Gecko; compatible; GPTBot/1.2; +https://openai.com/gptbot)"
74.7.227.204 - - [08/Nov/2025:13:48:49 +0100] "GET /304298206?detail=0303469422 HTTP/2.0" 200 77831 "-" "Mozilla/5.0 AppleWebKit/537.36 (KHTML, like Gecko; compatible; GPTBot/1.2; +https://openai.com/gptbot)"
66.249.75.162 - - [08/Nov/2025:13:48:50 +0100] "GET /?pcmypage?callback=/product%2Fdetail%2m89275443376 HTTP/1.1" 200 549011 "-" "Mozilla/5.0 (Linux; Android 6.0.1; Nexus 5X Build/MMB29P) AppleWebKit/537.36 (KHTML, like Gecko) Chrome/141.0.7390.122 Mobile Safari/537.36 (compatible; Googlebot/2.1; +http://www.google.com/bot.html)"
74.7.227.27 - - [08/Nov/2025:13:48:51 +0100] "GET /?path=//proc/self/root/proc/142086/root/opt/cloudlinux/alt-php53/root/var HTTP/2.0" 200 15855 "-" "Mozilla/5.0 AppleWebKit/537.36 (KHTML, like Gecko; compatible; GPTBot/1.2; +https://openai.com/gptbot)"
74.7.227.163 - - [08/Nov/2025:13:48:52 +0100] "GET /?fileloc=//proc/742680/root/proc/sys/net/ipv4/conf/all/igmpv3_unsolicited_report_interval&path=//proc/742680/root/proc/sys/net/ipv4/conf/all HTTP/2.0" 200 15299 "-" "Mozilla/5.0 AppleWebKit/537.36 (KHTML, like Gecko; compatible; GPTBot/1.2; +https://openai.com/gptbot)"
74.7.227.168 - - [08/Nov/2025:13:48:52 +0100] "GET /?path=//usr/lib64/python2.7/Demo/embed HTTP/2.0" 200 22839 "-" "Mozilla/5.0 AppleWebKit/537.36 (KHTML, like Gecko; compatible; GPTBot/1.2; +https://openai.com/gptbot)"
74.7.227.204 - - [08/Nov/2025:13:48:53 +0100] "GET /795603792?detail=0793436302 HTTP/2.0" 200 77831 "-" "Mozilla/5.0 AppleWebKit/537.36 (KHTML, like Gecko; compatible; GPTBot/1.2; +https://openai.com/gptbot)"
74.7.227.59 - - [08/Nov/2025:13:48:53 +0100] "GET /?path=//proc/2589545/root/proc/self/root/opt/cloudlinux/venv/lib64/python3.11 HTTP/2.0" 200 15869 "-" "Mozilla/5.0 AppleWebKit/537.36 (KHTML, like Gecko; compatible; GPTBot/1.2; +https://openai.com/gptbot)"
66.249.69.134 - - [08/Nov/2025:13:48:53 +0100] "GET /273751196?detail=0273005646 HTTP/1.1" 200 201201 "-" "Mozilla/5.0 (Linux; Android 6.0.1; Nexus 5X Build/MMB29P) AppleWebKit/537.36 (KHTML, like Gecko) Chrome/141.0.7390.122 Mobile Safari/537.36 (compatible; Googlebot/2.1; +http://www.google.com/bot.html)"
74.7.227.27 - - [08/Nov/2025:13:48:54 +0100] "GET /?path=//proc/self/root/proc/142086/root/opt/cloudlinux/alt-php70/root/usr/bin HTTP/2.0" 200 15951 "-" "Mozilla/5.0 AppleWebKit/537.36 (KHTML, like Gecko; compatible; GPTBot/1.2; +https://openai.com/gptbot)"
74.7.227.163 - - [08/Nov/2025:13:48:55 +0100] "GET /?fileloc=//proc/742680/root/proc/sys/net/ipv6/conf/all/mldv2_unsolicited_report_interval&path=//proc/742680/root/proc/sys/net/ipv6/conf/all HTTP/2.0" 200 15298 "-" "Mozilla/5.0 AppleWebKit/537.36 (KHTML, like Gecko; compatible; GPTBot/1.2; +https://openai.com/gptbot)"
74.7.228.34 - - [08/Nov/2025:13:48:58 +0100] "GET /robots.txt HTTP/2.0" 428 11492 "-" "Mozilla/5.0 (Macintosh; Intel Mac OS X 10_15_7) AppleWebKit/537.36 (KHTML, like Gecko) Chrome/131.0.0.0 Safari/537.36; compatible; OAI-SearchBot/1.0; robots.txt; +https://openai.com/searchbot"
74.7.227.204 - - [08/Nov/2025:13:48:56 +0100] "GET /795596943?detail=0793429470 HTTP/2.0" 200 77831 "-" "Mozilla/5.0 AppleWebKit/537.36 (KHTML, like Gecko; compatible; GPTBot/1.2; +https://openai.com/gptbot)"
74.7.227.168 - - [08/Nov/2025:13:48:56 +0100] "GET /?path=//proc/67277/root/proc/self/root/opt/alt/libwebp HTTP/2.0" 200 13097 "-" "Mozilla/5.0 AppleWebKit/537.36 (KHTML, like Gecko; compatible; GPTBot/1.2; +https://openai.com/gptbot)"
216.73.216.214 - - [08/Nov/2025:13:48:56 +0100] "GET /kasyno-internetowe-z-bonusem-bez-depozytu-35?fileloc=%2F%2Fopt%2Fcpanel%2Fea-openssl11%2Fshare%2Fdoc%2Fopenssl%2Fhtml%2Fman3%2FOPENSSL_zalloc.html&path=%2F%2Fopt%2Fcpanel%2Fea-openssl11%2Fshare%2Fdoc%2Fopenssl%2Fhtml%2Fman3 HTTP/2.0" 200 28900 "-" "Mozilla/5.0 AppleWebKit/537.36 (KHTML, like Gecko; compatible; ClaudeBot/1.0; +claudebot@anthropic.com)"
74.7.227.59 - - [08/Nov/2025:13:48:57 +0100] "GET /?path=//proc/53872/root/proc/thread-self/root/lib64/libxslt-plugins HTTP/2.0" 200 13085 "-" "Mozilla/5.0 AppleWebKit/537.36 (KHTML, like Gecko; compatible; GPTBot/1.2; +https://openai.com/gptbot)"
74.7.227.27 - - [08/Nov/2025:13:48:57 +0100] "GET /?path=//proc/self/root/proc/55207/root/lib/firmware/nvidia/gm206 HTTP/2.0" 200 13192 "-" "Mozilla/5.0 AppleWebKit/537.36 (KHTML, like Gecko; compatible; GPTBot/1.2; +https://openai.com/gptbot)"
74.7.227.163 - - [08/Nov/2025:13:48:58 +0100] "GET /?fileloc=//proc/742680/root/proc/sys/net/ipv6/conf/all/mldv1_unsolicited_report_interval&path=//proc/742680/root/proc/sys/net/ipv6/conf/all HTTP/2.0" 200 15299 "-" "Mozilla/5.0 AppleWebKit/537.36 (KHTML, like Gecko; compatible; GPTBot/1.2; +https://openai.com/gptbot)"
74.7.227.204 - - [08/Nov/2025:13:48:58 +0100] "GET /795522996?detail=0793355726 HTTP/2.0" 200 75282 "-" "Mozilla/5.0 AppleWebKit/537.36 (KHTML, like Gecko; compatible; GPTBot/1.2; +https://openai.com/gptbot)"
103.187.99.210 - - [08/Nov/2025:13:49:00 +0100] "GET /.well-known/index.php HTTP/2.0" 403 - "-" "Mozilla/5.0 (Windows NT 10.0; Win64; x64) AppleWebKit/537.36 (KHTML, like Gecko) Chrome/142.0.0.0 Safari/537.36"
103.187.99.210 - - [08/Nov/2025:13:49:00 +0100] "GET /.well-known/index.php HTTP/2.0" 403 - "-" "Mozilla/5.0 (Windows NT 10.0; Win64; x64) AppleWebKit/537.36 (KHTML, like Gecko) Chrome/142.0.0.0 Safari/537.36"
74.7.227.168 - - [08/Nov/2025:13:49:01 +0100] "GET /?fileloc=//proc/driver/rtc&path=//proc/driver HTTP/2.0" 200 15191 "-" "Mozilla/5.0 AppleWebKit/537.36 (KHTML, like Gecko; compatible; GPTBot/1.2; +https://openai.com/gptbot)"
74.7.227.59 - - [08/Nov/2025:13:49:01 +0100] "GET /?fileloc=//usr/lib64/python2.7/test/testimg.uue&path=//usr/lib64/python2.7/test HTTP/2.0" 200 105720 "-" "Mozilla/5.0 AppleWebKit/537.36 (KHTML, like Gecko; compatible; GPTBot/1.2; +https://openai.com/gptbot)"
74.7.227.27 - - [08/Nov/2025:13:49:01 +0100] "GET /?path=//proc/self/root/proc/142086/root/opt/cloudlinux/alt-php71/root/etc/rpm HTTP/2.0" 200 13402 "-" "Mozilla/5.0 AppleWebKit/537.36 (KHTML, like Gecko; compatible; GPTBot/1.2; +https://openai.com/gptbot)"
74.7.227.163 - - [08/Nov/2025:13:49:02 +0100] "GET /?path=//proc/742680/root/proc/self/root/lib64/mysqlrouter/private HTTP/2.0" 200 39257 "-" "Mozilla/5.0 AppleWebKit/537.36 (KHTML, like Gecko; compatible; GPTBot/1.2; +https://openai.com/gptbot)"
66.249.75.164 - - [08/Nov/2025:13:49:04 +0100] "GET /?pcmypage?callback=/product%2Fdetail%2m57836133391 HTTP/1.1" 200 561784 "-" "Mozilla/5.0 (Linux; Android 6.0.1; Nexus 5X Build/MMB29P) AppleWebKit/537.36 (KHTML, like Gecko) Chrome/141.0.7390.122 Mobile Safari/537.36 (compatible; Googlebot/2.1; +http://www.google.com/bot.html)"
74.7.227.204 - - [08/Nov/2025:13:49:03 +0100] "GET /795525805?detail=0793358526 HTTP/2.0" 200 77831 "-" "Mozilla/5.0 AppleWebKit/537.36 (KHTML, like Gecko; compatible; GPTBot/1.2; +https://openai.com/gptbot)"
74.7.227.168 - - [08/Nov/2025:13:49:05 +0100] "GET /?path=//proc/55207/root/proc/thread-self/root/lib64/gtk-2.0 HTTP/2.0" 200 15618 "-" "Mozilla/5.0 AppleWebKit/537.36 (KHTML, like Gecko; compatible; GPTBot/1.2; +https://openai.com/gptbot)"
74.7.227.27 - - [08/Nov/2025:13:49:05 +0100] "GET /?path=//proc/self/root/proc/142086/root/opt/cloudlinux/alt-php74/root/etc/rpm HTTP/2.0" 200 13402 "-" "Mozilla/5.0 AppleWebKit/537.36 (KHTML, like Gecko; compatible; GPTBot/1.2; +https://openai.com/gptbot)"
74.7.227.59 - - [08/Nov/2025:13:49:06 +0100] "GET /?fileloc=//usr/lib64/python2.7/test/xmltests.py&path=//usr/lib64/python2.7/test HTTP/2.0" 200 12979 "-" "Mozilla/5.0 AppleWebKit/537.36 (KHTML, like Gecko; compatible; GPTBot/1.2; +https://openai.com/gptbot)"
74.7.227.163 - - [08/Nov/2025:13:49:06 +0100] "GET /?fileloc=//proc/742680/root/proc/sys/net/ipv4/neigh/lo/unres_qlen&path=//proc/742680/root/proc/sys/net/ipv4/neigh/lo HTTP/2.0" 200 12726 "-" "Mozilla/5.0 AppleWebKit/537.36 (KHTML, like Gecko; compatible; GPTBot/1.2; +https://openai.com/gptbot)"
74.7.227.204 - - [08/Nov/2025:13:49:07 +0100] "GET /304552146?detail=0303722670 HTTP/2.0" 200 75282 "-" "Mozilla/5.0 AppleWebKit/537.36 (KHTML, like Gecko; compatible; GPTBot/1.2; +https://openai.com/gptbot)"
74.7.227.27 - - [08/Nov/2025:13:49:09 +0100] "GET /?path=//proc/self/root/proc/142086/root/opt/cloudlinux/alt-php81/root/etc/rpm HTTP/2.0" 200 15951 "-" "Mozilla/5.0 AppleWebKit/537.36 (KHTML, like Gecko; compatible; GPTBot/1.2; +https://openai.com/gptbot)"
103.126.22.7 - - [08/Nov/2025:13:49:09 +0100] "GET /.well-known/index.php HTTP/2.0" 403 75282 "https://www.google.com/" "Mozilla/5.0 (Windows NT 10.0; Win64; x64) AppleWebKit/537.36 (KHTML, like Gecko) Chrome/141.0.0.0 Safari/537.36"
74.7.227.163 - - [08/Nov/2025:13:49:10 +0100] "GET /?path=//proc/742680/root/proc/self/root/lib64/libnfsidmap HTTP/2.0" 200 21893 "-" "Mozilla/5.0 AppleWebKit/537.36 (KHTML, like Gecko; compatible; GPTBot/1.2; +https://openai.com/gptbot)"
74.7.227.168 - - [08/Nov/2025:13:49:10 +0100] "GET /?path=//proc/67277/net HTTP/2.0" 200 15282 "-" "Mozilla/5.0 AppleWebKit/537.36 (KHTML, like Gecko; compatible; GPTBot/1.2; +https://openai.com/gptbot)"
74.7.227.59 - - [08/Nov/2025:13:49:11 +0100] "GET /?fileloc=//usr/lib64/python2.7/test/allsans.pem&path=//usr/lib64/python2.7/test HTTP/2.0" 200 19988 "-" "Mozilla/5.0 AppleWebKit/537.36 (KHTML, like Gecko; compatible; GPTBot/1.2; +https://openai.com/gptbot)"
74.7.227.204 - - [08/Nov/2025:13:49:12 +0100] "GET /304435749?detail=0303606590 HTTP/2.0" 200 77831 "-" "Mozilla/5.0 AppleWebKit/537.36 (KHTML, like Gecko; compatible; GPTBot/1.2; +https://openai.com/gptbot)"
74.7.227.27 - - [08/Nov/2025:13:49:12 +0100] "GET /?path=//proc/self/root/proc/142086/root/opt/cloudlinux/alt-php74/root/usr/bin HTTP/2.0" 200 15951 "-" "Mozilla/5.0 AppleWebKit/537.36 (KHTML, like Gecko; compatible; GPTBot/1.2; +https://openai.com/gptbot)"
74.7.227.163 - - [08/Nov/2025:13:49:14 +0100] "GET /?path=//proc/742680/root/lib/systemd/system/runlevel2.target.wants HTTP/2.0" 200 15562 "-" "Mozilla/5.0 AppleWebKit/537.36 (KHTML, like Gecko; compatible; GPTBot/1.2; +https://openai.com/gptbot)"
74.7.227.204 - - [08/Nov/2025:13:49:15 +0100] "GET /795718007?detail=0793550206 HTTP/2.0" 200 77831 "-" "Mozilla/5.0 AppleWebKit/537.36 (KHTML, like Gecko; compatible; GPTBot/1.2; +https://openai.com/gptbot)"
66.249.69.134 - - [08/Nov/2025:13:49:16 +0100] "GET /154756366?detail=0154335054 HTTP/1.1" 200 553345 "-" "Mozilla/5.0 (Linux; Android 6.0.1; Nexus 5X Build/MMB29P) AppleWebKit/537.36 (KHTML, like Gecko) Chrome/141.0.7390.122 Mobile Safari/537.36 (compatible; Googlebot/2.1; +http://www.google.com/bot.html)"
74.7.227.59 - - [08/Nov/2025:13:49:15 +0100] "GET /?path=//lib64/python3.6/test/__pycache__ HTTP/2.0" 200 17540 "-" "Mozilla/5.0 AppleWebKit/537.36 (KHTML, like Gecko; compatible; GPTBot/1.2; +https://openai.com/gptbot)"
74.7.227.168 - - [08/Nov/2025:13:49:16 +0100] "GET /?path=//proc/55207/root/proc/thread-self/root/lib64/glib-2.0 HTTP/2.0" 200 15620 "-" "Mozilla/5.0 AppleWebKit/537.36 (KHTML, like Gecko; compatible; GPTBot/1.2; +https://openai.com/gptbot)"
74.7.227.27 - - [08/Nov/2025:13:49:16 +0100] "GET /?path=//proc/self/root/proc/142086/root/opt/cloudlinux/alt-php71/root/usr/bin HTTP/2.0" 200 15951 "-" "Mozilla/5.0 AppleWebKit/537.36 (KHTML, like Gecko; compatible; GPTBot/1.2; +https://openai.com/gptbot)"
103.126.22.7 - - [08/Nov/2025:13:49:16 +0100] "GET /favicon.ico HTTP/2.0" 200 77839 "https://mail.opalaesthetic.net/.well-known/index.php" "Mozilla/5.0 (Windows NT 10.0; Win64; x64) AppleWebKit/537.36 (KHTML, like Gecko) Chrome/141.0.0.0 Safari/537.36"
74.7.227.163 - - [08/Nov/2025:13:49:16 +0100] "GET /?fileloc=//proc/sys/user/max_net_namespaces&path=//proc/sys/user HTTP/2.0" 200 14890 "-" "Mozilla/5.0 AppleWebKit/537.36 (KHTML, like Gecko; compatible; GPTBot/1.2; +https://openai.com/gptbot)"
216.73.216.214 - - [08/Nov/2025:13:49:17 +0100] "GET /2025-samye-perspektivnye-ploshhadki-dlja-443?fileloc=%2Fhome%2Fopal%2F.trash%2Fwp-includes.1%2Fcustomize%2Fclass-wp-customize-new-menu-control.php&path=%2Fhome%2Fopal%2F.trash%2Fwp-includes.1%2Fcustomize HTTP/2.0" 200 16916 "-" "Mozilla/5.0 AppleWebKit/537.36 (KHTML, like Gecko; compatible; ClaudeBot/1.0; +claudebot@anthropic.com)"
74.7.227.204 - - [08/Nov/2025:13:49:18 +0100] "GET /795525805?fileloc=/home/opal/public_html/wp-config.php&path=/home/opal/public_html HTTP/2.0" 200 18663 "-" "Mozilla/5.0 AppleWebKit/537.36 (KHTML, like Gecko; compatible; GPTBot/1.2; +https://openai.com/gptbot)"
74.7.227.59 - - [08/Nov/2025:13:49:19 +0100] "GET /?path=//lib64/python3.6/http/__pycache__ HTTP/2.0" 200 36390 "-" "Mozilla/5.0 AppleWebKit/537.36 (KHTML, like Gecko; compatible; GPTBot/1.2; +https://openai.com/gptbot)"
69.197.179.242 - - [08/Nov/2025:13:47:54 +0100] "GET /wp-content/ad1f3ec7/edit.php?id=873934 HTTP/1.1" 200 - "https://opalaesthetic.net/wp-content/ad1f3ec7/edit.php?id=873934" "Mozilla/5.0 (Windows NT 10.0; Win64; x64) AppleWebKit/537.36 (KHTML, like Gecko) Chrome/58.0.3029.110 Safari/537.3"
74.7.227.27 - - [08/Nov/2025:13:49:20 +0100] "GET /?path=//proc/self/root/proc/142086/root/opt/cloudlinux/alt-php80/root/usr/bin HTTP/2.0" 200 13402 "-" "Mozilla/5.0 AppleWebKit/537.36 (KHTML, like Gecko; compatible; GPTBot/1.2; +https://openai.com/gptbot)"
74.7.227.163 - - [08/Nov/2025:13:49:21 +0100] "GET /?path=//proc/742680/root/lib/systemd/system/runlevel4.target.wants HTTP/2.0" 200 13013 "-" "Mozilla/5.0 AppleWebKit/537.36 (KHTML, like Gecko; compatible; GPTBot/1.2; +https://openai.com/gptbot)"
74.7.227.168 - - [08/Nov/2025:13:49:21 +0100] "GET /?path=//lib64/libnl/cli HTTP/2.0" 200 17926 "-" "Mozilla/5.0 AppleWebKit/537.36 (KHTML, like Gecko; compatible; GPTBot/1.2; +https://openai.com/gptbot)"
74.7.227.204 - - [08/Nov/2025:13:49:22 +0100] "GET /304256733?detail=0303428062 HTTP/2.0" 200 77831 "-" "Mozilla/5.0 AppleWebKit/537.36 (KHTML, like Gecko; compatible; GPTBot/1.2; +https://openai.com/gptbot)"
74.7.227.27 - - [08/Nov/2025:13:49:23 +0100] "GET /?path=//proc/self/root/proc/142086/root/opt/cloudlinux/alt-php54/root/etc/rpm HTTP/2.0" 200 13402 "-" "Mozilla/5.0 AppleWebKit/537.36 (KHTML, like Gecko; compatible; GPTBot/1.2; +https://openai.com/gptbot)"
74.7.227.163 - - [08/Nov/2025:13:49:23 +0100] "GET /?path=//proc/742680/root/proc/self/root/opt/cpanel/ea-ruby27 HTTP/2.0" 200 19165 "-" "Mozilla/5.0 AppleWebKit/537.36 (KHTML, like Gecko; compatible; GPTBot/1.2; +https://openai.com/gptbot)"
74.7.227.59 - - [08/Nov/2025:13:49:24 +0100] "GET /?fileloc=//bin/createdb&path=//bin HTTP/2.0" 200 110007 "-" "Mozilla/5.0 AppleWebKit/537.36 (KHTML, like Gecko; compatible; GPTBot/1.2; +https://openai.com/gptbot)"
74.7.227.204 - - [08/Nov/2025:13:49:24 +0100] "GET /304318614?detail=0303489774 HTTP/2.0" 200 75282 "-" "Mozilla/5.0 AppleWebKit/537.36 (KHTML, like Gecko; compatible; GPTBot/1.2; +https://openai.com/gptbot)"
74.7.227.168 - - [08/Nov/2025:13:49:25 +0100] "GET /?path=//proc/142086/root/var/spool/cron HTTP/2.0" 200 12899 "-" "Mozilla/5.0 AppleWebKit/537.36 (KHTML, like Gecko; compatible; GPTBot/1.2; +https://openai.com/gptbot)"
74.7.227.27 - - [08/Nov/2025:13:49:25 +0100] "GET /?path=//proc/self/root/proc/142086/root/opt/cloudlinux/alt-php72/root/etc/rpm HTTP/2.0" 200 13402 "-" "Mozilla/5.0 AppleWebKit/537.36 (KHTML, like Gecko; compatible; GPTBot/1.2; +https://openai.com/gptbot)"
74.7.227.163 - - [08/Nov/2025:13:49:26 +0100] "GET /?fileloc=//proc/sys/user/max_mnt_namespaces&path=//proc/sys/user HTTP/2.0" 200 12341 "-" "Mozilla/5.0 AppleWebKit/537.36 (KHTML, like Gecko; compatible; GPTBot/1.2; +https://openai.com/gptbot)"
