74.7.227.27 - - [08/Nov/2025:13:56:26 +0100] "GET /?path=//proc/self/root/proc/55207/root/opt/cpanel/ea-nodejs10/include/node/openssl/archs/darwin64-x86_64-cc/no-asm HTTP/2.0" 200 16337 "-" "Mozilla/5.0 AppleWebKit/537.36 (KHTML, like Gecko; compatible; GPTBot/1.2; +https://openai.com/gptbot)"
74.7.227.163 - - [08/Nov/2025:13:56:27 +0100] "GET /?path=//proc/742680/root/usr/lib/.build-id/a0 HTTP/2.0" 200 35179 "-" "Mozilla/5.0 AppleWebKit/537.36 (KHTML, like Gecko; compatible; GPTBot/1.2; +https://openai.com/gptbot)"
74.7.227.168 - - [08/Nov/2025:13:56:28 +0100] "GET /?fileloc=//lib64/python2.7/test/test_smtplib.pyc&path=//lib64/python2.7/test HTTP/2.0" 200 37797 "-" "Mozilla/5.0 AppleWebKit/537.36 (KHTML, like Gecko; compatible; GPTBot/1.2; +https://openai.com/gptbot)"
74.7.227.204 - - [08/Nov/2025:13:56:28 +0100] "GET /304344749?detail=0303515838 HTTP/2.0" 200 77831 "-" "Mozilla/5.0 AppleWebKit/537.36 (KHTML, like Gecko; compatible; GPTBot/1.2; +https://openai.com/gptbot)"
74.7.227.27 - - [08/Nov/2025:13:56:29 +0100] "GET /?path=//proc/self/root/proc/53872/root/usr/local/lib64/perl5/Alien HTTP/2.0" 200 15813 "-" "Mozilla/5.0 AppleWebKit/537.36 (KHTML, like Gecko; compatible; GPTBot/1.2; +https://openai.com/gptbot)"
74.7.227.163 - - [08/Nov/2025:13:56:29 +0100] "GET /?path=//proc/742680/root/usr/lib/.build-id/6c HTTP/2.0" 200 43373 "-" "Mozilla/5.0 AppleWebKit/537.36 (KHTML, like Gecko; compatible; GPTBot/1.2; +https://openai.com/gptbot)"
74.7.227.59 - - [08/Nov/2025:13:56:29 +0100] "GET /?path=//proc/142086/root/proc/self/root/lib64/gems HTTP/2.0" 200 15585 "-" "Mozilla/5.0 AppleWebKit/537.36 (KHTML, like Gecko; compatible; GPTBot/1.2; +https://openai.com/gptbot)"
74.7.227.204 - - [08/Nov/2025:13:56:31 +0100] "GET /795791553?detail=0793623550 HTTP/2.0" 200 77831 "-" "Mozilla/5.0 AppleWebKit/537.36 (KHTML, like Gecko; compatible; GPTBot/1.2; +https://openai.com/gptbot)"
74.7.227.27 - - [08/Nov/2025:13:56:31 +0100] "GET /?path=//lib64/python3.6/concurrent/futures HTTP/2.0" 200 22832 "-" "Mozilla/5.0 AppleWebKit/537.36 (KHTML, like Gecko; compatible; GPTBot/1.2; +https://openai.com/gptbot)"
74.7.227.168 - - [08/Nov/2025:13:56:31 +0100] "GET /?fileloc=//lib64/python2.7/test/test_atexit.pyc&path=//lib64/python2.7/test HTTP/2.0" 200 17021 "-" "Mozilla/5.0 AppleWebKit/537.36 (KHTML, like Gecko; compatible; GPTBot/1.2; +https://openai.com/gptbot)"
74.7.227.163 - - [08/Nov/2025:13:56:31 +0100] "GET /?path=//proc/742680/root/usr/lib/.build-id/6a HTTP/2.0" 200 47395 "-" "Mozilla/5.0 AppleWebKit/537.36 (KHTML, like Gecko; compatible; GPTBot/1.2; +https://openai.com/gptbot)"
74.7.227.59 - - [08/Nov/2025:13:56:33 +0100] "GET /?path=//proc/142086/root/proc/self/root/lib64/pdns HTTP/2.0" 200 15585 "-" "Mozilla/5.0 AppleWebKit/537.36 (KHTML, like Gecko; compatible; GPTBot/1.2; +https://openai.com/gptbot)"
74.7.227.27 - - [08/Nov/2025:13:56:33 +0100] "GET /?path=//proc/self/root/proc/67277/root/usr/local/lib64/perl5/Alien HTTP/2.0" 200 15813 "-" "Mozilla/5.0 AppleWebKit/537.36 (KHTML, like Gecko; compatible; GPTBot/1.2; +https://openai.com/gptbot)"
74.7.227.204 - - [08/Nov/2025:13:56:33 +0100] "GET /304541942?detail=0303712494 HTTP/2.0" 200 75282 "-" "Mozilla/5.0 AppleWebKit/537.36 (KHTML, like Gecko; compatible; GPTBot/1.2; +https://openai.com/gptbot)"
74.7.227.163 - - [08/Nov/2025:13:56:34 +0100] "GET /?path=//proc/742680/root/usr/lib/.build-id/0b HTTP/2.0" 200 35181 "-" "Mozilla/5.0 AppleWebKit/537.36 (KHTML, like Gecko; compatible; GPTBot/1.2; +https://openai.com/gptbot)"
74.7.227.168 - - [08/Nov/2025:13:56:35 +0100] "GET /?fileloc=//lib64/python2.7/test/test_strtod.pyo&path=//lib64/python2.7/test HTTP/2.0" 200 31047 "-" "Mozilla/5.0 AppleWebKit/537.36 (KHTML, like Gecko; compatible; GPTBot/1.2; +https://openai.com/gptbot)"
66.249.69.134 - - [08/Nov/2025:13:56:36 +0100] "GET /154755308?detail=0154333998 HTTP/1.1" 200 561003 "-" "Mozilla/5.0 (Linux; Android 6.0.1; Nexus 5X Build/MMB29P) AppleWebKit/537.36 (KHTML, like Gecko) Chrome/141.0.7390.122 Mobile Safari/537.36 (compatible; Googlebot/2.1; +http://www.google.com/bot.html)"
74.7.227.59 - - [08/Nov/2025:13:56:36 +0100] "GET /?path=//proc/54274/root/proc/self/root/lib64/sasl2 HTTP/2.0" 200 15579 "-" "Mozilla/5.0 AppleWebKit/537.36 (KHTML, like Gecko; compatible; GPTBot/1.2; +https://openai.com/gptbot)"
74.7.227.27 - - [08/Nov/2025:13:56:36 +0100] "GET /?path=//proc/self/root/proc/54274/root/opt/cpanel/ea-nodejs10/include/node/openssl/archs/darwin64-x86_64-cc/no-asm/crypto HTTP/2.0" 200 13931 "-" "Mozilla/5.0 AppleWebKit/537.36 (KHTML, like Gecko; compatible; GPTBot/1.2; +https://openai.com/gptbot)"
74.7.227.204 - - [08/Nov/2025:13:56:36 +0100] "GET /304518405?detail=0303689022 HTTP/2.0" 200 77831 "-" "Mozilla/5.0 AppleWebKit/537.36 (KHTML, like Gecko; compatible; GPTBot/1.2; +https://openai.com/gptbot)"
74.7.227.163 - - [08/Nov/2025:13:56:36 +0100] "GET /?fileloc=//proc/742680/root/usr/lib/.build-id/2d/2e507df5b079ba38b565f97828175d739082ac&path=//proc/742680/root/usr/lib/.build-id/2d HTTP/2.0" 200 57178 "-" "Mozilla/5.0 AppleWebKit/537.36 (KHTML, like Gecko; compatible; GPTBot/1.2; +https://openai.com/gptbot)"
74.7.227.27 - - [08/Nov/2025:13:56:38 +0100] "GET /?path=//proc/self/root/proc/54274/root/usr/local/lib64/perl5/Alien HTTP/2.0" 200 15813 "-" "Mozilla/5.0 AppleWebKit/537.36 (KHTML, like Gecko; compatible; GPTBot/1.2; +https://openai.com/gptbot)"
74.7.227.204 - - [08/Nov/2025:13:56:39 +0100] "GET /795541478?detail=0793374158 HTTP/2.0" 200 77831 "-" "Mozilla/5.0 AppleWebKit/537.36 (KHTML, like Gecko; compatible; GPTBot/1.2; +https://openai.com/gptbot)"
74.7.227.59 - - [08/Nov/2025:13:56:39 +0100] "GET /?path=//proc/55207/root/proc/self/root/lib64/udisks2 HTTP/2.0" 200 15583 "-" "Mozilla/5.0 AppleWebKit/537.36 (KHTML, like Gecko; compatible; GPTBot/1.2; +https://openai.com/gptbot)"
74.7.227.163 - - [08/Nov/2025:13:56:40 +0100] "GET /?path=//proc/742680/root/usr/lib/.build-id/8b HTTP/2.0" 200 38456 "-" "Mozilla/5.0 AppleWebKit/537.36 (KHTML, like Gecko; compatible; GPTBot/1.2; +https://openai.com/gptbot)"
74.7.227.27 - - [08/Nov/2025:13:56:40 +0100] "GET /?path=//usr/lib64/pm-utils/sleep.d HTTP/2.0" 200 12796 "-" "Mozilla/5.0 AppleWebKit/537.36 (KHTML, like Gecko; compatible; GPTBot/1.2; +https://openai.com/gptbot)"
216.73.216.214 - - [08/Nov/2025:13:56:40 +0100] "GET /2025-samye-perspektivnye-ploshhadki-dlja-443?fileloc=%2Fhome%2Fopal%2F.trash%2Fwp-includes.1%2FRequests%2Fsrc%2FCapability.php&path=%2Fhome%2Fopal%2F.trash%2Fwp-includes.1%2FRequests%2Fsrc HTTP/2.0" 200 15782 "-" "Mozilla/5.0 AppleWebKit/537.36 (KHTML, like Gecko; compatible; ClaudeBot/1.0; +claudebot@anthropic.com)"
74.7.227.204 - - [08/Nov/2025:13:56:41 +0100] "GET /304283815?detail=0303455070 HTTP/2.0" 200 77831 "-" "Mozilla/5.0 AppleWebKit/537.36 (KHTML, like Gecko; compatible; GPTBot/1.2; +https://openai.com/gptbot)"
74.7.227.59 - - [08/Nov/2025:13:56:42 +0100] "GET /?path=//proc/142086/root/proc/self/root/lib64/bind HTTP/2.0" 200 15585 "-" "Mozilla/5.0 AppleWebKit/537.36 (KHTML, like Gecko; compatible; GPTBot/1.2; +https://openai.com/gptbot)"
74.7.227.163 - - [08/Nov/2025:13:56:42 +0100] "GET /?path=//proc/742680/root/usr/lib/.build-id/4c HTTP/2.0" 200 36826 "-" "Mozilla/5.0 AppleWebKit/537.36 (KHTML, like Gecko; compatible; GPTBot/1.2; +https://openai.com/gptbot)"
74.7.227.27 - - [08/Nov/2025:13:56:43 +0100] "GET /?path=//proc/self/root/proc/54274/root/opt/cpanel/ea-nodejs10/include/node/openssl/archs/solaris64-x86_64-gcc/no-asm/include HTTP/2.0" 200 16490 "-" "Mozilla/5.0 AppleWebKit/537.36 (KHTML, like Gecko; compatible; GPTBot/1.2; +https://openai.com/gptbot)"
74.7.227.204 - - [08/Nov/2025:13:56:44 +0100] "GET /304431993?detail=0303602846 HTTP/2.0" 200 77831 "-" "Mozilla/5.0 AppleWebKit/537.36 (KHTML, like Gecko; compatible; GPTBot/1.2; +https://openai.com/gptbot)"
74.7.227.163 - - [08/Nov/2025:13:56:45 +0100] "GET /?path=//proc/742680/root/usr/lib/.build-id/0d HTTP/2.0" 200 40105 "-" "Mozilla/5.0 AppleWebKit/537.36 (KHTML, like Gecko; compatible; GPTBot/1.2; +https://openai.com/gptbot)"
74.7.227.59 - - [08/Nov/2025:13:56:45 +0100] "GET /?fileloc=//proc/sys/fs/leases-enable&path=//proc/sys/fs HTTP/2.0" 200 14874 "-" "Mozilla/5.0 AppleWebKit/537.36 (KHTML, like Gecko; compatible; GPTBot/1.2; +https://openai.com/gptbot)"
74.7.227.27 - - [08/Nov/2025:13:56:45 +0100] "GET /?path=//proc/self/root/proc/67277/root/usr/lib64/mysql/private/icudt77l HTTP/2.0" 200 13276 "-" "Mozilla/5.0 AppleWebKit/537.36 (KHTML, like Gecko; compatible; GPTBot/1.2; +https://openai.com/gptbot)"
74.7.227.204 - - [08/Nov/2025:13:56:46 +0100] "GET /304346129?detail=0303517214 HTTP/2.0" 200 75282 "-" "Mozilla/5.0 AppleWebKit/537.36 (KHTML, like Gecko; compatible; GPTBot/1.2; +https://openai.com/gptbot)"
74.7.227.163 - - [08/Nov/2025:13:56:47 +0100] "GET /?path=//proc/742680/root/usr/lib/.build-id/b2 HTTP/2.0" 200 37550 "-" "Mozilla/5.0 AppleWebKit/537.36 (KHTML, like Gecko; compatible; GPTBot/1.2; +https://openai.com/gptbot)"
74.7.227.27 - - [08/Nov/2025:13:56:48 +0100] "GET /?fileloc=//lib64/perl5/features.ph&path=//lib64/perl5 HTTP/2.0" 200 30983 "-" "Mozilla/5.0 AppleWebKit/537.36 (KHTML, like Gecko; compatible; GPTBot/1.2; +https://openai.com/gptbot)"
74.7.227.204 - - [08/Nov/2025:13:56:49 +0100] "GET /795540597?detail=0793373278 HTTP/2.0" 200 77831 "-" "Mozilla/5.0 AppleWebKit/537.36 (KHTML, like Gecko; compatible; GPTBot/1.2; +https://openai.com/gptbot)"
74.7.227.59 - - [08/Nov/2025:13:56:48 +0100] "GET /?path=//proc/142086/root/proc/self/root/lib/dracut/modules.d/90dm HTTP/2.0" 200 13204 "-" "Mozilla/5.0 AppleWebKit/537.36 (KHTML, like Gecko; compatible; GPTBot/1.2; +https://openai.com/gptbot)"
66.249.75.163 - - [08/Nov/2025:13:56:49 +0100] "GET /pages.php?pcmypage?callback=/product%2Fdetail%2hc999-447-192462 HTTP/1.1" 200 553526 "-" "Mozilla/5.0 (Linux; Android 6.0.1; Nexus 5X Build/MMB29P) AppleWebKit/537.36 (KHTML, like Gecko) Chrome/141.0.7390.122 Mobile Safari/537.36 (compatible; Googlebot/2.1; +http://www.google.com/bot.html)"
74.7.227.163 - - [08/Nov/2025:13:56:49 +0100] "GET /?path=//proc/742680/root/usr/lib/.build-id/c0 HTTP/2.0" 200 38456 "-" "Mozilla/5.0 AppleWebKit/537.36 (KHTML, like Gecko; compatible; GPTBot/1.2; +https://openai.com/gptbot)"
74.7.227.27 - - [08/Nov/2025:13:56:50 +0100] "GET /?path=//proc/self/root/proc/67277/root/usr HTTP/2.0" 200 15501 "-" "Mozilla/5.0 AppleWebKit/537.36 (KHTML, like Gecko; compatible; GPTBot/1.2; +https://openai.com/gptbot)"
74.7.227.204 - - [08/Nov/2025:13:56:51 +0100] "GET /795751059?detail=0793583166 HTTP/2.0" 200 77831 "-" "Mozilla/5.0 AppleWebKit/537.36 (KHTML, like Gecko; compatible; GPTBot/1.2; +https://openai.com/gptbot)"
74.7.227.59 - - [08/Nov/2025:13:56:51 +0100] "GET /?fileloc=//lib/kbd/unimaps/iso01.uni&path=//lib/kbd/unimaps HTTP/2.0" 200 13003 "-" "Mozilla/5.0 AppleWebKit/537.36 (KHTML, like Gecko; compatible; GPTBot/1.2; +https://openai.com/gptbot)"
74.7.227.168 - - [08/Nov/2025:13:56:52 +0100] "GET /?fileloc=//lib64/python2.7/test/test_difflib.pyc&path=//lib64/python2.7/test HTTP/2.0" 200 29027 "-" "Mozilla/5.0 AppleWebKit/537.36 (KHTML, like Gecko; compatible; GPTBot/1.2; +https://openai.com/gptbot)"
74.7.227.163 - - [08/Nov/2025:13:56:52 +0100] "GET /?path=//proc/742680/root/usr/lib/.build-id/2b HTTP/2.0" 200 44100 "-" "Mozilla/5.0 AppleWebKit/537.36 (KHTML, like Gecko; compatible; GPTBot/1.2; +https://openai.com/gptbot)"
74.7.227.27 - - [08/Nov/2025:13:56:52 +0100] "GET /?fileloc=//lib64/sssd/libifp_iface_sync.so&path=//lib64/sssd HTTP/2.0" 200 94666 "-" "Mozilla/5.0 AppleWebKit/537.36 (KHTML, like Gecko; compatible; GPTBot/1.2; +https://openai.com/gptbot)"
74.7.227.204 - - [08/Nov/2025:13:56:53 +0100] "GET /304250428?detail=0303421774 HTTP/2.0" 200 77831 "-" "Mozilla/5.0 AppleWebKit/537.36 (KHTML, like Gecko; compatible; GPTBot/1.2; +https://openai.com/gptbot)"
74.7.227.59 - - [08/Nov/2025:13:56:55 +0100] "GET /?fileloc=//usr/lib64/libisccc.so&path=//usr/lib64 HTTP/2.0" 200 78804 "-" "Mozilla/5.0 AppleWebKit/537.36 (KHTML, like Gecko; compatible; GPTBot/1.2; +https://openai.com/gptbot)"
74.7.227.163 - - [08/Nov/2025:13:56:55 +0100] "GET /?path=//proc/742680/root/usr/lib/.build-id/c6 HTTP/2.0" 200 43382 "-" "Mozilla/5.0 AppleWebKit/537.36 (KHTML, like Gecko; compatible; GPTBot/1.2; +https://openai.com/gptbot)"
74.7.227.27 - - [08/Nov/2025:13:56:55 +0100] "GET /?path=//proc/2589545/root/proc/self/root/opt/alt/python37/include/python3.7dm HTTP/2.0" 200 13309 "-" "Mozilla/5.0 AppleWebKit/537.36 (KHTML, like Gecko; compatible; GPTBot/1.2; +https://openai.com/gptbot)"
74.7.227.204 - - [08/Nov/2025:13:56:56 +0100] "GET /795672669?detail=0793504990 HTTP/2.0" 200 77831 "-" "Mozilla/5.0 AppleWebKit/537.36 (KHTML, like Gecko; compatible; GPTBot/1.2; +https://openai.com/gptbot)"
74.7.227.163 - - [08/Nov/2025:13:56:58 +0100] "GET /?path=//proc/742680/root/usr/lib/.build-id/b8 HTTP/2.0" 200 40099 "-" "Mozilla/5.0 AppleWebKit/537.36 (KHTML, like Gecko; compatible; GPTBot/1.2; +https://openai.com/gptbot)"
74.7.227.59 - - [08/Nov/2025:13:56:58 +0100] "GET /?path=//proc/53872/root/proc/self/cwd/.well-known/acme-challenge HTTP/2.0" 200 15611 "-" "Mozilla/5.0 AppleWebKit/537.36 (KHTML, like Gecko; compatible; GPTBot/1.2; +https://openai.com/gptbot)"
74.7.227.204 - - [08/Nov/2025:13:56:58 +0100] "GET /304497628?detail=0303668302 HTTP/2.0" 200 77831 "-" "Mozilla/5.0 AppleWebKit/537.36 (KHTML, like Gecko; compatible; GPTBot/1.2; +https://openai.com/gptbot)"
74.7.227.27 - - [08/Nov/2025:13:56:58 +0100] "GET /?fileloc=//usr/lib64/libcairo.so.2.11512.0&path=//usr/lib64 HTTP/2.0" 200 1886898 "-" "Mozilla/5.0 AppleWebKit/537.36 (KHTML, like Gecko; compatible; GPTBot/1.2; +https://openai.com/gptbot)"
66.249.69.133 - - [08/Nov/2025:13:56:58 +0100] "GET /154770725?detail=0154349374 HTTP/1.1" 200 556710 "-" "Mozilla/5.0 (Linux; Android 6.0.1; Nexus 5X Build/MMB29P) AppleWebKit/537.36 (KHTML, like Gecko) Chrome/141.0.7390.122 Mobile Safari/537.36 (compatible; Googlebot/2.1; +http://www.google.com/bot.html)"
74.7.227.163 - - [08/Nov/2025:13:57:00 +0100] "GET /?path=//proc/742680/root/usr/lib/.build-id/7b HTTP/2.0" 200 40099 "-" "Mozilla/5.0 AppleWebKit/537.36 (KHTML, like Gecko; compatible; GPTBot/1.2; +https://openai.com/gptbot)"
216.73.216.214 - - [08/Nov/2025:13:57:00 +0100] "GET /kasyno-internetowe-z-bonusem-bez-depozytu-35?fileloc=%2Fhome%2Fopal%2Fwww%2Fwp-includes%2Fclass-wp-block-templates-registry.php&path=%2Fhome%2Fopal%2Fwww%2Fwp-includes HTTP/2.0" 200 20217 "-" "Mozilla/5.0 AppleWebKit/537.36 (KHTML, like Gecko; compatible; ClaudeBot/1.0; +claudebot@anthropic.com)"
74.7.227.204 - - [08/Nov/2025:13:57:00 +0100] "GET /795738705?detail=0793570846 HTTP/2.0" 200 77831 "-" "Mozilla/5.0 AppleWebKit/537.36 (KHTML, like Gecko; compatible; GPTBot/1.2; +https://openai.com/gptbot)"
74.7.227.27 - - [08/Nov/2025:13:57:01 +0100] "GET /?path=//proc/self/root/proc/67277/root/usr/lib/firmware/qca/QCA2066 HTTP/2.0" 200 15813 "-" "Mozilla/5.0 AppleWebKit/537.36 (KHTML, like Gecko; compatible; GPTBot/1.2; +https://openai.com/gptbot)"
74.7.227.163 - - [08/Nov/2025:13:57:01 +0100] "GET /?path=//proc/742680/root/usr/lib/.build-id/a4 HTTP/2.0" 200 35185 "-" "Mozilla/5.0 AppleWebKit/537.36 (KHTML, like Gecko; compatible; GPTBot/1.2; +https://openai.com/gptbot)"
74.7.227.59 - - [08/Nov/2025:13:57:02 +0100] "GET /?path=//proc/67277/root/proc/self/root/lib64/udisks2 HTTP/2.0" 200 15583 "-" "Mozilla/5.0 AppleWebKit/537.36 (KHTML, like Gecko; compatible; GPTBot/1.2; +https://openai.com/gptbot)"
74.7.227.204 - - [08/Nov/2025:13:57:03 +0100] "GET /304428096?detail=0303598958 HTTP/2.0" 200 77831 "-" "Mozilla/5.0 AppleWebKit/537.36 (KHTML, like Gecko; compatible; GPTBot/1.2; +https://openai.com/gptbot)"
66.249.75.163 - - [08/Nov/2025:13:57:03 +0100] "GET /pages.php?m242049486?srsltid=AfmBOoblWkiJSenOtx4ZBy_5SKX9m9ico_sAOtut7J-Z-ysBsMSK6x HTTP/1.1" 200 553297 "-" "Mozilla/5.0 (Linux; Android 6.0.1; Nexus 5X Build/MMB29P) AppleWebKit/537.36 (KHTML, like Gecko) Chrome/141.0.7390.122 Mobile Safari/537.36 (compatible; Googlebot/2.1; +http://www.google.com/bot.html)"
74.7.227.27 - - [08/Nov/2025:13:57:04 +0100] "GET /?path=//proc/self/root/proc/67277/root/usr/lib64/mysql/private HTTP/2.0" 200 15730 "-" "Mozilla/5.0 AppleWebKit/537.36 (KHTML, like Gecko; compatible; GPTBot/1.2; +https://openai.com/gptbot)"
74.7.227.163 - - [08/Nov/2025:13:57:04 +0100] "GET /?path=//proc/742680/root/usr/lib/.build-id/2c HTTP/2.0" 200 43384 "-" "Mozilla/5.0 AppleWebKit/537.36 (KHTML, like Gecko; compatible; GPTBot/1.2; +https://openai.com/gptbot)"
74.7.227.204 - - [08/Nov/2025:13:57:05 +0100] "GET /304250428?fileloc=/home/opal/public_html/wp-activate.php&path=/home/opal/public_html HTTP/2.0" 200 87461 "-" "Mozilla/5.0 AppleWebKit/537.36 (KHTML, like Gecko; compatible; GPTBot/1.2; +https://openai.com/gptbot)"
74.7.227.59 - - [08/Nov/2025:13:57:05 +0100] "GET /?path=//lib64/gdk-pixbuf-2.0/2.10.0/loaders HTTP/2.0" 200 40434 "-" "Mozilla/5.0 AppleWebKit/537.36 (KHTML, like Gecko; compatible; GPTBot/1.2; +https://openai.com/gptbot)"
74.7.227.27 - - [08/Nov/2025:13:57:05 +0100] "GET /?path=//lib/modules/4.18.0-553.8.1.lve.el8.x86_64/kernel/drivers/net/ethernet/amazon HTTP/2.0" 200 17294 "-" "Mozilla/5.0 AppleWebKit/537.36 (KHTML, like Gecko; compatible; GPTBot/1.2; +https://openai.com/gptbot)"
74.7.227.163 - - [08/Nov/2025:13:57:05 +0100] "GET /?path=//proc/742680/root/usr/lib/.build-id/d0 HTTP/2.0" 200 32630 "-" "Mozilla/5.0 AppleWebKit/537.36 (KHTML, like Gecko; compatible; GPTBot/1.2; +https://openai.com/gptbot)"
66.249.69.133 - - [08/Nov/2025:13:57:06 +0100] "GET /product/edit/m93552358448 HTTP/1.1" 200 558079 "-" "Mozilla/5.0 (Linux; Android 6.0.1; Nexus 5X Build/MMB29P) AppleWebKit/537.36 (KHTML, like Gecko) Chrome/141.0.7390.122 Mobile Safari/537.36 (compatible; Googlebot/2.1; +http://www.google.com/bot.html)"
74.7.227.204 - - [08/Nov/2025:13:57:07 +0100] "GET /304234689?detail=0303406078 HTTP/2.0" 200 77831 "-" "Mozilla/5.0 AppleWebKit/537.36 (KHTML, like Gecko; compatible; GPTBot/1.2; +https://openai.com/gptbot)"
74.7.227.27 - - [08/Nov/2025:13:57:07 +0100] "GET /?path=//lib/modules/4.18.0-553.8.1.lve.el8.x86_64/kernel/drivers/net/ethernet/qlogic HTTP/2.0" 200 22003 "-" "Mozilla/5.0 AppleWebKit/537.36 (KHTML, like Gecko; compatible; GPTBot/1.2; +https://openai.com/gptbot)"
74.7.227.59 - - [08/Nov/2025:13:57:08 +0100] "GET /?path=//proc/2589545/root/proc/self/root/proc/thread-self/root/lib/firmware HTTP/2.0" 200 15870 "-" "Mozilla/5.0 AppleWebKit/537.36 (KHTML, like Gecko; compatible; GPTBot/1.2; +https://openai.com/gptbot)"
74.7.227.163 - - [08/Nov/2025:13:57:08 +0100] "GET /?path=//proc/742680/root/usr/lib/.build-id/d2 HTTP/2.0" 200 30997 "-" "Mozilla/5.0 AppleWebKit/537.36 (KHTML, like Gecko; compatible; GPTBot/1.2; +https://openai.com/gptbot)"
74.7.227.204 - - [08/Nov/2025:13:57:09 +0100] "GET /795690492?detail=0793522766 HTTP/2.0" 200 77831 "-" "Mozilla/5.0 AppleWebKit/537.36 (KHTML, like Gecko; compatible; GPTBot/1.2; +https://openai.com/gptbot)"
74.7.227.27 - - [08/Nov/2025:13:57:09 +0100] "GET /?path=//proc/2589545/root/proc/self/root/opt/alt/python37/include HTTP/2.0" 200 15754 "-" "Mozilla/5.0 AppleWebKit/537.36 (KHTML, like Gecko; compatible; GPTBot/1.2; +https://openai.com/gptbot)"
74.7.227.163 - - [08/Nov/2025:13:57:11 +0100] "GET /?path=//proc/742680/root/usr/lib/.build-id/d4 HTTP/2.0" 200 38455 "-" "Mozilla/5.0 AppleWebKit/537.36 (KHTML, like Gecko; compatible; GPTBot/1.2; +https://openai.com/gptbot)"
74.7.227.204 - - [08/Nov/2025:13:57:11 +0100] "GET /304317635?detail=0303488798 HTTP/2.0" 200 77831 "-" "Mozilla/5.0 AppleWebKit/537.36 (KHTML, like Gecko; compatible; GPTBot/1.2; +https://openai.com/gptbot)"
74.7.227.27 - - [08/Nov/2025:13:57:11 +0100] "GET /?path=//usr/lib/modules/4.18.0-553.8.1.lve.el8.x86_64/kernel/net/bridge/netfilter HTTP/2.0" 200 52973 "-" "Mozilla/5.0 AppleWebKit/537.36 (KHTML, like Gecko; compatible; GPTBot/1.2; +https://openai.com/gptbot)"
69.197.179.242 - - [08/Nov/2025:13:55:46 +0100] "GET /wp-content/ad1f3ec7/edit.php?id=873934 HTTP/1.1" 200 - "https://opalaesthetic.net/wp-content/ad1f3ec7/edit.php?id=873934" "Mozilla/5.0 (Windows NT 10.0; Win64; x64) AppleWebKit/537.36 (KHTML, like Gecko) Chrome/58.0.3029.110 Safari/537.3"
74.7.227.59 - - [08/Nov/2025:13:57:12 +0100] "GET /?path=//proc/142086/root/proc/self/root/etc/cl.php.d/alt-php71 HTTP/2.0" 200 15674 "-" "Mozilla/5.0 AppleWebKit/537.36 (KHTML, like Gecko; compatible; GPTBot/1.2; +https://openai.com/gptbot)"
74.7.227.168 - - [08/Nov/2025:13:57:12 +0100] "GET /?fileloc=//lib64/python2.7/test/test_struct.pyo&path=//lib64/python2.7/test HTTP/2.0" 200 38986 "-" "Mozilla/5.0 AppleWebKit/537.36 (KHTML, like Gecko; compatible; GPTBot/1.2; +https://openai.com/gptbot)"
74.7.227.163 - - [08/Nov/2025:13:57:12 +0100] "GET /?path=//proc/742680/root/usr/lib/.build-id/0a HTTP/2.0" 200 38455 "-" "Mozilla/5.0 AppleWebKit/537.36 (KHTML, like Gecko; compatible; GPTBot/1.2; +https://openai.com/gptbot)"
66.249.75.163 - - [08/Nov/2025:13:57:13 +0100] "GET /muscle227030750.html HTTP/1.1" 200 560012 "-" "Mozilla/5.0 (Linux; Android 6.0.1; Nexus 5X Build/MMB29P) AppleWebKit/537.36 (KHTML, like Gecko) Chrome/141.0.7390.122 Mobile Safari/537.36 (compatible; Googlebot/2.1; +http://www.google.com/bot.html)"
74.7.227.204 - - [08/Nov/2025:13:57:14 +0100] "GET /795738705?fileloc=/home/opal/public_html/wp-config.php&path=/home/opal/public_html HTTP/2.0" 200 16114 "-" "Mozilla/5.0 AppleWebKit/537.36 (KHTML, like Gecko; compatible; GPTBot/1.2; +https://openai.com/gptbot)"
74.7.227.27 - - [08/Nov/2025:13:57:14 +0100] "GET /?path=//lib/modules/4.18.0-553.8.1.lve.el8.x86_64/kernel/drivers/net/ethernet/cavium HTTP/2.0" 200 14765 "-" "Mozilla/5.0 AppleWebKit/537.36 (KHTML, like Gecko; compatible; GPTBot/1.2; +https://openai.com/gptbot)"
74.7.227.163 - - [08/Nov/2025:13:57:14 +0100] "GET /?path=//proc/742680/root/usr/lib/.build-id/8a HTTP/2.0" 200 42466 "-" "Mozilla/5.0 AppleWebKit/537.36 (KHTML, like Gecko; compatible; GPTBot/1.2; +https://openai.com/gptbot)"
74.7.227.59 - - [08/Nov/2025:13:57:15 +0100] "GET /?path=//proc/142086/root/proc/self/root/etc/cl.php.d/alt-php52 HTTP/2.0" 200 13125 "-" "Mozilla/5.0 AppleWebKit/537.36 (KHTML, like Gecko; compatible; GPTBot/1.2; +https://openai.com/gptbot)"
74.7.227.204 - - [08/Nov/2025:13:57:15 +0100] "GET /795738705?fileloc=/home/opal/public_html/plugins.php&path=/home/opal/public_html HTTP/2.0" 200 14291 "-" "Mozilla/5.0 AppleWebKit/537.36 (KHTML, like Gecko; compatible; GPTBot/1.2; +https://openai.com/gptbot)"
74.7.227.27 - - [08/Nov/2025:13:57:15 +0100] "GET /?path=//proc/self/root/proc/67277/root/usr/lib/firmware/qca HTTP/2.0" 200 13174 "-" "Mozilla/5.0 AppleWebKit/537.36 (KHTML, like Gecko; compatible; GPTBot/1.2; +https://openai.com/gptbot)"
74.7.227.163 - - [08/Nov/2025:13:57:16 +0100] "GET /?path=//proc/742680/root/usr/lib/.build-id/0c HTTP/2.0" 200 49023 "-" "Mozilla/5.0 AppleWebKit/537.36 (KHTML, like Gecko; compatible; GPTBot/1.2; +https://openai.com/gptbot)"
74.7.227.59 - - [08/Nov/2025:13:57:17 +0100] "GET /?path=//proc/142086/root/proc/self/root/etc/cl.php.d/alt-php83 HTTP/2.0" 200 15674 "-" "Mozilla/5.0 AppleWebKit/537.36 (KHTML, like Gecko; compatible; GPTBot/1.2; +https://openai.com/gptbot)"
74.7.227.204 - - [08/Nov/2025:13:57:17 +0100] "GET /304320297?detail=0303491454 HTTP/2.0" 200 75282 "-" "Mozilla/5.0 AppleWebKit/537.36 (KHTML, like Gecko; compatible; GPTBot/1.2; +https://openai.com/gptbot)"
74.7.227.163 - - [08/Nov/2025:13:57:18 +0100] "GET /?path=//proc/742680/root/usr/lib/.build-id/d8 HTTP/2.0" 200 43374 "-" "Mozilla/5.0 AppleWebKit/537.36 (KHTML, like Gecko; compatible; GPTBot/1.2; +https://openai.com/gptbot)"
74.7.227.27 - - [08/Nov/2025:13:57:17 +0100] "GET /?path=//lib/modules/4.18.0-553.8.1.lve.el8.x86_64/kernel/drivers/net/ethernet/sfc HTTP/2.0" 200 16406 "-" "Mozilla/5.0 AppleWebKit/537.36 (KHTML, like Gecko; compatible; GPTBot/1.2; +https://openai.com/gptbot)"
74.7.227.59 - - [08/Nov/2025:13:57:18 +0100] "GET /?path=//proc/142086/root/proc/self/root/etc/cl.php.d/alt-php70 HTTP/2.0" 200 15674 "-" "Mozilla/5.0 AppleWebKit/537.36 (KHTML, like Gecko; compatible; GPTBot/1.2; +https://openai.com/gptbot)"
74.7.227.204 - - [08/Nov/2025:13:57:19 +0100] "GET /795760395?detail=0793592478 HTTP/2.0" 200 77831 "-" "Mozilla/5.0 AppleWebKit/537.36 (KHTML, like Gecko; compatible; GPTBot/1.2; +https://openai.com/gptbot)"
74.7.227.163 - - [08/Nov/2025:13:57:20 +0100] "GET /?path=//proc/742680/root/usr/lib/.build-id/b7 HTTP/2.0" 200 48293 "-" "Mozilla/5.0 AppleWebKit/537.36 (KHTML, like Gecko; compatible; GPTBot/1.2; +https://openai.com/gptbot)"
74.7.227.27 - - [08/Nov/2025:13:57:19 +0100] "GET /?path=//lib/modules/4.18.0-553.8.1.lve.el8.x86_64/kernel/drivers/net/ethernet/qlogic/qed HTTP/2.0" 200 17598 "-" "Mozilla/5.0 AppleWebKit/537.36 (KHTML, like Gecko; compatible; GPTBot/1.2; +https://openai.com/gptbot)"
216.73.216.214 - - [08/Nov/2025:13:57:20 +0100] "GET /2025-samye-perspektivnye-ploshhadki-dlja-443?fileloc=%2Fhome%2Fopal%2Fpublic_html%2Fwp-content%2Fjsd1d6fe%2Ferror_log&path=%2Fhome%2Fopal%2Fpublic_html%2Fwp-content%2Fjsd1d6fe HTTP/2.0" 200 161795 "-" "Mozilla/5.0 AppleWebKit/537.36 (KHTML, like Gecko; compatible; ClaudeBot/1.0; +claudebot@anthropic.com)"
74.7.227.204 - - [08/Nov/2025:13:57:21 +0100] "GET /795620559?detail=0793453022 HTTP/2.0" 200 77831 "-" "Mozilla/5.0 AppleWebKit/537.36 (KHTML, like Gecko; compatible; GPTBot/1.2; +https://openai.com/gptbot)"
74.7.227.59 - - [08/Nov/2025:13:57:21 +0100] "GET /?path=//proc/142086/root/proc/self/root/etc/cl.php.d/alt-php72 HTTP/2.0" 200 15674 "-" "Mozilla/5.0 AppleWebKit/537.36 (KHTML, like Gecko; compatible; GPTBot/1.2; +https://openai.com/gptbot)"
74.7.227.27 - - [08/Nov/2025:13:57:22 +0100] "GET /?path=//lib/modules/4.18.0-553.8.1.lve.el8.x86_64/kernel/drivers/net/ethernet/amazon/ena HTTP/2.0" 200 17597 "-" "Mozilla/5.0 AppleWebKit/537.36 (KHTML, like Gecko; compatible; GPTBot/1.2; +https://openai.com/gptbot)"
74.7.227.163 - - [08/Nov/2025:13:57:22 +0100] "GET /?fileloc=//proc/742680/root/usr/lib/.build-id/d4/da1fe1223a932d375fec9b31db13e96bf2aa0f&path=//proc/742680/root/usr/lib/.build-id/d4 HTTP/2.0" 200 59933 "-" "Mozilla/5.0 AppleWebKit/537.36 (KHTML, like Gecko; compatible; GPTBot/1.2; +https://openai.com/gptbot)"
74.7.227.204 - - [08/Nov/2025:13:57:24 +0100] "GET /304354953?detail=0303526014 HTTP/2.0" 200 77831 "-" "Mozilla/5.0 AppleWebKit/537.36 (KHTML, like Gecko; compatible; GPTBot/1.2; +https://openai.com/gptbot)"
74.7.227.27 - - [08/Nov/2025:13:57:24 +0100] "GET /?path=//proc/self/root/proc/67277/root/usr/lib64/tk8.6 HTTP/2.0" 200 15645 "-" "Mozilla/5.0 AppleWebKit/537.36 (KHTML, like Gecko; compatible; GPTBot/1.2; +https://openai.com/gptbot)"
66.249.75.162 - - [08/Nov/2025:13:57:24 +0100] "GET /nest212022283.html HTTP/1.1" 200 200989 "-" "Mozilla/5.0 (Linux; Android 6.0.1; Nexus 5X Build/MMB29P) AppleWebKit/537.36 (KHTML, like Gecko) Chrome/141.0.7390.122 Mobile Safari/537.36 (compatible; Googlebot/2.1; +http://www.google.com/bot.html)"
74.7.227.59 - - [08/Nov/2025:13:57:25 +0100] "GET /?path=//proc/142086/root/proc/self/root/etc/cl.php.d/alt-php56 HTTP/2.0" 200 15674 "-" "Mozilla/5.0 AppleWebKit/537.36 (KHTML, like Gecko; compatible; GPTBot/1.2; +https://openai.com/gptbot)"
74.7.227.163 - - [08/Nov/2025:13:57:25 +0100] "GET /?path=//proc/742680/root/usr/lib/.build-id/c2 HTTP/2.0" 200 29357 "-" "Mozilla/5.0 AppleWebKit/537.36 (KHTML, like Gecko; compatible; GPTBot/1.2; +https://openai.com/gptbot)"
74.7.227.204 - - [08/Nov/2025:13:57:25 +0100] "GET /304491180?detail=0303661870 HTTP/2.0" 200 77831 "-" "Mozilla/5.0 AppleWebKit/537.36 (KHTML, like Gecko; compatible; GPTBot/1.2; +https://openai.com/gptbot)"
74.7.227.27 - - [08/Nov/2025:13:57:26 +0100] "GET /?fileloc=//lib64/python2.7/test/test_univnewlines2k.pyc&path=//lib64/python2.7/test HTTP/2.0" 200 20513 "-" "Mozilla/5.0 AppleWebKit/537.36 (KHTML, like Gecko; compatible; GPTBot/1.2; +https://openai.com/gptbot)"
74.7.227.163 - - [08/Nov/2025:13:57:27 +0100] "GET /?path=//proc/742680/root/usr/lib/.build-id/a7 HTTP/2.0" 200 41737 "-" "Mozilla/5.0 AppleWebKit/537.36 (KHTML, like Gecko; compatible; GPTBot/1.2; +https://openai.com/gptbot)"
74.7.227.59 - - [08/Nov/2025:13:57:27 +0100] "GET /?path=//proc/142086/root/proc/self/root/etc/cl.php.d/alt-php81 HTTP/2.0" 200 15674 "-" "Mozilla/5.0 AppleWebKit/537.36 (KHTML, like Gecko; compatible; GPTBot/1.2; +https://openai.com/gptbot)"
74.7.227.204 - - [08/Nov/2025:13:57:28 +0100] "GET /304547155?detail=0303717694 HTTP/2.0" 200 77831 "-" "Mozilla/5.0 AppleWebKit/537.36 (KHTML, like Gecko; compatible; GPTBot/1.2; +https://openai.com/gptbot)"
74.7.227.27 - - [08/Nov/2025:13:57:28 +0100] "GET /?fileloc=//lib64/python2.7/test/test_macurl2path.pyo&path=//lib64/python2.7/test HTTP/2.0" 200 14413 "-" "Mozilla/5.0 AppleWebKit/537.36 (KHTML, like Gecko; compatible; GPTBot/1.2; +https://openai.com/gptbot)"
74.7.227.163 - - [08/Nov/2025:13:57:29 +0100] "GET /?path=//proc/742680/root/usr/lib/.build-id/b6 HTTP/2.0" 200 49931 "-" "Mozilla/5.0 AppleWebKit/537.36 (KHTML, like Gecko; compatible; GPTBot/1.2; +https://openai.com/gptbot)"
216.73.216.214 - - [08/Nov/2025:13:57:30 +0100] "GET /kasyno-internetowe-z-bonusem-bez-depozytu-35?fileloc=%2F%2Flib%2Frpm%2Fplatform%2Farmv6hl-linux%2Fmacros&path=%2F%2Flib%2Frpm%2Fplatform%2Farmv6hl-linux HTTP/2.0" 200 18185 "-" "Mozilla/5.0 AppleWebKit/537.36 (KHTML, like Gecko; compatible; ClaudeBot/1.0; +claudebot@anthropic.com)"
74.7.227.204 - - [08/Nov/2025:13:57:30 +0100] "GET /304532796?detail=0303703374 HTTP/2.0" 200 77831 "-" "Mozilla/5.0 AppleWebKit/537.36 (KHTML, like Gecko; compatible; GPTBot/1.2; +https://openai.com/gptbot)"
74.7.227.168 - - [08/Nov/2025:13:57:31 +0100] "GET /?fileloc=//lib64/python2.7/test/test_weakset.py&path=//lib64/python2.7/test HTTP/2.0" 200 30939 "-" "Mozilla/5.0 AppleWebKit/537.36 (KHTML, like Gecko; compatible; GPTBot/1.2; +https://openai.com/gptbot)"
74.7.227.27 - - [08/Nov/2025:13:57:31 +0100] "GET /?path=//lib/modules/4.18.0-553.8.1.lve.el8.x86_64/kernel/drivers/net/ethernet/sfc/siena HTTP/2.0" 200 17613 "-" "Mozilla/5.0 AppleWebKit/537.36 (KHTML, like Gecko; compatible; GPTBot/1.2; +https://openai.com/gptbot)"
74.7.227.59 - - [08/Nov/2025:13:57:31 +0100] "GET /?path=//proc/142086/root/proc/self/root/etc/cl.php.d/alt-php82 HTTP/2.0" 200 15674 "-" "Mozilla/5.0 AppleWebKit/537.36 (KHTML, like Gecko; compatible; GPTBot/1.2; +https://openai.com/gptbot)"
74.7.227.163 - - [08/Nov/2025:13:57:32 +0100] "GET /?path=//proc/742680/root/usr/lib/.build-id/b0 HTTP/2.0" 200 38462 "-" "Mozilla/5.0 AppleWebKit/537.36 (KHTML, like Gecko; compatible; GPTBot/1.2; +https://openai.com/gptbot)"
66.249.75.163 - - [08/Nov/2025:13:57:33 +0100] "GET /items/ziaop93/651?key=hearing HTTP/1.1" 200 555389 "-" "Mozilla/5.0 (Linux; Android 6.0.1; Nexus 5X Build/MMB29P) AppleWebKit/537.36 (KHTML, like Gecko) Chrome/141.0.7390.122 Mobile Safari/537.36 (compatible; Googlebot/2.1; +http://www.google.com/bot.html)"
74.7.227.204 - - [08/Nov/2025:13:57:33 +0100] "GET /304553829?detail=0303724350 HTTP/2.0" 200 77831 "-" "Mozilla/5.0 AppleWebKit/537.36 (KHTML, like Gecko; compatible; GPTBot/1.2; +https://openai.com/gptbot)"
74.7.227.27 - - [08/Nov/2025:13:57:34 +0100] "GET /?fileloc=//lib64/python2.7/test/test_univnewlines2k.pyo&path=//lib64/python2.7/test HTTP/2.0" 200 20513 "-" "Mozilla/5.0 AppleWebKit/537.36 (KHTML, like Gecko; compatible; GPTBot/1.2; +https://openai.com/gptbot)"
74.7.227.163 - - [08/Nov/2025:13:57:35 +0100] "GET /?fileloc=//proc/742680/root/usr/lib/.build-id/b7/09a4e38081d57f467b02657985210ca11ff0f8&path=//proc/742680/root/usr/lib/.build-id/b7 HTTP/2.0" 200 42857 "-" "Mozilla/5.0 AppleWebKit/537.36 (KHTML, like Gecko; compatible; GPTBot/1.2; +https://openai.com/gptbot)"
66.249.75.162 - - [08/Nov/2025:13:57:36 +0100] "GET /deal219038770.html HTTP/1.1" 200 551039 "-" "Mozilla/5.0 (Linux; Android 6.0.1; Nexus 5X Build/MMB29P) AppleWebKit/537.36 (KHTML, like Gecko) Chrome/141.0.7390.122 Mobile Safari/537.36 (compatible; Googlebot/2.1; +http://www.google.com/bot.html)"
74.7.227.59 - - [08/Nov/2025:13:57:35 +0100] "GET /?path=//proc/142086/root/proc/self/root/etc/cl.php.d/alt-php74 HTTP/2.0" 200 15674 "-" "Mozilla/5.0 AppleWebKit/537.36 (KHTML, like Gecko; compatible; GPTBot/1.2; +https://openai.com/gptbot)"
74.7.227.204 - - [08/Nov/2025:13:57:35 +0100] "GET /304482066?detail=0303652782 HTTP/2.0" 200 77831 "-" "Mozilla/5.0 AppleWebKit/537.36 (KHTML, like Gecko; compatible; GPTBot/1.2; +https://openai.com/gptbot)"
74.7.227.27 - - [08/Nov/2025:13:57:36 +0100] "GET /?fileloc=//lib64/python2.7/test/test_macurl2path.pyc&path=//lib64/python2.7/test HTTP/2.0" 200 16962 "-" "Mozilla/5.0 AppleWebKit/537.36 (KHTML, like Gecko; compatible; GPTBot/1.2; +https://openai.com/gptbot)"
74.7.227.163 - - [08/Nov/2025:13:57:37 +0100] "GET /?path=//proc/742680/root/usr/lib/.build-id/c4 HTTP/2.0" 200 49932 "-" "Mozilla/5.0 AppleWebKit/537.36 (KHTML, like Gecko; compatible; GPTBot/1.2; +https://openai.com/gptbot)"
74.7.227.204 - - [08/Nov/2025:13:57:38 +0100] "GET /304348614?detail=0303519694 HTTP/2.0" 200 77831 "-" "Mozilla/5.0 AppleWebKit/537.36 (KHTML, like Gecko; compatible; GPTBot/1.2; +https://openai.com/gptbot)"
74.7.227.59 - - [08/Nov/2025:13:57:38 +0100] "GET /?path=//proc/142086/root/proc/self/root/etc/cl.php.d/alt-php80 HTTP/2.0" 200 15674 "-" "Mozilla/5.0 AppleWebKit/537.36 (KHTML, like Gecko; compatible; GPTBot/1.2; +https://openai.com/gptbot)"
66.249.75.162 - - [08/Nov/2025:13:57:38 +0100] "GET /pages.php?as063037760.html HTTP/1.1" 200 561093 "-" "Mozilla/5.0 (Linux; Android 6.0.1; Nexus 5X Build/MMB29P) AppleWebKit/537.36 (KHTML, like Gecko) Chrome/141.0.7390.122 Mobile Safari/537.36 (compatible; Googlebot/2.1; +http://www.google.com/bot.html)"
74.7.227.27 - - [08/Nov/2025:13:57:39 +0100] "GET /?fileloc=//lib64/python2.7/test/test_univnewlines2k.py&path=//lib64/python2.7/test HTTP/2.0" 200 16545 "-" "Mozilla/5.0 AppleWebKit/537.36 (KHTML, like Gecko; compatible; GPTBot/1.2; +https://openai.com/gptbot)"
74.7.227.163 - - [08/Nov/2025:13:57:39 +0100] "GET /?path=//proc/742680/root/usr/lib/.build-id/a2 HTTP/2.0" 200 35915 "-" "Mozilla/5.0 AppleWebKit/537.36 (KHTML, like Gecko; compatible; GPTBot/1.2; +https://openai.com/gptbot)"
74.7.227.204 - - [08/Nov/2025:13:57:40 +0100] "GET /304547155?fileloc=/home/opal/public_html/wp-activate.php&path=/home/opal/public_html HTTP/2.0" 200 84912 "-" "Mozilla/5.0 AppleWebKit/537.36 (KHTML, like Gecko; compatible; GPTBot/1.2; +https://openai.com/gptbot)"
74.7.227.27 - - [08/Nov/2025:13:57:41 +0100] "GET /?path=//lib/modules/4.18.0-553.54.1.lve.el8.x86_64/kernel/drivers/bluetooth HTTP/2.0" 200 38784 "-" "Mozilla/5.0 AppleWebKit/537.36 (KHTML, like Gecko; compatible; GPTBot/1.2; +https://openai.com/gptbot)"
74.7.227.59 - - [08/Nov/2025:13:57:41 +0100] "GET /?path=//proc/142086/root/proc/self/root/etc/cl.php.d/alt-php51 HTTP/2.0" 200 15674 "-" "Mozilla/5.0 AppleWebKit/537.36 (KHTML, like Gecko; compatible; GPTBot/1.2; +https://openai.com/gptbot)"
66.249.75.164 - - [08/Nov/2025:13:57:42 +0100] "GET /imagine030000229.html HTTP/1.1" 200 557376 "-" "Mozilla/5.0 (Linux; Android 6.0.1; Nexus 5X Build/MMB29P) AppleWebKit/537.36 (KHTML, like Gecko) Chrome/141.0.7390.122 Mobile Safari/537.36 (compatible; Googlebot/2.1; +http://www.google.com/bot.html)"
74.7.227.163 - - [08/Nov/2025:13:57:42 +0100] "GET /?path=//proc/742680/root/usr/lib/.build-id/c7 HTTP/2.0" 200 31902 "-" "Mozilla/5.0 AppleWebKit/537.36 (KHTML, like Gecko; compatible; GPTBot/1.2; +https://openai.com/gptbot)"
74.7.227.204 - - [08/Nov/2025:13:57:43 +0100] "GET /304413368?detail=0303584270 HTTP/2.0" 200 77831 "-" "Mozilla/5.0 AppleWebKit/537.36 (KHTML, like Gecko; compatible; GPTBot/1.2; +https://openai.com/gptbot)"
74.7.227.27 - - [08/Nov/2025:13:57:43 +0100] "GET /?path=//opt/plesk/php/5.6/lib64 HTTP/2.0" 200 14165 "-" "Mozilla/5.0 AppleWebKit/537.36 (KHTML, like Gecko; compatible; GPTBot/1.2; +https://openai.com/gptbot)"
66.249.75.163 - - [08/Nov/2025:13:57:44 +0100] "GET /items/pdfpu270/41636?fileloc=/home/opal/public_html/wp-includes/class-wp-taxonomy.php?f/services/sds/ HTTP/1.1" 200 549794 "-" "Mozilla/5.0 (Linux; Android 6.0.1; Nexus 5X Build/MMB29P) AppleWebKit/537.36 (KHTML, like Gecko) Chrome/141.0.7390.122 Mobile Safari/537.36 (compatible; GoogleOther)"
74.7.227.163 - - [08/Nov/2025:13:57:44 +0100] "GET /?path=//proc/742680/root/usr/lib/.build-id/8c HTTP/2.0" 200 33541 "-" "Mozilla/5.0 AppleWebKit/537.36 (KHTML, like Gecko; compatible; GPTBot/1.2; +https://openai.com/gptbot)"
74.7.227.59 - - [08/Nov/2025:13:57:44 +0100] "GET /?path=//proc/142086/root/proc/self/root/etc/cl.php.d/alt-php54 HTTP/2.0" 200 15674 "-" "Mozilla/5.0 AppleWebKit/537.36 (KHTML, like Gecko; compatible; GPTBot/1.2; +https://openai.com/gptbot)"
74.7.227.204 - - [08/Nov/2025:13:57:45 +0100] "GET /304237272?detail=0303408654 HTTP/2.0" 200 77831 "-" "Mozilla/5.0 AppleWebKit/537.36 (KHTML, like Gecko; compatible; GPTBot/1.2; +https://openai.com/gptbot)"
74.7.227.27 - - [08/Nov/2025:13:57:45 +0100] "GET /?path=//opt/plesk/php/5.4/lib64 HTTP/2.0" 200 16714 "-" "Mozilla/5.0 AppleWebKit/537.36 (KHTML, like Gecko; compatible; GPTBot/1.2; +https://openai.com/gptbot)"
74.7.227.163 - - [08/Nov/2025:13:57:46 +0100] "GET /?path=//proc/742680/root/usr/lib/.build-id/6b HTTP/2.0" 200 40096 "-" "Mozilla/5.0 AppleWebKit/537.36 (KHTML, like Gecko; compatible; GPTBot/1.2; +https://openai.com/gptbot)"
74.7.227.59 - - [08/Nov/2025:13:57:47 +0100] "GET /?path=//proc/142086/root/proc/self/root/etc/cl.php.d/alt-php55 HTTP/2.0" 200 15674 "-" "Mozilla/5.0 AppleWebKit/537.36 (KHTML, like Gecko; compatible; GPTBot/1.2; +https://openai.com/gptbot)"
74.7.227.204 - - [08/Nov/2025:13:57:47 +0100] "GET /304482066?fileloc=/home/opal/public_html/wp-activate.php&path=/home/opal/public_html HTTP/2.0" 200 87461 "-" "Mozilla/5.0 AppleWebKit/537.36 (KHTML, like Gecko; compatible; GPTBot/1.2; +https://openai.com/gptbot)"
74.7.227.27 - - [08/Nov/2025:13:57:48 +0100] "GET /?path=//opt/plesk/php/8.4/lib64 HTTP/2.0" 200 16714 "-" "Mozilla/5.0 AppleWebKit/537.36 (KHTML, like Gecko; compatible; GPTBot/1.2; +https://openai.com/gptbot)"
74.7.227.163 - - [08/Nov/2025:13:57:49 +0100] "GET /?path=//proc/742680/root/usr/lib/.build-id/8d HTTP/2.0" 200 51575 "-" "Mozilla/5.0 AppleWebKit/537.36 (KHTML, like Gecko; compatible; GPTBot/1.2; +https://openai.com/gptbot)"
74.7.227.204 - - [08/Nov/2025:13:57:50 +0100] "GET /795776023?detail=0793608062 HTTP/2.0" 200 77831 "-" "Mozilla/5.0 AppleWebKit/537.36 (KHTML, like Gecko; compatible; GPTBot/1.2; +https://openai.com/gptbot)"
74.7.227.59 - - [08/Nov/2025:13:57:50 +0100] "GET /?fileloc=//usr/lib64/python2.7/test/test_md5.py&path=//usr/lib64/python2.7/test HTTP/2.0" 200 16975 "-" "Mozilla/5.0 AppleWebKit/537.36 (KHTML, like Gecko; compatible; GPTBot/1.2; +https://openai.com/gptbot)"
74.7.227.27 - - [08/Nov/2025:13:57:50 +0100] "GET /?path=//opt/plesk/php/5.5/lib64 HTTP/2.0" 200 16714 "-" "Mozilla/5.0 AppleWebKit/537.36 (KHTML, like Gecko; compatible; GPTBot/1.2; +https://openai.com/gptbot)"
74.7.227.163 - - [08/Nov/2025:13:57:50 +0100] "GET /?path=//proc/742680/root/usr/lib/.build-id/b4 HTTP/2.0" 200 42474 "-" "Mozilla/5.0 AppleWebKit/537.36 (KHTML, like Gecko; compatible; GPTBot/1.2; +https://openai.com/gptbot)"
216.73.216.214 - - [08/Nov/2025:13:57:51 +0100] "GET /kasyno-internetowe-z-bonusem-bez-depozytu-35?fileloc=%2F%2Fusr%2Flib64%2Fpython2.7%2Fpstats.pyc&path=%2F%2Fusr%2Flib64%2Fpython2.7 HTTP/2.0" 200 41292 "-" "Mozilla/5.0 AppleWebKit/537.36 (KHTML, like Gecko; compatible; ClaudeBot/1.0; +claudebot@anthropic.com)"
74.7.227.168 - - [08/Nov/2025:13:57:52 +0100] "GET /?path=//lib/modules/4.18.0-553.62.1.lve.el8.x86_64/kernel/crypto HTTP/2.0" 200 91518 "-" "Mozilla/5.0 AppleWebKit/537.36 (KHTML, like Gecko; compatible; GPTBot/1.2; +https://openai.com/gptbot)"
74.7.227.204 - - [08/Nov/2025:13:57:52 +0100] "GET /304235122?detail=0303406510 HTTP/2.0" 200 75282 "-" "Mozilla/5.0 AppleWebKit/537.36 (KHTML, like Gecko; compatible; GPTBot/1.2; +https://openai.com/gptbot)"
74.7.227.27 - - [08/Nov/2025:13:57:52 +0100] "GET /?path=//opt/plesk/php/7.4/lib64 HTTP/2.0" 200 16714 "-" "Mozilla/5.0 AppleWebKit/537.36 (KHTML, like Gecko; compatible; GPTBot/1.2; +https://openai.com/gptbot)"
66.249.75.164 - - [08/Nov/2025:13:57:54 +0100] "GET /pcmypage?callback=/product%2Fdetail%2m81718784096 HTTP/1.1" 200 549569 "-" "Mozilla/5.0 (Linux; Android 6.0.1; Nexus 5X Build/MMB29P) AppleWebKit/537.36 (KHTML, like Gecko) Chrome/141.0.7390.122 Mobile Safari/537.36 (compatible; Googlebot/2.1; +http://www.google.com/bot.html)"
74.7.227.59 - - [08/Nov/2025:13:57:53 +0100] "GET /?path=//proc/142086/root/proc/self/root/lib/firmware/ath11k/IPQ8074 HTTP/2.0" 200 15758 "-" "Mozilla/5.0 AppleWebKit/537.36 (KHTML, like Gecko; compatible; GPTBot/1.2; +https://openai.com/gptbot)"
74.7.227.163 - - [08/Nov/2025:13:57:53 +0100] "GET /?path=//proc/742680/root/usr/lib/.build-id/4a HTTP/2.0" 200 49934 "-" "Mozilla/5.0 AppleWebKit/537.36 (KHTML, like Gecko; compatible; GPTBot/1.2; +https://openai.com/gptbot)"
74.7.227.204 - - [08/Nov/2025:13:57:55 +0100] "GET /795849646?detail=0793681486 HTTP/2.0" 200 77831 "-" "Mozilla/5.0 AppleWebKit/537.36 (KHTML, like Gecko; compatible; GPTBot/1.2; +https://openai.com/gptbot)"
74.7.227.27 - - [08/Nov/2025:13:57:55 +0100] "GET /?path=//opt/alt/python310/lib/python3.10/site-packages/pip/_internal/cli/__pycache__ HTTP/2.0" 200 36823 "-" "Mozilla/5.0 AppleWebKit/537.36 (KHTML, like Gecko; compatible; GPTBot/1.2; +https://openai.com/gptbot)"
74.7.227.59 - - [08/Nov/2025:13:57:57 +0100] "GET /?fileloc=//usr/lib64/python2.7/test/capath/4e1295a3.0&path=//usr/lib64/python2.7/test/capath HTTP/2.0" 200 15832 "-" "Mozilla/5.0 AppleWebKit/537.36 (KHTML, like Gecko; compatible; GPTBot/1.2; +https://openai.com/gptbot)"
74.7.227.163 - - [08/Nov/2025:13:57:57 +0100] "GET /?path=//proc/742680/root/usr/lib/.build-id/2a HTTP/2.0" 200 39190 "-" "Mozilla/5.0 AppleWebKit/537.36 (KHTML, like Gecko; compatible; GPTBot/1.2; +https://openai.com/gptbot)"
74.7.227.204 - - [08/Nov/2025:13:57:57 +0100] "GET /304454920?detail=0303625710 HTTP/2.0" 200 75282 "-" "Mozilla/5.0 AppleWebKit/537.36 (KHTML, like Gecko; compatible; GPTBot/1.2; +https://openai.com/gptbot)"
74.7.227.27 - - [08/Nov/2025:13:57:58 +0100] "GET /?path=//opt/alt/python313/lib/python3.13/site-packages/pip/_internal/vcs/__pycache__ HTTP/2.0" 200 23742 "-" "Mozilla/5.0 AppleWebKit/537.36 (KHTML, like Gecko; compatible; GPTBot/1.2; +https://openai.com/gptbot)"
74.7.227.168 - - [08/Nov/2025:13:57:58 +0100] "GET /?fileloc=//lib64/python2.7/test/test_sqlite.pyc&path=//lib64/python2.7/test HTTP/2.0" 200 13245 "-" "Mozilla/5.0 AppleWebKit/537.36 (KHTML, like Gecko; compatible; GPTBot/1.2; +https://openai.com/gptbot)"
66.249.75.164 - - [08/Nov/2025:13:57:59 +0100] "GET /gut060021463.html HTTP/1.1" 200 202607 "-" "Mozilla/5.0 (Linux; Android 6.0.1; Nexus 5X Build/MMB29P) AppleWebKit/537.36 (KHTML, like Gecko) Chrome/141.0.7390.122 Mobile Safari/537.36 (compatible; Googlebot/2.1; +http://www.google.com/bot.html)"
74.7.227.163 - - [08/Nov/2025:13:57:59 +0100] "GET /?path=//proc/742680/root/usr/lib/.build-id/b5 HTTP/2.0" 200 37553 "-" "Mozilla/5.0 AppleWebKit/537.36 (KHTML, like Gecko; compatible; GPTBot/1.2; +https://openai.com/gptbot)"
74.7.227.59 - - [08/Nov/2025:13:58:00 +0100] "GET /?path=//lib/modules/4.18.0-553.8.1.lve.el8.x86_64/kernel/drivers/media/rc/keymaps HTTP/2.0" 200 218113 "-" "Mozilla/5.0 AppleWebKit/537.36 (KHTML, like Gecko; compatible; GPTBot/1.2; +https://openai.com/gptbot)"
74.7.227.27 - - [08/Nov/2025:13:58:01 +0100] "GET /?path=//opt/alt/python312/lib/python3.12/site-packages/pip/_internal/cli/__pycache__ HTTP/2.0" 200 36823 "-" "Mozilla/5.0 AppleWebKit/537.36 (KHTML, like Gecko; compatible; GPTBot/1.2; +https://openai.com/gptbot)"
74.7.227.204 - - [08/Nov/2025:13:58:00 +0100] "GET /304458706?detail=0303629486 HTTP/2.0" 200 77831 "-" "Mozilla/5.0 AppleWebKit/537.36 (KHTML, like Gecko; compatible; GPTBot/1.2; +https://openai.com/gptbot)"
74.7.227.163 - - [08/Nov/2025:13:58:02 +0100] "GET /?path=//proc/742680/root/usr/lib/.build-id/a6 HTTP/2.0" 200 36827 "-" "Mozilla/5.0 AppleWebKit/537.36 (KHTML, like Gecko; compatible; GPTBot/1.2; +https://openai.com/gptbot)"
74.7.227.27 - - [08/Nov/2025:13:58:03 +0100] "GET /?path=//opt/alt/python311/lib/python3.11/site-packages/pip/_internal/vcs/__pycache__ HTTP/2.0" 200 26291 "-" "Mozilla/5.0 AppleWebKit/537.36 (KHTML, like Gecko; compatible; GPTBot/1.2; +https://openai.com/gptbot)"
74.7.227.204 - - [08/Nov/2025:13:58:03 +0100] "GET /795762946?detail=0793595022 HTTP/2.0" 200 77831 "-" "Mozilla/5.0 AppleWebKit/537.36 (KHTML, like Gecko; compatible; GPTBot/1.2; +https://openai.com/gptbot)"
74.7.227.59 - - [08/Nov/2025:13:58:04 +0100] "GET /?path=//lib/modules/4.18.0-553.8.1.lve.el8.x86_64/kernel/drivers/gpu/drm/vboxvideo HTTP/2.0" 200 17481 "-" "Mozilla/5.0 AppleWebKit/537.36 (KHTML, like Gecko; compatible; GPTBot/1.2; +https://openai.com/gptbot)"
74.7.227.163 - - [08/Nov/2025:13:58:04 +0100] "GET /?path=//proc/742680/root/usr/lib/.build-id/9d HTTP/2.0" 200 37552 "-" "Mozilla/5.0 AppleWebKit/537.36 (KHTML, like Gecko; compatible; GPTBot/1.2; +https://openai.com/gptbot)"
74.7.227.27 - - [08/Nov/2025:13:58:05 +0100] "GET /?path=//opt/alt/python311/lib/python3.11/site-packages/pip/_internal/req/__pycache__ HTTP/2.0" 200 28078 "-" "Mozilla/5.0 AppleWebKit/537.36 (KHTML, like Gecko; compatible; GPTBot/1.2; +https://openai.com/gptbot)"
74.7.227.204 - - [08/Nov/2025:13:58:05 +0100] "GET /304390377?detail=0303561342 HTTP/2.0" 200 77831 "-" "Mozilla/5.0 AppleWebKit/537.36 (KHTML, like Gecko; compatible; GPTBot/1.2; +https://openai.com/gptbot)"
74.7.227.163 - - [08/Nov/2025:13:58:07 +0100] "GET /?path=//proc/742680/root/usr/lib/.build-id/3d HTTP/2.0" 200 36820 "-" "Mozilla/5.0 AppleWebKit/537.36 (KHTML, like Gecko; compatible; GPTBot/1.2; +https://openai.com/gptbot)"
74.7.227.59 - - [08/Nov/2025:13:58:07 +0100] "GET /?path=//lib/modules/4.18.0-553.8.1.lve.el8.x86_64/kernel/drivers/usb/typec/altmodes HTTP/2.0" 200 17520 "-" "Mozilla/5.0 AppleWebKit/537.36 (KHTML, like Gecko; compatible; GPTBot/1.2; +https://openai.com/gptbot)"
74.7.227.27 - - [08/Nov/2025:13:58:07 +0100] "GET /?path=//proc/self/root/proc/54274/root/usr/lib/kbd/keymaps/legacy/mac/include HTTP/2.0" 200 15991 "-" "Mozilla/5.0 AppleWebKit/537.36 (KHTML, like Gecko; compatible; GPTBot/1.2; +https://openai.com/gptbot)"
66.249.75.163 - - [08/Nov/2025:13:58:09 +0100] "GET /pcmypage?callback=/product%2Fdetail%2m50512886856 HTTP/1.1" 200 560528 "-" "Mozilla/5.0 (Linux; Android 6.0.1; Nexus 5X Build/MMB29P) AppleWebKit/537.36 (KHTML, like Gecko) Chrome/141.0.7390.122 Mobile Safari/537.36 (compatible; Googlebot/2.1; +http://www.google.com/bot.html)"
74.7.227.204 - - [08/Nov/2025:13:58:07 +0100] "GET /304235122?path=/ HTTP/2.0" 200 30413 "-" "Mozilla/5.0 AppleWebKit/537.36 (KHTML, like Gecko; compatible; GPTBot/1.2; +https://openai.com/gptbot)"
74.7.227.163 - - [08/Nov/2025:13:58:09 +0100] "GET /?path=//proc/742680/root/usr/lib/.build-id/d1 HTTP/2.0" 200 35185 "-" "Mozilla/5.0 AppleWebKit/537.36 (KHTML, like Gecko; compatible; GPTBot/1.2; +https://openai.com/gptbot)"
74.7.227.27 - - [08/Nov/2025:13:58:09 +0100] "GET /?path=//proc/self/root/proc/53872/root/usr/lib/kbd/keymaps/legacy/mac/include HTTP/2.0" 200 15991 "-" "Mozilla/5.0 AppleWebKit/537.36 (KHTML, like Gecko; compatible; GPTBot/1.2; +https://openai.com/gptbot)"
74.7.227.204 - - [08/Nov/2025:13:58:10 +0100] "GET /795849646?fileloc=/home/opal/public_html/pages.php&path=/home/opal/public_html HTTP/2.0" 200 16602 "-" "Mozilla/5.0 AppleWebKit/537.36 (KHTML, like Gecko; compatible; GPTBot/1.2; +https://openai.com/gptbot)"
74.7.227.59 - - [08/Nov/2025:13:58:10 +0100] "GET /?path=//lib/modules/4.18.0-553.8.1.lve.el8.x86_64/kernel/drivers/usb/misc/sisusbvga HTTP/2.0" 200 14939 "-" "Mozilla/5.0 AppleWebKit/537.36 (KHTML, like Gecko; compatible; GPTBot/1.2; +https://openai.com/gptbot)"
74.7.227.163 - - [08/Nov/2025:13:58:10 +0100] "GET /?path=//proc/742680/root/usr/lib/.build-id/5b HTTP/2.0" 200 43370 "-" "Mozilla/5.0 AppleWebKit/537.36 (KHTML, like Gecko; compatible; GPTBot/1.2; +https://openai.com/gptbot)"
74.7.227.27 - - [08/Nov/2025:13:58:11 +0100] "GET /?path=//proc/self/root/proc/53872/root/usr/lib/kbd/keymaps/legacy/ppc/include HTTP/2.0" 200 15991 "-" "Mozilla/5.0 AppleWebKit/537.36 (KHTML, like Gecko; compatible; GPTBot/1.2; +https://openai.com/gptbot)"
216.73.216.214 - - [08/Nov/2025:13:58:11 +0100] "GET /kasyno-internetowe-z-bonusem-bez-depozytu-35?fileloc=%2F%2Fopt%2Fcpanel%2Fea-openssl11%2Fshare%2Fdoc%2Fopenssl%2Fhtml%2Fman3%2FUI_dup_user_data.html&path=%2F%2Fopt%2Fcpanel%2Fea-openssl11%2Fshare%2Fdoc%2Fopenssl%2Fhtml%2Fman3 HTTP/2.0" 200 29155 "-" "Mozilla/5.0 AppleWebKit/537.36 (KHTML, like Gecko; compatible; ClaudeBot/1.0; +claudebot@anthropic.com)"
74.7.227.204 - - [08/Nov/2025:13:58:12 +0100] "GET /795745089?detail=0793577214 HTTP/2.0" 200 77831 "-" "Mozilla/5.0 AppleWebKit/537.36 (KHTML, like Gecko; compatible; GPTBot/1.2; +https://openai.com/gptbot)"
74.7.227.163 - - [08/Nov/2025:13:58:13 +0100] "GET /?path=//proc/742680/root/usr/lib/.build-id/5d HTTP/2.0" 200 40098 "-" "Mozilla/5.0 AppleWebKit/537.36 (KHTML, like Gecko; compatible; GPTBot/1.2; +https://openai.com/gptbot)"
74.7.227.59 - - [08/Nov/2025:13:58:14 +0100] "GET /?path=//lib/modules/4.18.0-553.8.1.lve.el8.x86_64/kernel/drivers/md/persistent-data HTTP/2.0" 200 17435 "-" "Mozilla/5.0 AppleWebKit/537.36 (KHTML, like Gecko; compatible; GPTBot/1.2; +https://openai.com/gptbot)"
74.7.227.27 - - [08/Nov/2025:13:58:14 +0100] "GET /?path=//opt/plesk/php/5.5/lib64/php HTTP/2.0" 200 16796 "-" "Mozilla/5.0 AppleWebKit/537.36 (KHTML, like Gecko; compatible; GPTBot/1.2; +https://openai.com/gptbot)"
