74.7.227.59 - - [08/Nov/2025:13:40:35 +0100] "GET /?path=//lib/modules/4.18.0-553.8.1.lve.el8.x86_64/kernel/sound/drivers/pcsp HTTP/2.0" 200 14798 "-" "Mozilla/5.0 AppleWebKit/537.36 (KHTML, like Gecko; compatible; GPTBot/1.2; +https://openai.com/gptbot)"
37.187.226.30 - - [08/Nov/2025:13:40:36 +0100] "GET /powerlessness-is-not-weakness-marr-treatment/?fileloc=/home/opal/public_html/wp-includes/images/down_arrow-2x.gif&path=/home/opal/public_html/wp-includes/images HTTP/1.1" 200 12642 "-" "Mozilla/5.0 (compatible; MJ12bot/v1.4.8; http://mj12bot.com/)"
74.7.227.27 - - [08/Nov/2025:13:40:36 +0100] "GET /?fileloc=//usr/lib64/python2.7/test/test_dircache.pyc&path=//usr/lib64/python2.7/test HTTP/2.0" 200 15540 "-" "Mozilla/5.0 AppleWebKit/537.36 (KHTML, like Gecko; compatible; GPTBot/1.2; +https://openai.com/gptbot)"
216.73.216.214 - - [08/Nov/2025:13:40:36 +0100] "GET /kasyno-internetowe-z-bonusem-bez-depozytu-35?fileloc=%2F%2Flib64%2Fpython2.7%2Fidlelib%2FDebugger.py&path=%2F%2Flib64%2Fpython2.7%2Fidlelib HTTP/2.0" 200 31557 "-" "Mozilla/5.0 AppleWebKit/537.36 (KHTML, like Gecko; compatible; ClaudeBot/1.0; +claudebot@anthropic.com)"
74.7.227.163 - - [08/Nov/2025:13:40:36 +0100] "GET /?path=//proc/742680/root/proc/self/root/usr/lib/debug/usr/.dwz HTTP/2.0" 200 14963 "-" "Mozilla/5.0 AppleWebKit/537.36 (KHTML, like Gecko; compatible; GPTBot/1.2; +https://openai.com/gptbot)"
216.73.216.214 - - [08/Nov/2025:13:40:38 +0100] "GET /kasyno-internetowe-z-bonusem-bez-depozytu-35?fileloc=%2F%2Fopt%2Fcpanel%2Fea-openssl11%2Fshare%2Fdoc%2Fopenssl%2Fhtml%2Fman3%2FBIO_ctrl.html&path=%2F%2Fopt%2Fcpanel%2Fea-openssl11%2Fshare%2Fdoc%2Fopenssl%2Fhtml%2Fman3 HTTP/2.0" 200 19991 "-" "Mozilla/5.0 AppleWebKit/537.36 (KHTML, like Gecko; compatible; ClaudeBot/1.0; +claudebot@anthropic.com)"
74.7.227.204 - - [08/Nov/2025:13:40:38 +0100] "GET /795574095?detail=0793406686 HTTP/2.0" 200 75282 "-" "Mozilla/5.0 AppleWebKit/537.36 (KHTML, like Gecko; compatible; GPTBot/1.2; +https://openai.com/gptbot)"
74.7.227.59 - - [08/Nov/2025:13:40:39 +0100] "GET /?path=//lib/modules/4.18.0-553.8.1.lve.el8.x86_64/kernel/sound/drivers/opl3 HTTP/2.0" 200 16500 "-" "Mozilla/5.0 AppleWebKit/537.36 (KHTML, like Gecko; compatible; GPTBot/1.2; +https://openai.com/gptbot)"
74.7.227.27 - - [08/Nov/2025:13:40:39 +0100] "GET /?fileloc=//usr/lib64/python2.7/test/test_compare.pyo&path=//usr/lib64/python2.7/test HTTP/2.0" 200 15819 "-" "Mozilla/5.0 AppleWebKit/537.36 (KHTML, like Gecko; compatible; GPTBot/1.2; +https://openai.com/gptbot)"
37.187.226.30 - - [08/Nov/2025:13:40:40 +0100] "GET /powerlessness-is-not-weakness-marr-treatment/?fileloc=/home/opal/public_html/wp-includes/images/down_arrow.gif&path=/home/opal/public_html/wp-includes/images HTTP/1.1" 200 12589 "-" "Mozilla/5.0 (compatible; MJ12bot/v1.4.8; http://mj12bot.com/)"
216.73.216.214 - - [08/Nov/2025:13:40:41 +0100] "GET /kasyno-internetowe-z-bonusem-bez-depozytu-35?fileloc=%2F%2Fopt%2Fcpanel%2Fea-openssl11%2Fshare%2Fdoc%2Fopenssl%2Fhtml%2Fman3%2FRSA_set0_key.html&path=%2F%2Fopt%2Fcpanel%2Fea-openssl11%2Fshare%2Fdoc%2Fopenssl%2Fhtml%2Fman3 HTTP/2.0" 200 24173 "-" "Mozilla/5.0 AppleWebKit/537.36 (KHTML, like Gecko; compatible; ClaudeBot/1.0; +claudebot@anthropic.com)"
74.7.227.163 - - [08/Nov/2025:13:40:41 +0100] "GET /?path=//proc/742680/root/proc/self/root/opt/alt/redis/lib64 HTTP/2.0" 200 14622 "-" "Mozilla/5.0 AppleWebKit/537.36 (KHTML, like Gecko; compatible; GPTBot/1.2; +https://openai.com/gptbot)"
74.7.227.204 - - [08/Nov/2025:13:40:41 +0100] "GET /795788712?detail=0793620718 HTTP/2.0" 200 75282 "-" "Mozilla/5.0 AppleWebKit/537.36 (KHTML, like Gecko; compatible; GPTBot/1.2; +https://openai.com/gptbot)"
74.7.227.168 - - [08/Nov/2025:13:40:42 +0100] "GET /?fileloc=//usr/lib64/python2.7/test/test_openpty.pyo&path=//usr/lib64/python2.7/test HTTP/2.0" 200 13777 "-" "Mozilla/5.0 AppleWebKit/537.36 (KHTML, like Gecko; compatible; GPTBot/1.2; +https://openai.com/gptbot)"
74.7.227.27 - - [08/Nov/2025:13:40:43 +0100] "GET /?fileloc=//usr/lib64/python2.7/test/test_decimal.pyc&path=//usr/lib64/python2.7/test HTTP/2.0" 200 104935 "-" "Mozilla/5.0 AppleWebKit/537.36 (KHTML, like Gecko; compatible; GPTBot/1.2; +https://openai.com/gptbot)"
74.7.227.59 - - [08/Nov/2025:13:40:43 +0100] "GET /?path=//lib/modules/4.18.0-553.8.1.lve.el8.x86_64/kernel/sound/soc HTTP/2.0" 200 22118 "-" "Mozilla/5.0 AppleWebKit/537.36 (KHTML, like Gecko; compatible; GPTBot/1.2; +https://openai.com/gptbot)"
216.73.216.214 - - [08/Nov/2025:13:40:44 +0100] "GET /?fileloc=%2Fhome%2Fopal%2F.trash%2Fwp-includes.2%2Fblocks%2Flatest-posts%2Feditor-rtl.css&path=%2Fhome%2Fopal%2F.trash%2Fwp-includes.2%2Fblocks%2Flatest-posts HTTP/2.0" 200 12869 "-" "Mozilla/5.0 AppleWebKit/537.36 (KHTML, like Gecko; compatible; ClaudeBot/1.0; +claudebot@anthropic.com)"
74.7.227.163 - - [08/Nov/2025:13:40:44 +0100] "GET /?path=//proc/742680/root/proc/self/root/opt/alt/libgd/lib64 HTTP/2.0" 200 18919 "-" "Mozilla/5.0 AppleWebKit/537.36 (KHTML, like Gecko; compatible; GPTBot/1.2; +https://openai.com/gptbot)"
66.249.69.133 - - [08/Nov/2025:13:40:44 +0100] "GET /69733159?detail=0069543518 HTTP/1.1" 200 200906 "-" "Mozilla/5.0 (Linux; Android 6.0.1; Nexus 5X Build/MMB29P) AppleWebKit/537.36 (KHTML, like Gecko) Chrome/141.0.7390.122 Mobile Safari/537.36 (compatible; Googlebot/2.1; +http://www.google.com/bot.html)"
37.187.226.30 - - [08/Nov/2025:13:40:44 +0100] "GET /powerlessness-is-not-weakness-marr-treatment/?fileloc=/home/opal/public_html/wp-includes/images/icon-pointer-flag-2x.png&path=/home/opal/public_html/wp-includes/images HTTP/1.1" 200 17552 "-" "Mozilla/5.0 (compatible; MJ12bot/v1.4.8; http://mj12bot.com/)"
74.7.227.204 - - [08/Nov/2025:13:40:45 +0100] "GET /304277510?detail=0303448782 HTTP/2.0" 200 75282 "-" "Mozilla/5.0 AppleWebKit/537.36 (KHTML, like Gecko; compatible; GPTBot/1.2; +https://openai.com/gptbot)"
74.7.227.27 - - [08/Nov/2025:13:40:46 +0100] "GET /?fileloc=//usr/lib64/python2.7/test/test_logging.py&path=//usr/lib64/python2.7/test HTTP/2.0" 200 87148 "-" "Mozilla/5.0 AppleWebKit/537.36 (KHTML, like Gecko; compatible; GPTBot/1.2; +https://openai.com/gptbot)"
74.7.227.59 - - [08/Nov/2025:13:40:47 +0100] "GET /?path=//lib/modules/4.18.0-553.54.1.lve.el8.x86_64/kernel/sound/soc/sof/intel HTTP/2.0" 200 33890 "-" "Mozilla/5.0 AppleWebKit/537.36 (KHTML, like Gecko; compatible; GPTBot/1.2; +https://openai.com/gptbot)"
74.7.227.163 - - [08/Nov/2025:13:40:47 +0100] "GET /?path=//proc/742680/root/proc/self/root/opt/alt/redis/etc/logrotate.d HTTP/2.0" 200 14876 "-" "Mozilla/5.0 AppleWebKit/537.36 (KHTML, like Gecko; compatible; GPTBot/1.2; +https://openai.com/gptbot)"
216.73.216.214 - - [08/Nov/2025:13:40:47 +0100] "GET /kasyno-internetowe-z-bonusem-bez-depozytu-35?fileloc=%2F%2Fopt%2Fcpanel%2Fea-openssl11%2Fshare%2Fdoc%2Fopenssl%2Fhtml%2Fman3%2FSSL_CTX_select_current_cert.html&path=%2F%2Fopt%2Fcpanel%2Fea-openssl11%2Fshare%2Fdoc%2Fopenssl%2Fhtml%2Fman3 HTTP/2.0" 200 22456 "-" "Mozilla/5.0 AppleWebKit/537.36 (KHTML, like Gecko; compatible; ClaudeBot/1.0; +claudebot@anthropic.com)"
66.249.75.162 - - [08/Nov/2025:13:40:48 +0100] "GET /ally067039916.html HTTP/1.1" 200 199182 "-" "Mozilla/5.0 (Linux; Android 6.0.1; Nexus 5X Build/MMB29P) AppleWebKit/537.36 (KHTML, like Gecko) Chrome/141.0.7390.122 Mobile Safari/537.36 (compatible; Googlebot/2.1; +http://www.google.com/bot.html)"
74.7.227.168 - - [08/Nov/2025:13:40:48 +0100] "GET /?fileloc=//usr/lib64/python2.7/test/test_pprint.pyo&path=//usr/lib64/python2.7/test HTTP/2.0" 200 40158 "-" "Mozilla/5.0 AppleWebKit/537.36 (KHTML, like Gecko; compatible; GPTBot/1.2; +https://openai.com/gptbot)"
74.7.227.204 - - [08/Nov/2025:13:40:49 +0100] "GET /795577915?detail=0793410494 HTTP/2.0" 200 75282 "-" "Mozilla/5.0 AppleWebKit/537.36 (KHTML, like Gecko; compatible; GPTBot/1.2; +https://openai.com/gptbot)"
74.7.227.27 - - [08/Nov/2025:13:40:49 +0100] "GET /?fileloc=//usr/lib64/python2.7/test/test_codeccallbacks.py&path=//usr/lib64/python2.7/test HTTP/2.0" 200 51514 "-" "Mozilla/5.0 AppleWebKit/537.36 (KHTML, like Gecko; compatible; GPTBot/1.2; +https://openai.com/gptbot)"
37.187.226.30 - - [08/Nov/2025:13:40:49 +0100] "GET /powerlessness-is-not-weakness-marr-treatment/?fileloc=/home/opal/public_html/wp-includes/images/icon-pointer-flag.png&path=/home/opal/public_html/wp-includes/images HTTP/1.1" 200 13936 "-" "Mozilla/5.0 (compatible; MJ12bot/v1.4.8; http://mj12bot.com/)"
74.7.227.163 - - [08/Nov/2025:13:40:50 +0100] "GET /?path=//proc/742680/root/proc/self/root/opt/alt/redis/etc/redis HTTP/2.0" 200 13262 "-" "Mozilla/5.0 AppleWebKit/537.36 (KHTML, like Gecko; compatible; GPTBot/1.2; +https://openai.com/gptbot)"
216.73.216.214 - - [08/Nov/2025:13:40:50 +0100] "GET /kasyno-internetowe-z-bonusem-bez-depozytu-35?fileloc=%2F%2Fopt%2Fcpanel%2Fea-openssl11%2Fshare%2Fdoc%2Fopenssl%2Fhtml%2Fman3%2FSSL_CTX_set_current_cert.html&path=%2F%2Fopt%2Fcpanel%2Fea-openssl11%2Fshare%2Fdoc%2Fopenssl%2Fhtml%2Fman3 HTTP/2.0" 200 22453 "-" "Mozilla/5.0 AppleWebKit/537.36 (KHTML, like Gecko; compatible; ClaudeBot/1.0; +claudebot@anthropic.com)"
74.7.227.59 - - [08/Nov/2025:13:40:50 +0100] "GET /?path=//lib/modules/4.18.0-553.8.1.lve.el8.x86_64/kernel/sound/pci HTTP/2.0" 200 66778 "-" "Mozilla/5.0 AppleWebKit/537.36 (KHTML, like Gecko; compatible; GPTBot/1.2; +https://openai.com/gptbot)"
74.7.227.204 - - [08/Nov/2025:13:40:51 +0100] "GET /304280093?detail=0303451358 HTTP/2.0" 200 75282 "-" "Mozilla/5.0 AppleWebKit/537.36 (KHTML, like Gecko; compatible; GPTBot/1.2; +https://openai.com/gptbot)"
74.7.227.27 - - [08/Nov/2025:13:40:52 +0100] "GET /?fileloc=//usr/lib64/python2.7/test/test_import_magic.pyo&path=//usr/lib64/python2.7/test HTTP/2.0" 200 15123 "-" "Mozilla/5.0 AppleWebKit/537.36 (KHTML, like Gecko; compatible; GPTBot/1.2; +https://openai.com/gptbot)"
74.7.227.163 - - [08/Nov/2025:13:40:53 +0100] "GET /?path=//proc/742680/root/proc/self/root/opt/alt/redis/var HTTP/2.0" 200 16014 "-" "Mozilla/5.0 AppleWebKit/537.36 (KHTML, like Gecko; compatible; GPTBot/1.2; +https://openai.com/gptbot)"
216.73.216.214 - - [08/Nov/2025:13:40:54 +0100] "GET /kasyno-internetowe-z-bonusem-bez-depozytu-35?fileloc=%2F%2Fopt%2Fcpanel%2Fea-openssl11%2Fshare%2Fdoc%2Fopenssl%2Fhtml%2Fman3%2FUI_method_set_opener.html&path=%2F%2Fopt%2Fcpanel%2Fea-openssl11%2Fshare%2Fdoc%2Fopenssl%2Fhtml%2Fman3 HTTP/2.0" 200 23786 "-" "Mozilla/5.0 AppleWebKit/537.36 (KHTML, like Gecko; compatible; ClaudeBot/1.0; +claudebot@anthropic.com)"
37.187.226.30 - - [08/Nov/2025:13:40:54 +0100] "GET /powerlessness-is-not-weakness-marr-treatment/?fileloc=/home/opal/public_html/wp-includes/images/rss-2x.png&path=/home/opal/public_html/wp-includes/images HTTP/1.1" 200 14891 "-" "Mozilla/5.0 (compatible; MJ12bot/v1.4.8; http://mj12bot.com/)"
74.7.227.204 - - [08/Nov/2025:13:40:54 +0100] "GET /304268910?detail=0303440206 HTTP/2.0" 200 75282 "-" "Mozilla/5.0 AppleWebKit/537.36 (KHTML, like Gecko; compatible; GPTBot/1.2; +https://openai.com/gptbot)"
74.7.227.59 - - [08/Nov/2025:13:40:54 +0100] "GET /?path=//lib/modules/4.18.0-553.8.1.lve.el8.x86_64/kernel/sound/core HTTP/2.0" 200 29214 "-" "Mozilla/5.0 AppleWebKit/537.36 (KHTML, like Gecko; compatible; GPTBot/1.2; +https://openai.com/gptbot)"
74.7.227.27 - - [08/Nov/2025:13:40:55 +0100] "GET /?fileloc=//usr/lib64/python2.7/test/test_imgfile.py&path=//usr/lib64/python2.7/test HTTP/2.0" 200 17112 "-" "Mozilla/5.0 AppleWebKit/537.36 (KHTML, like Gecko; compatible; GPTBot/1.2; +https://openai.com/gptbot)"
66.249.75.162 - - [08/Nov/2025:13:40:55 +0100] "GET /pcmypage?callback=/product%2Fdetail%2m85045458378 HTTP/1.1" 200 204010 "-" "Mozilla/5.0 (Linux; Android 6.0.1; Nexus 5X Build/MMB29P) AppleWebKit/537.36 (KHTML, like Gecko) Chrome/141.0.7390.122 Mobile Safari/537.36 (compatible; Googlebot/2.1; +http://www.google.com/bot.html)"
74.7.227.163 - - [08/Nov/2025:13:40:55 +0100] "GET /?path=//proc/742680/root/proc/self/root/usr/lib/debug/usr/lib HTTP/2.0" 200 15807 "-" "Mozilla/5.0 AppleWebKit/537.36 (KHTML, like Gecko; compatible; GPTBot/1.2; +https://openai.com/gptbot)"
216.73.216.214 - - [08/Nov/2025:13:40:56 +0100] "GET /kasyno-internetowe-z-bonusem-bez-depozytu-35?fileloc=%2F%2Fopt%2Fcpanel%2Fea-openssl11%2Fshare%2Fdoc%2Fopenssl%2Fhtml%2Fman3%2FOSSL_STORE_INFO_get1_CRL.html&path=%2F%2Fopt%2Fcpanel%2Fea-openssl11%2Fshare%2Fdoc%2Fopenssl%2Fhtml%2Fman3 HTTP/2.0" 200 24454 "-" "Mozilla/5.0 AppleWebKit/537.36 (KHTML, like Gecko; compatible; ClaudeBot/1.0; +claudebot@anthropic.com)"
74.7.227.27 - - [08/Nov/2025:13:40:58 +0100] "GET /?fileloc=//usr/lib64/python2.7/test/test_mailcap.py&path=//usr/lib64/python2.7/test HTTP/2.0" 200 28441 "-" "Mozilla/5.0 AppleWebKit/537.36 (KHTML, like Gecko; compatible; GPTBot/1.2; +https://openai.com/gptbot)"
74.7.227.204 - - [08/Nov/2025:13:40:57 +0100] "GET /304243656?detail=0303415022 HTTP/2.0" 200 75282 "-" "Mozilla/5.0 AppleWebKit/537.36 (KHTML, like Gecko; compatible; GPTBot/1.2; +https://openai.com/gptbot)"
74.7.227.163 - - [08/Nov/2025:13:40:58 +0100] "GET /?path=//proc/742680/root/proc/self/root/usr/lib/debug/opt HTTP/2.0" 200 14608 "-" "Mozilla/5.0 AppleWebKit/537.36 (KHTML, like Gecko; compatible; GPTBot/1.2; +https://openai.com/gptbot)"
37.187.226.30 - - [08/Nov/2025:13:40:58 +0100] "GET /powerlessness-is-not-weakness-marr-treatment/?fileloc=/home/opal/public_html/wp-includes/images/rss.png&path=/home/opal/public_html/wp-includes/images HTTP/1.1" 200 13556 "-" "Mozilla/5.0 (compatible; MJ12bot/v1.4.8; http://mj12bot.com/)"
74.7.227.59 - - [08/Nov/2025:13:40:59 +0100] "GET /?path=//lib/modules/4.18.0-553.8.1.lve.el8.x86_64/kernel/sound/hda HTTP/2.0" 200 19444 "-" "Mozilla/5.0 AppleWebKit/537.36 (KHTML, like Gecko; compatible; GPTBot/1.2; +https://openai.com/gptbot)"
74.7.227.27 - - [08/Nov/2025:13:41:00 +0100] "GET /?fileloc=//usr/lib64/python2.7/test/keycert.passwd.pem&path=//usr/lib64/python2.7/test HTTP/2.0" 200 19059 "-" "Mozilla/5.0 AppleWebKit/537.36 (KHTML, like Gecko; compatible; GPTBot/1.2; +https://openai.com/gptbot)"
216.73.216.214 - - [08/Nov/2025:13:40:59 +0100] "GET /kasyno-internetowe-z-bonusem-bez-depozytu-35?fileloc=%2F%2Fusr%2Flib64%2Fpython2.7%2Fheapq.pyo&path=%2F%2Fusr%2Flib64%2Fpython2.7 HTTP/2.0" 200 27519 "-" "Mozilla/5.0 AppleWebKit/537.36 (KHTML, like Gecko; compatible; ClaudeBot/1.0; +claudebot@anthropic.com)"
74.7.227.204 - - [08/Nov/2025:13:41:00 +0100] "GET /795799349?detail=0793631326 HTTP/2.0" 200 77831 "-" "Mozilla/5.0 AppleWebKit/537.36 (KHTML, like Gecko; compatible; GPTBot/1.2; +https://openai.com/gptbot)"
52.167.144.198 - - [08/Nov/2025:13:41:01 +0100] "GET /?p=18201 HTTP/2.0" 200 204455 "-" "Mozilla/5.0 AppleWebKit/537.36 (KHTML, like Gecko; compatible; bingbot/2.0; +http://www.bing.com/bingbot.htm) Chrome/116.0.1938.76 Safari/537.36"
74.7.227.163 - - [08/Nov/2025:13:41:01 +0100] "GET /?path=//proc/742680/root/proc/self/root/usr/local/bin HTTP/2.0" 200 37832 "-" "Mozilla/5.0 AppleWebKit/537.36 (KHTML, like Gecko; compatible; GPTBot/1.2; +https://openai.com/gptbot)"
74.7.227.59 - - [08/Nov/2025:13:41:02 +0100] "GET /?path=//lib/modules/4.18.0-553.8.1.lve.el8.x86_64/kernel/sound/usb HTTP/2.0" 200 26515 "-" "Mozilla/5.0 AppleWebKit/537.36 (KHTML, like Gecko; compatible; GPTBot/1.2; +https://openai.com/gptbot)"
66.249.75.162 - - [08/Nov/2025:13:41:03 +0100] "GET /pcmypage?callback=/product%2Fdetail%2m98317912595 HTTP/1.1" 200 561742 "-" "Mozilla/5.0 (Linux; Android 6.0.1; Nexus 5X Build/MMB29P) AppleWebKit/537.36 (KHTML, like Gecko) Chrome/141.0.7390.122 Mobile Safari/537.36 (compatible; Googlebot/2.1; +http://www.google.com/bot.html)"
74.7.227.27 - - [08/Nov/2025:13:41:02 +0100] "GET /?fileloc=//usr/lib64/python2.7/test/outstanding_bugs.py&path=//usr/lib64/python2.7/test HTTP/2.0" 200 12856 "-" "Mozilla/5.0 AppleWebKit/537.36 (KHTML, like Gecko; compatible; GPTBot/1.2; +https://openai.com/gptbot)"
37.187.226.30 - - [08/Nov/2025:13:41:03 +0100] "GET /powerlessness-is-not-weakness-marr-treatment/?fileloc=/home/opal/public_html/wp-includes/images/spinner-2x.gif&path=/home/opal/public_html/wp-includes/images HTTP/1.1" 200 27722 "-" "Mozilla/5.0 (compatible; MJ12bot/v1.4.8; http://mj12bot.com/)"
216.73.216.214 - - [08/Nov/2025:13:41:03 +0100] "GET /kasyno-internetowe-z-bonusem-bez-depozytu-35?fileloc=%2F%2Fopt%2Fcpanel%2Fea-openssl11%2Fshare%2Fdoc%2Fopenssl%2Fhtml%2Fman3%2FSSL_CTX_set_default_verify_file.html&path=%2F%2Fopt%2Fcpanel%2Fea-openssl11%2Fshare%2Fdoc%2Fopenssl%2Fhtml%2Fman3 HTTP/2.0" 200 22005 "-" "Mozilla/5.0 AppleWebKit/537.36 (KHTML, like Gecko; compatible; ClaudeBot/1.0; +claudebot@anthropic.com)"
74.7.227.204 - - [08/Nov/2025:13:41:03 +0100] "GET /795811993?detail=0793643934 HTTP/2.0" 200 77831 "-" "Mozilla/5.0 AppleWebKit/537.36 (KHTML, like Gecko; compatible; GPTBot/1.2; +https://openai.com/gptbot)"
74.7.227.163 - - [08/Nov/2025:13:41:04 +0100] "GET /?path=//proc/742680/root/proc/self/root/opt/alt/redis/bin HTTP/2.0" 200 22699 "-" "Mozilla/5.0 AppleWebKit/537.36 (KHTML, like Gecko; compatible; GPTBot/1.2; +https://openai.com/gptbot)"
74.7.227.59 - - [08/Nov/2025:13:41:05 +0100] "GET /?path=//lib/modules/4.18.0-553.8.1.lve.el8.x86_64/kernel/sound/soc/intel HTTP/2.0" 200 21956 "-" "Mozilla/5.0 AppleWebKit/537.36 (KHTML, like Gecko; compatible; GPTBot/1.2; +https://openai.com/gptbot)"
74.7.227.27 - - [08/Nov/2025:13:41:05 +0100] "GET /?fileloc=//usr/lib64/python2.7/test/test_winsound.pyo&path=//usr/lib64/python2.7/test HTTP/2.0" 200 18142 "-" "Mozilla/5.0 AppleWebKit/537.36 (KHTML, like Gecko; compatible; GPTBot/1.2; +https://openai.com/gptbot)"
74.7.227.168 - - [08/Nov/2025:13:41:06 +0100] "GET /?fileloc=//usr/lib64/python2.7/test/test_bisect.pyo&path=//usr/lib64/python2.7/test HTTP/2.0" 200 31498 "-" "Mozilla/5.0 AppleWebKit/537.36 (KHTML, like Gecko; compatible; GPTBot/1.2; +https://openai.com/gptbot)"
216.73.216.214 - - [08/Nov/2025:13:41:06 +0100] "GET /kasyno-internetowe-z-bonusem-bez-depozytu-35?fileloc=%2F%2Fopt%2Fcpanel%2Fea-openssl11%2Fshare%2Fdoc%2Fopenssl%2Fhtml%2Fman3%2FUI_set_result_ex.html&path=%2F%2Fopt%2Fcpanel%2Fea-openssl11%2Fshare%2Fdoc%2Fopenssl%2Fhtml%2Fman3 HTTP/2.0" 200 23699 "-" "Mozilla/5.0 AppleWebKit/537.36 (KHTML, like Gecko; compatible; ClaudeBot/1.0; +claudebot@anthropic.com)"
66.249.69.135 - - [08/Nov/2025:13:41:06 +0100] "GET /69747550?detail=0069557870 HTTP/1.1" 200 202458 "-" "Mozilla/5.0 (Linux; Android 6.0.1; Nexus 5X Build/MMB29P) AppleWebKit/537.36 (KHTML, like Gecko) Chrome/141.0.7390.122 Mobile Safari/537.36 (compatible; Googlebot/2.1; +http://www.google.com/bot.html)"
37.187.226.30 - - [08/Nov/2025:13:41:07 +0100] "GET /powerlessness-is-not-weakness-marr-treatment/?fileloc=/home/opal/public_html/wp-includes/images/spinner.gif&path=/home/opal/public_html/wp-includes/images HTTP/1.1" 200 18780 "-" "Mozilla/5.0 (compatible; MJ12bot/v1.4.8; http://mj12bot.com/)"
74.7.227.204 - - [08/Nov/2025:13:41:08 +0100] "GET /795792532?detail=0793624526 HTTP/2.0" 200 77831 "-" "Mozilla/5.0 AppleWebKit/537.36 (KHTML, like Gecko; compatible; GPTBot/1.2; +https://openai.com/gptbot)"
74.7.227.163 - - [08/Nov/2025:13:41:08 +0100] "GET /?path=//proc/742680/root/proc/self/root/etc/pki/tls/certs HTTP/2.0" 200 17994 "-" "Mozilla/5.0 AppleWebKit/537.36 (KHTML, like Gecko; compatible; GPTBot/1.2; +https://openai.com/gptbot)"
74.7.227.27 - - [08/Nov/2025:13:41:09 +0100] "GET /?fileloc=//usr/lib64/python2.7/test/test_wsgiref.pyo&path=//usr/lib64/python2.7/test HTTP/2.0" 200 40356 "-" "Mozilla/5.0 AppleWebKit/537.36 (KHTML, like Gecko; compatible; GPTBot/1.2; +https://openai.com/gptbot)"
74.7.227.59 - - [08/Nov/2025:13:41:09 +0100] "GET /?path=//lib/modules/4.18.0-553.8.1.lve.el8.x86_64/kernel/sound/soc/amd HTTP/2.0" 200 19183 "-" "Mozilla/5.0 AppleWebKit/537.36 (KHTML, like Gecko; compatible; GPTBot/1.2; +https://openai.com/gptbot)"
216.73.216.214 - - [08/Nov/2025:13:41:10 +0100] "GET /2025-samye-perspektivnye-ploshhadki-dlja-443?fileloc=%2Fhome%2Fopal%2Fpublic_html%2Fwp-content%2Fuploads%2Funlimited_elements_cache%2Fpost_carousel.zip&path=%2Fhome%2Fopal%2Fpublic_html%2Fwp-content%2Fuploads%2Funlimited_elements_cache HTTP/2.0" 200 172182 "-" "Mozilla/5.0 AppleWebKit/537.36 (KHTML, like Gecko; compatible; ClaudeBot/1.0; +claudebot@anthropic.com)"
66.249.75.163 - - [08/Nov/2025:13:41:10 +0100] "GET /breath187016562.html HTTP/1.1" 200 199532 "-" "Mozilla/5.0 (Linux; Android 6.0.1; Nexus 5X Build/MMB29P) AppleWebKit/537.36 (KHTML, like Gecko) Chrome/141.0.7390.122 Mobile Safari/537.36 (compatible; Googlebot/2.1; +http://www.google.com/bot.html)"
74.7.227.204 - - [08/Nov/2025:13:41:11 +0100] "GET /304395511?detail=0303566462 HTTP/2.0" 200 75282 "-" "Mozilla/5.0 AppleWebKit/537.36 (KHTML, like Gecko; compatible; GPTBot/1.2; +https://openai.com/gptbot)"
74.7.227.163 - - [08/Nov/2025:13:41:11 +0100] "GET /?path=//proc/742680/root/proc/self/root/opt/alt/redis/var/lib HTTP/2.0" 200 14704 "-" "Mozilla/5.0 AppleWebKit/537.36 (KHTML, like Gecko; compatible; GPTBot/1.2; +https://openai.com/gptbot)"
74.7.227.27 - - [08/Nov/2025:13:41:12 +0100] "GET /?fileloc=//usr/lib64/python2.7/test/test_winsound.pyc&path=//usr/lib64/python2.7/test HTTP/2.0" 200 18142 "-" "Mozilla/5.0 AppleWebKit/537.36 (KHTML, like Gecko; compatible; GPTBot/1.2; +https://openai.com/gptbot)"
37.187.226.30 - - [08/Nov/2025:13:41:12 +0100] "GET /powerlessness-is-not-weakness-marr-treatment/?fileloc=/home/opal/public_html/wp-includes/images/toggle-arrow-2x.png&path=/home/opal/public_html/wp-includes/images HTTP/1.1" 200 13192 "-" "Mozilla/5.0 (compatible; MJ12bot/v1.4.8; http://mj12bot.com/)"
74.7.227.168 - - [08/Nov/2025:13:41:12 +0100] "GET /?fileloc=//usr/lib64/python2.7/test/test_inspect.pyo&path=//usr/lib64/python2.7/test HTTP/2.0" 200 57470 "-" "Mozilla/5.0 AppleWebKit/537.36 (KHTML, like Gecko; compatible; GPTBot/1.2; +https://openai.com/gptbot)"
216.73.216.214 - - [08/Nov/2025:13:41:13 +0100] "GET /kasyno-internetowe-z-bonusem-bez-depozytu-35?fileloc=%2F%2Flib64%2Fpython2.7%2Fidlelib%2FGrepDialog.py&path=%2F%2Flib64%2Fpython2.7%2Fidlelib HTTP/2.0" 200 17811 "-" "Mozilla/5.0 AppleWebKit/537.36 (KHTML, like Gecko; compatible; ClaudeBot/1.0; +claudebot@anthropic.com)"
74.7.227.59 - - [08/Nov/2025:13:41:13 +0100] "GET /?path=//lib/modules/4.18.0-553.8.1.lve.el8.x86_64/kernel/sound/pci/pcxhr HTTP/2.0" 200 14781 "-" "Mozilla/5.0 AppleWebKit/537.36 (KHTML, like Gecko; compatible; GPTBot/1.2; +https://openai.com/gptbot)"
74.7.227.204 - - [08/Nov/2025:13:41:14 +0100] "GET /304471862?detail=0303642606 HTTP/2.0" 200 75282 "-" "Mozilla/5.0 AppleWebKit/537.36 (KHTML, like Gecko; compatible; GPTBot/1.2; +https://openai.com/gptbot)"
74.7.227.163 - - [08/Nov/2025:13:41:14 +0100] "GET /?path=//proc/742680/root/proc/self/root/opt/alt/redis/var/log HTTP/2.0" 200 14704 "-" "Mozilla/5.0 AppleWebKit/537.36 (KHTML, like Gecko; compatible; GPTBot/1.2; +https://openai.com/gptbot)"
74.7.227.27 - - [08/Nov/2025:13:41:14 +0100] "GET /?fileloc=//usr/lib64/python2.7/test/test_pkgutil.py&path=//usr/lib64/python2.7/test HTTP/2.0" 200 17443 "-" "Mozilla/5.0 AppleWebKit/537.36 (KHTML, like Gecko; compatible; GPTBot/1.2; +https://openai.com/gptbot)"
37.187.226.30 - - [08/Nov/2025:13:41:16 +0100] "GET /powerlessness-is-not-weakness-marr-treatment/?fileloc=/home/opal/public_html/wp-includes/images/toggle-arrow.png&path=/home/opal/public_html/wp-includes/images HTTP/1.1" 200 13064 "-" "Mozilla/5.0 (compatible; MJ12bot/v1.4.8; http://mj12bot.com/)"
216.73.216.214 - - [08/Nov/2025:13:41:16 +0100] "GET /kasyno-internetowe-z-bonusem-bez-depozytu-35?fileloc=%2F%2Fopt%2Fcpanel%2Fea-openssl11%2Fshare%2Fdoc%2Fopenssl%2Fhtml%2Fman3%2FX509_get_extension_flags.html&path=%2F%2Fopt%2Fcpanel%2Fea-openssl11%2Fshare%2Fdoc%2Fopenssl%2Fhtml%2Fman3 HTTP/2.0" 200 24341 "-" "Mozilla/5.0 AppleWebKit/537.36 (KHTML, like Gecko; compatible; ClaudeBot/1.0; +claudebot@anthropic.com)"
74.7.227.204 - - [08/Nov/2025:13:41:17 +0100] "GET /795633747?detail=0793466174 HTTP/2.0" 200 75282 "-" "Mozilla/5.0 AppleWebKit/537.36 (KHTML, like Gecko; compatible; GPTBot/1.2; +https://openai.com/gptbot)"
74.7.227.163 - - [08/Nov/2025:13:41:17 +0100] "GET /?path=//proc/742680/root/proc/self/root/usr/lib/debug/opt/cpanel HTTP/2.0" 200 14731 "-" "Mozilla/5.0 AppleWebKit/537.36 (KHTML, like Gecko; compatible; GPTBot/1.2; +https://openai.com/gptbot)"
66.249.75.162 - - [08/Nov/2025:13:41:18 +0100] "GET /finally004009825.html HTTP/1.1" 200 198570 "-" "Mozilla/5.0 (Linux; Android 6.0.1; Nexus 5X Build/MMB29P) AppleWebKit/537.36 (KHTML, like Gecko) Chrome/141.0.7390.122 Mobile Safari/537.36 (compatible; Googlebot/2.1; +http://www.google.com/bot.html)"
74.7.227.59 - - [08/Nov/2025:13:41:18 +0100] "GET /?path=//lib/modules/4.18.0-553.8.1.lve.el8.x86_64/kernel/sound/pci/hda HTTP/2.0" 200 45219 "-" "Mozilla/5.0 AppleWebKit/537.36 (KHTML, like Gecko; compatible; GPTBot/1.2; +https://openai.com/gptbot)"
74.7.227.27 - - [08/Nov/2025:13:41:18 +0100] "GET /?fileloc=//usr/lib64/python2.7/test/test_zipfile.pyc&path=//usr/lib64/python2.7/test HTTP/2.0" 200 89326 "-" "Mozilla/5.0 AppleWebKit/537.36 (KHTML, like Gecko; compatible; GPTBot/1.2; +https://openai.com/gptbot)"
74.7.227.168 - - [08/Nov/2025:13:41:19 +0100] "GET /?fileloc=//lib64/python2.7/bsddb/test/test_fileid.pyo&path=//lib64/python2.7/bsddb/test HTTP/2.0" 200 14956 "-" "Mozilla/5.0 AppleWebKit/537.36 (KHTML, like Gecko; compatible; GPTBot/1.2; +https://openai.com/gptbot)"
57.141.0.15 - - [08/Nov/2025:13:41:19 +0100] "GET /deseando-brecha-casino-ladbrokes-en-linea-attila-experimentar-gratuito-coyote-moon-de-igt-hazlo-ahora/?fileloc=/home/opal/public_html/wp-cron.php&path=/home/opal/public_html HTTP/2.0" 200 18310 "-" "meta-externalagent/1.1 (+https://developers.facebook.com/docs/sharing/webmasters/crawler)"
216.73.216.214 - - [08/Nov/2025:13:41:18 +0100] "GET /2025-samye-perspektivnye-ploshhadki-dlja-443?fileloc=%2F%2Flib%2Ffirmware%2Fqat_402xx_mmp.bin&path=%2F%2Flib%2Ffirmware HTTP/2.0" 200 227462 "-" "Mozilla/5.0 AppleWebKit/537.36 (KHTML, like Gecko; compatible; ClaudeBot/1.0; +claudebot@anthropic.com)"
74.7.227.204 - - [08/Nov/2025:13:41:19 +0100] "GET /795669796?detail=0793502126 HTTP/2.0" 200 75282 "-" "Mozilla/5.0 AppleWebKit/537.36 (KHTML, like Gecko; compatible; GPTBot/1.2; +https://openai.com/gptbot)"
74.7.227.163 - - [08/Nov/2025:13:41:20 +0100] "GET /?path=//proc/742680/root/proc/thread-self/root/etc/motd.d HTTP/2.0" 200 13069 "-" "Mozilla/5.0 AppleWebKit/537.36 (KHTML, like Gecko; compatible; GPTBot/1.2; +https://openai.com/gptbot)"
37.187.226.30 - - [08/Nov/2025:13:41:20 +0100] "GET /powerlessness-is-not-weakness-marr-treatment/?fileloc=/home/opal/public_html/wp-includes/images/uploader-icons-2x.png&path=/home/opal/public_html/wp-includes/images HTTP/1.1" 200 19144 "-" "Mozilla/5.0 (compatible; MJ12bot/v1.4.8; http://mj12bot.com/)"
74.7.227.59 - - [08/Nov/2025:13:41:21 +0100] "GET /?path=//lib/modules/4.18.0-553.8.1.lve.el8.x86_64/kernel/sound/hda/ext HTTP/2.0" 200 14796 "-" "Mozilla/5.0 AppleWebKit/537.36 (KHTML, like Gecko; compatible; GPTBot/1.2; +https://openai.com/gptbot)"
74.7.227.27 - - [08/Nov/2025:13:41:21 +0100] "GET /?fileloc=//usr/lib64/python2.7/test/test_imgfile.pyo&path=//usr/lib64/python2.7/test HTTP/2.0" 200 15025 "-" "Mozilla/5.0 AppleWebKit/537.36 (KHTML, like Gecko; compatible; GPTBot/1.2; +https://openai.com/gptbot)"
216.73.216.214 - - [08/Nov/2025:13:41:23 +0100] "GET /2025-samye-perspektivnye-ploshhadki-dlja-443?fileloc=%2F%2Flib64%2Fliborc-test-0.4.so.0&path=%2F%2Flib64 HTTP/2.0" 200 57121 "-" "Mozilla/5.0 AppleWebKit/537.36 (KHTML, like Gecko; compatible; ClaudeBot/1.0; +claudebot@anthropic.com)"
66.249.75.162 - - [08/Nov/2025:13:41:23 +0100] "GET /bean284026035.html HTTP/1.1" 200 203238 "-" "Mozilla/5.0 (Linux; Android 6.0.1; Nexus 5X Build/MMB29P) AppleWebKit/537.36 (KHTML, like Gecko) Chrome/141.0.7390.122 Mobile Safari/537.36 (compatible; Googlebot/2.1; +http://www.google.com/bot.html)"
74.7.227.204 - - [08/Nov/2025:13:41:23 +0100] "GET /795602077?detail=0793434590 HTTP/2.0" 200 77831 "-" "Mozilla/5.0 AppleWebKit/537.36 (KHTML, like Gecko; compatible; GPTBot/1.2; +https://openai.com/gptbot)"
74.7.227.168 - - [08/Nov/2025:13:41:23 +0100] "GET /?fileloc=//usr/lib64/python2.7/test/autotest.pyo&path=//usr/lib64/python2.7/test HTTP/2.0" 200 12619 "-" "Mozilla/5.0 AppleWebKit/537.36 (KHTML, like Gecko; compatible; GPTBot/1.2; +https://openai.com/gptbot)"
74.7.227.163 - - [08/Nov/2025:13:41:24 +0100] "GET /?path=//proc/742680/root/proc/self/root/etc/cl.nodejs HTTP/2.0" 200 16179 "-" "Mozilla/5.0 AppleWebKit/537.36 (KHTML, like Gecko; compatible; GPTBot/1.2; +https://openai.com/gptbot)"
74.7.227.27 - - [08/Nov/2025:13:41:25 +0100] "GET /?fileloc=//usr/lib64/python2.7/test/test_bigmem.pyo&path=//usr/lib64/python2.7/test HTTP/2.0" 200 54011 "-" "Mozilla/5.0 AppleWebKit/537.36 (KHTML, like Gecko; compatible; GPTBot/1.2; +https://openai.com/gptbot)"
74.7.227.59 - - [08/Nov/2025:13:41:25 +0100] "GET /?path=//lib/modules/4.18.0-553.8.1.lve.el8.x86_64/kernel/sound/usb/misc HTTP/2.0" 200 14775 "-" "Mozilla/5.0 AppleWebKit/537.36 (KHTML, like Gecko; compatible; GPTBot/1.2; +https://openai.com/gptbot)"
37.187.226.30 - - [08/Nov/2025:13:41:26 +0100] "GET /powerlessness-is-not-weakness-marr-treatment/?fileloc=/home/opal/public_html/wp-includes/images/uploader-icons.png&path=/home/opal/public_html/wp-includes/images HTTP/1.1" 200 15362 "-" "Mozilla/5.0 (compatible; MJ12bot/v1.4.8; http://mj12bot.com/)"
66.249.75.162 - - [08/Nov/2025:13:41:26 +0100] "GET /mirror179040960.html HTTP/1.1" 200 202414 "-" "Mozilla/5.0 (Linux; Android 6.0.1; Nexus 5X Build/MMB29P) AppleWebKit/537.36 (KHTML, like Gecko) Chrome/141.0.7390.122 Mobile Safari/537.36 (compatible; Googlebot/2.1; +http://www.google.com/bot.html)"
216.73.216.214 - - [08/Nov/2025:13:41:26 +0100] "GET /2025-samye-perspektivnye-ploshhadki-dlja-443?fileloc=%2F%2Flib%2Ffirmware%2Fi915%2Fdg2_guc_70.bin&path=%2F%2Flib%2Ffirmware%2Fi915 HTTP/2.0" 200 560627 "-" "Mozilla/5.0 AppleWebKit/537.36 (KHTML, like Gecko; compatible; ClaudeBot/1.0; +claudebot@anthropic.com)"
74.7.227.204 - - [08/Nov/2025:13:41:26 +0100] "GET /304542311?detail=0303712862 HTTP/2.0" 200 77831 "-" "Mozilla/5.0 AppleWebKit/537.36 (KHTML, like Gecko; compatible; GPTBot/1.2; +https://openai.com/gptbot)"
74.7.227.163 - - [08/Nov/2025:13:41:28 +0100] "GET /?path=//proc/742680/root/proc/self/root/usr/local/lib HTTP/2.0" 200 14534 "-" "Mozilla/5.0 AppleWebKit/537.36 (KHTML, like Gecko; compatible; GPTBot/1.2; +https://openai.com/gptbot)"
74.7.227.27 - - [08/Nov/2025:13:41:28 +0100] "GET /?fileloc=//usr/lib64/python2.7/test/test_imgfile.pyc&path=//usr/lib64/python2.7/test HTTP/2.0" 200 15025 "-" "Mozilla/5.0 AppleWebKit/537.36 (KHTML, like Gecko; compatible; GPTBot/1.2; +https://openai.com/gptbot)"
74.7.227.59 - - [08/Nov/2025:13:41:29 +0100] "GET /?path=//lib/modules/4.18.0-553.8.1.lve.el8.x86_64/kernel/sound/soc/amd/yc HTTP/2.0" 200 18270 "-" "Mozilla/5.0 AppleWebKit/537.36 (KHTML, like Gecko; compatible; GPTBot/1.2; +https://openai.com/gptbot)"
66.249.75.163 - - [08/Nov/2025:13:41:30 +0100] "GET /diminish145021172.html HTTP/1.1" 200 553833 "-" "Mozilla/5.0 (Linux; Android 6.0.1; Nexus 5X Build/MMB29P) AppleWebKit/537.36 (KHTML, like Gecko) Chrome/141.0.7390.122 Mobile Safari/537.36 (compatible; Googlebot/2.1; +http://www.google.com/bot.html)"
74.7.227.168 - - [08/Nov/2025:13:41:29 +0100] "GET /?fileloc=//usr/lib64/python2.7/test/test_userlist.py&path=//usr/lib64/python2.7/test HTTP/2.0" 200 14421 "-" "Mozilla/5.0 AppleWebKit/537.36 (KHTML, like Gecko; compatible; GPTBot/1.2; +https://openai.com/gptbot)"
74.7.227.204 - - [08/Nov/2025:13:41:29 +0100] "GET /795803103?detail=0793635070 HTTP/2.0" 200 75282 "-" "Mozilla/5.0 AppleWebKit/537.36 (KHTML, like Gecko; compatible; GPTBot/1.2; +https://openai.com/gptbot)"
74.7.227.163 - - [08/Nov/2025:13:41:30 +0100] "GET /?path=//proc/742680/root/proc/self/root/opt/alt/redis/var/lib/redis HTTP/2.0" 200 13346 "-" "Mozilla/5.0 AppleWebKit/537.36 (KHTML, like Gecko; compatible; GPTBot/1.2; +https://openai.com/gptbot)"
74.7.227.27 - - [08/Nov/2025:13:41:30 +0100] "GET /?fileloc=//usr/lib64/python2.7/test/test_traceback.pyc&path=//usr/lib64/python2.7/test HTTP/2.0" 200 23339 "-" "Mozilla/5.0 AppleWebKit/537.36 (KHTML, like Gecko; compatible; GPTBot/1.2; +https://openai.com/gptbot)"
37.187.226.30 - - [08/Nov/2025:13:41:30 +0100] "GET /powerlessness-is-not-weakness-marr-treatment/?fileloc=/home/opal/public_html/wp-includes/images/w-ebdbadadaaaf.gif&path=/home/opal/public_html/wp-includes/images HTTP/1.1" 200 71394 "-" "Mozilla/5.0 (compatible; MJ12bot/v1.4.8; http://mj12bot.com/)"
216.73.216.214 - - [08/Nov/2025:13:41:30 +0100] "GET /2025-samye-perspektivnye-ploshhadki-dlja-443?fileloc=%2F%2Flib%2F.build-id%2F0c%2F94fcdecde85b1b0d81f24dfe1fd083f612882d&path=%2F%2Flib%2F.build-id%2F0c HTTP/2.0" 200 32974 "-" "Mozilla/5.0 AppleWebKit/537.36 (KHTML, like Gecko; compatible; ClaudeBot/1.0; +claudebot@anthropic.com)"
74.7.227.59 - - [08/Nov/2025:13:41:32 +0100] "GET /?path=//lib/modules/4.18.0-553.8.1.lve.el8.x86_64/kernel/sound/pci/ctxfi HTTP/2.0" 200 14781 "-" "Mozilla/5.0 AppleWebKit/537.36 (KHTML, like Gecko; compatible; GPTBot/1.2; +https://openai.com/gptbot)"
74.7.227.204 - - [08/Nov/2025:13:41:32 +0100] "GET /795721763?detail=0793553950 HTTP/2.0" 200 75282 "-" "Mozilla/5.0 AppleWebKit/537.36 (KHTML, like Gecko; compatible; GPTBot/1.2; +https://openai.com/gptbot)"
74.7.227.163 - - [08/Nov/2025:13:41:32 +0100] "GET /?path=//proc/742680/root/proc/self/root/opt/alt/redis/var/log/redis HTTP/2.0" 200 15895 "-" "Mozilla/5.0 AppleWebKit/537.36 (KHTML, like Gecko; compatible; GPTBot/1.2; +https://openai.com/gptbot)"
66.249.75.162 - - [08/Nov/2025:13:41:33 +0100] "GET /seek018005405.html HTTP/1.1" 200 200383 "-" "Mozilla/5.0 (Linux; Android 6.0.1; Nexus 5X Build/MMB29P) AppleWebKit/537.36 (KHTML, like Gecko) Chrome/141.0.7390.122 Mobile Safari/537.36 (compatible; Googlebot/2.1; +http://www.google.com/bot.html)"
74.7.227.168 - - [08/Nov/2025:13:41:33 +0100] "GET /?path=//proc/54274/root/proc/self/root/opt/alt/python37/etc/mariadb1011 HTTP/2.0" 200 13275 "-" "Mozilla/5.0 AppleWebKit/537.36 (KHTML, like Gecko; compatible; GPTBot/1.2; +https://openai.com/gptbot)"
74.7.227.27 - - [08/Nov/2025:13:41:34 +0100] "GET /?fileloc=//usr/lib64/python2.7/test/double_const.pyc&path=//usr/lib64/python2.7/test HTTP/2.0" 200 13200 "-" "Mozilla/5.0 AppleWebKit/537.36 (KHTML, like Gecko; compatible; GPTBot/1.2; +https://openai.com/gptbot)"
216.73.216.214 - - [08/Nov/2025:13:41:35 +0100] "GET /2025-samye-perspektivnye-ploshhadki-dlja-443?fileloc=%2F%2Flib%2F.build-id%2Fd4%2F0247d80c43625c4122176fbeb6559f33c1094f&path=%2F%2Flib%2F.build-id%2Fd4 HTTP/2.0" 200 226586 "-" "Mozilla/5.0 AppleWebKit/537.36 (KHTML, like Gecko; compatible; ClaudeBot/1.0; +claudebot@anthropic.com)"
74.7.227.204 - - [08/Nov/2025:13:41:35 +0100] "GET /304383782?detail=0303554766 HTTP/2.0" 200 75282 "-" "Mozilla/5.0 AppleWebKit/537.36 (KHTML, like Gecko; compatible; GPTBot/1.2; +https://openai.com/gptbot)"
74.7.227.59 - - [08/Nov/2025:13:41:35 +0100] "GET /?path=//lib/modules/4.18.0-553.8.1.lve.el8.x86_64/kernel/sound/usb/caiaq HTTP/2.0" 200 14797 "-" "Mozilla/5.0 AppleWebKit/537.36 (KHTML, like Gecko; compatible; GPTBot/1.2; +https://openai.com/gptbot)"
74.7.227.163 - - [08/Nov/2025:13:41:35 +0100] "GET /?path=//proc/742680/root/proc/thread-self/root/lib/rpm/platform/pentium4-linux HTTP/2.0" 200 14899 "-" "Mozilla/5.0 AppleWebKit/537.36 (KHTML, like Gecko; compatible; GPTBot/1.2; +https://openai.com/gptbot)"
37.187.226.30 - - [08/Nov/2025:13:41:35 +0100] "GET /powerlessness-is-not-weakness-marr-treatment/?fileloc=/home/opal/public_html/wp-includes/images/w-logo-blue-white-bg.png&path=/home/opal/public_html/wp-includes/images HTTP/1.1" 200 20081 "-" "Mozilla/5.0 (compatible; MJ12bot/v1.4.8; http://mj12bot.com/)"
74.7.227.27 - - [08/Nov/2025:13:41:37 +0100] "GET /?fileloc=//usr/lib64/python2.7/test/test_codecmaps_jp.pyo&path=//usr/lib64/python2.7/test HTTP/2.0" 200 17688 "-" "Mozilla/5.0 AppleWebKit/537.36 (KHTML, like Gecko; compatible; GPTBot/1.2; +https://openai.com/gptbot)"
66.249.69.134 - - [08/Nov/2025:13:41:36 +0100] "GET /phenomenon091042374.html HTTP/1.1" 200 203529 "-" "Mozilla/5.0 (Linux; Android 6.0.1; Nexus 5X Build/MMB29P) AppleWebKit/537.36 (KHTML, like Gecko) Chrome/141.0.7390.122 Mobile Safari/537.36 (compatible; Googlebot/2.1; +http://www.google.com/bot.html)"
74.7.227.168 - - [08/Nov/2025:13:41:37 +0100] "GET /?fileloc=//usr/lib64/python2.7/test/test_smtpnet.pyo&path=//usr/lib64/python2.7/test HTTP/2.0" 200 13893 "-" "Mozilla/5.0 AppleWebKit/537.36 (KHTML, like Gecko; compatible; GPTBot/1.2; +https://openai.com/gptbot)"
74.7.227.204 - - [08/Nov/2025:13:41:38 +0100] "GET /795539874?detail=0793372558 HTTP/2.0" 200 75282 "-" "Mozilla/5.0 AppleWebKit/537.36 (KHTML, like Gecko; compatible; GPTBot/1.2; +https://openai.com/gptbot)"
74.7.227.163 - - [08/Nov/2025:13:41:39 +0100] "GET /?path=//proc/742680/root/proc/self/root/usr/lib/debug/opt/cpanel/ea-libxml2 HTTP/2.0" 200 16317 "-" "Mozilla/5.0 AppleWebKit/537.36 (KHTML, like Gecko; compatible; GPTBot/1.2; +https://openai.com/gptbot)"
74.7.227.59 - - [08/Nov/2025:13:41:39 +0100] "GET /?path=//lib/modules/4.18.0-553.8.1.lve.el8.x86_64/kernel/sound/core/seq HTTP/2.0" 200 24597 "-" "Mozilla/5.0 AppleWebKit/537.36 (KHTML, like Gecko; compatible; GPTBot/1.2; +https://openai.com/gptbot)"
66.249.75.163 - - [08/Nov/2025:13:41:40 +0100] "GET /pcmypage?callback=/product%2Fdetail%2m55162298702 HTTP/1.1" 200 204010 "-" "Mozilla/5.0 (Linux; Android 6.0.1; Nexus 5X Build/MMB29P) AppleWebKit/537.36 (KHTML, like Gecko) Chrome/141.0.7390.122 Mobile Safari/537.36 (compatible; Googlebot/2.1; +http://www.google.com/bot.html)"
216.73.216.214 - - [08/Nov/2025:13:41:38 +0100] "GET /hoe-kansen-ontstaan-van-natuurkunde-tot-vistechniek?fileloc=%2F%2Flib64%2Flibp11-kit.so.0&path=%2F%2Flib64 HTTP/2.0" 200 1847499 "-" "Mozilla/5.0 AppleWebKit/537.36 (KHTML, like Gecko; compatible; ClaudeBot/1.0; +claudebot@anthropic.com)"
74.7.227.27 - - [08/Nov/2025:13:41:40 +0100] "GET /?fileloc=//usr/lib64/python2.7/test/test_frozen.pyo&path=//usr/lib64/python2.7/test HTTP/2.0" 200 14057 "-" "Mozilla/5.0 AppleWebKit/537.36 (KHTML, like Gecko; compatible; GPTBot/1.2; +https://openai.com/gptbot)"
37.187.226.30 - - [08/Nov/2025:13:41:40 +0100] "GET /powerlessness-is-not-weakness-marr-treatment/?fileloc=/home/opal/public_html/wp-includes/images/w-logo-blue.png&path=/home/opal/public_html/wp-includes/images HTTP/1.1" 200 18105 "-" "Mozilla/5.0 (compatible; MJ12bot/v1.4.8; http://mj12bot.com/)"
74.7.227.163 - - [08/Nov/2025:13:41:41 +0100] "GET /?path=//proc/742680/root/proc/thread-self/root/lib/rpm/platform/armv7hl-linux HTTP/2.0" 200 17443 "-" "Mozilla/5.0 AppleWebKit/537.36 (KHTML, like Gecko; compatible; GPTBot/1.2; +https://openai.com/gptbot)"
74.7.227.204 - - [08/Nov/2025:13:41:41 +0100] "GET /304224628?detail=0303396046 HTTP/2.0" 200 75282 "-" "Mozilla/5.0 AppleWebKit/537.36 (KHTML, like Gecko; compatible; GPTBot/1.2; +https://openai.com/gptbot)"
74.7.227.168 - - [08/Nov/2025:13:41:42 +0100] "GET /?fileloc=//usr/lib64/python2.7/test/curses_tests.py&path=//usr/lib64/python2.7/test HTTP/2.0" 200 13727 "-" "Mozilla/5.0 AppleWebKit/537.36 (KHTML, like Gecko; compatible; GPTBot/1.2; +https://openai.com/gptbot)"
74.7.227.59 - - [08/Nov/2025:13:41:42 +0100] "GET /?path=//lib/modules/4.18.0-553.8.1.lve.el8.x86_64/kernel/sound/pci/lola HTTP/2.0" 200 14770 "-" "Mozilla/5.0 AppleWebKit/537.36 (KHTML, like Gecko; compatible; GPTBot/1.2; +https://openai.com/gptbot)"
74.7.227.27 - - [08/Nov/2025:13:41:43 +0100] "GET /?fileloc=//usr/lib64/python2.7/test/test_generators.pyc&path=//usr/lib64/python2.7/test HTTP/2.0" 200 64201 "-" "Mozilla/5.0 AppleWebKit/537.36 (KHTML, like Gecko; compatible; GPTBot/1.2; +https://openai.com/gptbot)"
66.249.75.163 - - [08/Nov/2025:13:41:43 +0100] "GET /pcmypage?callback=/product%2Fdetail%2m25515452623 HTTP/1.1" 200 204010 "-" "Mozilla/5.0 (Linux; Android 6.0.1; Nexus 5X Build/MMB29P) AppleWebKit/537.36 (KHTML, like Gecko) Chrome/141.0.7390.122 Mobile Safari/537.36 (compatible; Googlebot/2.1; +http://www.google.com/bot.html)"
216.73.216.214 - - [08/Nov/2025:13:41:43 +0100] "GET /2025-samye-perspektivnye-ploshhadki-dlja-443?fileloc=%2F%2Flib64%2Flibresolv.so.2&path=%2F%2Flib64 HTTP/2.0" 200 153506 "-" "Mozilla/5.0 AppleWebKit/537.36 (KHTML, like Gecko; compatible; ClaudeBot/1.0; +claudebot@anthropic.com)"
74.7.227.163 - - [08/Nov/2025:13:41:45 +0100] "GET /?path=//proc/742680/root/proc/thread-self/root/lib/rpm/platform/armv6hl-linux HTTP/2.0" 200 14894 "-" "Mozilla/5.0 AppleWebKit/537.36 (KHTML, like Gecko; compatible; GPTBot/1.2; +https://openai.com/gptbot)"
37.187.226.30 - - [08/Nov/2025:13:41:45 +0100] "GET /powerlessness-is-not-weakness-marr-treatment/?fileloc=/home/opal/public_html/wp-includes/images/wpicons-2x.png&path=/home/opal/public_html/wp-includes/images HTTP/1.1" 200 40187 "-" "Mozilla/5.0 (compatible; MJ12bot/v1.4.8; http://mj12bot.com/)"
74.7.227.204 - - [08/Nov/2025:13:41:45 +0100] "GET /795571433?detail=0793404030 HTTP/2.0" 200 75282 "-" "Mozilla/5.0 AppleWebKit/537.36 (KHTML, like Gecko; compatible; GPTBot/1.2; +https://openai.com/gptbot)"
74.7.227.27 - - [08/Nov/2025:13:41:46 +0100] "GET /?fileloc=//usr/lib64/python2.7/test/test_ossaudiodev.py&path=//usr/lib64/python2.7/test HTTP/2.0" 200 18768 "-" "Mozilla/5.0 AppleWebKit/537.36 (KHTML, like Gecko; compatible; GPTBot/1.2; +https://openai.com/gptbot)"
74.7.227.59 - - [08/Nov/2025:13:41:46 +0100] "GET /?path=//lib/modules/4.18.0-553.8.1.lve.el8.x86_64/kernel/sound/soc/intel/avs HTTP/2.0" 200 14900 "-" "Mozilla/5.0 AppleWebKit/537.36 (KHTML, like Gecko; compatible; GPTBot/1.2; +https://openai.com/gptbot)"
74.7.227.163 - - [08/Nov/2025:13:41:47 +0100] "GET /?path=//proc/742680/root/proc/sys/net/ipv6/conf/all HTTP/2.0" 200 91762 "-" "Mozilla/5.0 AppleWebKit/537.36 (KHTML, like Gecko; compatible; GPTBot/1.2; +https://openai.com/gptbot)"
74.7.227.168 - - [08/Nov/2025:13:41:47 +0100] "GET /?fileloc=//lib64/python2.7/bsddb/test/test_all.pyc&path=//lib64/python2.7/bsddb/test HTTP/2.0" 200 38266 "-" "Mozilla/5.0 AppleWebKit/537.36 (KHTML, like Gecko; compatible; GPTBot/1.2; +https://openai.com/gptbot)"
216.73.216.214 - - [08/Nov/2025:13:41:48 +0100] "GET /kasyno-internetowe-z-bonusem-bez-depozytu-35?fileloc=%2F%2Flib64%2Fgconv%2FEUC-JP.so&path=%2F%2Flib64%2Fgconv HTTP/2.0" 200 34864 "-" "Mozilla/5.0 AppleWebKit/537.36 (KHTML, like Gecko; compatible; ClaudeBot/1.0; +claudebot@anthropic.com)"
74.7.227.204 - - [08/Nov/2025:13:41:49 +0100] "GET /304471719?detail=0303642462 HTTP/2.0" 200 75282 "-" "Mozilla/5.0 AppleWebKit/537.36 (KHTML, like Gecko; compatible; GPTBot/1.2; +https://openai.com/gptbot)"
74.7.227.27 - - [08/Nov/2025:13:41:49 +0100] "GET /?fileloc=//usr/lib64/python2.7/test/test_xdrlib.pyc&path=//usr/lib64/python2.7/test HTTP/2.0" 200 16225 "-" "Mozilla/5.0 AppleWebKit/537.36 (KHTML, like Gecko; compatible; GPTBot/1.2; +https://openai.com/gptbot)"
74.7.227.59 - - [08/Nov/2025:13:41:50 +0100] "GET /?path=//lib/modules/4.18.0-553.8.1.lve.el8.x86_64/kernel/sound/soc/intel/skylake HTTP/2.0" 200 19199 "-" "Mozilla/5.0 AppleWebKit/537.36 (KHTML, like Gecko; compatible; GPTBot/1.2; +https://openai.com/gptbot)"
37.187.226.30 - - [08/Nov/2025:13:41:49 +0100] "GET /powerlessness-is-not-weakness-marr-treatment/?fileloc=/home/opal/public_html/wp-includes/images/wpicons.png&path=/home/opal/public_html/wp-includes/images HTTP/1.1" 200 25528 "-" "Mozilla/5.0 (compatible; MJ12bot/v1.4.8; http://mj12bot.com/)"
74.7.227.163 - - [08/Nov/2025:13:41:50 +0100] "GET /?path=//proc/742680/root/proc/sys/net/ipv6/neigh/lo HTTP/2.0" 200 38083 "-" "Mozilla/5.0 AppleWebKit/537.36 (KHTML, like Gecko; compatible; GPTBot/1.2; +https://openai.com/gptbot)"
66.249.69.133 - - [08/Nov/2025:13:41:51 +0100] "GET /cheat252001101.html HTTP/1.1" 200 204240 "-" "Mozilla/5.0 (Linux; Android 6.0.1; Nexus 5X Build/MMB29P) AppleWebKit/537.36 (KHTML, like Gecko) Chrome/141.0.7390.122 Mobile Safari/537.36 (compatible; Googlebot/2.1; +http://www.google.com/bot.html)"
216.73.216.214 - - [08/Nov/2025:13:41:51 +0100] "GET /kasyno-internetowe-z-bonusem-bez-depozytu-35?fileloc=%2F%2Flib%2Fgrub%2Fi386-pc%2Fgeli.mod&path=%2F%2Flib%2Fgrub%2Fi386-pc HTTP/2.0" 200 23242 "-" "Mozilla/5.0 AppleWebKit/537.36 (KHTML, like Gecko; compatible; ClaudeBot/1.0; +claudebot@anthropic.com)"
74.7.227.168 - - [08/Nov/2025:13:41:52 +0100] "GET /?fileloc=//usr/lib64/python2.7/test/test_regrtest.pyo&path=//usr/lib64/python2.7/test HTTP/2.0" 200 44994 "-" "Mozilla/5.0 AppleWebKit/537.36 (KHTML, like Gecko; compatible; GPTBot/1.2; +https://openai.com/gptbot)"
74.7.227.204 - - [08/Nov/2025:13:41:52 +0100] "GET /795532543?detail=0793365246 HTTP/2.0" 200 75282 "-" "Mozilla/5.0 AppleWebKit/537.36 (KHTML, like Gecko; compatible; GPTBot/1.2; +https://openai.com/gptbot)"
74.7.227.27 - - [08/Nov/2025:13:41:52 +0100] "GET /?fileloc=//usr/lib64/python2.7/test/test_xmlrpc.pyc&path=//usr/lib64/python2.7/test HTTP/2.0" 200 62185 "-" "Mozilla/5.0 AppleWebKit/537.36 (KHTML, like Gecko; compatible; GPTBot/1.2; +https://openai.com/gptbot)"
74.7.227.163 - - [08/Nov/2025:13:41:53 +0100] "GET /?path=//proc/742680/root/proc/sys/net/ipv4/neigh/lo HTTP/2.0" 200 40632 "-" "Mozilla/5.0 AppleWebKit/537.36 (KHTML, like Gecko; compatible; GPTBot/1.2; +https://openai.com/gptbot)"
74.7.227.59 - - [08/Nov/2025:13:41:54 +0100] "GET /?path=//lib/modules/4.18.0-553.8.1.lve.el8.x86_64/kernel/sound/pci/trident HTTP/2.0" 200 14801 "-" "Mozilla/5.0 AppleWebKit/537.36 (KHTML, like Gecko; compatible; GPTBot/1.2; +https://openai.com/gptbot)"
37.187.226.30 - - [08/Nov/2025:13:41:54 +0100] "GET /powerlessness-is-not-weakness-marr-treatment/?fileloc=/home/opal/public_html/wp-includes/images/wpspin-1x.gif&path=/home/opal/public_html/wp-includes/images HTTP/1.1" 200 39769 "-" "Mozilla/5.0 (compatible; MJ12bot/v1.4.8; http://mj12bot.com/)"
216.73.216.214 - - [08/Nov/2025:13:41:55 +0100] "GET /kasyno-internetowe-z-bonusem-bez-depozytu-35?fileloc=%2F%2Flib%2F.build-id%2F53%2F248e33b4383573a1e50f04ddf65000bcead443&path=%2F%2Flib%2F.build-id%2F53 HTTP/2.0" 200 28089 "-" "Mozilla/5.0 AppleWebKit/537.36 (KHTML, like Gecko; compatible; ClaudeBot/1.0; +claudebot@anthropic.com)"
74.7.227.204 - - [08/Nov/2025:13:41:55 +0100] "GET /795763236?detail=0793595310 HTTP/2.0" 200 75282 "-" "Mozilla/5.0 AppleWebKit/537.36 (KHTML, like Gecko; compatible; GPTBot/1.2; +https://openai.com/gptbot)"
74.7.227.27 - - [08/Nov/2025:13:41:56 +0100] "GET /?fileloc=//usr/lib64/python2.7/test/test_module.pyc&path=//usr/lib64/python2.7/test HTTP/2.0" 200 15908 "-" "Mozilla/5.0 AppleWebKit/537.36 (KHTML, like Gecko; compatible; GPTBot/1.2; +https://openai.com/gptbot)"
74.7.227.163 - - [08/Nov/2025:13:41:57 +0100] "GET /?path=//proc/742680/root/proc/sys/net/ipv4/conf/all HTTP/2.0" 200 65747 "-" "Mozilla/5.0 AppleWebKit/537.36 (KHTML, like Gecko; compatible; GPTBot/1.2; +https://openai.com/gptbot)"
74.7.227.168 - - [08/Nov/2025:13:41:57 +0100] "GET /?path=//proc/54274/root/proc/self/root/opt/alt/python38/etc/mariadb1011 HTTP/2.0" 200 13275 "-" "Mozilla/5.0 AppleWebKit/537.36 (KHTML, like Gecko; compatible; GPTBot/1.2; +https://openai.com/gptbot)"
74.7.227.59 - - [08/Nov/2025:13:41:58 +0100] "GET /?path=//lib/modules/4.18.0-553.8.1.lve.el8.x86_64/kernel/sound/usb/hiface HTTP/2.0" 200 17354 "-" "Mozilla/5.0 AppleWebKit/537.36 (KHTML, like Gecko; compatible; GPTBot/1.2; +https://openai.com/gptbot)"
216.73.216.214 - - [08/Nov/2025:13:41:59 +0100] "GET /2025-samye-perspektivnye-ploshhadki-dlja-443?fileloc=%2F%2Flib%2Flocale%2Fen_GB%2FLC_MEASUREMENT&path=%2F%2Flib%2Flocale%2Fen_GB HTTP/2.0" 200 12368 "-" "Mozilla/5.0 AppleWebKit/537.36 (KHTML, like Gecko; compatible; ClaudeBot/1.0; +claudebot@anthropic.com)"
74.7.227.204 - - [08/Nov/2025:13:41:59 +0100] "GET /304271461?detail=0303442750 HTTP/2.0" 200 75282 "-" "Mozilla/5.0 AppleWebKit/537.36 (KHTML, like Gecko; compatible; GPTBot/1.2; +https://openai.com/gptbot)"
37.187.226.30 - - [08/Nov/2025:13:41:59 +0100] "GET /powerlessness-is-not-weakness-marr-treatment/?fileloc=/home/opal/public_html/wp-includes/images/wpspin-2x.gif&path=/home/opal/public_html/wp-includes/images HTTP/1.1" 200 30185 "-" "Mozilla/5.0 (compatible; MJ12bot/v1.4.8; http://mj12bot.com/)"
74.7.227.163 - - [08/Nov/2025:13:42:00 +0100] "GET /?path=//proc/742680/root/proc/self/root/lib64/mysqlrouter HTTP/2.0" 200 40074 "-" "Mozilla/5.0 AppleWebKit/537.36 (KHTML, like Gecko; compatible; GPTBot/1.2; +https://openai.com/gptbot)"
74.7.227.27 - - [08/Nov/2025:13:41:59 +0100] "GET /?fileloc=//usr/lib64/python2.7/test/doctest_aliases.pyo&path=//usr/lib64/python2.7/test HTTP/2.0" 200 13040 "-" "Mozilla/5.0 AppleWebKit/537.36 (KHTML, like Gecko; compatible; GPTBot/1.2; +https://openai.com/gptbot)"
74.7.227.59 - - [08/Nov/2025:13:42:01 +0100] "GET /?path=//lib/modules/4.18.0-553.8.1.lve.el8.x86_64/kernel/sound/core/seq/oss HTTP/2.0" 200 17443 "-" "Mozilla/5.0 AppleWebKit/537.36 (KHTML, like Gecko; compatible; GPTBot/1.2; +https://openai.com/gptbot)"
74.7.227.168 - - [08/Nov/2025:13:42:02 +0100] "GET /?path=//proc/67277/root/proc/self/root/opt/alt/python38/etc/mariadb1011 HTTP/2.0" 200 13275 "-" "Mozilla/5.0 AppleWebKit/537.36 (KHTML, like Gecko; compatible; GPTBot/1.2; +https://openai.com/gptbot)"
74.7.227.204 - - [08/Nov/2025:13:42:02 +0100] "GET /304254583?detail=0303425918 HTTP/2.0" 200 75282 "-" "Mozilla/5.0 AppleWebKit/537.36 (KHTML, like Gecko; compatible; GPTBot/1.2; +https://openai.com/gptbot)"
66.249.75.162 - - [08/Nov/2025:13:42:02 +0100] "GET /fortunately193049146.html HTTP/1.1" 200 201310 "-" "Mozilla/5.0 (Linux; Android 6.0.1; Nexus 5X Build/MMB29P) AppleWebKit/537.36 (KHTML, like Gecko) Chrome/141.0.7390.122 Mobile Safari/537.36 (compatible; Googlebot/2.1; +http://www.google.com/bot.html)"
