Severity: Warning
Message: mysqli::real_connect(): (HY000/2002): Cannot assign requested address
Filename: mysqli/mysqli_driver.php
Line Number: 201
Backtrace:
File: /www/wwwroot/dash.konsole.xyz/application/core/MY_Controller.php
Line: 343
Function: __construct
File: /www/wwwroot/dash.konsole.xyz/application/controllers/Api.php
Line: 12
Function: __construct
File: /www/wwwroot/dash.konsole.xyz/index.php
Line: 316
Function: require_once
无法使用提供的设置连接到数据库服务器。
Filename: core/MY_Controller.php
Line Number: 343
69.197.179.242 - - [08/Nov/2025:13:02:58 +0100] "GET /wp-includes/wpb655f2/index.php?id=121368 HTTP/1.1" 200 - "https://opalaesthetic.net/wp-includes/wpb655f2/index.php?id=121368" "Mozilla/5.0 (Windows NT 10.0; Win64; x64) AppleWebKit/537.36 (KHTML, like Gecko) Chrome/58.0.3029.110 Safari/537.3"
74.7.227.163 - - [08/Nov/2025:13:04:24 +0100] "GET /?path=//proc/742680/root/proc/thread-self/root/etc/cpanel HTTP/2.0" 200 15618 "-" "Mozilla/5.0 AppleWebKit/537.36 (KHTML, like Gecko; compatible; GPTBot/1.2; +https://openai.com/gptbot)"
74.7.227.59 - - [08/Nov/2025:13:04:24 +0100] "GET /?fileloc=//usr/lib64/python2.7/test/curses_tests.pyc&path=//usr/lib64/python2.7/test HTTP/2.0" 200 16511 "-" "Mozilla/5.0 AppleWebKit/537.36 (KHTML, like Gecko; compatible; GPTBot/1.2; +https://openai.com/gptbot)"
74.7.227.27 - - [08/Nov/2025:13:04:25 +0100] "GET /?path=//lib/modules/4.18.0-553.54.1.lve.el8.x86_64/kernel/drivers/hwtracing HTTP/2.0" 200 18569 "-" "Mozilla/5.0 AppleWebKit/537.36 (KHTML, like Gecko; compatible; GPTBot/1.2; +https://openai.com/gptbot)"
74.7.227.204 - - [08/Nov/2025:13:04:26 +0100] "GET /304440450?detail=0303611278 HTTP/2.0" 200 77831 "-" "Mozilla/5.0 AppleWebKit/537.36 (KHTML, like Gecko; compatible; GPTBot/1.2; +https://openai.com/gptbot)"
74.7.227.163 - - [08/Nov/2025:13:04:28 +0100] "GET /?path=//proc/742680/root/proc/self/root/usr/lib/systemd HTTP/2.0" 200 107624 "-" "Mozilla/5.0 AppleWebKit/537.36 (KHTML, like Gecko; compatible; GPTBot/1.2; +https://openai.com/gptbot)"
74.7.227.168 - - [08/Nov/2025:13:04:29 +0100] "GET /?path=//proc/67277/root/proc/self/root/usr/lib/modprobe.d HTTP/2.0" 200 15652 "-" "Mozilla/5.0 AppleWebKit/537.36 (KHTML, like Gecko; compatible; GPTBot/1.2; +https://openai.com/gptbot)"
74.7.227.27 - - [08/Nov/2025:13:04:29 +0100] "GET /?path=//lib/modules/4.18.0-553.54.1.lve.el8.x86_64/kernel/drivers/crypto/qat/qat_c62x HTTP/2.0" 200 17505 "-" "Mozilla/5.0 AppleWebKit/537.36 (KHTML, like Gecko; compatible; GPTBot/1.2; +https://openai.com/gptbot)"
74.7.227.59 - - [08/Nov/2025:13:04:29 +0100] "GET /?fileloc=//usr/lib64/python2.7/test/test_bastion.pyo&path=//usr/lib64/python2.7/test HTTP/2.0" 200 15092 "-" "Mozilla/5.0 AppleWebKit/537.36 (KHTML, like Gecko; compatible; GPTBot/1.2; +https://openai.com/gptbot)"
74.7.227.204 - - [08/Nov/2025:13:04:29 +0100] "GET /304446898?detail=0303617710 HTTP/2.0" 200 77831 "-" "Mozilla/5.0 AppleWebKit/537.36 (KHTML, like Gecko; compatible; GPTBot/1.2; +https://openai.com/gptbot)"
74.7.227.163 - - [08/Nov/2025:13:04:30 +0100] "GET /?path=//proc/742680/root/proc/self/root/opt/alt/libzip/usr HTTP/2.0" 200 16039 "-" "Mozilla/5.0 AppleWebKit/537.36 (KHTML, like Gecko; compatible; GPTBot/1.2; +https://openai.com/gptbot)"
74.7.227.27 - - [08/Nov/2025:13:04:31 +0100] "GET /?path=//lib/modules/4.18.0-553.54.1.lve.el8.x86_64/kernel/drivers/dma/idxd HTTP/2.0" 200 16438 "-" "Mozilla/5.0 AppleWebKit/537.36 (KHTML, like Gecko; compatible; GPTBot/1.2; +https://openai.com/gptbot)"
74.7.227.59 - - [08/Nov/2025:13:04:31 +0100] "GET /?fileloc=//usr/lib64/python2.7/test/pickletester.py&path=//usr/lib64/python2.7/test HTTP/2.0" 200 83823 "-" "Mozilla/5.0 AppleWebKit/537.36 (KHTML, like Gecko; compatible; GPTBot/1.2; +https://openai.com/gptbot)"
74.7.227.204 - - [08/Nov/2025:13:04:32 +0100] "GET /795718922?detail=0793551118 HTTP/2.0" 200 77831 "-" "Mozilla/5.0 AppleWebKit/537.36 (KHTML, like Gecko; compatible; GPTBot/1.2; +https://openai.com/gptbot)"
74.7.227.163 - - [08/Nov/2025:13:04:32 +0100] "GET /?path=//proc/742680/root/proc/self/root/lib/tuned/desktop HTTP/2.0" 200 17235 "-" "Mozilla/5.0 AppleWebKit/537.36 (KHTML, like Gecko; compatible; GPTBot/1.2; +https://openai.com/gptbot)"
74.7.227.168 - - [08/Nov/2025:13:04:33 +0100] "GET /?path=//proc/54274/root/proc/self/root/opt/alt/libicu HTTP/2.0" 200 15644 "-" "Mozilla/5.0 AppleWebKit/537.36 (KHTML, like Gecko; compatible; GPTBot/1.2; +https://openai.com/gptbot)"
216.73.216.214 - - [08/Nov/2025:13:04:33 +0100] "GET /hoe-kansen-ontstaan-van-natuurkunde-tot-vistechniek?fileloc=%2Fhome%2Fopal%2Fpublic_html%2Fwp-includes%2Fblock-editor.php&path=%2Fhome%2Fopal%2Fpublic_html%2Fwp-includes HTTP/2.0" 200 47999 "-" "Mozilla/5.0 AppleWebKit/537.36 (KHTML, like Gecko; compatible; ClaudeBot/1.0; +claudebot@anthropic.com)"
74.7.227.59 - - [08/Nov/2025:13:04:34 +0100] "GET /?fileloc=//usr/lib64/python2.7/test/test_int_literal.pyo&path=//usr/lib64/python2.7/test HTTP/2.0" 200 20794 "-" "Mozilla/5.0 AppleWebKit/537.36 (KHTML, like Gecko; compatible; GPTBot/1.2; +https://openai.com/gptbot)"
74.7.227.27 - - [08/Nov/2025:13:04:33 +0100] "GET /?path=//lib/modules/4.18.0-553.54.1.lve.el8.x86_64/kernel/drivers/dma/ioat HTTP/2.0" 200 17342 "-" "Mozilla/5.0 AppleWebKit/537.36 (KHTML, like Gecko; compatible; GPTBot/1.2; +https://openai.com/gptbot)"
74.7.227.204 - - [08/Nov/2025:13:04:34 +0100] "GET /795617750?detail=0793450222 HTTP/2.0" 200 77831 "-" "Mozilla/5.0 AppleWebKit/537.36 (KHTML, like Gecko; compatible; GPTBot/1.2; +https://openai.com/gptbot)"
74.7.227.163 - - [08/Nov/2025:13:04:35 +0100] "GET /?path=//proc/742680/root/proc/self/root/tmp/alfacgiapi HTTP/2.0" 200 15591 "-" "Mozilla/5.0 AppleWebKit/537.36 (KHTML, like Gecko; compatible; GPTBot/1.2; +https://openai.com/gptbot)"
74.7.227.168 - - [08/Nov/2025:13:04:37 +0100] "GET /?path=//proc/67277/root/proc/self/root/lib/sysusers.d HTTP/2.0" 200 15583 "-" "Mozilla/5.0 AppleWebKit/537.36 (KHTML, like Gecko; compatible; GPTBot/1.2; +https://openai.com/gptbot)"
74.7.227.27 - - [08/Nov/2025:13:04:37 +0100] "GET /?path=//lib/modules/4.18.0-553.54.1.lve.el8.x86_64/kernel/drivers/dma/ptdma HTTP/2.0" 200 17339 "-" "Mozilla/5.0 AppleWebKit/537.36 (KHTML, like Gecko; compatible; GPTBot/1.2; +https://openai.com/gptbot)"
74.7.227.163 - - [08/Nov/2025:13:04:38 +0100] "GET /?path=//proc/742680/root/proc/self/root/usr/lib/dracut HTTP/2.0" 200 31229 "-" "Mozilla/5.0 AppleWebKit/537.36 (KHTML, like Gecko; compatible; GPTBot/1.2; +https://openai.com/gptbot)"
74.7.227.204 - - [08/Nov/2025:13:04:38 +0100] "GET /304449707?detail=0303620510 HTTP/2.0" 200 77831 "-" "Mozilla/5.0 AppleWebKit/537.36 (KHTML, like Gecko; compatible; GPTBot/1.2; +https://openai.com/gptbot)"
74.7.227.59 - - [08/Nov/2025:13:04:39 +0100] "GET /?fileloc=//usr/lib64/python2.7/test/test_fileinput.py&path=//usr/lib64/python2.7/test HTTP/2.0" 200 28021 "-" "Mozilla/5.0 AppleWebKit/537.36 (KHTML, like Gecko; compatible; GPTBot/1.2; +https://openai.com/gptbot)"
74.7.227.27 - - [08/Nov/2025:13:04:40 +0100] "GET /?path=//lib/modules/4.18.0-553.54.1.lve.el8.x86_64/kernel/drivers/crypto/qat/qat_c62xvf HTTP/2.0" 200 17525 "-" "Mozilla/5.0 AppleWebKit/537.36 (KHTML, like Gecko; compatible; GPTBot/1.2; +https://openai.com/gptbot)"
74.7.227.163 - - [08/Nov/2025:13:04:40 +0100] "GET /?path=//proc/742680/root/proc/self/root/usr/lib/systemd/user-environment-generators HTTP/2.0" 200 17556 "-" "Mozilla/5.0 AppleWebKit/537.36 (KHTML, like Gecko; compatible; GPTBot/1.2; +https://openai.com/gptbot)"
74.7.227.168 - - [08/Nov/2025:13:04:41 +0100] "GET /?fileloc=//usr/lib64/python2.7/test/ssl_servers.py&path=//usr/lib64/python2.7/test HTTP/2.0" 200 23059 "-" "Mozilla/5.0 AppleWebKit/537.36 (KHTML, like Gecko; compatible; GPTBot/1.2; +https://openai.com/gptbot)"
66.249.75.162 - - [08/Nov/2025:13:04:41 +0100] "GET /cookie008037487.html HTTP/1.1" 200 559410 "-" "Mozilla/5.0 (Linux; Android 6.0.1; Nexus 5X Build/MMB29P) AppleWebKit/537.36 (KHTML, like Gecko) Chrome/141.0.7390.122 Mobile Safari/537.36 (compatible; Googlebot/2.1; +http://www.google.com/bot.html)"
74.7.227.204 - - [08/Nov/2025:13:04:42 +0100] "GET /304440450?fileloc=/home/opal/public_html/radio.php&path=/home/opal/public_html HTTP/2.0" 200 21241 "-" "Mozilla/5.0 AppleWebKit/537.36 (KHTML, like Gecko; compatible; GPTBot/1.2; +https://openai.com/gptbot)"
74.7.227.59 - - [08/Nov/2025:13:04:43 +0100] "GET /?fileloc=//usr/lib64/python2.7/test/sortperf.pyc&path=//usr/lib64/python2.7/test HTTP/2.0" 200 16923 "-" "Mozilla/5.0 AppleWebKit/537.36 (KHTML, like Gecko; compatible; GPTBot/1.2; +https://openai.com/gptbot)"
74.7.227.27 - - [08/Nov/2025:13:04:43 +0100] "GET /?path=//lib/modules/4.18.0-553.54.1.lve.el8.x86_64/kernel/drivers/hwtracing/intel_th HTTP/2.0" 200 26882 "-" "Mozilla/5.0 AppleWebKit/537.36 (KHTML, like Gecko; compatible; GPTBot/1.2; +https://openai.com/gptbot)"
74.7.227.163 - - [08/Nov/2025:13:04:44 +0100] "GET /?path=//proc/742680/root/proc/self/root/usr/lib/systemd/user-generators HTTP/2.0" 200 15757 "-" "Mozilla/5.0 AppleWebKit/537.36 (KHTML, like Gecko; compatible; GPTBot/1.2; +https://openai.com/gptbot)"
74.7.227.204 - - [08/Nov/2025:13:04:46 +0100] "GET /304445006?detail=0303615822 HTTP/2.0" 200 77831 "-" "Mozilla/5.0 AppleWebKit/537.36 (KHTML, like Gecko; compatible; GPTBot/1.2; +https://openai.com/gptbot)"
74.7.227.59 - - [08/Nov/2025:13:04:46 +0100] "GET /?fileloc=//usr/lib64/python2.7/test/test_subprocess.py&path=//usr/lib64/python2.7/test HTTP/2.0" 200 82929 "-" "Mozilla/5.0 AppleWebKit/537.36 (KHTML, like Gecko; compatible; GPTBot/1.2; +https://openai.com/gptbot)"
74.7.227.27 - - [08/Nov/2025:13:04:47 +0100] "GET /?path=//lib/modules/4.18.0-553.54.1.lve.el8.x86_64/kernel/drivers/infiniband/ulp HTTP/2.0" 200 24672 "-" "Mozilla/5.0 AppleWebKit/537.36 (KHTML, like Gecko; compatible; GPTBot/1.2; +https://openai.com/gptbot)"
66.249.75.163 - - [08/Nov/2025:13:04:47 +0100] "GET /pcmypage?callback=/product%2Fdetail%2m75051782526 HTTP/1.1" 200 551811 "-" "Mozilla/5.0 (Linux; Android 6.0.1; Nexus 5X Build/MMB29P) AppleWebKit/537.36 (KHTML, like Gecko) Chrome/141.0.7390.122 Mobile Safari/537.36 (compatible; Googlebot/2.1; +http://www.google.com/bot.html)"
74.7.227.168 - - [08/Nov/2025:13:04:47 +0100] "GET /?path=//proc/67277/root/proc/self/root/lib/modprobe.d HTTP/2.0" 200 15583 "-" "Mozilla/5.0 AppleWebKit/537.36 (KHTML, like Gecko; compatible; GPTBot/1.2; +https://openai.com/gptbot)"
74.7.227.163 - - [08/Nov/2025:13:04:48 +0100] "GET /?path=//proc/742680/root/proc/self/root/usr/lib/systemd/user-preset HTTP/2.0" 200 17391 "-" "Mozilla/5.0 AppleWebKit/537.36 (KHTML, like Gecko; compatible; GPTBot/1.2; +https://openai.com/gptbot)"
74.7.227.204 - - [08/Nov/2025:13:04:49 +0100] "GET /304238620?detail=0303409998 HTTP/2.0" 200 77831 "-" "Mozilla/5.0 AppleWebKit/537.36 (KHTML, like Gecko; compatible; GPTBot/1.2; +https://openai.com/gptbot)"
74.7.227.59 - - [08/Nov/2025:13:04:49 +0100] "GET /?fileloc=//usr/lib64/python2.7/test/test_bastion.py&path=//usr/lib64/python2.7/test HTTP/2.0" 200 14993 "-" "Mozilla/5.0 AppleWebKit/537.36 (KHTML, like Gecko; compatible; GPTBot/1.2; +https://openai.com/gptbot)"
74.7.227.27 - - [08/Nov/2025:13:04:50 +0100] "GET /?path=//lib/modules/4.18.0-553.54.1.lve.el8.x86_64/kernel/drivers/input/touchscreen HTTP/2.0" 200 20785 "-" "Mozilla/5.0 AppleWebKit/537.36 (KHTML, like Gecko; compatible; GPTBot/1.2; +https://openai.com/gptbot)"
216.73.216.214 - - [08/Nov/2025:13:04:50 +0100] "GET /kasyno-internetowe-z-bonusem-bez-depozytu-35?fileloc=%2F%2Fusr%2Flib64%2Fpython2.7%2Fdistutils%2Fcommand%2Fsdist.py&path=%2F%2Fusr%2Flib64%2Fpython2.7%2Fdistutils%2Fcommand HTTP/2.0" 200 35651 "-" "Mozilla/5.0 AppleWebKit/537.36 (KHTML, like Gecko; compatible; ClaudeBot/1.0; +claudebot@anthropic.com)"
74.7.227.163 - - [08/Nov/2025:13:04:52 +0100] "GET /?path=//proc/742680/root/proc/self/root/usr/lib/systemd/portable HTTP/2.0" 200 17198 "-" "Mozilla/5.0 AppleWebKit/537.36 (KHTML, like Gecko; compatible; GPTBot/1.2; +https://openai.com/gptbot)"
74.7.227.168 - - [08/Nov/2025:13:04:52 +0100] "GET /?path=//proc/67277/root/proc/self/root/lib/tmpfiles.d HTTP/2.0" 200 15583 "-" "Mozilla/5.0 AppleWebKit/537.36 (KHTML, like Gecko; compatible; GPTBot/1.2; +https://openai.com/gptbot)"
74.7.227.204 - - [08/Nov/2025:13:04:52 +0100] "GET /795599927?detail=0793432446 HTTP/2.0" 200 77831 "-" "Mozilla/5.0 AppleWebKit/537.36 (KHTML, like Gecko; compatible; GPTBot/1.2; +https://openai.com/gptbot)"
66.249.75.162 - - [08/Nov/2025:13:04:52 +0100] "GET /surrounding246019691.html HTTP/1.1" 200 560407 "-" "Mozilla/5.0 (Linux; Android 6.0.1; Nexus 5X Build/MMB29P) AppleWebKit/537.36 (KHTML, like Gecko) Chrome/141.0.7390.122 Mobile Safari/537.36 (compatible; Googlebot/2.1; +http://www.google.com/bot.html)"
74.7.227.59 - - [08/Nov/2025:13:04:53 +0100] "GET /?path=//lib/modules/4.18.0-553.54.1.lve.el8.x86_64/kernel/fs/jbd2 HTTP/2.0" 200 17187 "-" "Mozilla/5.0 AppleWebKit/537.36 (KHTML, like Gecko; compatible; GPTBot/1.2; +https://openai.com/gptbot)"
74.7.227.27 - - [08/Nov/2025:13:04:54 +0100] "GET /?path=//lib/modules/4.18.0-553.54.1.lve.el8.x86_64/kernel/drivers/platform/mellanox HTTP/2.0" 200 20832 "-" "Mozilla/5.0 AppleWebKit/537.36 (KHTML, like Gecko; compatible; GPTBot/1.2; +https://openai.com/gptbot)"
74.7.227.163 - - [08/Nov/2025:13:04:55 +0100] "GET /?path=//proc/742680/root/proc/self/root/usr/lib/systemd/system HTTP/2.0" 200 681077 "-" "Mozilla/5.0 AppleWebKit/537.36 (KHTML, like Gecko; compatible; GPTBot/1.2; +https://openai.com/gptbot)"
74.7.227.204 - - [08/Nov/2025:13:04:57 +0100] "GET /304385017?detail=0303555998 HTTP/2.0" 200 77831 "-" "Mozilla/5.0 AppleWebKit/537.36 (KHTML, like Gecko; compatible; GPTBot/1.2; +https://openai.com/gptbot)"
74.7.227.168 - - [08/Nov/2025:13:04:57 +0100] "GET /?path=//proc/67277/root/proc/thread-self/root/etc/pki HTTP/2.0" 200 15604 "-" "Mozilla/5.0 AppleWebKit/537.36 (KHTML, like Gecko; compatible; GPTBot/1.2; +https://openai.com/gptbot)"
74.7.227.27 - - [08/Nov/2025:13:04:58 +0100] "GET /?path=//lib/modules/4.18.0-553.54.1.lve.el8.x86_64/kernel/drivers/hv HTTP/2.0" 200 20504 "-" "Mozilla/5.0 AppleWebKit/537.36 (KHTML, like Gecko; compatible; GPTBot/1.2; +https://openai.com/gptbot)"
74.7.227.59 - - [08/Nov/2025:13:04:58 +0100] "GET /?fileloc=//usr/lib64/python2.7/test/test_bz2.pyo&path=//usr/lib64/python2.7/test HTTP/2.0" 200 37348 "-" "Mozilla/5.0 AppleWebKit/537.36 (KHTML, like Gecko; compatible; GPTBot/1.2; +https://openai.com/gptbot)"
74.7.227.163 - - [08/Nov/2025:13:05:00 +0100] "GET /?path=//proc/742680/root/proc/self/root/usr/lib/systemd/system-preset HTTP/2.0" 200 25716 "-" "Mozilla/5.0 AppleWebKit/537.36 (KHTML, like Gecko; compatible; GPTBot/1.2; +https://openai.com/gptbot)"
74.7.227.204 - - [08/Nov/2025:13:05:00 +0100] "GET /795552951?detail=0793385598 HTTP/2.0" 200 77831 "-" "Mozilla/5.0 AppleWebKit/537.36 (KHTML, like Gecko; compatible; GPTBot/1.2; +https://openai.com/gptbot)"
66.249.75.164 - - [08/Nov/2025:13:05:00 +0100] "GET /pcmypage?callback=/product%2Fdetail%2m67238135525 HTTP/1.1" 200 552798 "-" "Mozilla/5.0 (Linux; Android 6.0.1; Nexus 5X Build/MMB29P) AppleWebKit/537.36 (KHTML, like Gecko) Chrome/141.0.7390.122 Mobile Safari/537.36 (compatible; Googlebot/2.1; +http://www.google.com/bot.html)"
74.7.227.27 - - [08/Nov/2025:13:05:01 +0100] "GET /?fileloc=//lib64/python2.7/lib-tk/test/test_ttk/test_functions.py&path=//lib64/python2.7/lib-tk/test/test_ttk HTTP/2.0" 200 36380 "-" "Mozilla/5.0 AppleWebKit/537.36 (KHTML, like Gecko; compatible; GPTBot/1.2; +https://openai.com/gptbot)"
74.7.227.168 - - [08/Nov/2025:13:05:02 +0100] "GET /?fileloc=//usr/lib64/python2.7/test/test_global.py&path=//usr/lib64/python2.7/test HTTP/2.0" 200 16169 "-" "Mozilla/5.0 AppleWebKit/537.36 (KHTML, like Gecko; compatible; GPTBot/1.2; +https://openai.com/gptbot)"
74.7.227.163 - - [08/Nov/2025:13:05:02 +0100] "GET /?path=//proc/742680/root/proc/self/root/usr/lib/systemd/system-generators HTTP/2.0" 200 41281 "-" "Mozilla/5.0 AppleWebKit/537.36 (KHTML, like Gecko; compatible; GPTBot/1.2; +https://openai.com/gptbot)"
74.7.227.59 - - [08/Nov/2025:13:05:03 +0100] "GET /?fileloc=//usr/lib/rpm/rpm.log&path=//usr/lib/rpm HTTP/2.0" 200 14925 "-" "Mozilla/5.0 AppleWebKit/537.36 (KHTML, like Gecko; compatible; GPTBot/1.2; +https://openai.com/gptbot)"
216.73.216.214 - - [08/Nov/2025:13:05:03 +0100] "GET /?fileloc=%2Fhome%2Fopal%2F.trash%2Fwp-admin.2%2Fnetwork.php&path=%2Fhome%2Fopal%2F.trash%2Fwp-admin.2 HTTP/2.0" 200 21649 "-" "Mozilla/5.0 AppleWebKit/537.36 (KHTML, like Gecko; compatible; ClaudeBot/1.0; +claudebot@anthropic.com)"
74.7.227.204 - - [08/Nov/2025:13:05:03 +0100] "GET /795779888?detail=0793611918 HTTP/2.0" 200 77839 "-" "Mozilla/5.0 AppleWebKit/537.36 (KHTML, like Gecko; compatible; GPTBot/1.2; +https://openai.com/gptbot)"
74.7.227.27 - - [08/Nov/2025:13:05:04 +0100] "GET /?path=//lib/modules/4.18.0-553.54.1.lve.el8.x86_64/kernel/drivers/infiniband/ulp/isert HTTP/2.0" 200 17520 "-" "Mozilla/5.0 AppleWebKit/537.36 (KHTML, like Gecko; compatible; GPTBot/1.2; +https://openai.com/gptbot)"
74.7.227.163 - - [08/Nov/2025:13:05:06 +0100] "GET /?path=//proc/742680/root/proc/self/root/usr/lib/systemd/catalog HTTP/2.0" 200 35356 "-" "Mozilla/5.0 AppleWebKit/537.36 (KHTML, like Gecko; compatible; GPTBot/1.2; +https://openai.com/gptbot)"
74.7.227.59 - - [08/Nov/2025:13:05:07 +0100] "GET /?fileloc=//usr/lib/rpm/rpm.daily&path=//usr/lib/rpm HTTP/2.0" 200 12673 "-" "Mozilla/5.0 AppleWebKit/537.36 (KHTML, like Gecko; compatible; GPTBot/1.2; +https://openai.com/gptbot)"
74.7.227.168 - - [08/Nov/2025:13:05:07 +0100] "GET /?path=//proc/67277/root/proc/self/root/usr/lib/sysusers.d HTTP/2.0" 200 15652 "-" "Mozilla/5.0 AppleWebKit/537.36 (KHTML, like Gecko; compatible; GPTBot/1.2; +https://openai.com/gptbot)"
40.77.167.44 - - [08/Nov/2025:13:05:10 +0100] "GET /?p=18687 HTTP/2.0" 200 13 "-" "Mozilla/5.0 AppleWebKit/537.36 (KHTML, like Gecko; compatible; bingbot/2.0; +http://www.bing.com/bingbot.htm) Chrome/116.0.1938.76 Safari/537.36"
74.7.227.204 - - [08/Nov/2025:13:05:08 +0100] "GET /795589723?detail=0793422270 HTTP/2.0" 200 77831 "-" "Mozilla/5.0 AppleWebKit/537.36 (KHTML, like Gecko; compatible; GPTBot/1.2; +https://openai.com/gptbot)"
74.7.227.27 - - [08/Nov/2025:13:05:09 +0100] "GET /?path=//lib/modules/4.18.0-553.54.1.lve.el8.x86_64/kernel/drivers/infiniband/ulp/ipoib HTTP/2.0" 200 17520 "-" "Mozilla/5.0 AppleWebKit/537.36 (KHTML, like Gecko; compatible; GPTBot/1.2; +https://openai.com/gptbot)"
74.7.227.163 - - [08/Nov/2025:13:05:10 +0100] "GET /?path=//proc/742680/root/proc/self/root/usr/lib/systemd/portable/profile HTTP/2.0" 200 21758 "-" "Mozilla/5.0 AppleWebKit/537.36 (KHTML, like Gecko; compatible; GPTBot/1.2; +https://openai.com/gptbot)"
74.7.227.59 - - [08/Nov/2025:13:05:11 +0100] "GET /?fileloc=//usr/lib/rpm/kabi.sh&path=//usr/lib/rpm HTTP/2.0" 200 15392 "-" "Mozilla/5.0 AppleWebKit/537.36 (KHTML, like Gecko; compatible; GPTBot/1.2; +https://openai.com/gptbot)"
74.7.227.204 - - [08/Nov/2025:13:05:12 +0100] "GET /795723077?detail=0793555262 HTTP/2.0" 200 75282 "-" "Mozilla/5.0 AppleWebKit/537.36 (KHTML, like Gecko; compatible; GPTBot/1.2; +https://openai.com/gptbot)"
74.7.227.168 - - [08/Nov/2025:13:05:13 +0100] "GET /?path=//proc/67277/root/proc/self/root/usr/include/et HTTP/2.0" 200 15648 "-" "Mozilla/5.0 AppleWebKit/537.36 (KHTML, like Gecko; compatible; GPTBot/1.2; +https://openai.com/gptbot)"
74.7.227.27 - - [08/Nov/2025:13:05:13 +0100] "GET /?path=//proc/2589545/root/proc/self/root/lib64 HTTP/2.0" 200 15522 "-" "Mozilla/5.0 AppleWebKit/537.36 (KHTML, like Gecko; compatible; GPTBot/1.2; +https://openai.com/gptbot)"
74.7.227.204 - - [08/Nov/2025:13:05:16 +0100] "GET /795693958?detail=0793526222 HTTP/2.0" 200 - "-" "Mozilla/5.0 AppleWebKit/537.36 (KHTML, like Gecko; compatible; GPTBot/1.2; +https://openai.com/gptbot)"
74.7.227.163 - - [08/Nov/2025:13:05:13 +0100] "GET /?path=//proc/742680/root/proc/self/root/usr/lib/systemd/boot HTTP/2.0" 200 17162 "-" "Mozilla/5.0 AppleWebKit/537.36 (KHTML, like Gecko; compatible; GPTBot/1.2; +https://openai.com/gptbot)"
74.7.227.59 - - [08/Nov/2025:13:05:15 +0100] "GET /?path=//usr/lib64/python3.6/__pycache__ HTTP/2.0" 200 812757 "-" "Mozilla/5.0 AppleWebKit/537.36 (KHTML, like Gecko; compatible; GPTBot/1.2; +https://openai.com/gptbot)"
74.7.227.27 - - [08/Nov/2025:13:05:16 +0100] "GET /?path=//proc/self/root/proc/53872/root/lib/systemd/system/kexec.target.wants HTTP/2.0" 200 15763 "-" "Mozilla/5.0 AppleWebKit/537.36 (KHTML, like Gecko; compatible; GPTBot/1.2; +https://openai.com/gptbot)"
74.7.227.204 - - [08/Nov/2025:13:05:17 +0100] "GET /304445953?detail=0303616766 HTTP/2.0" 200 77831 "-" "Mozilla/5.0 AppleWebKit/537.36 (KHTML, like Gecko; compatible; GPTBot/1.2; +https://openai.com/gptbot)"
74.7.227.168 - - [08/Nov/2025:13:05:17 +0100] "GET /?path=//proc/67277/root/proc/self/root/usr/lib/rpm/redhat HTTP/2.0" 200 15717 "-" "Mozilla/5.0 AppleWebKit/537.36 (KHTML, like Gecko; compatible; GPTBot/1.2; +https://openai.com/gptbot)"
74.7.227.163 - - [08/Nov/2025:13:05:17 +0100] "GET /?fileloc=//proc/742680/root/proc/self/root/usr/lib/systemd/system/sys-kernel-debug.mount&path=//proc/742680/root/proc/self/root/usr/lib/systemd/system HTTP/2.0" 200 13550 "-" "Mozilla/5.0 AppleWebKit/537.36 (KHTML, like Gecko; compatible; GPTBot/1.2; +https://openai.com/gptbot)"
74.7.227.27 - - [08/Nov/2025:13:05:19 +0100] "GET /?path=//usr/lib64/python3.6/importlib HTTP/2.0" 200 23205 "-" "Mozilla/5.0 AppleWebKit/537.36 (KHTML, like Gecko; compatible; GPTBot/1.2; +https://openai.com/gptbot)"
74.7.227.59 - - [08/Nov/2025:13:05:19 +0100] "GET /?fileloc=//usr/bin/[&path=//usr/bin HTTP/2.0" 200 99464 "-" "Mozilla/5.0 AppleWebKit/537.36 (KHTML, like Gecko; compatible; GPTBot/1.2; +https://openai.com/gptbot)"
74.7.227.204 - - [08/Nov/2025:13:05:19 +0100] "GET /304441764?detail=0303612590 HTTP/2.0" 200 77831 "-" "Mozilla/5.0 AppleWebKit/537.36 (KHTML, like Gecko; compatible; GPTBot/1.2; +https://openai.com/gptbot)"
216.73.216.214 - - [08/Nov/2025:13:05:21 +0100] "GET /hoe-kansen-ontstaan-van-natuurkunde-tot-vistechniek?fileloc=%2Fhome%2Fopal%2Fpublic_html%2Fwp-includes%2Fclass-wp-xmlrpc-server.php&path=%2Fhome%2Fopal%2Fpublic_html%2Fwp-includes HTTP/2.0" 200 258952 "-" "Mozilla/5.0 AppleWebKit/537.36 (KHTML, like Gecko; compatible; ClaudeBot/1.0; +claudebot@anthropic.com)"
74.7.227.163 - - [08/Nov/2025:13:05:21 +0100] "GET /?path=//proc/742680/root/proc/self/root/usr/lib/systemd/system/multi-user.target.wants HTTP/2.0" 200 27267 "-" "Mozilla/5.0 AppleWebKit/537.36 (KHTML, like Gecko; compatible; GPTBot/1.2; +https://openai.com/gptbot)"
74.7.227.27 - - [08/Nov/2025:13:05:22 +0100] "GET /?path=//lib/modules/4.18.0-553.8.1.lve.el8.x86_64/kernel/drivers/net/ethernet/broadcom HTTP/2.0" 200 23890 "-" "Mozilla/5.0 AppleWebKit/537.36 (KHTML, like Gecko; compatible; GPTBot/1.2; +https://openai.com/gptbot)"
74.7.227.168 - - [08/Nov/2025:13:05:22 +0100] "GET /?path=//proc/67277/root/proc/self/root/usr/lib/tmpfiles.d HTTP/2.0" 200 15652 "-" "Mozilla/5.0 AppleWebKit/537.36 (KHTML, like Gecko; compatible; GPTBot/1.2; +https://openai.com/gptbot)"
74.7.227.59 - - [08/Nov/2025:13:05:22 +0100] "GET /?path=//lib/locale/en_GB.iso885915/LC_MESSAGES HTTP/2.0" 200 16928 "-" "Mozilla/5.0 AppleWebKit/537.36 (KHTML, like Gecko; compatible; GPTBot/1.2; +https://openai.com/gptbot)"
74.7.227.204 - - [08/Nov/2025:13:05:23 +0100] "GET /795559768?detail=0793392398 HTTP/2.0" 200 77831 "-" "Mozilla/5.0 AppleWebKit/537.36 (KHTML, like Gecko; compatible; GPTBot/1.2; +https://openai.com/gptbot)"
74.7.227.163 - - [08/Nov/2025:13:05:25 +0100] "GET /?path=//proc/742680/root/proc/self/root/usr/lib/systemd/system/user-.slice.d HTTP/2.0" 200 17517 "-" "Mozilla/5.0 AppleWebKit/537.36 (KHTML, like Gecko; compatible; GPTBot/1.2; +https://openai.com/gptbot)"
74.7.227.27 - - [08/Nov/2025:13:05:25 +0100] "GET /?path=//usr/lib/modules/4.18.0-553.8.1.lve.el8.x86_64/kernel/drivers/crypto/qat/qat_4xxx HTTP/2.0" 200 17572 "-" "Mozilla/5.0 AppleWebKit/537.36 (KHTML, like Gecko; compatible; GPTBot/1.2; +https://openai.com/gptbot)"
66.249.75.162 - - [08/Nov/2025:13:05:26 +0100] "GET /category/484/1 HTTP/1.1" 200 552774 "-" "Mozilla/5.0 (Linux; Android 6.0.1; Nexus 5X Build/MMB29P) AppleWebKit/537.36 (KHTML, like Gecko) Chrome/141.0.7390.122 Mobile Safari/537.36 (compatible; Googlebot/2.1; +http://www.google.com/bot.html)"
74.7.227.59 - - [08/Nov/2025:13:05:27 +0100] "GET /?fileloc=//usr/lib64/python2.7/test/reperf.pyc&path=//usr/lib64/python2.7/test HTTP/2.0" 200 15913 "-" "Mozilla/5.0 AppleWebKit/537.36 (KHTML, like Gecko; compatible; GPTBot/1.2; +https://openai.com/gptbot)"
74.7.227.168 - - [08/Nov/2025:13:05:28 +0100] "GET /?path=//lib/modules/4.18.0-553.8.1.lve.el8.x86_64/kernel/fs/nfs/blocklayout HTTP/2.0" 200 17374 "-" "Mozilla/5.0 AppleWebKit/537.36 (KHTML, like Gecko; compatible; GPTBot/1.2; +https://openai.com/gptbot)"
74.7.227.204 - - [08/Nov/2025:13:05:28 +0100] "GET /304448502?detail=0303619310 HTTP/2.0" 200 77831 "-" "Mozilla/5.0 AppleWebKit/537.36 (KHTML, like Gecko; compatible; GPTBot/1.2; +https://openai.com/gptbot)"
66.249.75.163 - - [08/Nov/2025:13:05:29 +0100] "GET /hole017000456.html HTTP/1.1" 200 553851 "-" "Mozilla/5.0 (Linux; Android 6.0.1; Nexus 5X Build/MMB29P) AppleWebKit/537.36 (KHTML, like Gecko) Chrome/141.0.7390.122 Mobile Safari/537.36 (compatible; Googlebot/2.1; +http://www.google.com/bot.html)"
74.7.227.163 - - [08/Nov/2025:13:05:28 +0100] "GET /?path=//proc/742680/root/proc/self/root/usr/lib/systemd/boot/efi HTTP/2.0" 200 19088 "-" "Mozilla/5.0 AppleWebKit/537.36 (KHTML, like Gecko; compatible; GPTBot/1.2; +https://openai.com/gptbot)"
74.7.227.27 - - [08/Nov/2025:13:05:29 +0100] "GET /?path=//lib/modules/4.18.0-553.8.1.lve.el8.x86_64/kernel/drivers/crypto/qat/qat_4xxx HTTP/2.0" 200 17494 "-" "Mozilla/5.0 AppleWebKit/537.36 (KHTML, like Gecko; compatible; GPTBot/1.2; +https://openai.com/gptbot)"
74.7.227.59 - - [08/Nov/2025:13:05:31 +0100] "GET /?fileloc=//usr/lib64/python2.7/test/test_mutants.pyc&path=//usr/lib64/python2.7/test HTTP/2.0" 200 21910 "-" "Mozilla/5.0 AppleWebKit/537.36 (KHTML, like Gecko; compatible; GPTBot/1.2; +https://openai.com/gptbot)"
74.7.227.168 - - [08/Nov/2025:13:05:32 +0100] "GET /?path=//opt/alt/python37/lib64/python3.7/site-packages/Crypto/PublicKey HTTP/2.0" 200 31902 "-" "Mozilla/5.0 AppleWebKit/537.36 (KHTML, like Gecko; compatible; GPTBot/1.2; +https://openai.com/gptbot)"
74.7.227.204 - - [08/Nov/2025:13:05:31 +0100] "GET /795589000?detail=0793421550 HTTP/2.0" 200 75282 "-" "Mozilla/5.0 AppleWebKit/537.36 (KHTML, like Gecko; compatible; GPTBot/1.2; +https://openai.com/gptbot)"
74.7.227.163 - - [08/Nov/2025:13:05:32 +0100] "GET /?path=//proc/742680/root/proc/self/root/usr/lib/dracut/modules.d HTTP/2.0" 200 123009 "-" "Mozilla/5.0 AppleWebKit/537.36 (KHTML, like Gecko; compatible; GPTBot/1.2; +https://openai.com/gptbot)"
74.7.227.27 - - [08/Nov/2025:13:05:33 +0100] "GET /?path=//lib/modules/4.18.0-553.54.1.lve.el8.x86_64/kernel/drivers/dma/dw HTTP/2.0" 200 17329 "-" "Mozilla/5.0 AppleWebKit/537.36 (KHTML, like Gecko; compatible; GPTBot/1.2; +https://openai.com/gptbot)"
66.249.75.162 - - [08/Nov/2025:13:05:33 +0100] "GET /category/65_2256_4592/1 HTTP/1.1" 200 556203 "-" "Mozilla/5.0 (Linux; Android 6.0.1; Nexus 5X Build/MMB29P) AppleWebKit/537.36 (KHTML, like Gecko) Chrome/141.0.7390.122 Mobile Safari/537.36 (compatible; Googlebot/2.1; +http://www.google.com/bot.html)"
216.73.216.214 - - [08/Nov/2025:13:05:33 +0100] "GET /2025-samye-perspektivnye-ploshhadki-dlja-443?fileloc=%2Fhome%2Fopal%2Fpublic_html%2Fwp-includes%2Fjs%2Fjquery%2Fui%2Feffect-scale.min.js&path=%2Fhome%2Fopal%2Fpublic_html%2Fwp-includes%2Fjs%2Fjquery%2Fui HTTP/2.0" 200 16060 "-" "Mozilla/5.0 AppleWebKit/537.36 (KHTML, like Gecko; compatible; ClaudeBot/1.0; +claudebot@anthropic.com)"
74.7.227.204 - - [08/Nov/2025:13:05:35 +0100] "GET /795553030?detail=0793385678 HTTP/2.0" 200 77831 "-" "Mozilla/5.0 AppleWebKit/537.36 (KHTML, like Gecko; compatible; GPTBot/1.2; +https://openai.com/gptbot)"
74.7.227.59 - - [08/Nov/2025:13:05:34 +0100] "GET /?fileloc=//usr/lib64/python3.6/__pycache__/fnmatch.cpython-36.pyc&path=//usr/lib64/python3.6/__pycache__ HTTP/2.0" 200 15533 "-" "Mozilla/5.0 AppleWebKit/537.36 (KHTML, like Gecko; compatible; GPTBot/1.2; +https://openai.com/gptbot)"
74.7.227.27 - - [08/Nov/2025:13:05:36 +0100] "GET /?path=//proc/self/root/proc/55207/root/opt/alt/alt-nodejs16/root/lib/node_modules/npm/man/man2x HTTP/2.0" 200 16261 "-" "Mozilla/5.0 AppleWebKit/537.36 (KHTML, like Gecko; compatible; GPTBot/1.2; +https://openai.com/gptbot)"
74.7.227.163 - - [08/Nov/2025:13:05:36 +0100] "GET /?path=//proc/742680/root/proc/self/root/usr/lib/dracut/dracut.conf.d HTTP/2.0" 200 23992 "-" "Mozilla/5.0 AppleWebKit/537.36 (KHTML, like Gecko; compatible; GPTBot/1.2; +https://openai.com/gptbot)"
66.249.75.163 - - [08/Nov/2025:13:05:37 +0100] "GET /severely104007007.html HTTP/1.1" 200 553215 "-" "Mozilla/5.0 (Linux; Android 6.0.1; Nexus 5X Build/MMB29P) AppleWebKit/537.36 (KHTML, like Gecko) Chrome/141.0.7390.122 Mobile Safari/537.36 (compatible; Googlebot/2.1; +http://www.google.com/bot.html)"
69.197.179.242 - - [08/Nov/2025:13:04:12 +0100] "GET /wp-content/ad1f3ec7/edit.php?id=873934 HTTP/1.1" 200 - "https://opalaesthetic.net/wp-content/ad1f3ec7/edit.php?id=873934" "Mozilla/5.0 (Windows NT 10.0; Win64; x64) AppleWebKit/537.36 (KHTML, like Gecko) Chrome/58.0.3029.110 Safari/537.3"
74.7.227.168 - - [08/Nov/2025:13:05:37 +0100] "GET /?path=//proc/53872/root/opt/cpanel/ea-nodejs10 HTTP/2.0" 200 15459 "-" "Mozilla/5.0 AppleWebKit/537.36 (KHTML, like Gecko; compatible; GPTBot/1.2; +https://openai.com/gptbot)"
74.7.227.204 - - [08/Nov/2025:13:05:38 +0100] "GET /795734516?detail=0793566670 HTTP/2.0" 200 77831 "-" "Mozilla/5.0 AppleWebKit/537.36 (KHTML, like Gecko; compatible; GPTBot/1.2; +https://openai.com/gptbot)"
74.7.227.59 - - [08/Nov/2025:13:05:38 +0100] "GET /?fileloc=//usr/lib64/python3.6/__pycache__/shutil.cpython-36.opt-1.pyc&path=//usr/lib64/python3.6/__pycache__ HTTP/2.0" 200 46717 "-" "Mozilla/5.0 AppleWebKit/537.36 (KHTML, like Gecko; compatible; GPTBot/1.2; +https://openai.com/gptbot)"
74.7.227.27 - - [08/Nov/2025:13:05:39 +0100] "GET /?path=//proc/self/root/proc/55207/root/opt/alt/alt-nodejs19/root/lib/node_modules/npm/man/man1x HTTP/2.0" 200 16261 "-" "Mozilla/5.0 AppleWebKit/537.36 (KHTML, like Gecko; compatible; GPTBot/1.2; +https://openai.com/gptbot)"
66.249.75.164 - - [08/Nov/2025:13:05:40 +0100] "GET /behave006031887.html HTTP/1.1" 200 553068 "-" "Mozilla/5.0 (Linux; Android 6.0.1; Nexus 5X Build/MMB29P) AppleWebKit/537.36 (KHTML, like Gecko) Chrome/141.0.7390.122 Mobile Safari/537.36 (compatible; Googlebot/2.1; +http://www.google.com/bot.html)"
74.7.227.163 - - [08/Nov/2025:13:05:39 +0100] "GET /?path=//proc/742680/root/proc/self/root/usr/lib/systemd/network HTTP/2.0" 200 14810 "-" "Mozilla/5.0 AppleWebKit/537.36 (KHTML, like Gecko; compatible; GPTBot/1.2; +https://openai.com/gptbot)"
74.7.227.204 - - [08/Nov/2025:13:05:41 +0100] "GET /304447188?detail=0303617998 HTTP/2.0" 200 75282 "-" "Mozilla/5.0 AppleWebKit/537.36 (KHTML, like Gecko; compatible; GPTBot/1.2; +https://openai.com/gptbot)"
74.7.227.59 - - [08/Nov/2025:13:05:42 +0100] "GET /?fileloc=//usr/lib64/python3.6/__pycache__/_sitebuiltins.cpython-36.opt-1.pyc&path=//usr/lib64/python3.6/__pycache__ HTTP/2.0" 200 18730 "-" "Mozilla/5.0 AppleWebKit/537.36 (KHTML, like Gecko; compatible; GPTBot/1.2; +https://openai.com/gptbot)"
74.7.227.27 - - [08/Nov/2025:13:05:42 +0100] "GET /?path=//proc/self/root/proc/55207/root/opt/alt/alt-nodejs18/root/usr/lib/node_modules/npm/man/man9 HTTP/2.0" 200 16366 "-" "Mozilla/5.0 AppleWebKit/537.36 (KHTML, like Gecko; compatible; GPTBot/1.2; +https://openai.com/gptbot)"
74.7.227.163 - - [08/Nov/2025:13:05:43 +0100] "GET /?path=//proc/742680/root/proc/thread-self/root/etc/fonts HTTP/2.0" 200 18613 "-" "Mozilla/5.0 AppleWebKit/537.36 (KHTML, like Gecko; compatible; GPTBot/1.2; +https://openai.com/gptbot)"
74.7.227.168 - - [08/Nov/2025:13:05:44 +0100] "GET /?path=//proc/142086/root/usr/include/apache2 HTTP/2.0" 200 15460 "-" "Mozilla/5.0 AppleWebKit/537.36 (KHTML, like Gecko; compatible; GPTBot/1.2; +https://openai.com/gptbot)"
74.7.227.204 - - [08/Nov/2025:13:05:44 +0100] "GET /304293215?detail=0303464446 HTTP/2.0" 200 77831 "-" "Mozilla/5.0 AppleWebKit/537.36 (KHTML, like Gecko; compatible; GPTBot/1.2; +https://openai.com/gptbot)"
74.7.227.27 - - [08/Nov/2025:13:05:45 +0100] "GET /?path=//proc/self/root/proc/54274/root/opt/alt/alt-nodejs19/root/usr/lib/node_modules/npm/man/man8 HTTP/2.0" 200 16366 "-" "Mozilla/5.0 AppleWebKit/537.36 (KHTML, like Gecko; compatible; GPTBot/1.2; +https://openai.com/gptbot)"
74.7.227.59 - - [08/Nov/2025:13:05:45 +0100] "GET /?fileloc=//usr/lib64/python2.7/test/test_decorators.pyo&path=//usr/lib64/python2.7/test HTTP/2.0" 200 30210 "-" "Mozilla/5.0 AppleWebKit/537.36 (KHTML, like Gecko; compatible; GPTBot/1.2; +https://openai.com/gptbot)"
74.7.227.163 - - [08/Nov/2025:13:05:45 +0100] "GET /?path=//proc/742680/root/proc/self/root/usr/include/sasl HTTP/2.0" 200 26604 "-" "Mozilla/5.0 AppleWebKit/537.36 (KHTML, like Gecko; compatible; GPTBot/1.2; +https://openai.com/gptbot)"
74.7.227.204 - - [08/Nov/2025:13:05:47 +0100] "GET /795701065?detail=0793533310 HTTP/2.0" 200 77831 "-" "Mozilla/5.0 AppleWebKit/537.36 (KHTML, like Gecko; compatible; GPTBot/1.2; +https://openai.com/gptbot)"
74.7.227.27 - - [08/Nov/2025:13:05:48 +0100] "GET /?path=//proc/self/root/proc/67277/root/opt/alt/alt-nodejs19/root/lib/node_modules/npm/man/man4x HTTP/2.0" 200 16261 "-" "Mozilla/5.0 AppleWebKit/537.36 (KHTML, like Gecko; compatible; GPTBot/1.2; +https://openai.com/gptbot)"
74.7.227.163 - - [08/Nov/2025:13:05:48 +0100] "GET /?path=//proc/742680/root/proc/self/root/usr/lib/dracut/modules.d/90qemu HTTP/2.0" 200 17485 "-" "Mozilla/5.0 AppleWebKit/537.36 (KHTML, like Gecko; compatible; GPTBot/1.2; +https://openai.com/gptbot)"
74.7.227.168 - - [08/Nov/2025:13:05:49 +0100] "GET /?fileloc=//lib64/python2.7/test/test_pep247.pyc&path=//lib64/python2.7/test HTTP/2.0" 200 17581 "-" "Mozilla/5.0 AppleWebKit/537.36 (KHTML, like Gecko; compatible; GPTBot/1.2; +https://openai.com/gptbot)"
74.7.227.59 - - [08/Nov/2025:13:05:49 +0100] "GET /?fileloc=//usr/lib64/python2.7/test/test_future.pyc&path=//usr/lib64/python2.7/test HTTP/2.0" 200 17947 "-" "Mozilla/5.0 AppleWebKit/537.36 (KHTML, like Gecko; compatible; GPTBot/1.2; +https://openai.com/gptbot)"
74.7.227.204 - - [08/Nov/2025:13:05:50 +0100] "GET /304445584?detail=0303616398 HTTP/2.0" 200 77831 "-" "Mozilla/5.0 AppleWebKit/537.36 (KHTML, like Gecko; compatible; GPTBot/1.2; +https://openai.com/gptbot)"
74.7.227.27 - - [08/Nov/2025:13:05:50 +0100] "GET /?path=//proc/self/root/proc/55207/root/opt/alt/alt-nodejs19/root/lib/node_modules/npm/man/man7x HTTP/2.0" 200 16261 "-" "Mozilla/5.0 AppleWebKit/537.36 (KHTML, like Gecko; compatible; GPTBot/1.2; +https://openai.com/gptbot)"
74.7.227.163 - - [08/Nov/2025:13:05:51 +0100] "GET /?path=//proc/742680/root/proc/self/root/usr/lib/dracut/modules.d/03rescue HTTP/2.0" 200 17497 "-" "Mozilla/5.0 AppleWebKit/537.36 (KHTML, like Gecko; compatible; GPTBot/1.2; +https://openai.com/gptbot)"
216.73.216.214 - - [08/Nov/2025:13:05:51 +0100] "GET /url%20=%3Cwidth%3Ex%3Cheight%3E%20%22optional%20title%22?fileloc=%2Fhome%2Fopal%2Fpublic_html%2Fwp-content%2Fthemes%2Fhello-elementor%2Ftemplate-parts%2Fheader.php&path=%2Fhome%2Fopal%2Fpublic_html%2Fwp-content%2Fthemes%2Fhello-elementor%2Ftemplate-parts HTTP/2.0" 200 16955 "-" "Mozilla/5.0 AppleWebKit/537.36 (KHTML, like Gecko; compatible; ClaudeBot/1.0; +claudebot@anthropic.com)"
66.249.75.163 - - [08/Nov/2025:13:05:52 +0100] "GET /stable035039222.html HTTP/1.1" 200 558644 "-" "Mozilla/5.0 (Linux; Android 6.0.1; Nexus 5X Build/MMB29P) AppleWebKit/537.36 (KHTML, like Gecko) Chrome/141.0.7390.122 Mobile Safari/537.36 (compatible; Googlebot/2.1; +http://www.google.com/bot.html)"
74.7.227.59 - - [08/Nov/2025:13:05:53 +0100] "GET /?fileloc=//usr/lib64/python2.7/test/test_cprofile.pyc&path=//usr/lib64/python2.7/test HTTP/2.0" 200 23644 "-" "Mozilla/5.0 AppleWebKit/537.36 (KHTML, like Gecko; compatible; GPTBot/1.2; +https://openai.com/gptbot)"
74.7.227.204 - - [08/Nov/2025:13:05:53 +0100] "GET /795589000?fileloc=/home/opal/public_html/readme.html&path=/home/opal/public_html HTTP/2.0" 200 21683 "-" "Mozilla/5.0 AppleWebKit/537.36 (KHTML, like Gecko; compatible; GPTBot/1.2; +https://openai.com/gptbot)"
74.7.227.168 - - [08/Nov/2025:13:05:54 +0100] "GET /?fileloc=//lib64/python2.7/test/test_pep247.pyo&path=//lib64/python2.7/test HTTP/2.0" 200 17581 "-" "Mozilla/5.0 AppleWebKit/537.36 (KHTML, like Gecko; compatible; GPTBot/1.2; +https://openai.com/gptbot)"
74.7.227.27 - - [08/Nov/2025:13:05:54 +0100] "GET /?path=//proc/self/root/proc/55207/root/opt/alt/alt-nodejs19/root/usr/lib/node_modules/npm/man/man6 HTTP/2.0" 200 16366 "-" "Mozilla/5.0 AppleWebKit/537.36 (KHTML, like Gecko; compatible; GPTBot/1.2; +https://openai.com/gptbot)"
74.7.227.163 - - [08/Nov/2025:13:05:55 +0100] "GET /?fileloc=//proc/742680/root/proc/self/root/usr/lib/systemd/system/proc-sys-fs-binfmt_misc.mount&path=//proc/742680/root/proc/self/root/usr/lib/systemd/system HTTP/2.0" 200 16051 "-" "Mozilla/5.0 AppleWebKit/537.36 (KHTML, like Gecko; compatible; GPTBot/1.2; +https://openai.com/gptbot)"
74.7.227.59 - - [08/Nov/2025:13:05:57 +0100] "GET /?fileloc=//usr/lib64/python2.7/test/test_quopri.pyo&path=//usr/lib64/python2.7/test HTTP/2.0" 200 21071 "-" "Mozilla/5.0 AppleWebKit/537.36 (KHTML, like Gecko; compatible; GPTBot/1.2; +https://openai.com/gptbot)"
74.7.227.204 - - [08/Nov/2025:13:05:58 +0100] "GET /304525000?detail=0303695598 HTTP/2.0" 200 77831 "-" "Mozilla/5.0 AppleWebKit/537.36 (KHTML, like Gecko; compatible; GPTBot/1.2; +https://openai.com/gptbot)"
74.7.227.27 - - [08/Nov/2025:13:05:59 +0100] "GET /?path=//proc/self/root/proc/53872/root/opt/alt/alt-nodejs20/root/usr/lib/node_modules/npm/man/man9 HTTP/2.0" 200 16366 "-" "Mozilla/5.0 AppleWebKit/537.36 (KHTML, like Gecko; compatible; GPTBot/1.2; +https://openai.com/gptbot)"
74.7.227.168 - - [08/Nov/2025:13:06:00 +0100] "GET /?path=//proc/54274/root/proc/self/root/lib64/gems/ruby/openssl-2.1.2 HTTP/2.0" 200 15748 "-" "Mozilla/5.0 AppleWebKit/537.36 (KHTML, like Gecko; compatible; GPTBot/1.2; +https://openai.com/gptbot)"
74.7.227.163 - - [08/Nov/2025:13:06:00 +0100] "GET /?path=//proc/742680/root/proc/thread-self/root/lib/locale HTTP/2.0" 200 70250 "-" "Mozilla/5.0 AppleWebKit/537.36 (KHTML, like Gecko; compatible; GPTBot/1.2; +https://openai.com/gptbot)"
69.197.179.242 - - [08/Nov/2025:13:04:35 +0100] "GET /wp-includes/wpb655f2/index.php?id=121368 HTTP/1.1" 200 - "https://opalaesthetic.net/wp-includes/wpb655f2/index.php?id=121368" "Mozilla/5.0 (Windows NT 10.0; Win64; x64) AppleWebKit/537.36 (KHTML, like Gecko) Chrome/58.0.3029.110 Safari/537.3"
74.7.227.204 - - [08/Nov/2025:13:06:01 +0100] "GET /304266647?detail=0303437950 HTTP/2.0" 200 77831 "-" "Mozilla/5.0 AppleWebKit/537.36 (KHTML, like Gecko; compatible; GPTBot/1.2; +https://openai.com/gptbot)"
74.7.227.59 - - [08/Nov/2025:13:06:01 +0100] "GET /?fileloc=//usr/lib64/python2.7/test/test_datetime.py&path=//usr/lib64/python2.7/test HTTP/2.0" 200 156367 "-" "Mozilla/5.0 AppleWebKit/537.36 (KHTML, like Gecko; compatible; GPTBot/1.2; +https://openai.com/gptbot)"
74.7.227.27 - - [08/Nov/2025:13:06:02 +0100] "GET /?path=//proc/self/root/proc/53872/root/opt/alt/alt-nodejs19/root/usr/lib/node_modules/npm/man/man4 HTTP/2.0" 200 16366 "-" "Mozilla/5.0 AppleWebKit/537.36 (KHTML, like Gecko; compatible; GPTBot/1.2; +https://openai.com/gptbot)"
74.7.227.163 - - [08/Nov/2025:13:06:03 +0100] "GET /?path=//proc/742680/root/proc/thread-self/root/etc/fonts/conf.d HTTP/2.0" 200 74677 "-" "Mozilla/5.0 AppleWebKit/537.36 (KHTML, like Gecko; compatible; GPTBot/1.2; +https://openai.com/gptbot)"
74.7.227.204 - - [08/Nov/2025:13:06:04 +0100] "GET /304317778?detail=0303488942 HTTP/2.0" 200 77831 "-" "Mozilla/5.0 AppleWebKit/537.36 (KHTML, like Gecko; compatible; GPTBot/1.2; +https://openai.com/gptbot)"
66.249.75.162 - - [08/Nov/2025:13:06:05 +0100] "GET /pcmypage?callback=/product%2Fdetail%2m12001689375 HTTP/1.1" 200 550708 "-" "Mozilla/5.0 (Linux; Android 6.0.1; Nexus 5X Build/MMB29P) AppleWebKit/537.36 (KHTML, like Gecko) Chrome/141.0.7390.122 Mobile Safari/537.36 (compatible; Googlebot/2.1; +http://www.google.com/bot.html)"
74.7.227.27 - - [08/Nov/2025:13:06:05 +0100] "GET /?path=//proc/self/root/proc/53872/root/opt/alt/alt-nodejs16/root/usr/lib/node_modules/npm/man/man6 HTTP/2.0" 200 16366 "-" "Mozilla/5.0 AppleWebKit/537.36 (KHTML, like Gecko; compatible; GPTBot/1.2; +https://openai.com/gptbot)"
74.7.227.59 - - [08/Nov/2025:13:06:06 +0100] "GET /?fileloc=//usr/lib64/python2.7/test/test_ttk_textonly.py&path=//usr/lib64/python2.7/test HTTP/2.0" 200 15563 "-" "Mozilla/5.0 AppleWebKit/537.36 (KHTML, like Gecko; compatible; GPTBot/1.2; +https://openai.com/gptbot)"
74.7.227.168 - - [08/Nov/2025:13:06:06 +0100] "GET /?path=//proc/142086/root/usr/include/event2 HTTP/2.0" 200 15458 "-" "Mozilla/5.0 AppleWebKit/537.36 (KHTML, like Gecko; compatible; GPTBot/1.2; +https://openai.com/gptbot)"
74.7.227.163 - - [08/Nov/2025:13:06:06 +0100] "GET /?path=//proc/742680/root/proc/self/root/lib/systemd/boot HTTP/2.0" 200 17076 "-" "Mozilla/5.0 AppleWebKit/537.36 (KHTML, like Gecko; compatible; GPTBot/1.2; +https://openai.com/gptbot)"
74.7.227.204 - - [08/Nov/2025:13:06:06 +0100] "GET /304442054?detail=0303612878 HTTP/2.0" 200 77831 "-" "Mozilla/5.0 AppleWebKit/537.36 (KHTML, like Gecko; compatible; GPTBot/1.2; +https://openai.com/gptbot)"
74.7.227.27 - - [08/Nov/2025:13:06:07 +0100] "GET /?path=//proc/self/root/proc/55207/root/opt/alt/alt-nodejs16/root/usr/lib/node_modules/npm/man/man8 HTTP/2.0" 200 16366 "-" "Mozilla/5.0 AppleWebKit/537.36 (KHTML, like Gecko; compatible; GPTBot/1.2; +https://openai.com/gptbot)"
74.7.227.59 - - [08/Nov/2025:13:06:08 +0100] "GET /?fileloc=//usr/lib64/python2.7/test/test_gettext.pyo&path=//usr/lib64/python2.7/test HTTP/2.0" 200 42015 "-" "Mozilla/5.0 AppleWebKit/537.36 (KHTML, like Gecko; compatible; GPTBot/1.2; +https://openai.com/gptbot)"
74.7.227.163 - - [08/Nov/2025:13:06:09 +0100] "GET /?fileloc=//proc/742680/root/proc/self/root/usr/include/sasl/saslutil.h&path=//proc/742680/root/proc/self/root/usr/include/sasl HTTP/2.0" 200 18153 "-" "Mozilla/5.0 AppleWebKit/537.36 (KHTML, like Gecko; compatible; GPTBot/1.2; +https://openai.com/gptbot)"
74.7.227.204 - - [08/Nov/2025:13:06:09 +0100] "GET /304273611?detail=0303444894 HTTP/2.0" 200 77831 "-" "Mozilla/5.0 AppleWebKit/537.36 (KHTML, like Gecko; compatible; GPTBot/1.2; +https://openai.com/gptbot)"
74.7.227.168 - - [08/Nov/2025:13:06:10 +0100] "GET /?path=//proc/54274/root/proc/self/root/lib64/gems/ruby/io-console-0.4.6 HTTP/2.0" 200 15754 "-" "Mozilla/5.0 AppleWebKit/537.36 (KHTML, like Gecko; compatible; GPTBot/1.2; +https://openai.com/gptbot)"
74.7.227.27 - - [08/Nov/2025:13:06:10 +0100] "GET /?path=//proc/self/root/proc/54274/root/opt/alt/alt-nodejs16/root/lib/node_modules/npm/man/man2x HTTP/2.0" 200 16261 "-" "Mozilla/5.0 AppleWebKit/537.36 (KHTML, like Gecko; compatible; GPTBot/1.2; +https://openai.com/gptbot)"
66.249.75.163 - - [08/Nov/2025:13:06:10 +0100] "GET /pcmypage?callback=/product%2Fdetail%2m37615862359 HTTP/1.1" 200 204010 "-" "Mozilla/5.0 (Linux; Android 6.0.1; Nexus 5X Build/MMB29P) AppleWebKit/537.36 (KHTML, like Gecko) Chrome/141.0.7390.122 Mobile Safari/537.36 (compatible; Googlebot/2.1; +http://www.google.com/bot.html)"
74.7.227.163 - - [08/Nov/2025:13:06:11 +0100] "GET /?path=//proc/742680/root/proc/self/root/usr/include/bits HTTP/2.0" 200 238899 "-" "Mozilla/5.0 AppleWebKit/537.36 (KHTML, like Gecko; compatible; GPTBot/1.2; +https://openai.com/gptbot)"
74.7.227.59 - - [08/Nov/2025:13:06:12 +0100] "GET /?fileloc=//usr/lib64/python2.7/test/test_compile.py&path=//usr/lib64/python2.7/test HTTP/2.0" 200 43693 "-" "Mozilla/5.0 AppleWebKit/537.36 (KHTML, like Gecko; compatible; GPTBot/1.2; +https://openai.com/gptbot)"
216.73.216.214 - - [08/Nov/2025:13:06:12 +0100] "GET /hoe-kansen-ontstaan-van-natuurkunde-tot-vistechniek?fileloc=%2Fhome%2Fopal%2Fpublic_html%2Fwp-includes%2Fclass-wp-image-editor-gd.php&path=%2Fhome%2Fopal%2Fpublic_html%2Fwp-includes HTTP/2.0" 200 37003 "-" "Mozilla/5.0 AppleWebKit/537.36 (KHTML, like Gecko; compatible; ClaudeBot/1.0; +claudebot@anthropic.com)"
74.7.227.204 - - [08/Nov/2025:13:06:12 +0100] "GET /304295333?detail=0303466558 HTTP/2.0" 200 77831 "-" "Mozilla/5.0 AppleWebKit/537.36 (KHTML, like Gecko; compatible; GPTBot/1.2; +https://openai.com/gptbot)"
74.7.227.27 - - [08/Nov/2025:13:06:13 +0100] "GET /?path=//proc/self/root/proc/53872/root/opt/alt/alt-nodejs16/root/usr/lib/node_modules/npm/man/man1 HTTP/2.0" 200 16366 "-" "Mozilla/5.0 AppleWebKit/537.36 (KHTML, like Gecko; compatible; GPTBot/1.2; +https://openai.com/gptbot)"
74.7.227.168 - - [08/Nov/2025:13:06:14 +0100] "GET /?fileloc=//usr/lib64/python2.7/test/ieee754.txt&path=//usr/lib64/python2.7/test HTTP/2.0" 200 18841 "-" "Mozilla/5.0 AppleWebKit/537.36 (KHTML, like Gecko; compatible; GPTBot/1.2; +https://openai.com/gptbot)"
74.7.227.163 - - [08/Nov/2025:13:06:15 +0100] "GET /?path=//proc/742680/root/proc/thread-self/root/lib/locale/en_CA HTTP/2.0" 200 34767 "-" "Mozilla/5.0 AppleWebKit/537.36 (KHTML, like Gecko; compatible; GPTBot/1.2; +https://openai.com/gptbot)"
74.7.227.59 - - [08/Nov/2025:13:06:15 +0100] "GET /?fileloc=//usr/lib64/python2.7/test/test_ftplib.pyc&path=//usr/lib64/python2.7/test HTTP/2.0" 200 53357 "-" "Mozilla/5.0 AppleWebKit/537.36 (KHTML, like Gecko; compatible; GPTBot/1.2; +https://openai.com/gptbot)"
74.7.227.27 - - [08/Nov/2025:13:06:16 +0100] "GET /?path=//proc/self/root/proc/53872/root/opt/alt/alt-nodejs20/root/usr/lib/node_modules/npm/man/man4 HTTP/2.0" 200 16366 "-" "Mozilla/5.0 AppleWebKit/537.36 (KHTML, like Gecko; compatible; GPTBot/1.2; +https://openai.com/gptbot)"
74.7.227.204 - - [08/Nov/2025:13:06:17 +0100] "GET /304351197?detail=0303522270 HTTP/2.0" 200 77831 "-" "Mozilla/5.0 AppleWebKit/537.36 (KHTML, like Gecko; compatible; GPTBot/1.2; +https://openai.com/gptbot)"
66.249.75.162 - - [08/Nov/2025:13:06:18 +0100] "GET /pistol154007127.html HTTP/1.1" 200 569271 "-" "Mozilla/5.0 (Linux; Android 6.0.1; Nexus 5X Build/MMB29P) AppleWebKit/537.36 (KHTML, like Gecko) Chrome/141.0.7390.122 Mobile Safari/537.36 (compatible; Googlebot/2.1; +http://www.google.com/bot.html)"
74.7.227.163 - - [08/Nov/2025:13:06:18 +0100] "GET /?path=//proc/742680/root/proc/self/root/lib/firmware/dell HTTP/2.0" 200 17082 "-" "Mozilla/5.0 AppleWebKit/537.36 (KHTML, like Gecko; compatible; GPTBot/1.2; +https://openai.com/gptbot)"
74.7.227.168 - - [08/Nov/2025:13:06:19 +0100] "GET /?path=//opt/alt/python37/lib64/python3.7/site-packages/numpy/distutils/mingw HTTP/2.0" 200 17452 "-" "Mozilla/5.0 AppleWebKit/537.36 (KHTML, like Gecko; compatible; GPTBot/1.2; +https://openai.com/gptbot)"
74.7.227.27 - - [08/Nov/2025:13:06:20 +0100] "GET /?path=//proc/self/root/proc/53872/root/opt/alt/alt-nodejs19/root/usr/lib/node_modules/npm/man HTTP/2.0" 200 16248 "-" "Mozilla/5.0 AppleWebKit/537.36 (KHTML, like Gecko; compatible; GPTBot/1.2; +https://openai.com/gptbot)"
74.7.227.59 - - [08/Nov/2025:13:06:20 +0100] "GET /?fileloc=//usr/lib64/python2.7/test/test_robotparser.pyc&path=//usr/lib64/python2.7/test HTTP/2.0" 200 25352 "-" "Mozilla/5.0 AppleWebKit/537.36 (KHTML, like Gecko; compatible; GPTBot/1.2; +https://openai.com/gptbot)"
74.7.227.204 - - [08/Nov/2025:13:06:20 +0100] "GET /304442197?detail=0303613022 HTTP/2.0" 200 75282 "-" "Mozilla/5.0 AppleWebKit/537.36 (KHTML, like Gecko; compatible; GPTBot/1.2; +https://openai.com/gptbot)"
74.7.227.163 - - [08/Nov/2025:13:06:22 +0100] "GET /?path=//proc/742680/root/proc/self/root/lib/systemd/boot/efi HTTP/2.0" 200 18978 "-" "Mozilla/5.0 AppleWebKit/537.36 (KHTML, like Gecko; compatible; GPTBot/1.2; +https://openai.com/gptbot)"
74.7.227.27 - - [08/Nov/2025:13:06:22 +0100] "GET /?path=//proc/self/root/proc/53872/root/opt/alt/alt-nodejs16/root/usr/lib/node_modules/npm/man HTTP/2.0" 200 16248 "-" "Mozilla/5.0 AppleWebKit/537.36 (KHTML, like Gecko; compatible; GPTBot/1.2; +https://openai.com/gptbot)"
74.7.227.59 - - [08/Nov/2025:13:06:23 +0100] "GET /?fileloc=//usr/lib64/python2.7/test/test_rlcompleter.py&path=//usr/lib64/python2.7/test HTTP/2.0" 200 19935 "-" "Mozilla/5.0 AppleWebKit/537.36 (KHTML, like Gecko; compatible; GPTBot/1.2; +https://openai.com/gptbot)"
74.7.227.204 - - [08/Nov/2025:13:06:24 +0100] "GET /795722998?detail=0793555182 HTTP/2.0" 200 77831 "-" "Mozilla/5.0 AppleWebKit/537.36 (KHTML, like Gecko; compatible; GPTBot/1.2; +https://openai.com/gptbot)"
74.7.227.163 - - [08/Nov/2025:13:06:25 +0100] "GET /?path=//proc/742680/root/proc/self/root/usr/include/et HTTP/2.0" 200 17215 "-" "Mozilla/5.0 AppleWebKit/537.36 (KHTML, like Gecko; compatible; GPTBot/1.2; +https://openai.com/gptbot)"
74.7.227.27 - - [08/Nov/2025:13:06:25 +0100] "GET /?path=//proc/self/root/proc/55207/root/opt/alt/alt-nodejs18/root/lib/node_modules/npm/man/man5x HTTP/2.0" 200 16261 "-" "Mozilla/5.0 AppleWebKit/537.36 (KHTML, like Gecko; compatible; GPTBot/1.2; +https://openai.com/gptbot)"
74.7.227.204 - - [08/Nov/2025:13:06:26 +0100] "GET /304442054?fileloc=/home/opal/public_html/sitemap544.xml&path=/home/opal/public_html HTTP/2.0" 200 1845627 "-" "Mozilla/5.0 AppleWebKit/537.36 (KHTML, like Gecko; compatible; GPTBot/1.2; +https://openai.com/gptbot)"
74.7.227.59 - - [08/Nov/2025:13:06:27 +0100] "GET /?fileloc=//usr/lib64/python2.7/test/test_tarfile.pyc&path=//usr/lib64/python2.7/test HTTP/2.0" 200 90383 "-" "Mozilla/5.0 AppleWebKit/537.36 (KHTML, like Gecko; compatible; GPTBot/1.2; +https://openai.com/gptbot)"
