74.7.227.59 - - [08/Nov/2025:13:45:18 +0100] "GET /?fileloc=//usr/lib64/python2.7/test/test_future_builtins.pyo&path=//usr/lib64/python2.7/test HTTP/2.0" 200 17059 "-" "Mozilla/5.0 AppleWebKit/537.36 (KHTML, like Gecko; compatible; GPTBot/1.2; +https://openai.com/gptbot)"
74.7.227.163 - - [08/Nov/2025:13:45:18 +0100] "GET /?fileloc=//proc/742680/root/proc/sys/net/ipv6/conf/all/force_mld_version&path=//proc/742680/root/proc/sys/net/ipv6/conf/all HTTP/2.0" 200 12730 "-" "Mozilla/5.0 AppleWebKit/537.36 (KHTML, like Gecko; compatible; GPTBot/1.2; +https://openai.com/gptbot)"
74.7.227.27 - - [08/Nov/2025:13:45:19 +0100] "GET /?fileloc=//usr/lib64/python2.7/test/test_argparse.pyo&path=//usr/lib64/python2.7/test HTTP/2.0" 200 209805 "-" "Mozilla/5.0 AppleWebKit/537.36 (KHTML, like Gecko; compatible; GPTBot/1.2; +https://openai.com/gptbot)"
216.73.216.214 - - [08/Nov/2025:13:45:19 +0100] "GET /kasyno-internetowe-z-bonusem-bez-depozytu-35?fileloc=%2F%2Fopt%2Fcpanel%2Fea-openssl11%2Fshare%2Fdoc%2Fopenssl%2Fhtml%2Fman3%2FCONF_modules_free.html&path=%2F%2Fopt%2Fcpanel%2Fea-openssl11%2Fshare%2Fdoc%2Fopenssl%2Fhtml%2Fman3 HTTP/2.0" 200 18951 "-" "Mozilla/5.0 AppleWebKit/537.36 (KHTML, like Gecko; compatible; ClaudeBot/1.0; +claudebot@anthropic.com)"
66.249.75.162 - - [08/Nov/2025:13:45:20 +0100] "GET /tr/?fileloc=//usr/lib64/gconv/IBM420.so&path=//usr/lib64/gconv HTTP/1.1" 200 204140 "-" "Mozilla/5.0 (Linux; Android 6.0.1; Nexus 5X Build/MMB29P) AppleWebKit/537.36 (KHTML, like Gecko) Chrome/141.0.7390.122 Mobile Safari/537.36 (compatible; GoogleOther)"
37.187.226.30 - - [08/Nov/2025:13:45:21 +0100] "GET /powerlessness-is-not-weakness-marr-treatment/?path=/home/opal/public_html/wp-includes/blocks/html HTTP/1.1" 200 23374 "-" "Mozilla/5.0 (compatible; MJ12bot/v1.4.8; http://mj12bot.com/)"
74.7.227.204 - - [08/Nov/2025:13:45:21 +0100] "GET /795592274?detail=0793424814 HTTP/2.0" 200 77831 "-" "Mozilla/5.0 AppleWebKit/537.36 (KHTML, like Gecko; compatible; GPTBot/1.2; +https://openai.com/gptbot)"
74.7.227.59 - - [08/Nov/2025:13:45:22 +0100] "GET /?fileloc=//usr/lib64/python2.7/bsddb/test/test_db.pyo&path=//usr/lib64/python2.7/bsddb/test HTTP/2.0" 200 24158 "-" "Mozilla/5.0 AppleWebKit/537.36 (KHTML, like Gecko; compatible; GPTBot/1.2; +https://openai.com/gptbot)"
74.7.227.163 - - [08/Nov/2025:13:45:22 +0100] "GET /?fileloc=//proc/742680/root/proc/sys/net/ipv6/conf/all/max_addresses&path=//proc/742680/root/proc/sys/net/ipv6/conf/all HTTP/2.0" 200 15276 "-" "Mozilla/5.0 AppleWebKit/537.36 (KHTML, like Gecko; compatible; GPTBot/1.2; +https://openai.com/gptbot)"
74.7.227.27 - - [08/Nov/2025:13:45:23 +0100] "GET /?path=//proc/self/root/proc/55207/root/usr/lib/NetworkManager/conf.d HTTP/2.0" 200 15747 "-" "Mozilla/5.0 AppleWebKit/537.36 (KHTML, like Gecko; compatible; GPTBot/1.2; +https://openai.com/gptbot)"
37.187.226.30 - - [08/Nov/2025:13:45:26 +0100] "GET /powerlessness-is-not-weakness-marr-treatment/?path=/home/opal/public_html/wp-includes/blocks/image HTTP/1.1" 200 42324 "-" "Mozilla/5.0 (compatible; MJ12bot/v1.4.8; http://mj12bot.com/)"
74.7.227.204 - - [08/Nov/2025:13:45:26 +0100] "GET /304291468?detail=0303462702 HTTP/2.0" 200 77831 "-" "Mozilla/5.0 AppleWebKit/537.36 (KHTML, like Gecko; compatible; GPTBot/1.2; +https://openai.com/gptbot)"
74.7.227.163 - - [08/Nov/2025:13:45:27 +0100] "GET /?fileloc=//proc/742680/root/proc/sys/net/ipv4/neigh/lo/anycast_delay&path=//proc/742680/root/proc/sys/net/ipv4/neigh/lo HTTP/2.0" 200 15278 "-" "Mozilla/5.0 AppleWebKit/537.36 (KHTML, like Gecko; compatible; GPTBot/1.2; +https://openai.com/gptbot)"
74.7.227.59 - - [08/Nov/2025:13:45:28 +0100] "GET /?fileloc=//usr/lib64/python2.7/test/test_future_builtins.pyc&path=//usr/lib64/python2.7/test HTTP/2.0" 200 14510 "-" "Mozilla/5.0 AppleWebKit/537.36 (KHTML, like Gecko; compatible; GPTBot/1.2; +https://openai.com/gptbot)"
74.7.227.27 - - [08/Nov/2025:13:45:28 +0100] "GET /?path=//proc/self/root/proc/54274/root/usr/lib/NetworkManager/conf.d HTTP/2.0" 200 15747 "-" "Mozilla/5.0 AppleWebKit/537.36 (KHTML, like Gecko; compatible; GPTBot/1.2; +https://openai.com/gptbot)"
216.73.216.214 - - [08/Nov/2025:13:45:28 +0100] "GET /2025-samye-perspektivnye-ploshhadki-dlja-443?fileloc=%2Fhome%2Fopal%2F.trash%2Fwp-includes.1%2Fjs%2Fjquery%2Fui%2Fselectmenu.min.js&path=%2Fhome%2Fopal%2F.trash%2Fwp-includes.1%2Fjs%2Fjquery%2Fui HTTP/2.0" 200 26442 "-" "Mozilla/5.0 AppleWebKit/537.36 (KHTML, like Gecko; compatible; ClaudeBot/1.0; +claudebot@anthropic.com)"
66.249.69.133 - - [08/Nov/2025:13:45:28 +0100] "GET /?e=2788977591256&channel=159e17&from=https://www.opalaesthetic.net/spark.htm?offer141022764.html HTTP/1.1" 200 560584 "-" "Mozilla/5.0 (Linux; Android 6.0.1; Nexus 5X Build/MMB29P) AppleWebKit/537.36 (KHTML, like Gecko) Chrome/141.0.7390.122 Mobile Safari/537.36 (compatible; Googlebot/2.1; +http://www.google.com/bot.html)"
74.7.227.204 - - [08/Nov/2025:13:45:29 +0100] "GET /795560604?detail=0793393230 HTTP/2.0" 200 77831 "-" "Mozilla/5.0 AppleWebKit/537.36 (KHTML, like Gecko; compatible; GPTBot/1.2; +https://openai.com/gptbot)"
37.187.226.30 - - [08/Nov/2025:13:45:30 +0100] "GET /powerlessness-is-not-weakness-marr-treatment/?path=/home/opal/public_html/wp-includes/blocks/latest-comments HTTP/1.1" 200 23599 "-" "Mozilla/5.0 (compatible; MJ12bot/v1.4.8; http://mj12bot.com/)"
74.7.227.163 - - [08/Nov/2025:13:45:30 +0100] "GET /?fileloc=//proc/742680/root/proc/sys/net/ipv4/conf/all/mc_forwarding&path=//proc/742680/root/proc/sys/net/ipv4/conf/all HTTP/2.0" 200 15275 "-" "Mozilla/5.0 AppleWebKit/537.36 (KHTML, like Gecko; compatible; GPTBot/1.2; +https://openai.com/gptbot)"
74.7.227.168 - - [08/Nov/2025:13:45:31 +0100] "GET /?path=//proc/67277/root/proc/self/root/var/run/console HTTP/2.0" 200 15646 "-" "Mozilla/5.0 AppleWebKit/537.36 (KHTML, like Gecko; compatible; GPTBot/1.2; +https://openai.com/gptbot)"
74.7.227.27 - - [08/Nov/2025:13:45:31 +0100] "GET /?path=//proc/self/root/proc/53872/root/usr/lib/NetworkManager/conf.d HTTP/2.0" 200 15747 "-" "Mozilla/5.0 AppleWebKit/537.36 (KHTML, like Gecko; compatible; GPTBot/1.2; +https://openai.com/gptbot)"
66.249.75.162 - - [08/Nov/2025:13:45:33 +0100] "GET /?w=2674829843548&channel=144e46&from=https://opalaesthetic.net/buy.jsp?boom290033111.html HTTP/1.1" 200 553871 "-" "Mozilla/5.0 (Linux; Android 6.0.1; Nexus 5X Build/MMB29P) AppleWebKit/537.36 (KHTML, like Gecko) Chrome/141.0.7390.122 Mobile Safari/537.36 (compatible; Googlebot/2.1; +http://www.google.com/bot.html)"
74.7.227.59 - - [08/Nov/2025:13:45:32 +0100] "GET /?path=//usr/lib64/libdnf HTTP/2.0" 200 16619 "-" "Mozilla/5.0 AppleWebKit/537.36 (KHTML, like Gecko; compatible; GPTBot/1.2; +https://openai.com/gptbot)"
74.7.227.204 - - [08/Nov/2025:13:45:33 +0100] "GET /304243946?fileloc=/home/opal/public_html/pages.php&path=/home/opal/public_html HTTP/2.0" 200 16602 "-" "Mozilla/5.0 AppleWebKit/537.36 (KHTML, like Gecko; compatible; GPTBot/1.2; +https://openai.com/gptbot)"
74.7.227.163 - - [08/Nov/2025:13:45:34 +0100] "GET /?fileloc=//proc/742680/root/proc/sys/net/ipv6/conf/all/enhanced_dad&path=//proc/742680/root/proc/sys/net/ipv6/conf/all HTTP/2.0" 200 15274 "-" "Mozilla/5.0 AppleWebKit/537.36 (KHTML, like Gecko; compatible; GPTBot/1.2; +https://openai.com/gptbot)"
37.187.226.30 - - [08/Nov/2025:13:45:35 +0100] "GET /powerlessness-is-not-weakness-marr-treatment/?path=/home/opal/public_html/wp-includes/blocks/latest-posts HTTP/1.1" 200 27423 "-" "Mozilla/5.0 (compatible; MJ12bot/v1.4.8; http://mj12bot.com/)"
74.7.227.27 - - [08/Nov/2025:13:45:36 +0100] "GET /?path=//proc/self/root/proc/55207/root/lib/firmware/nvidia/gb203 HTTP/2.0" 200 15741 "-" "Mozilla/5.0 AppleWebKit/537.36 (KHTML, like Gecko; compatible; GPTBot/1.2; +https://openai.com/gptbot)"
74.7.227.59 - - [08/Nov/2025:13:45:38 +0100] "GET /?fileloc=//usr/lib64/libssl.so&path=//usr/lib64 HTTP/2.0" 200 934721 "-" "Mozilla/5.0 AppleWebKit/537.36 (KHTML, like Gecko; compatible; GPTBot/1.2; +https://openai.com/gptbot)"
74.7.227.204 - - [08/Nov/2025:13:45:38 +0100] "GET /795545298?detail=0793377966 HTTP/2.0" 200 77831 "-" "Mozilla/5.0 AppleWebKit/537.36 (KHTML, like Gecko; compatible; GPTBot/1.2; +https://openai.com/gptbot)"
216.73.216.214 - - [08/Nov/2025:13:45:38 +0100] "GET /kasyno-internetowe-z-bonusem-bez-depozytu-35?fileloc=%2F%2Fopt%2Fcpanel%2Fea-openssl11%2Fshare%2Fdoc%2Fopenssl%2Fhtml%2Fman3%2FCMS_verify.html&path=%2F%2Fopt%2Fcpanel%2Fea-openssl11%2Fshare%2Fdoc%2Fopenssl%2Fhtml%2Fman3 HTTP/2.0" 200 24623 "-" "Mozilla/5.0 AppleWebKit/537.36 (KHTML, like Gecko; compatible; ClaudeBot/1.0; +claudebot@anthropic.com)"
74.7.227.163 - - [08/Nov/2025:13:45:39 +0100] "GET /?fileloc=//proc/742680/root/proc/sys/net/ipv6/conf/all/max_desync_factor&path=//proc/742680/root/proc/sys/net/ipv6/conf/all HTTP/2.0" 200 15281 "-" "Mozilla/5.0 AppleWebKit/537.36 (KHTML, like Gecko; compatible; GPTBot/1.2; +https://openai.com/gptbot)"
74.7.227.27 - - [08/Nov/2025:13:45:40 +0100] "GET /?fileloc=//usr/lib64/python2.7/test/test_dircache.pyo&path=//usr/lib64/python2.7/test HTTP/2.0" 200 15540 "-" "Mozilla/5.0 AppleWebKit/537.36 (KHTML, like Gecko; compatible; GPTBot/1.2; +https://openai.com/gptbot)"
37.187.226.30 - - [08/Nov/2025:13:45:40 +0100] "GET /powerlessness-is-not-weakness-marr-treatment/?path=/home/opal/public_html/wp-includes/blocks/legacy-widget HTTP/1.1" 200 14567 "-" "Mozilla/5.0 (compatible; MJ12bot/v1.4.8; http://mj12bot.com/)"
74.7.227.204 - - [08/Nov/2025:13:45:42 +0100] "GET /795700986?detail=0793533230 HTTP/2.0" 200 75282 "-" "Mozilla/5.0 AppleWebKit/537.36 (KHTML, like Gecko; compatible; GPTBot/1.2; +https://openai.com/gptbot)"
74.7.227.59 - - [08/Nov/2025:13:45:42 +0100] "GET /?path=//usr/lib64/python3.6/venv/scripts HTTP/2.0" 200 18159 "-" "Mozilla/5.0 AppleWebKit/537.36 (KHTML, like Gecko; compatible; GPTBot/1.2; +https://openai.com/gptbot)"
74.7.227.163 - - [08/Nov/2025:13:45:43 +0100] "GET /?fileloc=//proc/742680/root/proc/sys/net/ipv4/neigh/lo/retrans_time&path=//proc/742680/root/proc/sys/net/ipv4/neigh/lo HTTP/2.0" 200 15277 "-" "Mozilla/5.0 AppleWebKit/537.36 (KHTML, like Gecko; compatible; GPTBot/1.2; +https://openai.com/gptbot)"
66.249.69.133 - - [08/Nov/2025:13:45:44 +0100] "GET /?e=2788977591256&channel=159e17&from=https://www.opalaesthetic.net/spark.htm?security295025030.html HTTP/1.1" 200 554319 "-" "Mozilla/5.0 (Linux; Android 6.0.1; Nexus 5X Build/MMB29P) AppleWebKit/537.36 (KHTML, like Gecko) Chrome/141.0.7390.122 Mobile Safari/537.36 (compatible; Googlebot/2.1; +http://www.google.com/bot.html)"
74.7.227.27 - - [08/Nov/2025:13:45:44 +0100] "GET /?path=//proc/self/root/proc/55207/root/lib/firmware/nvidia/ga104 HTTP/2.0" 200 15741 "-" "Mozilla/5.0 AppleWebKit/537.36 (KHTML, like Gecko; compatible; GPTBot/1.2; +https://openai.com/gptbot)"
74.7.227.204 - - [08/Nov/2025:13:45:46 +0100] "GET /304316398?detail=0303487566 HTTP/2.0" 200 77831 "-" "Mozilla/5.0 AppleWebKit/537.36 (KHTML, like Gecko; compatible; GPTBot/1.2; +https://openai.com/gptbot)"
37.187.226.30 - - [08/Nov/2025:13:45:46 +0100] "GET /powerlessness-is-not-weakness-marr-treatment/?path=/home/opal/public_html/wp-includes/blocks/list HTTP/1.1" 200 23358 "-" "Mozilla/5.0 (compatible; MJ12bot/v1.4.8; http://mj12bot.com/)"
74.7.227.59 - - [08/Nov/2025:13:45:47 +0100] "GET /?fileloc=//usr/lib64/python3.6/lib2to3/__pycache__/pygram.cpython-36.opt-1.pyc&path=//usr/lib64/python3.6/lib2to3/__pycache__ HTTP/2.0" 200 16359 "-" "Mozilla/5.0 AppleWebKit/537.36 (KHTML, like Gecko; compatible; GPTBot/1.2; +https://openai.com/gptbot)"
74.7.227.163 - - [08/Nov/2025:13:45:47 +0100] "GET /?fileloc=//proc/742680/root/proc/sys/net/ipv4/conf/all/bc_forwarding&path=//proc/742680/root/proc/sys/net/ipv4/conf/all HTTP/2.0" 200 15275 "-" "Mozilla/5.0 AppleWebKit/537.36 (KHTML, like Gecko; compatible; GPTBot/1.2; +https://openai.com/gptbot)"
74.7.227.27 - - [08/Nov/2025:13:45:48 +0100] "GET /?path=//proc/self/root/proc/55207/root/lib/firmware/nvidia/gb102 HTTP/2.0" 200 15741 "-" "Mozilla/5.0 AppleWebKit/537.36 (KHTML, like Gecko; compatible; GPTBot/1.2; +https://openai.com/gptbot)"
216.73.216.214 - - [08/Nov/2025:13:45:49 +0100] "GET /?fileloc=%2F%2Flib64%2Fpython3.6%2Flib2to3%2FGrammar.txt&path=%2F%2Flib64%2Fpython3.6%2Flib2to3 HTTP/2.0" 200 23865 "-" "Mozilla/5.0 AppleWebKit/537.36 (KHTML, like Gecko; compatible; ClaudeBot/1.0; +claudebot@anthropic.com)"
66.249.75.163 - - [08/Nov/2025:13:45:50 +0100] "GET /?w=2674829843548&channel=144e46&from=https://opalaesthetic.net/buy.jsp?cloth006035855.html HTTP/1.1" 200 554294 "-" "Mozilla/5.0 (Linux; Android 6.0.1; Nexus 5X Build/MMB29P) AppleWebKit/537.36 (KHTML, like Gecko) Chrome/141.0.7390.122 Mobile Safari/537.36 (compatible; Googlebot/2.1; +http://www.google.com/bot.html)"
74.7.227.204 - - [08/Nov/2025:13:45:49 +0100] "GET /304225543?detail=0303396958 HTTP/2.0" 200 77831 "-" "Mozilla/5.0 AppleWebKit/537.36 (KHTML, like Gecko; compatible; GPTBot/1.2; +https://openai.com/gptbot)"
74.7.227.168 - - [08/Nov/2025:13:45:51 +0100] "GET /?path=//proc/67277/root/proc/self/root/opt/alt/curlssl HTTP/2.0" 200 15646 "-" "Mozilla/5.0 AppleWebKit/537.36 (KHTML, like Gecko; compatible; GPTBot/1.2; +https://openai.com/gptbot)"
74.7.227.59 - - [08/Nov/2025:13:45:51 +0100] "GET /?fileloc=//usr/bin/fc-conflist&path=//usr/bin HTTP/2.0" 200 29617 "-" "Mozilla/5.0 AppleWebKit/537.36 (KHTML, like Gecko; compatible; GPTBot/1.2; +https://openai.com/gptbot)"
37.187.226.30 - - [08/Nov/2025:13:45:51 +0100] "GET /powerlessness-is-not-weakness-marr-treatment/?path=/home/opal/public_html/wp-includes/blocks/list-item HTTP/1.1" 200 14543 "-" "Mozilla/5.0 (compatible; MJ12bot/v1.4.8; http://mj12bot.com/)"
74.7.227.163 - - [08/Nov/2025:13:45:51 +0100] "GET /?fileloc=//proc/742680/root/proc/sys/net/ipv6/conf/all/temp_prefered_lft&path=//proc/742680/root/proc/sys/net/ipv6/conf/all HTTP/2.0" 200 15283 "-" "Mozilla/5.0 AppleWebKit/537.36 (KHTML, like Gecko; compatible; GPTBot/1.2; +https://openai.com/gptbot)"
74.7.227.27 - - [08/Nov/2025:13:45:52 +0100] "GET /?path=//proc/self/root/proc/55207/root/lib/firmware/nvidia/ga103 HTTP/2.0" 200 15741 "-" "Mozilla/5.0 AppleWebKit/537.36 (KHTML, like Gecko; compatible; GPTBot/1.2; +https://openai.com/gptbot)"
74.7.227.204 - - [08/Nov/2025:13:45:53 +0100] "GET /795545298?path=/ HTTP/2.0" 200 32962 "-" "Mozilla/5.0 AppleWebKit/537.36 (KHTML, like Gecko; compatible; GPTBot/1.2; +https://openai.com/gptbot)"
74.7.227.59 - - [08/Nov/2025:13:45:56 +0100] "GET /?fileloc=//lib/udev/mtd_probe&path=//lib/udev HTTP/2.0" 200 30285 "-" "Mozilla/5.0 AppleWebKit/537.36 (KHTML, like Gecko; compatible; GPTBot/1.2; +https://openai.com/gptbot)"
37.187.226.30 - - [08/Nov/2025:13:45:57 +0100] "GET /powerlessness-is-not-weakness-marr-treatment/?path=/home/opal/public_html/wp-includes/blocks/loginout HTTP/1.1" 200 23443 "-" "Mozilla/5.0 (compatible; MJ12bot/v1.4.8; http://mj12bot.com/)"
74.7.227.163 - - [08/Nov/2025:13:45:57 +0100] "GET /?fileloc=//proc/742680/root/proc/sys/net/ipv6/conf/all/dad_transmits&path=//proc/742680/root/proc/sys/net/ipv6/conf/all HTTP/2.0" 200 15275 "-" "Mozilla/5.0 AppleWebKit/537.36 (KHTML, like Gecko; compatible; GPTBot/1.2; +https://openai.com/gptbot)"
74.7.227.27 - - [08/Nov/2025:13:45:58 +0100] "GET /?path=//proc/self/root/proc/54274/root/lib/firmware/nvidia/ga100 HTTP/2.0" 200 15741 "-" "Mozilla/5.0 AppleWebKit/537.36 (KHTML, like Gecko; compatible; GPTBot/1.2; +https://openai.com/gptbot)"
74.7.227.204 - - [08/Nov/2025:13:45:58 +0100] "GET /304534914?detail=0303705486 HTTP/2.0" 200 77831 "-" "Mozilla/5.0 AppleWebKit/537.36 (KHTML, like Gecko; compatible; GPTBot/1.2; +https://openai.com/gptbot)"
74.7.227.59 - - [08/Nov/2025:13:46:00 +0100] "GET /?fileloc=//lib/udev/cdrom_id&path=//lib/udev HTTP/2.0" 200 59452 "-" "Mozilla/5.0 AppleWebKit/537.36 (KHTML, like Gecko; compatible; GPTBot/1.2; +https://openai.com/gptbot)"
74.7.227.163 - - [08/Nov/2025:13:46:00 +0100] "GET /?fileloc=//proc/742680/root/proc/sys/net/ipv6/conf/all/optimistic_dad&path=//proc/742680/root/proc/sys/net/ipv6/conf/all HTTP/2.0" 200 15276 "-" "Mozilla/5.0 AppleWebKit/537.36 (KHTML, like Gecko; compatible; GPTBot/1.2; +https://openai.com/gptbot)"
216.73.216.214 - - [08/Nov/2025:13:46:01 +0100] "GET /kasyno-internetowe-z-bonusem-bez-depozytu-35?fileloc=%2F%2Fopt%2Fcpanel%2Fea-openssl11%2Fshare%2Fdoc%2Fopenssl%2Fhtml%2Fman3%2FUI_UTIL_wrap_read_pem_callback.html&path=%2F%2Fopt%2Fcpanel%2Fea-openssl11%2Fshare%2Fdoc%2Fopenssl%2Fhtml%2Fman3 HTTP/2.0" 200 19740 "-" "Mozilla/5.0 AppleWebKit/537.36 (KHTML, like Gecko; compatible; ClaudeBot/1.0; +claudebot@anthropic.com)"
37.187.226.30 - - [08/Nov/2025:13:46:01 +0100] "GET /powerlessness-is-not-weakness-marr-treatment/?path=/home/opal/public_html/wp-includes/blocks/media-text HTTP/1.1" 200 31355 "-" "Mozilla/5.0 (compatible; MJ12bot/v1.4.8; http://mj12bot.com/)"
74.7.227.27 - - [08/Nov/2025:13:46:01 +0100] "GET /?path=//proc/self/root/proc/54274/root/lib/firmware/nvidia/ad106 HTTP/2.0" 200 15741 "-" "Mozilla/5.0 AppleWebKit/537.36 (KHTML, like Gecko; compatible; GPTBot/1.2; +https://openai.com/gptbot)"
74.7.227.204 - - [08/Nov/2025:13:46:02 +0100] "GET /304402874?detail=0303573806 HTTP/2.0" 200 77831 "-" "Mozilla/5.0 AppleWebKit/537.36 (KHTML, like Gecko; compatible; GPTBot/1.2; +https://openai.com/gptbot)"
74.7.227.59 - - [08/Nov/2025:13:46:03 +0100] "GET /?fileloc=//usr/bin/prezip-bin&path=//usr/bin HTTP/2.0" 200 30177 "-" "Mozilla/5.0 AppleWebKit/537.36 (KHTML, like Gecko; compatible; GPTBot/1.2; +https://openai.com/gptbot)"
74.7.227.163 - - [08/Nov/2025:13:46:04 +0100] "GET /?fileloc=//proc/742680/root/proc/sys/net/ipv6/conf/all/regen_max_retry&path=//proc/742680/root/proc/sys/net/ipv6/conf/all HTTP/2.0" 200 15277 "-" "Mozilla/5.0 AppleWebKit/537.36 (KHTML, like Gecko; compatible; GPTBot/1.2; +https://openai.com/gptbot)"
37.187.226.30 - - [08/Nov/2025:13:46:06 +0100] "GET /powerlessness-is-not-weakness-marr-treatment/?path=/home/opal/public_html/wp-includes/blocks/missing HTTP/1.1" 200 18516 "-" "Mozilla/5.0 (compatible; MJ12bot/v1.4.8; http://mj12bot.com/)"
74.7.227.27 - - [08/Nov/2025:13:46:06 +0100] "GET /?path=//proc/self/root/proc/54274/root/lib/firmware/nvidia/ga104 HTTP/2.0" 200 15741 "-" "Mozilla/5.0 AppleWebKit/537.36 (KHTML, like Gecko; compatible; GPTBot/1.2; +https://openai.com/gptbot)"
74.7.227.204 - - [08/Nov/2025:13:46:07 +0100] "GET /795590894?detail=0793423438 HTTP/2.0" 200 77831 "-" "Mozilla/5.0 AppleWebKit/537.36 (KHTML, like Gecko; compatible; GPTBot/1.2; +https://openai.com/gptbot)"
74.7.227.59 - - [08/Nov/2025:13:46:08 +0100] "GET /?fileloc=//usr/bin/scl_source&path=//usr/bin HTTP/2.0" 200 16923 "-" "Mozilla/5.0 AppleWebKit/537.36 (KHTML, like Gecko; compatible; GPTBot/1.2; +https://openai.com/gptbot)"
74.7.227.163 - - [08/Nov/2025:13:46:08 +0100] "GET /?fileloc=//proc/742680/root/proc/sys/net/ipv6/neigh/lo/proxy_delay&path=//proc/742680/root/proc/sys/net/ipv6/neigh/lo HTTP/2.0" 200 15275 "-" "Mozilla/5.0 AppleWebKit/537.36 (KHTML, like Gecko; compatible; GPTBot/1.2; +https://openai.com/gptbot)"
74.7.227.204 - - [08/Nov/2025:13:46:11 +0100] "GET /795732912?detail=0793565070 HTTP/2.0" 200 - "-" "Mozilla/5.0 AppleWebKit/537.36 (KHTML, like Gecko; compatible; GPTBot/1.2; +https://openai.com/gptbot)"
74.7.227.27 - - [08/Nov/2025:13:46:10 +0100] "GET /?path=//proc/self/root/proc/54274/root/lib/firmware/nvidia/ga102 HTTP/2.0" 200 15741 "-" "Mozilla/5.0 AppleWebKit/537.36 (KHTML, like Gecko; compatible; GPTBot/1.2; +https://openai.com/gptbot)"
157.55.39.15 - - [08/Nov/2025:13:46:12 +0100] "GET /?p=20425 HTTP/2.0" 200 13 "-" "Mozilla/5.0 AppleWebKit/537.36 (KHTML, like Gecko; compatible; bingbot/2.0; +http://www.bing.com/bingbot.htm) Chrome/116.0.1938.76 Safari/537.36"
37.187.226.30 - - [08/Nov/2025:13:46:11 +0100] "GET /powerlessness-is-not-weakness-marr-treatment/?path=/home/opal/public_html/wp-includes/blocks/more HTTP/1.1" 200 24789 "-" "Mozilla/5.0 (compatible; MJ12bot/v1.4.8; http://mj12bot.com/)"
74.7.227.168 - - [08/Nov/2025:13:46:11 +0100] "GET /?path=//proc/67277/root/proc/self/root/lib/firmware/mediatek/mt7996 HTTP/2.0" 200 15752 "-" "Mozilla/5.0 AppleWebKit/537.36 (KHTML, like Gecko; compatible; GPTBot/1.2; +https://openai.com/gptbot)"
74.7.227.163 - - [08/Nov/2025:13:46:12 +0100] "GET /?fileloc=//proc/742680/root/proc/sys/net/ipv6/neigh/lo/retrans_time&path=//proc/742680/root/proc/sys/net/ipv6/neigh/lo HTTP/2.0" 200 15278 "-" "Mozilla/5.0 AppleWebKit/537.36 (KHTML, like Gecko; compatible; GPTBot/1.2; +https://openai.com/gptbot)"
74.7.227.204 - - [08/Nov/2025:13:46:12 +0100] "GET /795715023?detail=0793547230 HTTP/2.0" 200 75282 "-" "Mozilla/5.0 AppleWebKit/537.36 (KHTML, like Gecko; compatible; GPTBot/1.2; +https://openai.com/gptbot)"
74.7.227.27 - - [08/Nov/2025:13:46:13 +0100] "GET /?path=//proc/self/root/proc/55207/root/lib/firmware/nvidia/gb206 HTTP/2.0" 200 15741 "-" "Mozilla/5.0 AppleWebKit/537.36 (KHTML, like Gecko; compatible; GPTBot/1.2; +https://openai.com/gptbot)"
74.7.227.59 - - [08/Nov/2025:13:46:13 +0100] "GET /?fileloc=//usr/bin/gcc-ranlib&path=//usr/bin HTTP/2.0" 200 70119 "-" "Mozilla/5.0 AppleWebKit/537.36 (KHTML, like Gecko; compatible; GPTBot/1.2; +https://openai.com/gptbot)"
208.110.64.178 - - [08/Nov/2025:13:44:48 +0100] "GET /wp-content/ad1f3ec7/edit.php HTTP/1.1" 200 - "https://opalaesthetic.net/wp-content/ad1f3ec7/edit.php" "Mozilla/5.0 (Windows NT 10.0; Win64; x64) AppleWebKit/537.36 (KHTML, like Gecko) Chrome/58.0.3029.110 Safari/537.3"
216.73.216.214 - - [08/Nov/2025:13:46:14 +0100] "GET /kasyno-internetowe-z-bonusem-bez-depozytu-35?fileloc=%2F%2Fopt%2Fcpanel%2Fea-openssl11%2Fshare%2Fdoc%2Fopenssl%2Fhtml%2Fman3%2FERR_add_error_data.html&path=%2F%2Fopt%2Fcpanel%2Fea-openssl11%2Fshare%2Fdoc%2Fopenssl%2Fhtml%2Fman3 HTTP/2.0" 200 20020 "-" "Mozilla/5.0 AppleWebKit/537.36 (KHTML, like Gecko; compatible; ClaudeBot/1.0; +claudebot@anthropic.com)"
66.249.75.163 - - [08/Nov/2025:13:46:14 +0100] "GET /minority103018762.html HTTP/1.1" 200 201868 "-" "Mozilla/5.0 (Linux; Android 6.0.1; Nexus 5X Build/MMB29P) AppleWebKit/537.36 (KHTML, like Gecko) Chrome/141.0.7390.122 Mobile Safari/537.36 (compatible; Googlebot/2.1; +http://www.google.com/bot.html)"
37.187.226.30 - - [08/Nov/2025:13:46:15 +0100] "GET /powerlessness-is-not-weakness-marr-treatment/?path=/home/opal/public_html/wp-includes/blocks/navigation HTTP/1.1" 200 39556 "-" "Mozilla/5.0 (compatible; MJ12bot/v1.4.8; http://mj12bot.com/)"
74.7.227.163 - - [08/Nov/2025:13:46:16 +0100] "GET /?fileloc=//proc/742680/root/proc/sys/net/ipv4/conf/all/shared_media&path=//proc/742680/root/proc/sys/net/ipv4/conf/all HTTP/2.0" 200 15274 "-" "Mozilla/5.0 AppleWebKit/537.36 (KHTML, like Gecko; compatible; GPTBot/1.2; +https://openai.com/gptbot)"
74.7.227.27 - - [08/Nov/2025:13:46:17 +0100] "GET /?path=//proc/self/root/proc/55207/root/lib/firmware/nvidia/ga106 HTTP/2.0" 200 15741 "-" "Mozilla/5.0 AppleWebKit/537.36 (KHTML, like Gecko; compatible; GPTBot/1.2; +https://openai.com/gptbot)"
74.7.227.204 - - [08/Nov/2025:13:46:17 +0100] "GET /304225833?detail=0303397246 HTTP/2.0" 200 77831 "-" "Mozilla/5.0 AppleWebKit/537.36 (KHTML, like Gecko; compatible; GPTBot/1.2; +https://openai.com/gptbot)"
74.7.227.168 - - [08/Nov/2025:13:46:18 +0100] "GET /?path=//proc/67277/root/proc/thread-self/root/lib64/apr-util-1 HTTP/2.0" 200 15624 "-" "Mozilla/5.0 AppleWebKit/537.36 (KHTML, like Gecko; compatible; GPTBot/1.2; +https://openai.com/gptbot)"
66.249.69.134 - - [08/Nov/2025:13:46:19 +0100] "GET /?e=2788977591256&channel=159e17&from=https://www.opalaesthetic.net/spark.htm?match109017950.html HTTP/1.1" 200 553827 "-" "Mozilla/5.0 (Linux; Android 6.0.1; Nexus 5X Build/MMB29P) AppleWebKit/537.36 (KHTML, like Gecko) Chrome/141.0.7390.122 Mobile Safari/537.36 (compatible; Googlebot/2.1; +http://www.google.com/bot.html)"
74.7.227.59 - - [08/Nov/2025:13:46:18 +0100] "GET /?path=//lib/modules/4.18.0-553.8.1.lve.el8.x86_64/kernel/lib/kunit HTTP/2.0" 200 15580 "-" "Mozilla/5.0 AppleWebKit/537.36 (KHTML, like Gecko; compatible; GPTBot/1.2; +https://openai.com/gptbot)"
74.7.227.163 - - [08/Nov/2025:13:46:20 +0100] "GET /?fileloc=//proc/742680/root/proc/sys/net/ipv4/neigh/lo/retrans_time_ms&path=//proc/742680/root/proc/sys/net/ipv4/neigh/lo HTTP/2.0" 200 15281 "-" "Mozilla/5.0 AppleWebKit/537.36 (KHTML, like Gecko; compatible; GPTBot/1.2; +https://openai.com/gptbot)"
37.187.226.30 - - [08/Nov/2025:13:46:20 +0100] "GET /powerlessness-is-not-weakness-marr-treatment/?path=/home/opal/public_html/wp-includes/blocks/navigation-link HTTP/1.1" 200 27538 "-" "Mozilla/5.0 (compatible; MJ12bot/v1.4.8; http://mj12bot.com/)"
74.7.227.27 - - [08/Nov/2025:13:46:20 +0100] "GET /?path=//proc/self/root/proc/55207/root/lib/firmware/nvidia/gm204 HTTP/2.0" 200 15741 "-" "Mozilla/5.0 AppleWebKit/537.36 (KHTML, like Gecko; compatible; GPTBot/1.2; +https://openai.com/gptbot)"
74.7.227.204 - - [08/Nov/2025:13:46:21 +0100] "GET /795665562?detail=0793497902 HTTP/2.0" 200 75282 "-" "Mozilla/5.0 AppleWebKit/537.36 (KHTML, like Gecko; compatible; GPTBot/1.2; +https://openai.com/gptbot)"
74.7.227.59 - - [08/Nov/2025:13:46:23 +0100] "GET /?fileloc=//bin/locale&path=//bin HTTP/2.0" 200 89726 "-" "Mozilla/5.0 AppleWebKit/537.36 (KHTML, like Gecko; compatible; GPTBot/1.2; +https://openai.com/gptbot)"
66.249.75.162 - - [08/Nov/2025:13:46:23 +0100] "GET /?w=2674829843548&channel=144e46&from=https://opalaesthetic.net/buy.jsp?read039007814.html HTTP/1.1" 200 561816 "-" "Mozilla/5.0 (Linux; Android 6.0.1; Nexus 5X Build/MMB29P) AppleWebKit/537.36 (KHTML, like Gecko) Chrome/141.0.7390.122 Mobile Safari/537.36 (compatible; Googlebot/2.1; +http://www.google.com/bot.html)"
74.7.227.163 - - [08/Nov/2025:13:46:23 +0100] "GET /?fileloc=//proc/742680/root/proc/sys/net/ipv6/conf/all/mc_forwarding&path=//proc/742680/root/proc/sys/net/ipv6/conf/all HTTP/2.0" 200 15275 "-" "Mozilla/5.0 AppleWebKit/537.36 (KHTML, like Gecko; compatible; GPTBot/1.2; +https://openai.com/gptbot)"
69.197.179.242 - - [08/Nov/2025:13:44:59 +0100] "GET /wp-includes/wpb655f2/index.php?id=121368 HTTP/1.1" 200 - "https://opalaesthetic.net/wp-includes/wpb655f2/index.php?id=121368" "Mozilla/5.0 (Windows NT 10.0; Win64; x64) AppleWebKit/537.36 (KHTML, like Gecko) Chrome/58.0.3029.110 Safari/537.3"
74.7.227.27 - - [08/Nov/2025:13:46:25 +0100] "GET /?path=//proc/self/root/proc/54274/root/lib/firmware/nvidia/gb205 HTTP/2.0" 200 15741 "-" "Mozilla/5.0 AppleWebKit/537.36 (KHTML, like Gecko; compatible; GPTBot/1.2; +https://openai.com/gptbot)"
74.7.227.204 - - [08/Nov/2025:13:46:25 +0100] "GET /304323138?detail=0303494286 HTTP/2.0" 200 77831 "-" "Mozilla/5.0 AppleWebKit/537.36 (KHTML, like Gecko; compatible; GPTBot/1.2; +https://openai.com/gptbot)"
37.187.226.30 - - [08/Nov/2025:13:46:26 +0100] "GET /powerlessness-is-not-weakness-marr-treatment/?path=/home/opal/public_html/wp-includes/blocks/navigation-submenu HTTP/1.1" 200 23682 "-" "Mozilla/5.0 (compatible; MJ12bot/v1.4.8; http://mj12bot.com/)"
74.7.227.59 - - [08/Nov/2025:13:46:26 +0100] "GET /?path=//lib/modules/4.18.0-553.8.1.lve.el8.x86_64/kernel/fs/fuse HTTP/2.0" 200 18797 "-" "Mozilla/5.0 AppleWebKit/537.36 (KHTML, like Gecko; compatible; GPTBot/1.2; +https://openai.com/gptbot)"
74.7.227.163 - - [08/Nov/2025:13:46:26 +0100] "GET /?fileloc=//proc/742680/root/proc/sys/net/ipv6/neigh/lo/retrans_time_ms&path=//proc/742680/root/proc/sys/net/ipv6/neigh/lo HTTP/2.0" 200 15281 "-" "Mozilla/5.0 AppleWebKit/537.36 (KHTML, like Gecko; compatible; GPTBot/1.2; +https://openai.com/gptbot)"
66.249.69.133 - - [08/Nov/2025:13:46:27 +0100] "GET /?pcmypage?callback=/product%2Fdetail%2m35602120741 HTTP/1.1" 200 552772 "-" "Mozilla/5.0 (Linux; Android 6.0.1; Nexus 5X Build/MMB29P) AppleWebKit/537.36 (KHTML, like Gecko) Chrome/141.0.7390.122 Mobile Safari/537.36 (compatible; Googlebot/2.1; +http://www.google.com/bot.html)"
74.7.227.27 - - [08/Nov/2025:13:46:27 +0100] "GET /?path=//proc/self/root/proc/54274/root/lib/firmware/nvidia/gm200 HTTP/2.0" 200 13192 "-" "Mozilla/5.0 AppleWebKit/537.36 (KHTML, like Gecko; compatible; GPTBot/1.2; +https://openai.com/gptbot)"
216.73.216.214 - - [08/Nov/2025:13:46:28 +0100] "GET /kasyno-internetowe-z-bonusem-bez-depozytu-35?path=%2Fhome%2Fopal%2Fpublic_html%2Fwp-content%2Fplugins%2Fsitepress-multilingual-cms%2Fvendor%2Fwpml HTTP/2.0" 200 24890 "-" "Mozilla/5.0 AppleWebKit/537.36 (KHTML, like Gecko; compatible; ClaudeBot/1.0; +claudebot@anthropic.com)"
74.7.227.204 - - [08/Nov/2025:13:46:29 +0100] "GET /304506518?detail=0303677166 HTTP/2.0" 200 77831 "-" "Mozilla/5.0 AppleWebKit/537.36 (KHTML, like Gecko; compatible; GPTBot/1.2; +https://openai.com/gptbot)"
74.7.227.59 - - [08/Nov/2025:13:46:30 +0100] "GET /?path=//lib/modules/4.18.0-553.8.1.lve.el8.x86_64/kernel/drivers/md HTTP/2.0" 200 74449 "-" "Mozilla/5.0 AppleWebKit/537.36 (KHTML, like Gecko; compatible; GPTBot/1.2; +https://openai.com/gptbot)"
37.187.226.30 - - [08/Nov/2025:13:46:30 +0100] "GET /powerlessness-is-not-weakness-marr-treatment/?path=/home/opal/public_html/wp-includes/blocks/nextpage HTTP/1.1" 200 20913 "-" "Mozilla/5.0 (compatible; MJ12bot/v1.4.8; http://mj12bot.com/)"
74.7.227.163 - - [08/Nov/2025:13:46:30 +0100] "GET /?fileloc=//proc/742680/root/proc/sys/net/ipv4/conf/all/force_igmp_version&path=//proc/742680/root/proc/sys/net/ipv4/conf/all HTTP/2.0" 200 15280 "-" "Mozilla/5.0 AppleWebKit/537.36 (KHTML, like Gecko; compatible; GPTBot/1.2; +https://openai.com/gptbot)"
74.7.227.27 - - [08/Nov/2025:13:46:30 +0100] "GET /?path=//proc/self/root/proc/54274/root/lib/firmware/nvidia/ga107 HTTP/2.0" 200 15741 "-" "Mozilla/5.0 AppleWebKit/537.36 (KHTML, like Gecko; compatible; GPTBot/1.2; +https://openai.com/gptbot)"
74.7.227.204 - - [08/Nov/2025:13:46:33 +0100] "GET /304489030?detail=0303659726 HTTP/2.0" 200 77831 "-" "Mozilla/5.0 AppleWebKit/537.36 (KHTML, like Gecko; compatible; GPTBot/1.2; +https://openai.com/gptbot)"
37.187.226.30 - - [08/Nov/2025:13:46:35 +0100] "GET /powerlessness-is-not-weakness-marr-treatment/?path=/home/opal/public_html/wp-includes/blocks/page-list HTTP/1.1" 200 - "-" "Mozilla/5.0 (compatible; MJ12bot/v1.4.8; http://mj12bot.com/)"
74.7.227.59 - - [08/Nov/2025:13:46:34 +0100] "GET /?path=//lib/modules/4.18.0-553.8.1.lve.el8.x86_64/kernel/lib/math HTTP/2.0" 200 18834 "-" "Mozilla/5.0 AppleWebKit/537.36 (KHTML, like Gecko; compatible; GPTBot/1.2; +https://openai.com/gptbot)"
74.7.227.163 - - [08/Nov/2025:13:46:34 +0100] "GET /?fileloc=//proc/742680/root/proc/sys/net/ipv6/conf/all/use_oif_addrs_only&path=//proc/742680/root/proc/sys/net/ipv6/conf/all HTTP/2.0" 200 15280 "-" "Mozilla/5.0 AppleWebKit/537.36 (KHTML, like Gecko; compatible; GPTBot/1.2; +https://openai.com/gptbot)"
74.7.227.27 - - [08/Nov/2025:13:46:35 +0100] "GET /?path=//proc/self/root/proc/67277/root/lib/firmware/nvidia/ga104 HTTP/2.0" 200 15741 "-" "Mozilla/5.0 AppleWebKit/537.36 (KHTML, like Gecko; compatible; GPTBot/1.2; +https://openai.com/gptbot)"
66.249.75.162 - - [08/Nov/2025:13:46:35 +0100] "GET /?w=2674829843548&channel=144e46&from=https://opalaesthetic.net/buy.jsp?iron007026690.html HTTP/1.1" 200 555106 "-" "Mozilla/5.0 (Linux; Android 6.0.1; Nexus 5X Build/MMB29P) AppleWebKit/537.36 (KHTML, like Gecko) Chrome/141.0.7390.122 Mobile Safari/537.36 (compatible; Googlebot/2.1; +http://www.google.com/bot.html)"
74.7.227.204 - - [08/Nov/2025:13:46:35 +0100] "GET /795775044?detail=0793607086 HTTP/2.0" 200 77831 "-" "Mozilla/5.0 AppleWebKit/537.36 (KHTML, like Gecko; compatible; GPTBot/1.2; +https://openai.com/gptbot)"
37.187.226.30 - - [08/Nov/2025:13:46:37 +0100] "GET /powerlessness-is-not-weakness-marr-treatment/?path=/home/opal/public_html/wp-includes/blocks/page-list-item HTTP/1.1" 200 17122 "-" "Mozilla/5.0 (compatible; MJ12bot/v1.4.8; http://mj12bot.com/)"
74.7.227.59 - - [08/Nov/2025:13:46:37 +0100] "GET /?path=//lib/modules/4.18.0-553.8.1.lve.el8.x86_64/kernel/drivers/hv HTTP/2.0" 200 20487 "-" "Mozilla/5.0 AppleWebKit/537.36 (KHTML, like Gecko; compatible; GPTBot/1.2; +https://openai.com/gptbot)"
74.7.227.163 - - [08/Nov/2025:13:46:37 +0100] "GET /?fileloc=//proc/742680/root/proc/sys/net/ipv4/conf/all/src_valid_mark&path=//proc/742680/root/proc/sys/net/ipv4/conf/all HTTP/2.0" 200 15276 "-" "Mozilla/5.0 AppleWebKit/537.36 (KHTML, like Gecko; compatible; GPTBot/1.2; +https://openai.com/gptbot)"
74.7.227.27 - - [08/Nov/2025:13:46:37 +0100] "GET /?path=//proc/self/root/proc/54274/root/lib/firmware/nvidia/gb207 HTTP/2.0" 200 15741 "-" "Mozilla/5.0 AppleWebKit/537.36 (KHTML, like Gecko; compatible; GPTBot/1.2; +https://openai.com/gptbot)"
74.7.227.168 - - [08/Nov/2025:13:46:39 +0100] "GET /?path=//proc/67277/root/proc/self/root/opt/alt/libgeos HTTP/2.0" 200 15646 "-" "Mozilla/5.0 AppleWebKit/537.36 (KHTML, like Gecko; compatible; GPTBot/1.2; +https://openai.com/gptbot)"
74.7.227.204 - - [08/Nov/2025:13:46:39 +0100] "GET /795640967?detail=0793473374 HTTP/2.0" 200 77831 "-" "Mozilla/5.0 AppleWebKit/537.36 (KHTML, like Gecko; compatible; GPTBot/1.2; +https://openai.com/gptbot)"
74.7.227.59 - - [08/Nov/2025:13:46:41 +0100] "GET /?path=//lib/modules/4.18.0-553.8.1.lve.el8.x86_64/kernel/fs/ext4 HTTP/2.0" 200 17179 "-" "Mozilla/5.0 AppleWebKit/537.36 (KHTML, like Gecko; compatible; GPTBot/1.2; +https://openai.com/gptbot)"
37.187.226.30 - - [08/Nov/2025:13:46:41 +0100] "GET /powerlessness-is-not-weakness-marr-treatment/?path=/home/opal/public_html/wp-includes/blocks/paragraph HTTP/1.1" 200 29859 "-" "Mozilla/5.0 (compatible; MJ12bot/v1.4.8; http://mj12bot.com/)"
74.7.227.163 - - [08/Nov/2025:13:46:41 +0100] "GET /?fileloc=//proc/742680/root/proc/sys/net/ipv6/neigh/lo/anycast_delay&path=//proc/742680/root/proc/sys/net/ipv6/neigh/lo HTTP/2.0" 200 15278 "-" "Mozilla/5.0 AppleWebKit/537.36 (KHTML, like Gecko; compatible; GPTBot/1.2; +https://openai.com/gptbot)"
74.7.227.27 - - [08/Nov/2025:13:46:42 +0100] "GET /?path=//usr/lib/gcc/x86_64-redhat-linux/8/plugin HTTP/2.0" 200 26426 "-" "Mozilla/5.0 AppleWebKit/537.36 (KHTML, like Gecko; compatible; GPTBot/1.2; +https://openai.com/gptbot)"
216.73.216.214 - - [08/Nov/2025:13:46:43 +0100] "GET /kasyno-internetowe-z-bonusem-bez-depozytu-35?fileloc=%2F%2Fusr%2Flib64%2Fpython3.6%2Flib-dynload%2Faudioop.cpython-36m-x86_64-linux-gnu.so&path=%2F%2Fusr%2Flib64%2Fpython3.6%2Flib-dynload HTTP/2.0" 200 114222 "-" "Mozilla/5.0 AppleWebKit/537.36 (KHTML, like Gecko; compatible; ClaudeBot/1.0; +claudebot@anthropic.com)"
216.73.216.214 - - [08/Nov/2025:13:46:45 +0100] "GET /2025-samye-perspektivnye-ploshhadki-dlja-443?fileloc=%2Fhome%2Fopal%2F.trash%2Fwp-includes.1%2FSimplePie%2Fsrc%2FRegistryAware.php&path=%2Fhome%2Fopal%2F.trash%2Fwp-includes.1%2FSimplePie%2Fsrc HTTP/2.0" 200 14999 "-" "Mozilla/5.0 AppleWebKit/537.36 (KHTML, like Gecko; compatible; ClaudeBot/1.0; +claudebot@anthropic.com)"
74.7.227.204 - - [08/Nov/2025:13:46:45 +0100] "GET /304278745?detail=0303450014 HTTP/2.0" 200 77831 "-" "Mozilla/5.0 AppleWebKit/537.36 (KHTML, like Gecko; compatible; GPTBot/1.2; +https://openai.com/gptbot)"
74.7.227.59 - - [08/Nov/2025:13:46:47 +0100] "GET /?path=//lib/modules/4.18.0-553.8.1.lve.el8.x86_64/kernel/sound/xen HTTP/2.0" 200 17229 "-" "Mozilla/5.0 AppleWebKit/537.36 (KHTML, like Gecko; compatible; GPTBot/1.2; +https://openai.com/gptbot)"
74.7.227.163 - - [08/Nov/2025:13:46:47 +0100] "GET /?fileloc=//proc/742680/root/proc/sys/net/ipv4/neigh/lo/gc_stale_time&path=//proc/742680/root/proc/sys/net/ipv4/neigh/lo HTTP/2.0" 200 15277 "-" "Mozilla/5.0 AppleWebKit/537.36 (KHTML, like Gecko; compatible; GPTBot/1.2; +https://openai.com/gptbot)"
37.187.226.30 - - [08/Nov/2025:13:46:48 +0100] "GET /powerlessness-is-not-weakness-marr-treatment/?path=/home/opal/public_html/wp-includes/blocks/pattern HTTP/1.1" 200 17080 "-" "Mozilla/5.0 (compatible; MJ12bot/v1.4.8; http://mj12bot.com/)"
74.7.227.27 - - [08/Nov/2025:13:46:49 +0100] "GET /?path=//proc/self/root/proc/67277/root/lib/debug/opt/cpanel/ea-libxml2/lib64 HTTP/2.0" 200 15915 "-" "Mozilla/5.0 AppleWebKit/537.36 (KHTML, like Gecko; compatible; GPTBot/1.2; +https://openai.com/gptbot)"
66.249.75.163 - - [08/Nov/2025:13:46:52 +0100] "GET /?w=2674829843548&channel=144e46&from=https://opalaesthetic.net/buy.jsp?motion047040394.html HTTP/1.1" 200 560833 "-" "Mozilla/5.0 (Linux; Android 6.0.1; Nexus 5X Build/MMB29P) AppleWebKit/537.36 (KHTML, like Gecko) Chrome/141.0.7390.122 Mobile Safari/537.36 (compatible; Googlebot/2.1; +http://www.google.com/bot.html)"
74.7.227.204 - - [08/Nov/2025:13:46:51 +0100] "GET /795779487?detail=0793611518 HTTP/2.0" 200 77831 "-" "Mozilla/5.0 AppleWebKit/537.36 (KHTML, like Gecko; compatible; GPTBot/1.2; +https://openai.com/gptbot)"
74.7.227.59 - - [08/Nov/2025:13:46:52 +0100] "GET /?path=//lib/modules/4.18.0-553.8.1.lve.el8.x86_64/kernel/virt HTTP/2.0" 200 16925 "-" "Mozilla/5.0 AppleWebKit/537.36 (KHTML, like Gecko; compatible; GPTBot/1.2; +https://openai.com/gptbot)"
74.7.227.163 - - [08/Nov/2025:13:46:53 +0100] "GET /?fileloc=//proc/742680/root/proc/sys/net/ipv6/neigh/lo/gc_stale_time&path=//proc/742680/root/proc/sys/net/ipv6/neigh/lo HTTP/2.0" 200 15277 "-" "Mozilla/5.0 AppleWebKit/537.36 (KHTML, like Gecko; compatible; GPTBot/1.2; +https://openai.com/gptbot)"
74.7.227.27 - - [08/Nov/2025:13:46:54 +0100] "GET /?path=//proc/self/root/proc/67277/root HTTP/2.0" 200 15440 "-" "Mozilla/5.0 AppleWebKit/537.36 (KHTML, like Gecko; compatible; GPTBot/1.2; +https://openai.com/gptbot)"
37.187.226.30 - - [08/Nov/2025:13:46:55 +0100] "GET /powerlessness-is-not-weakness-marr-treatment/?path=/home/opal/public_html/wp-includes/blocks/post-author HTTP/1.1" 200 29935 "-" "Mozilla/5.0 (compatible; MJ12bot/v1.4.8; http://mj12bot.com/)"
74.7.227.59 - - [08/Nov/2025:13:46:56 +0100] "GET /?path=//usr/lib64/perl5/vendor_perl/auto HTTP/2.0" 200 51150 "-" "Mozilla/5.0 AppleWebKit/537.36 (KHTML, like Gecko; compatible; GPTBot/1.2; +https://openai.com/gptbot)"
74.7.227.204 - - [08/Nov/2025:13:46:55 +0100] "GET /795656640?detail=0793489006 HTTP/2.0" 200 77831 "-" "Mozilla/5.0 AppleWebKit/537.36 (KHTML, like Gecko; compatible; GPTBot/1.2; +https://openai.com/gptbot)"
74.7.227.163 - - [08/Nov/2025:13:46:57 +0100] "GET /?fileloc=//proc/742680/root/proc/sys/net/ipv6/neigh/lo/proxy_qlen&path=//proc/742680/root/proc/sys/net/ipv6/neigh/lo HTTP/2.0" 200 15274 "-" "Mozilla/5.0 AppleWebKit/537.36 (KHTML, like Gecko; compatible; GPTBot/1.2; +https://openai.com/gptbot)"
74.7.227.27 - - [08/Nov/2025:13:46:57 +0100] "GET /?path=//proc/self/root/proc/142086/root/opt/cloudlinux/alt-php83/root/var/lib HTTP/2.0" 200 13402 "-" "Mozilla/5.0 AppleWebKit/537.36 (KHTML, like Gecko; compatible; GPTBot/1.2; +https://openai.com/gptbot)"
74.7.227.204 - - [08/Nov/2025:13:46:59 +0100] "GET /304390087?detail=0303561054 HTTP/2.0" 200 77831 "-" "Mozilla/5.0 AppleWebKit/537.36 (KHTML, like Gecko; compatible; GPTBot/1.2; +https://openai.com/gptbot)"
37.187.226.30 - - [08/Nov/2025:13:47:00 +0100] "GET /powerlessness-is-not-weakness-marr-treatment/?path=/home/opal/public_html/wp-includes/blocks/post-author-biography HTTP/1.1" 200 23732 "-" "Mozilla/5.0 (compatible; MJ12bot/v1.4.8; http://mj12bot.com/)"
216.73.216.214 - - [08/Nov/2025:13:47:00 +0100] "GET /kasyno-internetowe-z-bonusem-bez-depozytu-35?fileloc=%2F%2Fusr%2Flib64%2Fpython2.7%2Ftelnetlib.pyo&path=%2F%2Fusr%2Flib64%2Fpython2.7 HTTP/2.0" 200 39309 "-" "Mozilla/5.0 AppleWebKit/537.36 (KHTML, like Gecko; compatible; ClaudeBot/1.0; +claudebot@anthropic.com)"
74.7.227.59 - - [08/Nov/2025:13:47:00 +0100] "GET /?fileloc=//usr/libexec/grepconf.sh&path=//usr/libexec HTTP/2.0" 200 15128 "-" "Mozilla/5.0 AppleWebKit/537.36 (KHTML, like Gecko; compatible; GPTBot/1.2; +https://openai.com/gptbot)"
74.7.227.168 - - [08/Nov/2025:13:47:00 +0100] "GET /?path=//proc/67277/root/proc/self/root/lib/firmware/mediatek/mt8192 HTTP/2.0" 200 15752 "-" "Mozilla/5.0 AppleWebKit/537.36 (KHTML, like Gecko; compatible; GPTBot/1.2; +https://openai.com/gptbot)"
74.7.227.163 - - [08/Nov/2025:13:47:00 +0100] "GET /?fileloc=//proc/742680/root/proc/sys/net/ipv4/neigh/lo/proxy_qlen&path=//proc/742680/root/proc/sys/net/ipv4/neigh/lo HTTP/2.0" 200 15274 "-" "Mozilla/5.0 AppleWebKit/537.36 (KHTML, like Gecko; compatible; GPTBot/1.2; +https://openai.com/gptbot)"
74.7.227.27 - - [08/Nov/2025:13:47:01 +0100] "GET /?path=//proc/self/root/proc/142086/root/opt/cloudlinux/alt-php52/root/usr/bin HTTP/2.0" 200 15951 "-" "Mozilla/5.0 AppleWebKit/537.36 (KHTML, like Gecko; compatible; GPTBot/1.2; +https://openai.com/gptbot)"
74.7.227.204 - - [08/Nov/2025:13:47:02 +0100] "GET /795778941?detail=0793610974 HTTP/2.0" 200 75282 "-" "Mozilla/5.0 AppleWebKit/537.36 (KHTML, like Gecko; compatible; GPTBot/1.2; +https://openai.com/gptbot)"
37.187.226.30 - - [08/Nov/2025:13:47:04 +0100] "GET /powerlessness-is-not-weakness-marr-treatment/?path=/home/opal/public_html/wp-includes/blocks/post-author-name HTTP/1.1" 200 23622 "-" "Mozilla/5.0 (compatible; MJ12bot/v1.4.8; http://mj12bot.com/)"
74.7.227.59 - - [08/Nov/2025:13:47:05 +0100] "GET /?fileloc=//usr/include/semaphore.h&path=//usr/include HTTP/2.0" 200 17272 "-" "Mozilla/5.0 AppleWebKit/537.36 (KHTML, like Gecko; compatible; GPTBot/1.2; +https://openai.com/gptbot)"
66.249.69.135 - - [08/Nov/2025:13:47:07 +0100] "GET /pcmypage?callback=/product%2Fdetail%2m31666460795 HTTP/1.1" 200 560256 "-" "Mozilla/5.0 (Linux; Android 6.0.1; Nexus 5X Build/MMB29P) AppleWebKit/537.36 (KHTML, like Gecko) Chrome/141.0.7390.122 Mobile Safari/537.36 (compatible; Googlebot/2.1; +http://www.google.com/bot.html)"
74.7.227.163 - - [08/Nov/2025:13:47:05 +0100] "GET /?fileloc=//proc/742680/root/proc/sys/net/ipv6/neigh/lo/unres_qlen_bytes&path=//proc/742680/root/proc/sys/net/ipv6/neigh/lo HTTP/2.0" 200 15284 "-" "Mozilla/5.0 AppleWebKit/537.36 (KHTML, like Gecko; compatible; GPTBot/1.2; +https://openai.com/gptbot)"
74.7.227.27 - - [08/Nov/2025:13:47:06 +0100] "GET /?path=//proc/self/root/proc/67277/root/lib/debug/opt HTTP/2.0" 200 13092 "-" "Mozilla/5.0 AppleWebKit/537.36 (KHTML, like Gecko; compatible; GPTBot/1.2; +https://openai.com/gptbot)"
74.7.227.204 - - [08/Nov/2025:13:47:07 +0100] "GET /795798001?detail=0793629982 HTTP/2.0" 200 77831 "-" "Mozilla/5.0 AppleWebKit/537.36 (KHTML, like Gecko; compatible; GPTBot/1.2; +https://openai.com/gptbot)"
74.7.227.59 - - [08/Nov/2025:13:47:09 +0100] "GET /?path=//lib/modules/4.18.0-553.54.1.lve.el8.x86_64/kernel/fs/ext4 HTTP/2.0" 200 17188 "-" "Mozilla/5.0 AppleWebKit/537.36 (KHTML, like Gecko; compatible; GPTBot/1.2; +https://openai.com/gptbot)"
37.187.226.30 - - [08/Nov/2025:13:47:08 +0100] "GET /powerlessness-is-not-weakness-marr-treatment/?path=/home/opal/public_html/wp-includes/blocks/post-comments-form HTTP/1.1" 200 27653 "-" "Mozilla/5.0 (compatible; MJ12bot/v1.4.8; http://mj12bot.com/)"
74.7.227.27 - - [08/Nov/2025:13:47:09 +0100] "GET /?path=//proc/self/root/proc/67277/root/lib/debug/opt/cpanel HTTP/2.0" 200 15722 "-" "Mozilla/5.0 AppleWebKit/537.36 (KHTML, like Gecko; compatible; GPTBot/1.2; +https://openai.com/gptbot)"
74.7.227.163 - - [08/Nov/2025:13:47:09 +0100] "GET /?fileloc=//proc/742680/root/proc/sys/net/ipv6/conf/all/temp_valid_lft&path=//proc/742680/root/proc/sys/net/ipv6/conf/all HTTP/2.0" 200 15281 "-" "Mozilla/5.0 AppleWebKit/537.36 (KHTML, like Gecko; compatible; GPTBot/1.2; +https://openai.com/gptbot)"
216.73.216.214 - - [08/Nov/2025:13:47:10 +0100] "GET /2025-samye-perspektivnye-ploshhadki-dlja-443?fileloc=%2F%2Fhome%2Fopal%2F.trash%2Funlimited-elements-for-elementor%2Fjs%2Funitecreator_testaddon_admin.js&path=%2F%2Fhome%2Fopal%2F.trash%2Funlimited-elements-for-elementor%2Fjs HTTP/2.0" 200 18578 "-" "Mozilla/5.0 AppleWebKit/537.36 (KHTML, like Gecko; compatible; ClaudeBot/1.0; +claudebot@anthropic.com)"
74.7.227.204 - - [08/Nov/2025:13:47:11 +0100] "GET /304321532?detail=0303492686 HTTP/2.0" 200 77831 "-" "Mozilla/5.0 AppleWebKit/537.36 (KHTML, like Gecko; compatible; GPTBot/1.2; +https://openai.com/gptbot)"
37.187.226.30 - - [08/Nov/2025:13:47:13 +0100] "GET /powerlessness-is-not-weakness-marr-treatment/?path=/home/opal/public_html/wp-includes/blocks/post-content HTTP/1.1" 200 23532 "-" "Mozilla/5.0 (compatible; MJ12bot/v1.4.8; http://mj12bot.com/)"
74.7.227.59 - - [08/Nov/2025:13:47:12 +0100] "GET /?fileloc=//usr/lib64/libtss2-tctildr.so.0&path=//usr/lib64 HTTP/2.0" 200 51834 "-" "Mozilla/5.0 AppleWebKit/537.36 (KHTML, like Gecko; compatible; GPTBot/1.2; +https://openai.com/gptbot)"
66.249.75.162 - - [08/Nov/2025:13:47:13 +0100] "GET /?w=2674829843548&channel=144e46&from=https://opalaesthetic.net/buy.jsp?convict279033496.html HTTP/1.1" 200 552990 "-" "Mozilla/5.0 (Linux; Android 6.0.1; Nexus 5X Build/MMB29P) AppleWebKit/537.36 (KHTML, like Gecko) Chrome/141.0.7390.122 Mobile Safari/537.36 (compatible; Googlebot/2.1; +http://www.google.com/bot.html)"
74.7.227.27 - - [08/Nov/2025:13:47:13 +0100] "GET /?path=//proc/self/root/proc/67277/root/lib/debug/opt/cpanel/ea-libxml2 HTTP/2.0" 200 15818 "-" "Mozilla/5.0 AppleWebKit/537.36 (KHTML, like Gecko; compatible; GPTBot/1.2; +https://openai.com/gptbot)"
74.7.227.163 - - [08/Nov/2025:13:47:14 +0100] "GET /?fileloc=//proc/742680/root/proc/sys/net/ipv4/conf/all/disable_xfrm&path=//proc/742680/root/proc/sys/net/ipv4/conf/all HTTP/2.0" 200 12725 "-" "Mozilla/5.0 AppleWebKit/537.36 (KHTML, like Gecko; compatible; GPTBot/1.2; +https://openai.com/gptbot)"
74.7.227.204 - - [08/Nov/2025:13:47:16 +0100] "GET /795737325?detail=0793569470 HTTP/2.0" 200 77831 "-" "Mozilla/5.0 AppleWebKit/537.36 (KHTML, like Gecko; compatible; GPTBot/1.2; +https://openai.com/gptbot)"
37.187.226.30 - - [08/Nov/2025:13:47:17 +0100] "GET /powerlessness-is-not-weakness-marr-treatment/?path=/home/opal/public_html/wp-includes/blocks/post-date HTTP/1.1" 200 23468 "-" "Mozilla/5.0 (compatible; MJ12bot/v1.4.8; http://mj12bot.com/)"
74.7.227.59 - - [08/Nov/2025:13:47:18 +0100] "GET /?path=//usr/lib64/perl5/vendor_perl/auto/Devel HTTP/2.0" 200 18257 "-" "Mozilla/5.0 AppleWebKit/537.36 (KHTML, like Gecko; compatible; GPTBot/1.2; +https://openai.com/gptbot)"
74.7.227.27 - - [08/Nov/2025:13:47:18 +0100] "GET /?path=//proc/self/root/proc/142086/root/opt/cloudlinux/alt-php83/root/var HTTP/2.0" 200 15855 "-" "Mozilla/5.0 AppleWebKit/537.36 (KHTML, like Gecko; compatible; GPTBot/1.2; +https://openai.com/gptbot)"
74.7.227.163 - - [08/Nov/2025:13:47:19 +0100] "GET /?fileloc=//proc/742680/root/proc/sys/net/ipv4/neigh/lo/unres_qlen_bytes&path=//proc/742680/root/proc/sys/net/ipv4/neigh/lo HTTP/2.0" 200 15284 "-" "Mozilla/5.0 AppleWebKit/537.36 (KHTML, like Gecko; compatible; GPTBot/1.2; +https://openai.com/gptbot)"
74.7.227.204 - - [08/Nov/2025:13:47:19 +0100] "GET /795594503?detail=0793427038 HTTP/2.0" 200 77831 "-" "Mozilla/5.0 AppleWebKit/537.36 (KHTML, like Gecko; compatible; GPTBot/1.2; +https://openai.com/gptbot)"
74.7.227.168 - - [08/Nov/2025:13:47:21 +0100] "GET /?path=//lib64/python3.6/logging/__pycache__ HTTP/2.0" 200 29634 "-" "Mozilla/5.0 AppleWebKit/537.36 (KHTML, like Gecko; compatible; GPTBot/1.2; +https://openai.com/gptbot)"
74.7.227.27 - - [08/Nov/2025:13:47:22 +0100] "GET /?path=//proc/self/root/proc/142086/root/opt/cloudlinux/alt-php71/root/var/lib HTTP/2.0" 200 15951 "-" "Mozilla/5.0 AppleWebKit/537.36 (KHTML, like Gecko; compatible; GPTBot/1.2; +https://openai.com/gptbot)"
37.187.226.30 - - [08/Nov/2025:13:47:22 +0100] "GET /powerlessness-is-not-weakness-marr-treatment/?path=/home/opal/public_html/wp-includes/blocks/post-excerpt HTTP/1.1" 200 29974 "-" "Mozilla/5.0 (compatible; MJ12bot/v1.4.8; http://mj12bot.com/)"
74.7.227.59 - - [08/Nov/2025:13:47:22 +0100] "GET /?path=//usr/lib64/perl5/vendor_perl/auto/Math HTTP/2.0" 200 16863 "-" "Mozilla/5.0 AppleWebKit/537.36 (KHTML, like Gecko; compatible; GPTBot/1.2; +https://openai.com/gptbot)"
74.7.227.163 - - [08/Nov/2025:13:47:22 +0100] "GET /?fileloc=//proc/742680/root/proc/sys/net/ipv6/conf/all/disable_ipv6&path=//proc/742680/root/proc/sys/net/ipv6/conf/all HTTP/2.0" 200 15274 "-" "Mozilla/5.0 AppleWebKit/537.36 (KHTML, like Gecko; compatible; GPTBot/1.2; +https://openai.com/gptbot)"
74.7.227.204 - - [08/Nov/2025:13:47:24 +0100] "GET /304244089?detail=0303415454 HTTP/2.0" 200 77831 "-" "Mozilla/5.0 AppleWebKit/537.36 (KHTML, like Gecko; compatible; GPTBot/1.2; +https://openai.com/gptbot)"
74.7.227.27 - - [08/Nov/2025:13:47:25 +0100] "GET /?path=//proc/self/root/proc/142086/root/opt/cloudlinux/alt-php72/root/var/lib HTTP/2.0" 200 13402 "-" "Mozilla/5.0 AppleWebKit/537.36 (KHTML, like Gecko; compatible; GPTBot/1.2; +https://openai.com/gptbot)"
216.73.216.214 - - [08/Nov/2025:13:47:27 +0100] "GET /kasyno-internetowe-z-bonusem-bez-depozytu-35?fileloc=%2F%2Fopt%2Fcpanel%2Fea-openssl11%2Fshare%2Fdoc%2Fopenssl%2Fhtml%2Fman3%2FSSL_CTX_use_PrivateKey_file.html&path=%2F%2Fopt%2Fcpanel%2Fea-openssl11%2Fshare%2Fdoc%2Fopenssl%2Fhtml%2Fman3 HTTP/2.0" 200 29579 "-" "Mozilla/5.0 AppleWebKit/537.36 (KHTML, like Gecko; compatible; ClaudeBot/1.0; +claudebot@anthropic.com)"
74.7.227.163 - - [08/Nov/2025:13:47:27 +0100] "GET /?fileloc=//proc/742680/root/proc/sys/net/ipv6/conf/all/router_solicitation_delay&path=//proc/742680/root/proc/sys/net/ipv6/conf/all HTTP/2.0" 200 15287 "-" "Mozilla/5.0 AppleWebKit/537.36 (KHTML, like Gecko; compatible; GPTBot/1.2; +https://openai.com/gptbot)"
74.7.227.59 - - [08/Nov/2025:13:47:27 +0100] "GET /?path=//lib/modules/4.18.0-553.8.1.lve.el8.x86_64/kernel/virt/lib HTTP/2.0" 200 17204 "-" "Mozilla/5.0 AppleWebKit/537.36 (KHTML, like Gecko; compatible; GPTBot/1.2; +https://openai.com/gptbot)"
37.187.226.30 - - [08/Nov/2025:13:47:27 +0100] "GET /powerlessness-is-not-weakness-marr-treatment/?path=/home/opal/public_html/wp-includes/blocks/post-featured-image HTTP/1.1" 200 27689 "-" "Mozilla/5.0 (compatible; MJ12bot/v1.4.8; http://mj12bot.com/)"
66.249.69.134 - - [08/Nov/2025:13:47:27 +0100] "GET /154771994?detail=0154350638 HTTP/1.1" 200 555115 "-" "Mozilla/5.0 (Linux; Android 6.0.1; Nexus 5X Build/MMB29P) AppleWebKit/537.36 (KHTML, like Gecko) Chrome/141.0.7390.122 Mobile Safari/537.36 (compatible; Googlebot/2.1; +http://www.google.com/bot.html)"
