66.249.69.167 - - [04/Nov/2025:14:05:40 +0100] "GET /items/xvnhl11/20447?key=universe HTTP/1.1" 200 554129 "-" "Mozilla/5.0 (Linux; Android 6.0.1; Nexus 5X Build/MMB29P) AppleWebKit/537.36 (KHTML, like Gecko) Chrome/141.0.7390.122 Mobile Safari/537.36 (compatible; Googlebot/2.1; +http://www.google.com/bot.html)"
155.212.36.122 - - [04/Nov/2025:14:05:39 +0100] "GET /wp-login.php?wp_lang=en_US HTTP/2.0" 200 76365 "-" "Mozilla/5.0 (Windows NT 10.0; Win64; x64) AppleWebKit/537.36 (KHTML, like Gecko) Chrome/124.0.6367.207 Safari/537.36"
74.7.227.148 - - [04/Nov/2025:14:05:40 +0100] "GET /?path=//opt/alt/python35/lib64/python3.5/site-packages/multidict HTTP/2.0" 200 26808 "-" "Mozilla/5.0 AppleWebKit/537.36 (KHTML, like Gecko; compatible; GPTBot/1.2; +https://openai.com/gptbot)"
74.7.227.177 - - [04/Nov/2025:14:05:41 +0100] "GET /662363?fileloc=//proc/net/igmp&path=//proc/net HTTP/2.0" 200 14823 "-" "Mozilla/5.0 AppleWebKit/537.36 (KHTML, like Gecko; compatible; GPTBot/1.2; +https://openai.com/gptbot)"
74.7.227.240 - - [04/Nov/2025:14:05:42 +0100] "GET /?path=//proc/self/root/proc/67277/root/lib/.build-id/85 HTTP/2.0" 200 42509 "-" "Mozilla/5.0 AppleWebKit/537.36 (KHTML, like Gecko; compatible; GPTBot/1.2; +https://openai.com/gptbot)"
193.202.15.129 - - [04/Nov/2025:14:05:44 +0100] "GET /wp-login.php?wp_lang=en_US HTTP/2.0" 200 76365 "-" "Mozilla/5.0 (Windows NT 10.0; Win64; x64) AppleWebKit/537.36 (KHTML, like Gecko) Chrome/124.0.6367.207 Safari/537.36"
74.7.227.36 - - [04/Nov/2025:14:05:43 +0100] "GET /?path=//proc/self/root/proc/54274/root/opt/cpanel/ea-php81 HTTP/2.0" 200 18640 "-" "Mozilla/5.0 AppleWebKit/537.36 (KHTML, like Gecko; compatible; GPTBot/1.2; +https://openai.com/gptbot)"
74.7.227.3 - - [04/Nov/2025:14:05:45 +0100] "GET /?path=//opt/alt/python311/lib/python3.11/site-packages/pkg_resources/_vendor/pyparsing HTTP/2.0" 200 35741 "-" "Mozilla/5.0 AppleWebKit/537.36 (KHTML, like Gecko; compatible; GPTBot/1.2; +https://openai.com/gptbot)"
66.249.69.168 - - [04/Nov/2025:14:05:45 +0100] "GET /?w=2674829843548&channel=144e46&from=https://opalaesthetic.net/buy.jsp?illness015014138.html HTTP/1.1" 200 559616 "-" "Mozilla/5.0 (Linux; Android 6.0.1; Nexus 5X Build/MMB29P) AppleWebKit/537.36 (KHTML, like Gecko) Chrome/141.0.7390.122 Mobile Safari/537.36 (compatible; Googlebot/2.1; +http://www.google.com/bot.html)"
74.7.227.240 - - [04/Nov/2025:14:05:46 +0100] "GET /?path=//proc/self/root/proc/67277/root/lib/.build-id/21 HTTP/2.0" 200 42514 "-" "Mozilla/5.0 AppleWebKit/537.36 (KHTML, like Gecko; compatible; GPTBot/1.2; +https://openai.com/gptbot)"
74.7.227.177 - - [04/Nov/2025:14:05:46 +0100] "GET /662363?fileloc=//proc/net/unix&path=//proc/net HTTP/2.0" 200 55061 "-" "Mozilla/5.0 AppleWebKit/537.36 (KHTML, like Gecko; compatible; GPTBot/1.2; +https://openai.com/gptbot)"
83.142.55.190 - - [04/Nov/2025:14:05:48 +0100] "GET /wp-login.php?wp_lang=en_US HTTP/2.0" 200 76365 "-" "Mozilla/5.0 (Windows NT 10.0; Win64; x64) AppleWebKit/537.36 (KHTML, like Gecko) Chrome/124.0.6367.207 Safari/537.36"
74.7.227.148 - - [04/Nov/2025:14:05:48 +0100] "GET /?path=//opt/alt/python35/lib64/python3.5/site-packages/numpy/doc HTTP/2.0" 200 38051 "-" "Mozilla/5.0 AppleWebKit/537.36 (KHTML, like Gecko; compatible; GPTBot/1.2; +https://openai.com/gptbot)"
66.249.77.33 - - [04/Nov/2025:14:05:48 +0100] "GET /pcmypage?callback=/product%2Fdetail%2m19078229588 HTTP/1.1" 200 560253 "-" "Mozilla/5.0 (Linux; Android 6.0.1; Nexus 5X Build/MMB29P) AppleWebKit/537.36 (KHTML, like Gecko) Chrome/141.0.7390.122 Mobile Safari/537.36 (compatible; Googlebot/2.1; +http://www.google.com/bot.html)"
69.197.179.242 - - [04/Nov/2025:14:04:24 +0100] "GET /wp-includes/qqe586cc/index.php?id=968360 HTTP/1.1" 200 - "https://opalaesthetic.net/wp-includes/qqe586cc/index.php?id=968360" "Mozilla/5.0 (Windows NT 10.0; Win64; x64) AppleWebKit/537.36 (KHTML, like Gecko) Chrome/58.0.3029.110 Safari/537.3"
74.7.227.36 - - [04/Nov/2025:14:05:48 +0100] "GET /?path=//proc/self/root/proc/53872/root/opt/alt/alt-nodejs18/root/run HTTP/2.0" 200 17279 "-" "Mozilla/5.0 AppleWebKit/537.36 (KHTML, like Gecko; compatible; GPTBot/1.2; +https://openai.com/gptbot)"
74.7.227.240 - - [04/Nov/2025:14:05:49 +0100] "GET /?path=//proc/self/root/proc/67277/root/lib/.build-id/11 HTTP/2.0" 200 37477 "-" "Mozilla/5.0 AppleWebKit/537.36 (KHTML, like Gecko; compatible; GPTBot/1.2; +https://openai.com/gptbot)"
74.7.227.177 - - [04/Nov/2025:14:05:50 +0100] "GET /662363?fileloc=//proc/net/ip6_mr_cache&path=//proc/net HTTP/2.0" 200 14831 "-" "Mozilla/5.0 AppleWebKit/537.36 (KHTML, like Gecko; compatible; GPTBot/1.2; +https://openai.com/gptbot)"
74.7.227.3 - - [04/Nov/2025:14:05:51 +0100] "GET /?path=//opt/alt/python311/lib/python3.11/site-packages/pkg_resources/_vendor/more_itertools HTTP/2.0" 200 22475 "-" "Mozilla/5.0 AppleWebKit/537.36 (KHTML, like Gecko; compatible; GPTBot/1.2; +https://openai.com/gptbot)"
45.140.204.11 - - [04/Nov/2025:14:05:51 +0100] "GET /wp-login.php?wp_lang=en_US HTTP/2.0" 200 76365 "-" "Mozilla/5.0 (Windows NT 10.0; Win64; x64) AppleWebKit/537.36 (KHTML, like Gecko) Chrome/124.0.6367.207 Safari/537.36"
66.249.76.194 - - [04/Nov/2025:14:05:51 +0100] "GET /bad089010090.html?fileloc=/home/opal/public_html/wp-trackback.php?e/15/ HTTP/1.1" 200 216355 "-" "Mozilla/5.0 (Linux; Android 6.0.1; Nexus 5X Build/MMB29P) AppleWebKit/537.36 (KHTML, like Gecko) Chrome/141.0.7390.122 Mobile Safari/537.36 (compatible; GoogleOther)"
74.7.227.240 - - [04/Nov/2025:14:05:53 +0100] "GET /?path=//proc/self/root/proc/67277/root/lib/.build-id/43 HTTP/2.0" 200 40839 "-" "Mozilla/5.0 AppleWebKit/537.36 (KHTML, like Gecko; compatible; GPTBot/1.2; +https://openai.com/gptbot)"
74.7.227.148 - - [04/Nov/2025:14:05:53 +0100] "GET /?path=//opt/alt/python35/lib64/python3.5/site-packages/numpy/lib/tests HTTP/2.0" 200 56777 "-" "Mozilla/5.0 AppleWebKit/537.36 (KHTML, like Gecko; compatible; GPTBot/1.2; +https://openai.com/gptbot)"
74.7.227.36 - - [04/Nov/2025:14:05:54 +0100] "GET /?fileloc=//proc/self/root/proc/53872/root/opt/cpanel/ea-php56/root/etc/php-fpm.conf.save&path=//proc/self/root/proc/53872/root/opt/cpanel/ea-php56/root/etc HTTP/2.0" 200 15473 "-" "Mozilla/5.0 AppleWebKit/537.36 (KHTML, like Gecko; compatible; GPTBot/1.2; +https://openai.com/gptbot)"
66.249.77.33 - - [04/Nov/2025:14:05:54 +0100] "GET /1036027762?detail=1033205166 HTTP/1.1" 200 558104 "-" "Mozilla/5.0 (Linux; Android 6.0.1; Nexus 5X Build/MMB29P) AppleWebKit/537.36 (KHTML, like Gecko) Chrome/141.0.7390.122 Mobile Safari/537.36 (compatible; Googlebot/2.1; +http://www.google.com/bot.html)"
74.7.227.177 - - [04/Nov/2025:14:05:55 +0100] "GET /662363?fileloc=//proc/net/netstat&path=//proc/net HTTP/2.0" 200 14826 "-" "Mozilla/5.0 AppleWebKit/537.36 (KHTML, like Gecko; compatible; GPTBot/1.2; +https://openai.com/gptbot)"
193.151.188.202 - - [04/Nov/2025:14:05:56 +0100] "GET /wp-login.php?wp_lang=en_US HTTP/2.0" 200 76365 "-" "Mozilla/5.0 (Windows NT 10.0; Win64; x64) AppleWebKit/537.36 (KHTML, like Gecko) Chrome/124.0.6367.207 Safari/537.36"
74.7.227.148 - - [04/Nov/2025:14:05:57 +0100] "GET /?path=//opt/alt/python35/lib64/python3.5/site-packages/numpy/tests HTTP/2.0" 200 26943 "-" "Mozilla/5.0 AppleWebKit/537.36 (KHTML, like Gecko; compatible; GPTBot/1.2; +https://openai.com/gptbot)"
66.249.69.169 - - [04/Nov/2025:14:05:57 +0100] "GET /cooperate195042608.html HTTP/1.1" 200 563374 "-" "Mozilla/5.0 (Linux; Android 6.0.1; Nexus 5X Build/MMB29P) AppleWebKit/537.36 (KHTML, like Gecko) Chrome/141.0.7390.122 Mobile Safari/537.36 (compatible; Googlebot/2.1; +http://www.google.com/bot.html)"
74.7.227.36 - - [04/Nov/2025:14:05:57 +0100] "GET /?path=//proc/self/root/proc/53872/root/opt/cpanel/ea-php56/root/etc/skel HTTP/2.0" 200 15915 "-" "Mozilla/5.0 AppleWebKit/537.36 (KHTML, like Gecko; compatible; GPTBot/1.2; +https://openai.com/gptbot)"
74.7.227.3 - - [04/Nov/2025:14:05:57 +0100] "GET /?path=//opt/alt/python312/lib/python3.12/site-packages/pkg_resources/_vendor/more_itertools HTTP/2.0" 200 29307 "-" "Mozilla/5.0 AppleWebKit/537.36 (KHTML, like Gecko; compatible; GPTBot/1.2; +https://openai.com/gptbot)"
74.7.227.240 - - [04/Nov/2025:14:05:58 +0100] "GET /?path=//proc/self/root/proc/67277/root/lib/.build-id/69 HTTP/2.0" 200 35797 "-" "Mozilla/5.0 AppleWebKit/537.36 (KHTML, like Gecko; compatible; GPTBot/1.2; +https://openai.com/gptbot)"
69.197.179.242 - - [04/Nov/2025:14:04:34 +0100] "GET /wp-content/ad1f3ec7/edit.php?id=235796 HTTP/1.1" 200 - "https://opalaesthetic.net/wp-content/ad1f3ec7/edit.php?id=235796" "Mozilla/5.0 (Windows NT 10.0; Win64; x64) AppleWebKit/537.36 (KHTML, like Gecko) Chrome/58.0.3029.110 Safari/537.3"
74.7.227.177 - - [04/Nov/2025:14:05:58 +0100] "GET /662363?fileloc=//proc/net/ip6_flowlabel&path=//proc/net HTTP/2.0" 200 12283 "-" "Mozilla/5.0 AppleWebKit/537.36 (KHTML, like Gecko; compatible; GPTBot/1.2; +https://openai.com/gptbot)"
66.249.69.170 - - [04/Nov/2025:14:06:00 +0100] "GET /?w=2674829843548&channel=144e46&from=https://opalaesthetic.net/buy.jsp?hint290011399.html HTTP/1.1" 200 552305 "-" "Mozilla/5.0 (Linux; Android 6.0.1; Nexus 5X Build/MMB29P) AppleWebKit/537.36 (KHTML, like Gecko) Chrome/141.0.7390.122 Mobile Safari/537.36 (compatible; Googlebot/2.1; +http://www.google.com/bot.html)"
147.78.183.252 - - [04/Nov/2025:14:05:58 +0100] "GET /wp-login.php?wp_lang=en_US HTTP/2.0" 200 76365 "-" "Mozilla/5.0 (Windows NT 10.0; Win64; x64) AppleWebKit/537.36 (KHTML, like Gecko) Chrome/124.0.6367.207 Safari/537.36"
74.7.227.36 - - [04/Nov/2025:14:06:00 +0100] "GET /?fileloc=//proc/self/root/proc/53872/root/opt/alt/alt-nodejs18/root/usr/bin/node&path=//proc/self/root/proc/53872/root/opt/alt/alt-nodejs18/root/usr/bin HTTP/2.0" 200 43118 "-" "Mozilla/5.0 AppleWebKit/537.36 (KHTML, like Gecko; compatible; GPTBot/1.2; +https://openai.com/gptbot)"
74.7.227.148 - - [04/Nov/2025:14:06:00 +0100] "GET /?path=//opt/alt/python35/lib64/python3.5/site-packages/Cython HTTP/2.0" 200 45972 "-" "Mozilla/5.0 AppleWebKit/537.36 (KHTML, like Gecko; compatible; GPTBot/1.2; +https://openai.com/gptbot)"
74.7.227.240 - - [04/Nov/2025:14:06:01 +0100] "GET /?path=//proc/self/root/proc/67277/root/lib/.build-id/56 HTTP/2.0" 200 40837 "-" "Mozilla/5.0 AppleWebKit/537.36 (KHTML, like Gecko; compatible; GPTBot/1.2; +https://openai.com/gptbot)"
83.97.117.62 - - [04/Nov/2025:14:06:02 +0100] "GET /wp-login.php?wp_lang=en_US HTTP/2.0" 200 76365 "-" "Mozilla/5.0 (Windows NT 10.0; Win64; x64) AppleWebKit/537.36 (KHTML, like Gecko) Chrome/124.0.6367.207 Safari/537.36"
66.249.77.34 - - [04/Nov/2025:14:06:02 +0100] "GET /zhHant/product/surugaya/m20259004749?fileloc=/home/opal/public_html/wp-config.php&path=/home/opal/public_html HTTP/1.1" 200 561480 "-" "Mozilla/5.0 (Linux; Android 6.0.1; Nexus 5X Build/MMB29P) AppleWebKit/537.36 (KHTML, like Gecko) Chrome/141.0.7390.122 Mobile Safari/537.36 (compatible; Googlebot/2.1; +http://www.google.com/bot.html)"
74.7.227.3 - - [04/Nov/2025:14:06:03 +0100] "GET /?path=//opt/alt/python313/lib/python3.13/site-packages/pkg_resources/_vendor/packaging HTTP/2.0" 200 42742 "-" "Mozilla/5.0 AppleWebKit/537.36 (KHTML, like Gecko; compatible; GPTBot/1.2; +https://openai.com/gptbot)"
74.7.227.177 - - [04/Nov/2025:14:06:03 +0100] "GET /685580?fileloc=//proc/net/icmp&path=//proc/net HTTP/2.0" 200 14823 "-" "Mozilla/5.0 AppleWebKit/537.36 (KHTML, like Gecko; compatible; GPTBot/1.2; +https://openai.com/gptbot)"
74.7.227.240 - - [04/Nov/2025:14:06:04 +0100] "GET /?path=//proc/self/root/proc/67277/root/lib/.build-id/93 HTTP/2.0" 200 40839 "-" "Mozilla/5.0 AppleWebKit/537.36 (KHTML, like Gecko; compatible; GPTBot/1.2; +https://openai.com/gptbot)"
155.212.109.47 - - [04/Nov/2025:14:06:05 +0100] "GET /wp-login.php?wp_lang=en_US HTTP/2.0" 200 76365 "-" "Mozilla/5.0 (Windows NT 10.0; Win64; x64) AppleWebKit/537.36 (KHTML, like Gecko) Chrome/124.0.6367.207 Safari/537.36"
74.7.227.36 - - [04/Nov/2025:14:06:05 +0100] "GET /?path=//proc/self/root/proc/53872/root/opt/cpanel/ea-php56/root/etc/xdg HTTP/2.0" 200 14848 "-" "Mozilla/5.0 AppleWebKit/537.36 (KHTML, like Gecko; compatible; GPTBot/1.2; +https://openai.com/gptbot)"
66.249.77.34 - - [04/Nov/2025:14:06:05 +0100] "GET /1036013260?detail=1033190702 HTTP/1.1" 200 553785 "-" "Mozilla/5.0 (Linux; Android 6.0.1; Nexus 5X Build/MMB29P) AppleWebKit/537.36 (KHTML, like Gecko) Chrome/141.0.7390.122 Mobile Safari/537.36 (compatible; Googlebot/2.1; +http://www.google.com/bot.html)"
74.7.227.240 - - [04/Nov/2025:14:06:07 +0100] "GET /?path=//proc/self/root/proc/67277/root/lib/.build-id/98 HTTP/2.0" 200 40836 "-" "Mozilla/5.0 AppleWebKit/537.36 (KHTML, like Gecko; compatible; GPTBot/1.2; +https://openai.com/gptbot)"
130.49.112.141 - - [04/Nov/2025:14:06:08 +0100] "GET /wp-login.php?wp_lang=en_US HTTP/2.0" 200 76365 "-" "Mozilla/5.0 (Windows NT 10.0; Win64; x64) AppleWebKit/537.36 (KHTML, like Gecko) Chrome/124.0.6367.207 Safari/537.36"
74.7.227.148 - - [04/Nov/2025:14:06:08 +0100] "GET /?path=//opt/alt/python35/lib64/python3.5/site-packages/cryptography/hazmat HTTP/2.0" 200 23294 "-" "Mozilla/5.0 AppleWebKit/537.36 (KHTML, like Gecko; compatible; GPTBot/1.2; +https://openai.com/gptbot)"
66.249.77.34 - - [04/Nov/2025:14:06:08 +0100] "GET /1036033122?detail=1033210510 HTTP/1.1" 200 551614 "-" "Mozilla/5.0 (Linux; Android 6.0.1; Nexus 5X Build/MMB29P) AppleWebKit/537.36 (KHTML, like Gecko) Chrome/141.0.7390.122 Mobile Safari/537.36 (compatible; Googlebot/2.1; +http://www.google.com/bot.html)"
74.7.227.177 - - [04/Nov/2025:14:06:08 +0100] "GET /685580?fileloc=//proc/net/udplite&path=//proc/net HTTP/2.0" 200 14826 "-" "Mozilla/5.0 AppleWebKit/537.36 (KHTML, like Gecko; compatible; GPTBot/1.2; +https://openai.com/gptbot)"
74.7.227.3 - - [04/Nov/2025:14:06:09 +0100] "GET /?path=//lib64/perl5/Devel HTTP/2.0" 200 16725 "-" "Mozilla/5.0 AppleWebKit/537.36 (KHTML, like Gecko; compatible; GPTBot/1.2; +https://openai.com/gptbot)"
66.249.76.194 - - [04/Nov/2025:14:06:11 +0100] "GET /?w=2674829843548&channel=144e46&from=https://opalaesthetic.net/buy.jsp?minimal137040500.html HTTP/1.1" 200 554526 "-" "Mozilla/5.0 (Linux; Android 6.0.1; Nexus 5X Build/MMB29P) AppleWebKit/537.36 (KHTML, like Gecko) Chrome/141.0.7390.122 Mobile Safari/537.36 (compatible; Googlebot/2.1; +http://www.google.com/bot.html)"
74.7.227.36 - - [04/Nov/2025:14:06:09 +0100] "GET /?path=//proc/self/root/proc/53872/root/opt/cpanel/ea-php56/root/etc/pm HTTP/2.0" 200 20334 "-" "Mozilla/5.0 AppleWebKit/537.36 (KHTML, like Gecko; compatible; GPTBot/1.2; +https://openai.com/gptbot)"
74.7.227.240 - - [04/Nov/2025:14:06:10 +0100] "GET /?path=//proc/self/root/proc/67277/root/lib/.build-id/83 HTTP/2.0" 200 40837 "-" "Mozilla/5.0 AppleWebKit/537.36 (KHTML, like Gecko; compatible; GPTBot/1.2; +https://openai.com/gptbot)"
178.175.140.149 - - [04/Nov/2025:14:06:11 +0100] "POST /xmlrpc.php HTTP/1.1" 403 76365 "-" "Mozilla/5.0 (Windows NT 10.0; Win64; x64) AppleWebKit/537.36 (KHTML, like Gecko) Chrome/114.0.0.0 Safari/537.36"
74.7.227.148 - - [04/Nov/2025:14:06:13 +0100] "GET /?path=//opt/alt/python35/lib64/python3.5/site-packages/pyrsistent HTTP/2.0" 200 46695 "-" "Mozilla/5.0 AppleWebKit/537.36 (KHTML, like Gecko; compatible; GPTBot/1.2; +https://openai.com/gptbot)"
66.249.69.167 - - [04/Nov/2025:14:06:14 +0100] "GET /?w=2674829843548&channel=144e46&from=https://opalaesthetic.net/buy.jsp?sole081037078.html HTTP/1.1" 200 550571 "-" "Mozilla/5.0 (Linux; Android 6.0.1; Nexus 5X Build/MMB29P) AppleWebKit/537.36 (KHTML, like Gecko) Chrome/141.0.7390.122 Mobile Safari/537.36 (compatible; GoogleOther)"
74.7.227.177 - - [04/Nov/2025:14:06:14 +0100] "GET /662363?fileloc=//proc/net/udplite&path=//proc/net HTTP/2.0" 200 14826 "-" "Mozilla/5.0 AppleWebKit/537.36 (KHTML, like Gecko; compatible; GPTBot/1.2; +https://openai.com/gptbot)"
74.7.227.240 - - [04/Nov/2025:14:06:14 +0100] "GET /?path=//proc/self/root/proc/67277/root/lib/.build-id/16 HTTP/2.0" 200 35795 "-" "Mozilla/5.0 AppleWebKit/537.36 (KHTML, like Gecko; compatible; GPTBot/1.2; +https://openai.com/gptbot)"
74.7.227.36 - - [04/Nov/2025:14:06:16 +0100] "GET /?path=//proc/self/root/proc/54274/root/opt/cpanel/ea-php81/root HTTP/2.0" 200 43073 "-" "Mozilla/5.0 AppleWebKit/537.36 (KHTML, like Gecko; compatible; GPTBot/1.2; +https://openai.com/gptbot)"
178.175.140.149 - - [04/Nov/2025:14:06:15 +0100] "POST /xmlrpc.php HTTP/1.1" 403 73816 "-" "Mozilla/5.0 (Windows NT 10.0; Win64; x64) AppleWebKit/537.36 (KHTML, like Gecko) Chrome/114.0.0.0 Safari/537.36"
66.249.77.33 - - [04/Nov/2025:14:06:17 +0100] "GET /pcmypage?callback=/product%2Fdetail%2m85977485403 HTTP/1.1" 200 556934 "-" "Mozilla/5.0 (Linux; Android 6.0.1; Nexus 5X Build/MMB29P) AppleWebKit/537.36 (KHTML, like Gecko) Chrome/141.0.7390.122 Mobile Safari/537.36 (compatible; Googlebot/2.1; +http://www.google.com/bot.html)"
74.7.227.3 - - [04/Nov/2025:14:06:16 +0100] "GET /?path=//opt/alt/python311/lib/python3.11/site-packages/pkg_resources/_vendor/pyparsing/diagram HTTP/2.0" 200 19193 "-" "Mozilla/5.0 AppleWebKit/537.36 (KHTML, like Gecko; compatible; GPTBot/1.2; +https://openai.com/gptbot)"
74.7.227.177 - - [04/Nov/2025:14:06:17 +0100] "GET /662363?fileloc=//proc/net/netlink&path=//proc/net HTTP/2.0" 200 14826 "-" "Mozilla/5.0 AppleWebKit/537.36 (KHTML, like Gecko; compatible; GPTBot/1.2; +https://openai.com/gptbot)"
74.7.227.148 - - [04/Nov/2025:14:06:18 +0100] "GET /?path=//opt/alt/python311/lib64/python3.11/tkinter/test HTTP/2.0" 200 26144 "-" "Mozilla/5.0 AppleWebKit/537.36 (KHTML, like Gecko; compatible; GPTBot/1.2; +https://openai.com/gptbot)"
130.49.114.183 - - [04/Nov/2025:14:06:18 +0100] "GET /wp-login.php?wp_lang=en_US HTTP/2.0" 200 76365 "-" "Mozilla/5.0 (Windows NT 10.0; Win64; x64) AppleWebKit/537.36 (KHTML, like Gecko) Chrome/124.0.6367.207 Safari/537.36"
66.249.76.194 - - [04/Nov/2025:14:06:20 +0100] "GET /?w=2674829843548&channel=144e46&from=https://opalaesthetic.net/buy.jsp?dining014014703.html HTTP/1.1" 200 555181 "-" "Mozilla/5.0 (Linux; Android 6.0.1; Nexus 5X Build/MMB29P) AppleWebKit/537.36 (KHTML, like Gecko) Chrome/141.0.7390.122 Mobile Safari/537.36 (compatible; Googlebot/2.1; +http://www.google.com/bot.html)"
74.7.227.240 - - [04/Nov/2025:14:06:18 +0100] "GET /?path=//proc/self/root/proc/67277/root/lib/.build-id/52 HTTP/2.0" 200 35797 "-" "Mozilla/5.0 AppleWebKit/537.36 (KHTML, like Gecko; compatible; GPTBot/1.2; +https://openai.com/gptbot)"
74.7.227.36 - - [04/Nov/2025:14:06:19 +0100] "GET /?path=//proc/self/root/proc/142086/root/lib/firmware/dpaa2 HTTP/2.0" 200 17077 "-" "Mozilla/5.0 AppleWebKit/537.36 (KHTML, like Gecko; compatible; GPTBot/1.2; +https://openai.com/gptbot)"
66.249.77.33 - - [04/Nov/2025:14:06:22 +0100] "GET /pig023004278.html HTTP/1.1" 200 554154 "-" "Mozilla/5.0 (Linux; Android 6.0.1; Nexus 5X Build/MMB29P) AppleWebKit/537.36 (KHTML, like Gecko) Chrome/141.0.7390.122 Mobile Safari/537.36 (compatible; Googlebot/2.1; +http://www.google.com/bot.html)"
74.7.227.177 - - [04/Nov/2025:14:06:22 +0100] "GET /685580?fileloc=//proc/net/fib_triestat&path=//proc/net HTTP/2.0" 200 14831 "-" "Mozilla/5.0 AppleWebKit/537.36 (KHTML, like Gecko; compatible; GPTBot/1.2; +https://openai.com/gptbot)"
155.212.39.197 - - [04/Nov/2025:14:06:22 +0100] "GET /wp-login.php?wp_lang=en_US HTTP/2.0" 200 73816 "-" "Mozilla/5.0 (Windows NT 10.0; Win64; x64) AppleWebKit/537.36 (KHTML, like Gecko) Chrome/124.0.6367.207 Safari/537.36"
74.7.227.148 - - [04/Nov/2025:14:06:23 +0100] "GET /?path=//opt/alt/python35/lib64/python3.5/site-packages/psutil/tests HTTP/2.0" 200 43211 "-" "Mozilla/5.0 AppleWebKit/537.36 (KHTML, like Gecko; compatible; GPTBot/1.2; +https://openai.com/gptbot)"
74.7.227.3 - - [04/Nov/2025:14:06:23 +0100] "GET /?path=//opt/alt/python313/lib/python3.13/site-packages/pkg_resources/_vendor/more_itertools HTTP/2.0" 200 29307 "-" "Mozilla/5.0 AppleWebKit/537.36 (KHTML, like Gecko; compatible; GPTBot/1.2; +https://openai.com/gptbot)"
74.7.227.240 - - [04/Nov/2025:14:06:24 +0100] "GET /?path=//proc/self/root/proc/67277/root/lib/.build-id/04 HTTP/2.0" 200 29083 "-" "Mozilla/5.0 AppleWebKit/537.36 (KHTML, like Gecko; compatible; GPTBot/1.2; +https://openai.com/gptbot)"
74.7.227.36 - - [04/Nov/2025:14:06:25 +0100] "GET /?path=//proc/self/root/proc/53872/root/opt/alt/alt-nodejs20/root/run/lock HTTP/2.0" 200 15917 "-" "Mozilla/5.0 AppleWebKit/537.36 (KHTML, like Gecko; compatible; GPTBot/1.2; +https://openai.com/gptbot)"
66.249.69.168 - - [04/Nov/2025:14:06:25 +0100] "GET /?leadership086004111.html?path=/home/opal HTTP/1.1" 200 202237 "-" "Mozilla/5.0 (Linux; Android 6.0.1; Nexus 5X Build/MMB29P) AppleWebKit/537.36 (KHTML, like Gecko) Chrome/141.0.7390.122 Mobile Safari/537.36 (compatible; Googlebot/2.1; +http://www.google.com/bot.html)"
45.132.184.64 - - [04/Nov/2025:14:06:26 +0100] "GET /wp-login.php?wp_lang=en_US HTTP/2.0" 200 76373 "-" "Mozilla/5.0 (Windows NT 10.0; Win64; x64) AppleWebKit/537.36 (KHTML, like Gecko) Chrome/124.0.6367.207 Safari/537.36"
66.249.69.167 - - [04/Nov/2025:14:06:29 +0100] "GET /manufacturer149047974.html?fileloc=/home/opal/public_html/wp-includes/default-constants.php?guide/knowledge/order.html HTTP/1.1" 200 - "-" "Mozilla/5.0 (Linux; Android 6.0.1; Nexus 5X Build/MMB29P) AppleWebKit/537.36 (KHTML, like Gecko) Chrome/141.0.7390.122 Mobile Safari/537.36 (compatible; GoogleOther)"
74.7.227.177 - - [04/Nov/2025:14:06:26 +0100] "GET /662363?fileloc=//proc/net/packet&path=//proc/net HTTP/2.0" 200 14825 "-" "Mozilla/5.0 AppleWebKit/537.36 (KHTML, like Gecko; compatible; GPTBot/1.2; +https://openai.com/gptbot)"
74.7.227.148 - - [04/Nov/2025:14:06:28 +0100] "GET /?path=//opt/alt/python35/lib64/python3.5/ctypes HTTP/2.0" 200 25821 "-" "Mozilla/5.0 AppleWebKit/537.36 (KHTML, like Gecko; compatible; GPTBot/1.2; +https://openai.com/gptbot)"
176.126.104.112 - - [04/Nov/2025:14:06:29 +0100] "GET /wp-login.php?wp_lang=en_US HTTP/2.0" 200 76365 "-" "Mozilla/5.0 (Windows NT 10.0; Win64; x64) AppleWebKit/537.36 (KHTML, like Gecko) Chrome/124.0.6367.207 Safari/537.36"
74.7.227.3 - - [04/Nov/2025:14:06:30 +0100] "GET /?path=//opt/alt/python312/lib/python3.12/site-packages/pkg_resources/_vendor/packaging HTTP/2.0" 200 42742 "-" "Mozilla/5.0 AppleWebKit/537.36 (KHTML, like Gecko; compatible; GPTBot/1.2; +https://openai.com/gptbot)"
74.7.227.240 - - [04/Nov/2025:14:06:30 +0100] "GET /?path=//proc/self/root/proc/67277/root/lib/.build-id/25 HTTP/2.0" 200 29890 "-" "Mozilla/5.0 AppleWebKit/537.36 (KHTML, like Gecko; compatible; GPTBot/1.2; +https://openai.com/gptbot)"
74.7.227.36 - - [04/Nov/2025:14:06:31 +0100] "GET /?path=//proc/self/root/proc/67277/root/opt/alt/alt-nodejs20/root/var/log HTTP/2.0" 200 15915 "-" "Mozilla/5.0 AppleWebKit/537.36 (KHTML, like Gecko; compatible; GPTBot/1.2; +https://openai.com/gptbot)"
66.249.77.33 - - [04/Nov/2025:14:06:31 +0100] "GET /1036023897?detail=1033201310 HTTP/1.1" 200 562891 "-" "Mozilla/5.0 (Linux; Android 6.0.1; Nexus 5X Build/MMB29P) AppleWebKit/537.36 (KHTML, like Gecko) Chrome/141.0.7390.122 Mobile Safari/537.36 (compatible; Googlebot/2.1; +http://www.google.com/bot.html)"
155.212.110.162 - - [04/Nov/2025:14:06:33 +0100] "GET /wp-login.php?wp_lang=en_US HTTP/2.0" 200 76365 "-" "Mozilla/5.0 (Windows NT 10.0; Win64; x64) AppleWebKit/537.36 (KHTML, like Gecko) Chrome/124.0.6367.207 Safari/537.36"
74.7.227.148 - - [04/Nov/2025:14:06:33 +0100] "GET /?path=//opt/alt/python35/lib64/python3.5/site-packages/cryptography/hazmat/bindings HTTP/2.0" 200 25631 "-" "Mozilla/5.0 AppleWebKit/537.36 (KHTML, like Gecko; compatible; GPTBot/1.2; +https://openai.com/gptbot)"
74.7.227.177 - - [04/Nov/2025:14:06:34 +0100] "GET /662363?fileloc=//proc/net/arp&path=//proc/net HTTP/2.0" 200 14822 "-" "Mozilla/5.0 AppleWebKit/537.36 (KHTML, like Gecko; compatible; GPTBot/1.2; +https://openai.com/gptbot)"
66.249.76.160 - - [04/Nov/2025:14:06:34 +0100] "GET /pcmypage?callback=/product%2Fdetail%2m78475050793 HTTP/1.1" 200 551078 "-" "Mozilla/5.0 (Linux; Android 6.0.1; Nexus 5X Build/MMB29P) AppleWebKit/537.36 (KHTML, like Gecko) Chrome/141.0.7390.122 Mobile Safari/537.36 (compatible; Googlebot/2.1; +http://www.google.com/bot.html)"
74.7.227.240 - - [04/Nov/2025:14:06:35 +0100] "GET /?path=//proc/self/root/proc/67277/root/lib/.build-id/19 HTTP/2.0" 200 44195 "-" "Mozilla/5.0 AppleWebKit/537.36 (KHTML, like Gecko; compatible; GPTBot/1.2; +https://openai.com/gptbot)"
74.7.227.3 - - [04/Nov/2025:14:06:35 +0100] "GET /?path=//proc/2589545/root/proc/thread-self/root/opt/cpanel/ea-nodejs10/lib/node_modules/npm/lib/auth HTTP/2.0" 200 16275 "-" "Mozilla/5.0 AppleWebKit/537.36 (KHTML, like Gecko; compatible; GPTBot/1.2; +https://openai.com/gptbot)"
74.7.227.36 - - [04/Nov/2025:14:06:36 +0100] "GET /?path=//proc/self/root/proc/53872/root/opt/cpanel/ea-php70/root/var/mail HTTP/2.0" 200 15915 "-" "Mozilla/5.0 AppleWebKit/537.36 (KHTML, like Gecko; compatible; GPTBot/1.2; +https://openai.com/gptbot)"
66.249.69.168 - - [04/Nov/2025:14:06:37 +0100] "GET /usual060023967.html?fileloc=/home/opal/public_html/wp-login.php?f/partition/partition00/ HTTP/1.1" 200 557084 "-" "Mozilla/5.0 (Linux; Android 6.0.1; Nexus 5X Build/MMB29P) AppleWebKit/537.36 (KHTML, like Gecko) Chrome/141.0.7390.122 Mobile Safari/537.36 (compatible; GoogleOther)"
45.66.210.160 - - [04/Nov/2025:14:06:36 +0100] "GET /wp-login.php?wp_lang=en_US HTTP/2.0" 200 76365 "-" "Mozilla/5.0 (Windows NT 10.0; Win64; x64) AppleWebKit/537.36 (KHTML, like Gecko) Chrome/124.0.6367.207 Safari/537.36"
74.7.227.148 - - [04/Nov/2025:14:06:37 +0100] "GET /?path=//opt/alt/python36/lib64/python3.6/venv/scripts/common HTTP/2.0" 200 17199 "-" "Mozilla/5.0 AppleWebKit/537.36 (KHTML, like Gecko; compatible; GPTBot/1.2; +https://openai.com/gptbot)"
74.7.227.177 - - [04/Nov/2025:14:06:39 +0100] "GET /685580?fileloc=//proc/net/ip6_flowlabel&path=//proc/net HTTP/2.0" 200 14832 "-" "Mozilla/5.0 AppleWebKit/537.36 (KHTML, like Gecko; compatible; GPTBot/1.2; +https://openai.com/gptbot)"
74.7.227.240 - - [04/Nov/2025:14:06:40 +0100] "GET /?path=//proc/self/root/proc/67277/root/lib/.build-id/44 HTTP/2.0" 200 45875 "-" "Mozilla/5.0 AppleWebKit/537.36 (KHTML, like Gecko; compatible; GPTBot/1.2; +https://openai.com/gptbot)"
185.102.112.188 - - [04/Nov/2025:14:06:41 +0100] "GET /wp-login.php?wp_lang=en_US HTTP/2.0" 200 76365 "-" "Mozilla/5.0 (Windows NT 10.0; Win64; x64) AppleWebKit/537.36 (KHTML, like Gecko) Chrome/124.0.6367.207 Safari/537.36"
66.249.69.167 - - [04/Nov/2025:14:06:42 +0100] "GET /?w=2674829843548&channel=144e46&from=https://opalaesthetic.net/buy.jsp?beat089010090.html HTTP/1.1" 200 560260 "-" "Mozilla/5.0 (Linux; Android 6.0.1; Nexus 5X Build/MMB29P) AppleWebKit/537.36 (KHTML, like Gecko) Chrome/141.0.7390.122 Mobile Safari/537.36 (compatible; Googlebot/2.1; +http://www.google.com/bot.html)"
74.7.227.3 - - [04/Nov/2025:14:06:42 +0100] "GET /?fileloc=//opt/alt/python312/lib/python3.12/site-packages/pkg_resources/_vendor/platformdirs/version.py&path=//opt/alt/python312/lib/python3.12/site-packages/pkg_resources/_vendor/platformdirs HTTP/2.0" 200 15639 "-" "Mozilla/5.0 AppleWebKit/537.36 (KHTML, like Gecko; compatible; GPTBot/1.2; +https://openai.com/gptbot)"
74.7.227.36 - - [04/Nov/2025:14:06:42 +0100] "GET /?path=//proc/self/root/proc/54274/root/opt/cpanel/ea-php81/root/media HTTP/2.0" 200 15827 "-" "Mozilla/5.0 AppleWebKit/537.36 (KHTML, like Gecko; compatible; GPTBot/1.2; +https://openai.com/gptbot)"
74.7.227.177 - - [04/Nov/2025:14:06:43 +0100] "GET /662363?fileloc=//proc/net/tcp&path=//proc/net HTTP/2.0" 200 32076 "-" "Mozilla/5.0 AppleWebKit/537.36 (KHTML, like Gecko; compatible; GPTBot/1.2; +https://openai.com/gptbot)"
74.7.227.240 - - [04/Nov/2025:14:06:44 +0100] "GET /?path=//proc/self/root/proc/67277/root/lib/.build-id/91 HTTP/2.0" 200 40835 "-" "Mozilla/5.0 AppleWebKit/537.36 (KHTML, like Gecko; compatible; GPTBot/1.2; +https://openai.com/gptbot)"
170.168.175.161 - - [04/Nov/2025:14:06:44 +0100] "GET /wp-login.php?wp_lang=en_US HTTP/2.0" 200 76365 "-" "Mozilla/5.0 (Windows NT 10.0; Win64; x64) AppleWebKit/537.36 (KHTML, like Gecko) Chrome/124.0.6367.207 Safari/537.36"
74.7.227.148 - - [04/Nov/2025:14:06:46 +0100] "GET /?path=//opt/alt/python35/lib64/python3.5/site-packages/cryptography/hazmat/primitives HTTP/2.0" 200 40272 "-" "Mozilla/5.0 AppleWebKit/537.36 (KHTML, like Gecko; compatible; GPTBot/1.2; +https://openai.com/gptbot)"
74.7.227.3 - - [04/Nov/2025:14:06:47 +0100] "GET /?path=//proc/2589545/root/proc/thread-self/root/opt/cpanel/ea-nodejs10/lib/node_modules/npm/lib/config HTTP/2.0" 200 16279 "-" "Mozilla/5.0 AppleWebKit/537.36 (KHTML, like Gecko; compatible; GPTBot/1.2; +https://openai.com/gptbot)"
74.7.227.36 - - [04/Nov/2025:14:06:48 +0100] "GET /?path=//proc/self/root/proc/54274/root/opt/cpanel/ea-php81/root/lib HTTP/2.0" 200 15823 "-" "Mozilla/5.0 AppleWebKit/537.36 (KHTML, like Gecko; compatible; GPTBot/1.2; +https://openai.com/gptbot)"
89.19.35.23 - - [04/Nov/2025:14:06:48 +0100] "GET /wp-login.php?wp_lang=en_US HTTP/2.0" 200 76365 "-" "Mozilla/5.0 (Windows NT 10.0; Win64; x64) AppleWebKit/537.36 (KHTML, like Gecko) Chrome/124.0.6367.207 Safari/537.36"
74.7.227.240 - - [04/Nov/2025:14:06:48 +0100] "GET /?path=//proc/self/root/proc/67277/root/lib/.build-id/60 HTTP/2.0" 200 34116 "-" "Mozilla/5.0 AppleWebKit/537.36 (KHTML, like Gecko; compatible; GPTBot/1.2; +https://openai.com/gptbot)"
74.7.227.177 - - [04/Nov/2025:14:06:49 +0100] "GET /662363?fileloc=//proc/net/udp&path=//proc/net HTTP/2.0" 200 15465 "-" "Mozilla/5.0 AppleWebKit/537.36 (KHTML, like Gecko; compatible; GPTBot/1.2; +https://openai.com/gptbot)"
66.249.77.33 - - [04/Nov/2025:14:06:49 +0100] "GET /empty038009823.html HTTP/1.1" 200 556207 "-" "Mozilla/5.0 (Linux; Android 6.0.1; Nexus 5X Build/MMB29P) AppleWebKit/537.36 (KHTML, like Gecko) Chrome/141.0.7390.122 Mobile Safari/537.36 (compatible; Googlebot/2.1; +http://www.google.com/bot.html)"
185.102.112.36 - - [04/Nov/2025:14:06:52 +0100] "GET /wp-login.php?wp_lang=en_US HTTP/2.0" 200 76365 "-" "Mozilla/5.0 (Windows NT 10.0; Win64; x64) AppleWebKit/537.36 (KHTML, like Gecko) Chrome/124.0.6367.207 Safari/537.36"
74.7.227.148 - - [04/Nov/2025:14:06:52 +0100] "GET /?path=//opt/alt/python35/lib64/python3.5/site-packages/numpy/fft HTTP/2.0" 200 28291 "-" "Mozilla/5.0 AppleWebKit/537.36 (KHTML, like Gecko; compatible; GPTBot/1.2; +https://openai.com/gptbot)"
74.7.227.240 - - [04/Nov/2025:14:06:52 +0100] "GET /?path=//proc/self/root/proc/67277/root/lib/.build-id/58 HTTP/2.0" 200 50908 "-" "Mozilla/5.0 AppleWebKit/537.36 (KHTML, like Gecko; compatible; GPTBot/1.2; +https://openai.com/gptbot)"
66.249.69.168 - - [04/Nov/2025:14:06:53 +0100] "GET /?w=2674829843548&channel=144e46&from=https://opalaesthetic.net/buy.jsp?ministry208043051.html HTTP/1.1" 200 555617 "-" "Mozilla/5.0 (Linux; Android 6.0.1; Nexus 5X Build/MMB29P) AppleWebKit/537.36 (KHTML, like Gecko) Chrome/141.0.7390.122 Mobile Safari/537.36 (compatible; Googlebot/2.1; +http://www.google.com/bot.html)"
74.7.227.3 - - [04/Nov/2025:14:06:53 +0100] "GET /?path=//proc/2589545/root/proc/thread-self/root/opt/cpanel/ea-nodejs10/lib/node_modules/npm/lib/utils HTTP/2.0" 200 16277 "-" "Mozilla/5.0 AppleWebKit/537.36 (KHTML, like Gecko; compatible; GPTBot/1.2; +https://openai.com/gptbot)"
74.7.227.36 - - [04/Nov/2025:14:06:54 +0100] "GET /?path=//proc/self/root/proc/54274/root/opt/cpanel/ea-php81/root/usr HTTP/2.0" 200 34723 "-" "Mozilla/5.0 AppleWebKit/537.36 (KHTML, like Gecko; compatible; GPTBot/1.2; +https://openai.com/gptbot)"
74.7.227.177 - - [04/Nov/2025:14:06:54 +0100] "GET /685580?fileloc=//proc/net/arp&path=//proc/net HTTP/2.0" 200 14822 "-" "Mozilla/5.0 AppleWebKit/537.36 (KHTML, like Gecko; compatible; GPTBot/1.2; +https://openai.com/gptbot)"
212.119.47.253 - - [04/Nov/2025:14:06:55 +0100] "GET /wp-login.php?wp_lang=en_US HTTP/2.0" 200 76365 "-" "Mozilla/5.0 (Windows NT 10.0; Win64; x64) AppleWebKit/537.36 (KHTML, like Gecko) Chrome/124.0.6367.207 Safari/537.36"
74.7.227.148 - - [04/Nov/2025:14:06:56 +0100] "GET /?path=//opt/alt/python35/lib64/python3.5/ctypes/test HTTP/2.0" 200 100674 "-" "Mozilla/5.0 AppleWebKit/537.36 (KHTML, like Gecko; compatible; GPTBot/1.2; +https://openai.com/gptbot)"
74.7.227.240 - - [04/Nov/2025:14:06:57 +0100] "GET /?path=//proc/self/root/proc/67277/root/lib/.build-id/23 HTTP/2.0" 200 50900 "-" "Mozilla/5.0 AppleWebKit/537.36 (KHTML, like Gecko; compatible; GPTBot/1.2; +https://openai.com/gptbot)"
74.7.227.177 - - [04/Nov/2025:14:06:58 +0100] "GET /685580?fileloc=//proc/net/raw&path=//proc/net HTTP/2.0" 200 14940 "-" "Mozilla/5.0 AppleWebKit/537.36 (KHTML, like Gecko; compatible; GPTBot/1.2; +https://openai.com/gptbot)"
74.7.227.36 - - [04/Nov/2025:14:06:59 +0100] "GET /?path=//proc/self/root/proc/54274/root/opt/cpanel/ea-php81/root/boot HTTP/2.0" 200 13276 "-" "Mozilla/5.0 AppleWebKit/537.36 (KHTML, like Gecko; compatible; GPTBot/1.2; +https://openai.com/gptbot)"
74.7.227.3 - - [04/Nov/2025:14:06:59 +0100] "GET /?path=//proc/2589545/root/proc/thread-self/root/opt/cpanel/ea-nodejs10 HTTP/2.0" 200 15723 "-" "Mozilla/5.0 AppleWebKit/537.36 (KHTML, like Gecko; compatible; GPTBot/1.2; +https://openai.com/gptbot)"
147.78.182.48 - - [04/Nov/2025:14:07:00 +0100] "GET /wp-login.php?wp_lang=en_US HTTP/2.0" 200 76365 "-" "Mozilla/5.0 (Windows NT 10.0; Win64; x64) AppleWebKit/537.36 (KHTML, like Gecko) Chrome/124.0.6367.207 Safari/537.36"
66.249.77.34 - - [04/Nov/2025:14:07:01 +0100] "GET /silence091029516.html HTTP/1.1" 200 556620 "-" "Mozilla/5.0 (Linux; Android 6.0.1; Nexus 5X Build/MMB29P) AppleWebKit/537.36 (KHTML, like Gecko) Chrome/141.0.7390.122 Mobile Safari/537.36 (compatible; Googlebot/2.1; +http://www.google.com/bot.html)"
74.7.227.240 - - [04/Nov/2025:14:07:01 +0100] "GET /?path=//proc/self/root/proc/67277/root/lib/.build-id/99 HTTP/2.0" 200 37471 "-" "Mozilla/5.0 AppleWebKit/537.36 (KHTML, like Gecko; compatible; GPTBot/1.2; +https://openai.com/gptbot)"
74.7.227.148 - - [04/Nov/2025:14:07:01 +0100] "GET /?path=//opt/alt/python35/lib64/python3.5/ctypes/__pycache__ HTTP/2.0" 200 35295 "-" "Mozilla/5.0 AppleWebKit/537.36 (KHTML, like Gecko; compatible; GPTBot/1.2; +https://openai.com/gptbot)"
74.7.227.36 - - [04/Nov/2025:14:07:03 +0100] "GET /?path=//proc/self/root/proc/54274/root/opt/cpanel/ea-php81/root/etc HTTP/2.0" 200 39960 "-" "Mozilla/5.0 AppleWebKit/537.36 (KHTML, like Gecko; compatible; GPTBot/1.2; +https://openai.com/gptbot)"
193.203.10.31 - - [04/Nov/2025:14:07:04 +0100] "GET /wp-login.php?wp_lang=en_US HTTP/2.0" 200 76365 "-" "Mozilla/5.0 (Windows NT 10.0; Win64; x64) AppleWebKit/537.36 (KHTML, like Gecko) Chrome/124.0.6367.207 Safari/537.36"
74.7.227.240 - - [04/Nov/2025:14:07:04 +0100] "GET /?path=//proc/self/root/proc/67277/root/lib/.build-id/14 HTTP/2.0" 200 42515 "-" "Mozilla/5.0 AppleWebKit/537.36 (KHTML, like Gecko; compatible; GPTBot/1.2; +https://openai.com/gptbot)"
74.7.227.177 - - [04/Nov/2025:14:07:04 +0100] "GET /685580?fileloc=//proc/net/udp&path=//proc/net HTTP/2.0" 200 15465 "-" "Mozilla/5.0 AppleWebKit/537.36 (KHTML, like Gecko; compatible; GPTBot/1.2; +https://openai.com/gptbot)"
74.7.227.148 - - [04/Nov/2025:14:07:07 +0100] "GET /?path=//opt/alt/python35/lib64/python3.5/ctypes/macholib HTTP/2.0" 200 26433 "-" "Mozilla/5.0 AppleWebKit/537.36 (KHTML, like Gecko; compatible; GPTBot/1.2; +https://openai.com/gptbot)"
45.132.186.97 - - [04/Nov/2025:14:07:07 +0100] "GET /wp-login.php?wp_lang=en_US HTTP/2.0" 200 76365 "-" "Mozilla/5.0 (Windows NT 10.0; Win64; x64) AppleWebKit/537.36 (KHTML, like Gecko) Chrome/124.0.6367.207 Safari/537.36"
74.7.227.36 - - [04/Nov/2025:14:07:08 +0100] "GET /?path=//proc/self/root/proc/54274/root/opt/cpanel/ea-php81/root/var HTTP/2.0" 200 40515 "-" "Mozilla/5.0 AppleWebKit/537.36 (KHTML, like Gecko; compatible; GPTBot/1.2; +https://openai.com/gptbot)"
74.7.227.240 - - [04/Nov/2025:14:07:08 +0100] "GET /?path=//proc/self/root/proc/67277/root/lib/.build-id/05 HTTP/2.0" 200 49228 "-" "Mozilla/5.0 AppleWebKit/537.36 (KHTML, like Gecko; compatible; GPTBot/1.2; +https://openai.com/gptbot)"
66.249.69.167 - - [04/Nov/2025:14:07:08 +0100] "GET /?w=2674829843548&channel=144e46&from=https://opalaesthetic.net/buy.jsp?so142016955.html HTTP/1.1" 200 552874 "-" "Mozilla/5.0 (Linux; Android 6.0.1; Nexus 5X Build/MMB29P) AppleWebKit/537.36 (KHTML, like Gecko) Chrome/141.0.7390.122 Mobile Safari/537.36 (compatible; Googlebot/2.1; +http://www.google.com/bot.html)"
74.7.227.3 - - [04/Nov/2025:14:07:05 +0100] "GET /?path=//proc/2589545/root/proc/self/root/opt/cpanel/ea-nodejs10/include/node/openssl/archs/VC-WIN32/no-asm HTTP/2.0" 200 16340 "-" "Mozilla/5.0 AppleWebKit/537.36 (KHTML, like Gecko; compatible; GPTBot/1.2; +https://openai.com/gptbot)"
74.7.227.177 - - [04/Nov/2025:14:07:08 +0100] "GET /662363?fileloc=//proc/net/raw&path=//proc/net HTTP/2.0" 200 14940 "-" "Mozilla/5.0 AppleWebKit/537.36 (KHTML, like Gecko; compatible; GPTBot/1.2; +https://openai.com/gptbot)"
74.7.227.3 - - [04/Nov/2025:14:07:11 +0100] "GET /?path=//proc/2589545/root/proc/thread-self/root/home/opal/tmp/pma_template_compiles_opal/twig/23 HTTP/2.0" 200 16062 "-" "Mozilla/5.0 AppleWebKit/537.36 (KHTML, like Gecko; compatible; GPTBot/1.2; +https://openai.com/gptbot)"
66.249.69.169 - - [04/Nov/2025:14:07:12 +0100] "GET /?w=2674829843548&channel=144e46&from=https://opalaesthetic.net/buy.jsp?improvement075001252.html HTTP/1.1" 200 553097 "-" "Mozilla/5.0 (Linux; Android 6.0.1; Nexus 5X Build/MMB29P) AppleWebKit/537.36 (KHTML, like Gecko) Chrome/141.0.7390.122 Mobile Safari/537.36 (compatible; GoogleOther)"
74.7.227.148 - - [04/Nov/2025:14:07:12 +0100] "GET /?path=//opt/alt/python35/lib64/python3.5/site-packages/cryptography/hazmat/primitives/twofactor HTTP/2.0" 200 24343 "-" "Mozilla/5.0 AppleWebKit/537.36 (KHTML, like Gecko; compatible; GPTBot/1.2; +https://openai.com/gptbot)"
77.81.65.62 - - [04/Nov/2025:14:07:12 +0100] "GET /wp-login.php?wp_lang=en_US HTTP/2.0" 200 76365 "-" "Mozilla/5.0 (Windows NT 10.0; Win64; x64) AppleWebKit/537.36 (KHTML, like Gecko) Chrome/124.0.6367.207 Safari/537.36"
74.7.227.240 - - [04/Nov/2025:14:07:12 +0100] "GET /?path=//proc/self/root/proc/67277/root/lib/.build-id/12 HTTP/2.0" 200 40833 "-" "Mozilla/5.0 AppleWebKit/537.36 (KHTML, like Gecko; compatible; GPTBot/1.2; +https://openai.com/gptbot)"
74.7.227.36 - - [04/Nov/2025:14:07:13 +0100] "GET /?path=//proc/self/root/proc/142086/root/lib/firmware/dpaa2/mc HTTP/2.0" 200 40316 "-" "Mozilla/5.0 AppleWebKit/537.36 (KHTML, like Gecko; compatible; GPTBot/1.2; +https://openai.com/gptbot)"
66.249.77.33 - - [04/Nov/2025:14:07:15 +0100] "GET /450351370?detail=0449124622 HTTP/1.1" 200 557154 "-" "Mozilla/5.0 (Linux; Android 6.0.1; Nexus 5X Build/MMB29P) AppleWebKit/537.36 (KHTML, like Gecko) Chrome/141.0.7390.122 Mobile Safari/537.36 (compatible; Googlebot/2.1; +http://www.google.com/bot.html)"
74.7.227.177 - - [04/Nov/2025:14:07:14 +0100] "GET /685580?fileloc=//proc/net/tcp&path=//proc/net HTTP/2.0" 200 37625 "-" "Mozilla/5.0 AppleWebKit/537.36 (KHTML, like Gecko; compatible; GPTBot/1.2; +https://openai.com/gptbot)"
74.7.227.148 - - [04/Nov/2025:14:07:16 +0100] "GET /?path=//opt/alt/python35/lib64/python3.5/site-packages/cryptography/hazmat/primitives/ciphers HTTP/2.0" 200 24324 "-" "Mozilla/5.0 AppleWebKit/537.36 (KHTML, like Gecko; compatible; GPTBot/1.2; +https://openai.com/gptbot)"
122.8.47.252 - - [04/Nov/2025:14:07:16 +0100] "GET /wp-login.php?wp_lang=en_US HTTP/2.0" 200 76365 "-" "Mozilla/5.0 (Windows NT 10.0; Win64; x64) AppleWebKit/537.36 (KHTML, like Gecko) Chrome/124.0.6367.207 Safari/537.36"
74.7.227.240 - - [04/Nov/2025:14:07:17 +0100] "GET /?path=//proc/self/root/proc/67277/root/lib/.build-id/40 HTTP/2.0" 200 50915 "-" "Mozilla/5.0 AppleWebKit/537.36 (KHTML, like Gecko; compatible; GPTBot/1.2; +https://openai.com/gptbot)"
66.249.69.167 - - [04/Nov/2025:14:07:18 +0100] "GET /?w=2674829843548&channel=144e46&from=https://opalaesthetic.net/buy.jsp?organization173010014.html HTTP/1.1" 200 552482 "-" "Mozilla/5.0 (Linux; Android 6.0.1; Nexus 5X Build/MMB29P) AppleWebKit/537.36 (KHTML, like Gecko) Chrome/141.0.7390.122 Mobile Safari/537.36 (compatible; Googlebot/2.1; +http://www.google.com/bot.html)"
74.7.227.36 - - [04/Nov/2025:14:07:18 +0100] "GET /?path=//proc/self/root/proc/54274/root/opt/cpanel/ea-php81/root/usr/src HTTP/2.0" 200 18857 "-" "Mozilla/5.0 AppleWebKit/537.36 (KHTML, like Gecko; compatible; GPTBot/1.2; +https://openai.com/gptbot)"
74.7.227.177 - - [04/Nov/2025:14:07:20 +0100] "GET /662363?fileloc=//proc/net/fib_trie&path=//proc/net HTTP/2.0" 200 14827 "-" "Mozilla/5.0 AppleWebKit/537.36 (KHTML, like Gecko; compatible; GPTBot/1.2; +https://openai.com/gptbot)"
74.7.227.148 - - [04/Nov/2025:14:07:20 +0100] "GET /?path=//opt/alt/python35/lib64/python3.5/urllib HTTP/2.0" 200 26097 "-" "Mozilla/5.0 AppleWebKit/537.36 (KHTML, like Gecko; compatible; GPTBot/1.2; +https://openai.com/gptbot)"
69.197.179.242 - - [04/Nov/2025:14:05:57 +0100] "GET /wp-includes/qqe586cc/index.php?id=968360 HTTP/1.1" 200 - "https://opalaesthetic.net/wp-includes/qqe586cc/index.php?id=968360" "Mozilla/5.0 (Windows NT 10.0; Win64; x64) AppleWebKit/537.36 (KHTML, like Gecko) Chrome/58.0.3029.110 Safari/537.3"
74.7.227.240 - - [04/Nov/2025:14:07:20 +0100] "GET /?path=//proc/self/root/proc/67277/root/lib/.build-id/02 HTTP/2.0" 200 35802 "-" "Mozilla/5.0 AppleWebKit/537.36 (KHTML, like Gecko; compatible; GPTBot/1.2; +https://openai.com/gptbot)"
193.202.12.213 - - [04/Nov/2025:14:07:21 +0100] "GET /wp-login.php?wp_lang=en_US HTTP/2.0" 200 76365 "-" "Mozilla/5.0 (Windows NT 10.0; Win64; x64) AppleWebKit/537.36 (KHTML, like Gecko) Chrome/124.0.6367.207 Safari/537.36"
74.7.227.36 - - [04/Nov/2025:14:07:23 +0100] "GET /?path=//proc/self/root/proc/54274/root/opt/cpanel/ea-php81/root/usr/tmp HTTP/2.0" 200 17393 "-" "Mozilla/5.0 AppleWebKit/537.36 (KHTML, like Gecko; compatible; GPTBot/1.2; +https://openai.com/gptbot)"
74.7.227.177 - - [04/Nov/2025:14:07:24 +0100] "GET /662363?fileloc=//proc/net/rt_cache&path=//proc/net HTTP/2.0" 200 14827 "-" "Mozilla/5.0 AppleWebKit/537.36 (KHTML, like Gecko; compatible; GPTBot/1.2; +https://openai.com/gptbot)"
74.7.227.240 - - [04/Nov/2025:14:07:25 +0100] "GET /?path=//proc/self/root/proc/67277/root/lib/.build-id/64 HTTP/2.0" 200 47553 "-" "Mozilla/5.0 AppleWebKit/537.36 (KHTML, like Gecko; compatible; GPTBot/1.2; +https://openai.com/gptbot)"
217.145.224.20 - - [04/Nov/2025:14:07:26 +0100] "GET /wp-login.php?wp_lang=en_US HTTP/2.0" 200 76365 "-" "Mozilla/5.0 (Windows NT 10.0; Win64; x64) AppleWebKit/537.36 (KHTML, like Gecko) Chrome/124.0.6367.207 Safari/537.36"
74.7.227.148 - - [04/Nov/2025:14:07:27 +0100] "GET /?path=//opt/alt/python35/lib64/python3.5/ctypes/test/__pycache__ HTTP/2.0" 200 284543 "-" "Mozilla/5.0 AppleWebKit/537.36 (KHTML, like Gecko; compatible; GPTBot/1.2; +https://openai.com/gptbot)"
74.7.227.36 - - [04/Nov/2025:14:07:27 +0100] "GET /?path=//proc/self/root/proc/54274/root/opt/cpanel/ea-php81/root/var/spool HTTP/2.0" 200 18853 "-" "Mozilla/5.0 AppleWebKit/537.36 (KHTML, like Gecko; compatible; GPTBot/1.2; +https://openai.com/gptbot)"
74.7.227.177 - - [04/Nov/2025:14:07:27 +0100] "GET /685580?fileloc=//proc/net/ip6_mr_cache&path=//proc/net HTTP/2.0" 200 12282 "-" "Mozilla/5.0 AppleWebKit/537.36 (KHTML, like Gecko; compatible; GPTBot/1.2; +https://openai.com/gptbot)"
66.249.76.170 - - [04/Nov/2025:14:07:29 +0100] "GET /pcmypage?callback=/product%2Fdetail%2m49846458520 HTTP/1.1" 200 554446 "-" "Mozilla/5.0 (Linux; Android 6.0.1; Nexus 5X Build/MMB29P) AppleWebKit/537.36 (KHTML, like Gecko) Chrome/141.0.7390.122 Mobile Safari/537.36 (compatible; Googlebot/2.1; +http://www.google.com/bot.html)"
69.197.179.242 - - [04/Nov/2025:14:06:02 +0100] "GET /wp-content/ad1f3ec7/edit.php?id=235796 HTTP/1.1" 200 - "https://opalaesthetic.net/wp-content/ad1f3ec7/edit.php?id=235796" "Mozilla/5.0 (Windows NT 10.0; Win64; x64) AppleWebKit/537.36 (KHTML, like Gecko) Chrome/58.0.3029.110 Safari/537.3"
74.7.227.240 - - [04/Nov/2025:14:07:28 +0100] "GET /?path=//proc/self/root/proc/67277/root/lib/.build-id/63 HTTP/2.0" 200 39158 "-" "Mozilla/5.0 AppleWebKit/537.36 (KHTML, like Gecko; compatible; GPTBot/1.2; +https://openai.com/gptbot)"
193.202.81.52 - - [04/Nov/2025:14:07:28 +0100] "GET /wp-login.php?wp_lang=en_US HTTP/2.0" 200 73816 "-" "Mozilla/5.0 (Windows NT 10.0; Win64; x64) AppleWebKit/537.36 (KHTML, like Gecko) Chrome/124.0.6367.207 Safari/537.36"
74.7.227.3 - - [04/Nov/2025:14:07:30 +0100] "GET /?path=//proc/2589545/root/proc/thread-self/root/home/opal/tmp/pma_template_compiles_opal/twig/06 HTTP/2.0" 200 16062 "-" "Mozilla/5.0 AppleWebKit/537.36 (KHTML, like Gecko; compatible; GPTBot/1.2; +https://openai.com/gptbot)"
66.249.69.167 - - [04/Nov/2025:14:07:31 +0100] "GET /?w=2674829843548&channel=144e46&from=https://opalaesthetic.net/buy.jsp?pension217026414.html HTTP/1.1" 200 554744 "-" "Mozilla/5.0 (Linux; Android 6.0.1; Nexus 5X Build/MMB29P) AppleWebKit/537.36 (KHTML, like Gecko) Chrome/141.0.7390.122 Mobile Safari/537.36 (compatible; GoogleOther)"
77.220.193.170 - - [04/Nov/2025:14:07:31 +0100] "GET /wp-login.php?wp_lang=en_US HTTP/2.0" 200 76365 "-" "Mozilla/5.0 (Windows NT 10.0; Win64; x64) AppleWebKit/537.36 (KHTML, like Gecko) Chrome/124.0.6367.207 Safari/537.36"
74.7.227.240 - - [04/Nov/2025:14:07:31 +0100] "GET /?path=//proc/self/root/proc/67277/root/lib/.build-id/41 HTTP/2.0" 200 36613 "-" "Mozilla/5.0 AppleWebKit/537.36 (KHTML, like Gecko; compatible; GPTBot/1.2; +https://openai.com/gptbot)"
74.7.227.36 - - [04/Nov/2025:14:07:31 +0100] "GET /?path=//proc/self/root/proc/54274/root/opt/alt/alt-nodejs16/root/etc/skel HTTP/2.0" 200 13368 "-" "Mozilla/5.0 AppleWebKit/537.36 (KHTML, like Gecko; compatible; GPTBot/1.2; +https://openai.com/gptbot)"
74.7.227.148 - - [04/Nov/2025:14:07:31 +0100] "GET /?path=//opt/alt/python35/lib64/python3.5/ctypes/macholib/__pycache__ HTTP/2.0" 200 35801 "-" "Mozilla/5.0 AppleWebKit/537.36 (KHTML, like Gecko; compatible; GPTBot/1.2; +https://openai.com/gptbot)"
74.7.227.177 - - [04/Nov/2025:14:07:31 +0100] "GET /662363?fileloc=//proc/net/sockstat&path=//proc/net HTTP/2.0" 200 14827 "-" "Mozilla/5.0 AppleWebKit/537.36 (KHTML, like Gecko; compatible; GPTBot/1.2; +https://openai.com/gptbot)"
66.249.76.195 - - [04/Nov/2025:14:07:34 +0100] "GET /?w=2674829843548&channel=144e46&from=https://opalaesthetic.net/buy.jsp?accent250029681.html HTTP/1.1" 200 553918 "-" "Mozilla/5.0 (Linux; Android 6.0.1; Nexus 5X Build/MMB29P) AppleWebKit/537.36 (KHTML, like Gecko) Chrome/141.0.7390.122 Mobile Safari/537.36 (compatible; Googlebot/2.1; +http://www.google.com/bot.html)"
155.212.111.177 - - [04/Nov/2025:14:07:34 +0100] "GET /wp-login.php?wp_lang=en_US HTTP/2.0" 200 76365 "-" "Mozilla/5.0 (Windows NT 10.0; Win64; x64) AppleWebKit/537.36 (KHTML, like Gecko) Chrome/124.0.6367.207 Safari/537.36"
74.7.227.240 - - [04/Nov/2025:14:07:35 +0100] "GET /?path=//proc/self/root/proc/67277/root/lib/.build-id/49 HTTP/2.0" 200 29079 "-" "Mozilla/5.0 AppleWebKit/537.36 (KHTML, like Gecko; compatible; GPTBot/1.2; +https://openai.com/gptbot)"
74.7.227.36 - - [04/Nov/2025:14:07:36 +0100] "GET /?path=//proc/self/root/proc/54274/root/opt/cpanel/ea-php81/root/var/opt HTTP/2.0" 200 15913 "-" "Mozilla/5.0 AppleWebKit/537.36 (KHTML, like Gecko; compatible; GPTBot/1.2; +https://openai.com/gptbot)"
185.68.185.165 - - [04/Nov/2025:14:07:36 +0100] "GET /wp-login.php?wp_lang=en_US HTTP/2.0" 200 76365 "-" "Mozilla/5.0 (Windows NT 10.0; Win64; x64) AppleWebKit/537.36 (KHTML, like Gecko) Chrome/124.0.6367.207 Safari/537.36"
74.7.227.148 - - [04/Nov/2025:14:07:37 +0100] "GET /?fileloc=//opt/alt/python35/lib64/python3.5/ctypes/test/test_values.py&path=//opt/alt/python35/lib64/python3.5/ctypes/test HTTP/2.0" 200 19272 "-" "Mozilla/5.0 AppleWebKit/537.36 (KHTML, like Gecko; compatible; GPTBot/1.2; +https://openai.com/gptbot)"
74.7.227.177 - - [04/Nov/2025:14:07:37 +0100] "GET /662363?fileloc=//proc/net/mcfilter&path=//proc/net HTTP/2.0" 200 14827 "-" "Mozilla/5.0 AppleWebKit/537.36 (KHTML, like Gecko; compatible; GPTBot/1.2; +https://openai.com/gptbot)"
74.7.227.240 - - [04/Nov/2025:14:07:37 +0100] "GET /?path=//proc/self/root/proc/67277/root/lib/.build-id/68 HTTP/2.0" 200 40828 "-" "Mozilla/5.0 AppleWebKit/537.36 (KHTML, like Gecko; compatible; GPTBot/1.2; +https://openai.com/gptbot)"
66.249.77.33 - - [04/Nov/2025:14:07:40 +0100] "GET /pcmypage?callback=/product%2Fdetail%2m48414217291 HTTP/1.1" 200 558832 "-" "Mozilla/5.0 (Linux; Android 6.0.1; Nexus 5X Build/MMB29P) AppleWebKit/537.36 (KHTML, like Gecko) Chrome/141.0.7390.122 Mobile Safari/537.36 (compatible; Googlebot/2.1; +http://www.google.com/bot.html)"
17.241.227.26 - - [04/Nov/2025:14:07:39 +0100] "GET //?p=17785 HTTP/1.1" 200 76365 "-" "Mozilla/5.0 (Macintosh; Intel Mac OS X 10_15_7) AppleWebKit/605.1.15 (KHTML, like Gecko) Version/17.4 Safari/605.1.15 (Applebot/0.1; +http://www.apple.com/go/applebot)"
83.142.52.203 - - [04/Nov/2025:14:07:40 +0100] "GET /wp-login.php?wp_lang=en_US HTTP/2.0" 200 76365 "-" "Mozilla/5.0 (Windows NT 10.0; Win64; x64) AppleWebKit/537.36 (KHTML, like Gecko) Chrome/124.0.6367.207 Safari/537.36"
74.7.227.240 - - [04/Nov/2025:14:07:40 +0100] "GET /?path=//proc/self/root/proc/67277/root/lib/.build-id/51 HTTP/2.0" 200 37475 "-" "Mozilla/5.0 AppleWebKit/537.36 (KHTML, like Gecko; compatible; GPTBot/1.2; +https://openai.com/gptbot)"
74.7.227.36 - - [04/Nov/2025:14:07:41 +0100] "GET /?path=//proc/self/root/proc/54274/root/opt/cpanel/ea-php81/root/etc/pm HTTP/2.0" 200 17785 "-" "Mozilla/5.0 AppleWebKit/537.36 (KHTML, like Gecko; compatible; GPTBot/1.2; +https://openai.com/gptbot)"
74.7.227.177 - - [04/Nov/2025:14:07:42 +0100] "GET /685580?fileloc=//proc/net/sockstat&path=//proc/net HTTP/2.0" 200 14827 "-" "Mozilla/5.0 AppleWebKit/537.36 (KHTML, like Gecko; compatible; GPTBot/1.2; +https://openai.com/gptbot)"
74.7.227.148 - - [04/Nov/2025:14:07:43 +0100] "GET /?path=//opt/alt/python36/lib64/python3.6/ctypes HTTP/2.0" 200 25821 "-" "Mozilla/5.0 AppleWebKit/537.36 (KHTML, like Gecko; compatible; GPTBot/1.2; +https://openai.com/gptbot)"
