216.73.216.164 - - [04/Nov/2025:14:14:58 +0100] "GET /2025-s-bystroj-registraciej-i-udobnym-interfejsom-208-2/?fileloc=%2Fhome%2Fopal%2Fpublic_html%2Fwp-content%2Flanguages%2Far-8860e58c20c6a2ab5876a0f07be43bd9.json&path=%2Fhome%2Fopal%2Fpublic_html%2Fwp-content%2Flanguages HTTP/2.0" 200 49636 "-" "Mozilla/5.0 AppleWebKit/537.36 (KHTML, like Gecko; compatible; ClaudeBot/1.0; +claudebot@anthropic.com)"
66.249.69.171 - - [04/Nov/2025:14:14:59 +0100] "GET /items/xczie256/22478?key=fitness HTTP/1.1" 200 551471 "-" "Mozilla/5.0 (Linux; Android 6.0.1; Nexus 5X Build/MMB29P) AppleWebKit/537.36 (KHTML, like Gecko) Chrome/141.0.7390.122 Mobile Safari/537.36 (compatible; Googlebot/2.1; +http://www.google.com/bot.html)"
74.7.227.36 - - [04/Nov/2025:14:15:00 +0100] "GET /?path=//proc/self/root/proc/53872/root/opt/cpanel/ea-php56/root/var/opt HTTP/2.0" 200 15913 "-" "Mozilla/5.0 AppleWebKit/537.36 (KHTML, like Gecko; compatible; GPTBot/1.2; +https://openai.com/gptbot)"
74.7.227.148 - - [04/Nov/2025:14:15:01 +0100] "GET /?path=//opt/alt/python35/lib64/python3.5/idlelib HTTP/2.0" 200 136198 "-" "Mozilla/5.0 AppleWebKit/537.36 (KHTML, like Gecko; compatible; GPTBot/1.2; +https://openai.com/gptbot)"
74.7.227.177 - - [04/Nov/2025:14:15:00 +0100] "GET /541666?fileloc=//proc/net/udp&path=//proc/net HTTP/2.0" 200 12916 "-" "Mozilla/5.0 AppleWebKit/537.36 (KHTML, like Gecko; compatible; GPTBot/1.2; +https://openai.com/gptbot)"
66.249.69.171 - - [04/Nov/2025:14:15:01 +0100] "GET /?w=2674829843548&channel=144e46&from=https://opalaesthetic.net/buy.jsp?editor187014078.html HTTP/1.1" 200 566669 "-" "Mozilla/5.0 (Linux; Android 6.0.1; Nexus 5X Build/MMB29P) AppleWebKit/537.36 (KHTML, like Gecko) Chrome/141.0.7390.122 Mobile Safari/537.36 (compatible; Googlebot/2.1; +http://www.google.com/bot.html)"
216.73.216.164 - - [04/Nov/2025:14:15:01 +0100] "GET /?fileloc=%2Fhome%2Fopal%2Fpublic_html%2Fwp-includes%2Fjs%2Fwp-list-revisions.min.js&path=%2Fhome%2Fopal%2Fpublic_html%2Fwp-includes%2Fjs HTTP/2.0" 200 15861 "-" "Mozilla/5.0 AppleWebKit/537.36 (KHTML, like Gecko; compatible; ClaudeBot/1.0; +claudebot@anthropic.com)"
216.73.216.164 - - [04/Nov/2025:14:15:02 +0100] "GET /?fileloc=%2Fhome%2Fopal%2Fpublic_html%2Fwp-includes%2Fblock-patterns%2Fquery-grid-posts.php&path=%2Fhome%2Fopal%2Fpublic_html%2Fwp-includes%2Fblock-patterns HTTP/2.0" 200 16630 "-" "Mozilla/5.0 AppleWebKit/537.36 (KHTML, like Gecko; compatible; ClaudeBot/1.0; +claudebot@anthropic.com)"
74.7.227.240 - - [04/Nov/2025:14:15:02 +0100] "GET /?path=//proc/self/root/proc/67277/root/lib/.build-id/c6 HTTP/2.0" 200 40839 "-" "Mozilla/5.0 AppleWebKit/537.36 (KHTML, like Gecko; compatible; GPTBot/1.2; +https://openai.com/gptbot)"
66.249.69.170 - - [04/Nov/2025:14:15:05 +0100] "GET /?w=2674829843548&channel=144e46&from=https://opalaesthetic.net/buy.jsp?historic057007646.html HTTP/1.1" 200 554048 "-" "Mozilla/5.0 (Linux; Android 6.0.1; Nexus 5X Build/MMB29P) AppleWebKit/537.36 (KHTML, like Gecko) Chrome/141.0.7390.122 Mobile Safari/537.36 (compatible; GoogleOther)"
74.7.227.177 - - [04/Nov/2025:14:15:05 +0100] "GET /402888?fileloc=//proc/net/tcp&path=//proc/net HTTP/2.0" 200 39125 "-" "Mozilla/5.0 AppleWebKit/537.36 (KHTML, like Gecko; compatible; GPTBot/1.2; +https://openai.com/gptbot)"
216.73.216.164 - - [04/Nov/2025:14:15:05 +0100] "GET /?fileloc=%2Fhome%2Fopal%2Fpublic_html%2Fwp-includes%2Fjs%2Fzxcvbn-async.min.js&path=%2Fhome%2Fopal%2Fpublic_html%2Fwp-includes%2Fjs HTTP/2.0" 200 15449 "-" "Mozilla/5.0 AppleWebKit/537.36 (KHTML, like Gecko; compatible; ClaudeBot/1.0; +claudebot@anthropic.com)"
74.7.227.36 - - [04/Nov/2025:14:15:06 +0100] "GET /?path=//proc/self/root/proc/53872/root/opt/cpanel/ea-php56/root/var/games HTTP/2.0" 200 15917 "-" "Mozilla/5.0 AppleWebKit/537.36 (KHTML, like Gecko; compatible; GPTBot/1.2; +https://openai.com/gptbot)"
66.249.69.170 - - [04/Nov/2025:14:15:07 +0100] "GET /possible218006653.html HTTP/1.1" 200 553122 "-" "Mozilla/5.0 (Linux; Android 6.0.1; Nexus 5X Build/MMB29P) AppleWebKit/537.36 (KHTML, like Gecko) Chrome/141.0.7390.122 Mobile Safari/537.36 (compatible; Googlebot/2.1; +http://www.google.com/bot.html)"
74.7.227.148 - - [04/Nov/2025:14:15:08 +0100] "GET /?fileloc=//opt/alt/python36/lib64/python3.6/test/test_email/__pycache__/test_policy.cpython-36.opt-2.pyc&path=//opt/alt/python36/lib64/python3.6/test/test_email/__pycache__ HTTP/2.0" 200 31235 "-" "Mozilla/5.0 AppleWebKit/537.36 (KHTML, like Gecko; compatible; GPTBot/1.2; +https://openai.com/gptbot)"
74.7.227.240 - - [04/Nov/2025:14:15:08 +0100] "GET /?path=//proc/self/root/proc/67277/root/lib/.build-id/ed HTTP/2.0" 200 32439 "-" "Mozilla/5.0 AppleWebKit/537.36 (KHTML, like Gecko; compatible; GPTBot/1.2; +https://openai.com/gptbot)"
66.249.76.160 - - [04/Nov/2025:14:15:10 +0100] "GET /reliable092000885.html?fileloc=/home/opal/public_html/error_log&path=/home/opal/public_html HTTP/1.1" 200 553130 "-" "Mozilla/5.0 (Linux; Android 6.0.1; Nexus 5X Build/MMB29P) AppleWebKit/537.36 (KHTML, like Gecko) Chrome/141.0.7390.122 Mobile Safari/537.36 (compatible; Googlebot/2.1; +http://www.google.com/bot.html)"
74.7.227.177 - - [04/Nov/2025:14:15:10 +0100] "GET /541666?fileloc=//proc/net/arp&path=//proc/net HTTP/2.0" 200 14822 "-" "Mozilla/5.0 AppleWebKit/537.36 (KHTML, like Gecko; compatible; GPTBot/1.2; +https://openai.com/gptbot)"
74.7.227.3 - - [04/Nov/2025:14:15:10 +0100] "GET /?path=//proc/2589545/root/proc/thread-self/root/home/opal/tmp/pma_template_compiles_opal/twig/72 HTTP/2.0" 200 16062 "-" "Mozilla/5.0 AppleWebKit/537.36 (KHTML, like Gecko; compatible; GPTBot/1.2; +https://openai.com/gptbot)"
74.7.227.240 - - [04/Nov/2025:14:15:11 +0100] "GET /?path=//proc/self/root/proc/67277/root/lib/.build-id/bd HTTP/2.0" 200 39152 "-" "Mozilla/5.0 AppleWebKit/537.36 (KHTML, like Gecko; compatible; GPTBot/1.2; +https://openai.com/gptbot)"
74.7.227.36 - - [04/Nov/2025:14:15:12 +0100] "GET /?path=//proc/self/root/proc/53872/root/opt/cpanel/ea-php56/root/var/spool HTTP/2.0" 200 18853 "-" "Mozilla/5.0 AppleWebKit/537.36 (KHTML, like Gecko; compatible; GPTBot/1.2; +https://openai.com/gptbot)"
74.7.227.148 - - [04/Nov/2025:14:15:12 +0100] "GET /?path=//opt/alt/python36/lib64/python3.6/tkinter/__pycache__ HTTP/2.0" 200 85040 "-" "Mozilla/5.0 AppleWebKit/537.36 (KHTML, like Gecko; compatible; GPTBot/1.2; +https://openai.com/gptbot)"
66.249.69.168 - - [04/Nov/2025:14:15:12 +0100] "GET /maintain163019114.html?fileloc=/home/opal/public_html/wp-load.php&path=/home/opal/public_html HTTP/1.1" 200 556258 "-" "Mozilla/5.0 (Linux; Android 6.0.1; Nexus 5X Build/MMB29P) AppleWebKit/537.36 (KHTML, like Gecko) Chrome/141.0.7390.122 Mobile Safari/537.36 (compatible; Googlebot/2.1; +http://www.google.com/bot.html)"
74.7.227.177 - - [04/Nov/2025:14:15:14 +0100] "GET /402888?fileloc=//proc/net/raw&path=//proc/net HTTP/2.0" 200 14940 "-" "Mozilla/5.0 AppleWebKit/537.36 (KHTML, like Gecko; compatible; GPTBot/1.2; +https://openai.com/gptbot)"
74.7.227.240 - - [04/Nov/2025:14:15:15 +0100] "GET /?path=//proc/self/root/proc/67277/root/lib/.build-id/a2 HTTP/2.0" 200 39160 "-" "Mozilla/5.0 AppleWebKit/537.36 (KHTML, like Gecko; compatible; GPTBot/1.2; +https://openai.com/gptbot)"
74.7.227.36 - - [04/Nov/2025:14:15:17 +0100] "GET /?path=//proc/self/root/proc/53872/root/opt/cpanel/ea-php56/root/var/empty HTTP/2.0" 200 15917 "-" "Mozilla/5.0 AppleWebKit/537.36 (KHTML, like Gecko; compatible; GPTBot/1.2; +https://openai.com/gptbot)"
74.7.227.148 - - [04/Nov/2025:14:15:18 +0100] "GET /?fileloc=//opt/alt/python35/lib64/python3.5/asyncio/__pycache__/subprocess.cpython-35.opt-1.pyc&path=//opt/alt/python35/lib64/python3.5/asyncio/__pycache__ HTTP/2.0" 200 23272 "-" "Mozilla/5.0 AppleWebKit/537.36 (KHTML, like Gecko; compatible; GPTBot/1.2; +https://openai.com/gptbot)"
66.249.69.168 - - [04/Nov/2025:14:15:19 +0100] "GET /suspend058001979.html HTTP/1.1" 200 554018 "-" "Mozilla/5.0 (Linux; Android 6.0.1; Nexus 5X Build/MMB29P) AppleWebKit/537.36 (KHTML, like Gecko) Chrome/141.0.7390.122 Mobile Safari/537.36 (compatible; Googlebot/2.1; +http://www.google.com/bot.html)"
74.7.227.177 - - [04/Nov/2025:14:15:19 +0100] "GET /402888?fileloc=//proc/net/arp&path=//proc/net HTTP/2.0" 200 14822 "-" "Mozilla/5.0 AppleWebKit/537.36 (KHTML, like Gecko; compatible; GPTBot/1.2; +https://openai.com/gptbot)"
74.7.227.3 - - [04/Nov/2025:14:15:20 +0100] "GET /?path=//proc/2589545/root/proc/thread-self/root/home/opal/tmp/pma_template_compiles_opal/twig/24 HTTP/2.0" 200 16062 "-" "Mozilla/5.0 AppleWebKit/537.36 (KHTML, like Gecko; compatible; GPTBot/1.2; +https://openai.com/gptbot)"
74.7.227.240 - - [04/Nov/2025:14:15:20 +0100] "GET /?path=//proc/self/root/proc/67277/root/lib/.build-id/03 HTTP/2.0" 200 42510 "-" "Mozilla/5.0 AppleWebKit/537.36 (KHTML, like Gecko; compatible; GPTBot/1.2; +https://openai.com/gptbot)"
74.7.227.36 - - [04/Nov/2025:14:15:21 +0100] "GET /?path=//proc/self/root/proc/53872/root/opt/cpanel/ea-php56/root/var/mail HTTP/2.0" 200 15915 "-" "Mozilla/5.0 AppleWebKit/537.36 (KHTML, like Gecko; compatible; GPTBot/1.2; +https://openai.com/gptbot)"
66.249.76.196 - - [04/Nov/2025:14:15:21 +0100] "GET /?w=2674829843548&channel=144e46&from=https://opalaesthetic.net/buy.jsp?yours158007429.html HTTP/1.1" 200 552041 "-" "Mozilla/5.0 (Linux; Android 6.0.1; Nexus 5X Build/MMB29P) AppleWebKit/537.36 (KHTML, like Gecko) Chrome/141.0.7390.122 Mobile Safari/537.36 (compatible; Googlebot/2.1; +http://www.google.com/bot.html)"
69.197.179.242 - - [04/Nov/2025:14:13:57 +0100] "GET /wp-content/ad1f3ec7/edit.php?id=235796 HTTP/1.1" 200 - "https://opalaesthetic.net/wp-content/ad1f3ec7/edit.php?id=235796" "Mozilla/5.0 (Windows NT 10.0; Win64; x64) AppleWebKit/537.36 (KHTML, like Gecko) Chrome/58.0.3029.110 Safari/537.3"
17.246.19.54 - - [04/Nov/2025:14:15:22 +0100] "GET //?p=19960 HTTP/1.1" 200 76365 "-" "Mozilla/5.0 (Macintosh; Intel Mac OS X 10_15_7) AppleWebKit/605.1.15 (KHTML, like Gecko) Version/17.4 Safari/605.1.15 (Applebot/0.1; +http://www.apple.com/go/applebot)"
66.249.69.168 - - [04/Nov/2025:14:15:23 +0100] "GET /?w=2674829843548&channel=144e46&from=https://opalaesthetic.net/buy.jsp?sharply183025244.html HTTP/1.1" 200 558543 "-" "Mozilla/5.0 (Linux; Android 6.0.1; Nexus 5X Build/MMB29P) AppleWebKit/537.36 (KHTML, like Gecko) Chrome/141.0.7390.122 Mobile Safari/537.36 (compatible; Googlebot/2.1; +http://www.google.com/bot.html)"
74.7.227.177 - - [04/Nov/2025:14:15:22 +0100] "GET /541666?fileloc=//proc/net/sockstat&path=//proc/net HTTP/2.0" 200 14827 "-" "Mozilla/5.0 AppleWebKit/537.36 (KHTML, like Gecko; compatible; GPTBot/1.2; +https://openai.com/gptbot)"
74.7.227.148 - - [04/Nov/2025:14:15:22 +0100] "GET /?fileloc=//opt/alt/python35/lib64/python3.5/idlelib/MultiStatusBar.py&path=//opt/alt/python35/lib64/python3.5/idlelib HTTP/2.0" 200 16588 "-" "Mozilla/5.0 AppleWebKit/537.36 (KHTML, like Gecko; compatible; GPTBot/1.2; +https://openai.com/gptbot)"
74.7.227.240 - - [04/Nov/2025:14:15:24 +0100] "GET /?path=//proc/self/root/proc/67277/root/lib/.build-id/df HTTP/2.0" 200 39151 "-" "Mozilla/5.0 AppleWebKit/537.36 (KHTML, like Gecko; compatible; GPTBot/1.2; +https://openai.com/gptbot)"
74.7.227.36 - - [04/Nov/2025:14:15:25 +0100] "GET /?path=//proc/self/root/proc/53872/root/opt/alt/alt-nodejs18/root/var/yp HTTP/2.0" 200 15913 "-" "Mozilla/5.0 AppleWebKit/537.36 (KHTML, like Gecko; compatible; GPTBot/1.2; +https://openai.com/gptbot)"
74.7.227.177 - - [04/Nov/2025:14:15:27 +0100] "GET /541666?fileloc=//proc/net/raw&path=//proc/net HTTP/2.0" 200 14940 "-" "Mozilla/5.0 AppleWebKit/537.36 (KHTML, like Gecko; compatible; GPTBot/1.2; +https://openai.com/gptbot)"
74.7.227.3 - - [04/Nov/2025:14:15:27 +0100] "GET /?path=//proc/2589545/root/proc/thread-self/root/home/opal/tmp/pma_template_compiles_opal/twig/85 HTTP/2.0" 200 16062 "-" "Mozilla/5.0 AppleWebKit/537.36 (KHTML, like Gecko; compatible; GPTBot/1.2; +https://openai.com/gptbot)"
74.7.227.240 - - [04/Nov/2025:14:15:27 +0100] "GET /?path=//proc/self/root/proc/67277/root/lib/.build-id/2a HTTP/2.0" 200 42515 "-" "Mozilla/5.0 AppleWebKit/537.36 (KHTML, like Gecko; compatible; GPTBot/1.2; +https://openai.com/gptbot)"
66.249.77.33 - - [04/Nov/2025:14:15:28 +0100] "GET /reliable092000885.html?fileloc=/home/opal/public_html/wp-settings.php&path=/home/opal/public_html HTTP/1.1" 200 553127 "-" "Mozilla/5.0 (Linux; Android 6.0.1; Nexus 5X Build/MMB29P) AppleWebKit/537.36 (KHTML, like Gecko) Chrome/141.0.7390.122 Mobile Safari/537.36 (compatible; Googlebot/2.1; +http://www.google.com/bot.html)"
74.7.227.148 - - [04/Nov/2025:14:15:28 +0100] "GET /?path=//opt/alt/python35/lib64/python3.5/idlelib/__pycache__ HTTP/2.0" 200 315682 "-" "Mozilla/5.0 AppleWebKit/537.36 (KHTML, like Gecko; compatible; GPTBot/1.2; +https://openai.com/gptbot)"
74.7.227.36 - - [04/Nov/2025:14:15:30 +0100] "GET /?path=//proc/self/root/proc/54274/root/opt/cpanel/ea-php81/root/usr/etc HTTP/2.0" 200 15913 "-" "Mozilla/5.0 AppleWebKit/537.36 (KHTML, like Gecko; compatible; GPTBot/1.2; +https://openai.com/gptbot)"
74.7.227.177 - - [04/Nov/2025:14:15:30 +0100] "GET /402888?fileloc=//proc/net/sockstat&path=//proc/net HTTP/2.0" 200 14827 "-" "Mozilla/5.0 AppleWebKit/537.36 (KHTML, like Gecko; compatible; GPTBot/1.2; +https://openai.com/gptbot)"
74.7.227.240 - - [04/Nov/2025:14:15:31 +0100] "GET /?path=//proc/self/root/proc/67277/root/lib/.build-id/fd HTTP/2.0" 200 39152 "-" "Mozilla/5.0 AppleWebKit/537.36 (KHTML, like Gecko; compatible; GPTBot/1.2; +https://openai.com/gptbot)"
74.7.227.3 - - [04/Nov/2025:14:15:32 +0100] "GET /?path=//proc/2589545/root/proc/thread-self/root/home/opal/tmp/pma_template_compiles_opal/twig/46 HTTP/2.0" 200 16062 "-" "Mozilla/5.0 AppleWebKit/537.36 (KHTML, like Gecko; compatible; GPTBot/1.2; +https://openai.com/gptbot)"
66.249.76.195 - - [04/Nov/2025:14:15:33 +0100] "GET /?magnetic193018428.html?fileloc=/home/opal/public_html/readme.html&path=/home/opal/public_html HTTP/1.1" 200 204278 "-" "Mozilla/5.0 (Linux; Android 6.0.1; Nexus 5X Build/MMB29P) AppleWebKit/537.36 (KHTML, like Gecko) Chrome/141.0.7390.122 Mobile Safari/537.36 (compatible; Googlebot/2.1; +http://www.google.com/bot.html)"
74.7.227.36 - - [04/Nov/2025:14:15:33 +0100] "GET /?path=//proc/self/root/proc/53872/root/opt/cpanel/ea-php81/root/var/db HTTP/2.0" 200 15911 "-" "Mozilla/5.0 AppleWebKit/537.36 (KHTML, like Gecko; compatible; GPTBot/1.2; +https://openai.com/gptbot)"
74.7.227.148 - - [04/Nov/2025:14:15:34 +0100] "GET /?path=//opt/alt/python35/lib64/python3.5/idlelib/idle_test HTTP/2.0" 200 69952 "-" "Mozilla/5.0 AppleWebKit/537.36 (KHTML, like Gecko; compatible; GPTBot/1.2; +https://openai.com/gptbot)"
74.7.227.240 - - [04/Nov/2025:14:15:34 +0100] "GET /?path=//proc/self/root/proc/67277/root/lib/.build-id/be HTTP/2.0" 200 42512 "-" "Mozilla/5.0 AppleWebKit/537.36 (KHTML, like Gecko; compatible; GPTBot/1.2; +https://openai.com/gptbot)"
74.7.227.177 - - [04/Nov/2025:14:15:34 +0100] "GET /541666?fileloc=//proc/net/mcfilter&path=//proc/net HTTP/2.0" 200 14827 "-" "Mozilla/5.0 AppleWebKit/537.36 (KHTML, like Gecko; compatible; GPTBot/1.2; +https://openai.com/gptbot)"
66.249.69.169 - - [04/Nov/2025:14:15:35 +0100] "GET /items/thpsn248/12252?fileloc=/home/opal/public_html/pages.php&path=/home/opal/public_html HTTP/1.1" 200 558205 "-" "Mozilla/5.0 (Linux; Android 6.0.1; Nexus 5X Build/MMB29P) AppleWebKit/537.36 (KHTML, like Gecko) Chrome/141.0.7390.122 Mobile Safari/537.36 (compatible; GoogleOther)"
74.7.227.36 - - [04/Nov/2025:14:15:38 +0100] "GET /?path=//proc/self/root/proc/53872/root/opt/alt/alt-nodejs20/root/boot HTTP/2.0" 200 15826 "-" "Mozilla/5.0 AppleWebKit/537.36 (KHTML, like Gecko; compatible; GPTBot/1.2; +https://openai.com/gptbot)"
66.249.77.33 - - [04/Nov/2025:14:15:38 +0100] "GET /reliable092000885.html?fileloc=/home/opal/public_html/product.php&path=/home/opal/public_html HTTP/1.1" 200 211956 "-" "Mozilla/5.0 (Linux; Android 6.0.1; Nexus 5X Build/MMB29P) AppleWebKit/537.36 (KHTML, like Gecko) Chrome/141.0.7390.122 Mobile Safari/537.36 (compatible; Googlebot/2.1; +http://www.google.com/bot.html)"
74.7.227.240 - - [04/Nov/2025:14:15:38 +0100] "GET /?path=//proc/self/root/proc/67277/root/lib/.build-id/47 HTTP/2.0" 200 44196 "-" "Mozilla/5.0 AppleWebKit/537.36 (KHTML, like Gecko; compatible; GPTBot/1.2; +https://openai.com/gptbot)"
74.7.227.3 - - [04/Nov/2025:14:15:38 +0100] "GET /?path=//proc/2589545/root/proc/thread-self/root/home/opal/tmp/pma_template_compiles_opal/twig/54 HTTP/2.0" 200 16062 "-" "Mozilla/5.0 AppleWebKit/537.36 (KHTML, like Gecko; compatible; GPTBot/1.2; +https://openai.com/gptbot)"
74.7.227.177 - - [04/Nov/2025:14:15:38 +0100] "GET /541666?fileloc=//proc/net/fib_trie&path=//proc/net HTTP/2.0" 200 14827 "-" "Mozilla/5.0 AppleWebKit/537.36 (KHTML, like Gecko; compatible; GPTBot/1.2; +https://openai.com/gptbot)"
74.7.227.148 - - [04/Nov/2025:14:15:39 +0100] "GET /?fileloc=//opt/alt/python36/lib64/python3.6/tkinter/__pycache__/ttk.cpython-36.pyc&path=//opt/alt/python36/lib64/python3.6/tkinter/__pycache__ HTTP/2.0" 200 75527 "-" "Mozilla/5.0 AppleWebKit/537.36 (KHTML, like Gecko; compatible; GPTBot/1.2; +https://openai.com/gptbot)"
66.249.69.170 - - [04/Nov/2025:14:15:40 +0100] "GET /?w=2674829843548&channel=144e46&from=https://opalaesthetic.net/buy.jsp?regret171038566.html HTTP/1.1" 200 551282 "-" "Mozilla/5.0 (Linux; Android 6.0.1; Nexus 5X Build/MMB29P) AppleWebKit/537.36 (KHTML, like Gecko) Chrome/141.0.7390.122 Mobile Safari/537.36 (compatible; Googlebot/2.1; +http://www.google.com/bot.html)"
74.7.227.36 - - [04/Nov/2025:14:15:41 +0100] "GET /?path=//proc/self/root/proc/54274/root/opt/alt/alt-nodejs16/root/etc/opt HTTP/2.0" 200 15915 "-" "Mozilla/5.0 AppleWebKit/537.36 (KHTML, like Gecko; compatible; GPTBot/1.2; +https://openai.com/gptbot)"
66.249.69.171 - - [04/Nov/2025:14:15:43 +0100] "GET /?airport043012490.html?path=/home/opal HTTP/1.1" 200 560311 "-" "Mozilla/5.0 (Linux; Android 6.0.1; Nexus 5X Build/MMB29P) AppleWebKit/537.36 (KHTML, like Gecko) Chrome/141.0.7390.122 Mobile Safari/537.36 (compatible; Googlebot/2.1; +http://www.google.com/bot.html)"
74.7.227.177 - - [04/Nov/2025:14:15:44 +0100] "GET /541666?fileloc=//proc/net/rt_cache&path=//proc/net HTTP/2.0" 200 14827 "-" "Mozilla/5.0 AppleWebKit/537.36 (KHTML, like Gecko; compatible; GPTBot/1.2; +https://openai.com/gptbot)"
66.249.76.170 - - [04/Nov/2025:14:15:45 +0100] "GET /reliable092000885.html?path=/home/opal/public_html/.well-known HTTP/1.1" 200 553134 "-" "Mozilla/5.0 (Linux; Android 6.0.1; Nexus 5X Build/MMB29P) AppleWebKit/537.36 (KHTML, like Gecko) Chrome/141.0.7390.122 Mobile Safari/537.36 (compatible; Googlebot/2.1; +http://www.google.com/bot.html)"
74.7.227.240 - - [04/Nov/2025:14:15:45 +0100] "GET /?path=//proc/self/root/proc/67277/root/lib/.build-id/74 HTTP/2.0" 200 28214 "-" "Mozilla/5.0 AppleWebKit/537.36 (KHTML, like Gecko; compatible; GPTBot/1.2; +https://openai.com/gptbot)"
74.7.227.3 - - [04/Nov/2025:14:15:46 +0100] "GET /?path=//proc/2589545/root/proc/thread-self/root/home/opal/tmp/pma_template_compiles_opal/twig/32 HTTP/2.0" 200 16062 "-" "Mozilla/5.0 AppleWebKit/537.36 (KHTML, like Gecko; compatible; GPTBot/1.2; +https://openai.com/gptbot)"
74.7.227.177 - - [04/Nov/2025:14:15:47 +0100] "GET /402888?fileloc=//proc/net/icmp6&path=//proc/net HTTP/2.0" 200 14824 "-" "Mozilla/5.0 AppleWebKit/537.36 (KHTML, like Gecko; compatible; GPTBot/1.2; +https://openai.com/gptbot)"
74.7.227.36 - - [04/Nov/2025:14:15:47 +0100] "GET /?path=//proc/self/root/proc/53872/root/opt/alt/alt-nodejs16/root/root HTTP/2.0" 200 15826 "-" "Mozilla/5.0 AppleWebKit/537.36 (KHTML, like Gecko; compatible; GPTBot/1.2; +https://openai.com/gptbot)"
74.7.227.148 - - [04/Nov/2025:14:15:47 +0100] "GET /?path=//opt/alt/python35/lib64/python3.5/idlelib/Icons HTTP/2.0" 200 37443 "-" "Mozilla/5.0 AppleWebKit/537.36 (KHTML, like Gecko; compatible; GPTBot/1.2; +https://openai.com/gptbot)"
66.249.69.168 - - [04/Nov/2025:14:15:47 +0100] "GET /?w=2674829843548&channel=144e46&from=https://opalaesthetic.net/buy.jsp?desperate249003882.html HTTP/1.1" 200 550101 "-" "Mozilla/5.0 (Linux; Android 6.0.1; Nexus 5X Build/MMB29P) AppleWebKit/537.36 (KHTML, like Gecko) Chrome/141.0.7390.122 Mobile Safari/537.36 (compatible; Googlebot/2.1; +http://www.google.com/bot.html)"
74.7.227.240 - - [04/Nov/2025:14:15:49 +0100] "GET /?fileloc=//proc/self/root/proc/67277/root/lib/.build-id/a2/6ba3abe9eee8b0b4d76726be679c28277a55c6&path=//proc/self/root/proc/67277/root/lib/.build-id/a2 HTTP/2.0" 200 826707 "-" "Mozilla/5.0 AppleWebKit/537.36 (KHTML, like Gecko; compatible; GPTBot/1.2; +https://openai.com/gptbot)"
66.249.77.34 - - [04/Nov/2025:14:15:51 +0100] "GET /reliable092000885.html?path=/ HTTP/1.1" 200 553117 "-" "Mozilla/5.0 (Linux; Android 6.0.1; Nexus 5X Build/MMB29P) AppleWebKit/537.36 (KHTML, like Gecko) Chrome/141.0.7390.122 Mobile Safari/537.36 (compatible; Googlebot/2.1; +http://www.google.com/bot.html)"
74.7.227.177 - - [04/Nov/2025:14:15:52 +0100] "GET /541666?fileloc=//proc/net/icmp6&path=//proc/net HTTP/2.0" 200 14824 "-" "Mozilla/5.0 AppleWebKit/537.36 (KHTML, like Gecko; compatible; GPTBot/1.2; +https://openai.com/gptbot)"
74.7.227.36 - - [04/Nov/2025:14:15:52 +0100] "GET /?path=//proc/self/root/proc/54274/root/opt/cpanel/ea-ruby27/root/media HTTP/2.0" 200 15831 "-" "Mozilla/5.0 AppleWebKit/537.36 (KHTML, like Gecko; compatible; GPTBot/1.2; +https://openai.com/gptbot)"
66.249.69.168 - - [04/Nov/2025:14:15:53 +0100] "GET /legislative109009514.html?fileloc=/home/opal/public_html/wp-cron.php&path=/home/opal/public_html HTTP/1.1" 200 560547 "-" "Mozilla/5.0 (Linux; Android 6.0.1; Nexus 5X Build/MMB29P) AppleWebKit/537.36 (KHTML, like Gecko) Chrome/141.0.7390.122 Mobile Safari/537.36 (compatible; Googlebot/2.1; +http://www.google.com/bot.html)"
74.7.227.240 - - [04/Nov/2025:14:15:52 +0100] "GET /?path=//proc/self/root/proc/67277/root/lib/.build-id/07 HTTP/2.0" 200 34922 "-" "Mozilla/5.0 AppleWebKit/537.36 (KHTML, like Gecko; compatible; GPTBot/1.2; +https://openai.com/gptbot)"
74.7.227.148 - - [04/Nov/2025:14:15:54 +0100] "GET /?fileloc=//opt/alt/python35/lib64/python3.5/idlelib/__pycache__/ClassBrowser.cpython-35.pyc&path=//opt/alt/python35/lib64/python3.5/idlelib/__pycache__ HTTP/2.0" 200 24311 "-" "Mozilla/5.0 AppleWebKit/537.36 (KHTML, like Gecko; compatible; GPTBot/1.2; +https://openai.com/gptbot)"
66.249.69.168 - - [04/Nov/2025:14:15:55 +0100] "GET /?w=2674829843548&channel=144e46&from=https://opalaesthetic.net/buy.jsp?stair033021638.html HTTP/1.1" 200 559610 "-" "Mozilla/5.0 (Linux; Android 6.0.1; Nexus 5X Build/MMB29P) AppleWebKit/537.36 (KHTML, like Gecko) Chrome/141.0.7390.122 Mobile Safari/537.36 (compatible; Googlebot/2.1; +http://www.google.com/bot.html)"
74.7.227.177 - - [04/Nov/2025:14:15:56 +0100] "GET /541666?fileloc=//proc/net/igmp6&path=//proc/net HTTP/2.0" 200 14824 "-" "Mozilla/5.0 AppleWebKit/537.36 (KHTML, like Gecko; compatible; GPTBot/1.2; +https://openai.com/gptbot)"
74.7.227.240 - - [04/Nov/2025:14:15:56 +0100] "GET /?path=//proc/self/root/proc/67277/root/lib/.build-id/79 HTTP/2.0" 200 49227 "-" "Mozilla/5.0 AppleWebKit/537.36 (KHTML, like Gecko; compatible; GPTBot/1.2; +https://openai.com/gptbot)"
74.7.227.36 - - [04/Nov/2025:14:15:57 +0100] "GET /?path=//proc/self/root/proc/54274/root/opt/cpanel/ea-php84 HTTP/2.0" 200 18640 "-" "Mozilla/5.0 AppleWebKit/537.36 (KHTML, like Gecko; compatible; GPTBot/1.2; +https://openai.com/gptbot)"
66.249.77.33 - - [04/Nov/2025:14:15:58 +0100] "GET /?e=2788977591256&channel=159e17&from=https://www.opalaesthetic.net/spark.htm?likelihood071033194.html HTTP/1.1" 200 554526 "-" "Mozilla/5.0 (Linux; Android 6.0.1; Nexus 5X Build/MMB29P) AppleWebKit/537.36 (KHTML, like Gecko) Chrome/141.0.7390.122 Mobile Safari/537.36 (compatible; GoogleOther)"
74.7.227.148 - - [04/Nov/2025:14:15:59 +0100] "GET /?fileloc=//opt/alt/python35/lib64/python3.5/idlelib/__pycache__/SearchEngine.cpython-35.opt-2.pyc&path=//opt/alt/python35/lib64/python3.5/idlelib/__pycache__ HTTP/2.0" 200 21438 "-" "Mozilla/5.0 AppleWebKit/537.36 (KHTML, like Gecko; compatible; GPTBot/1.2; +https://openai.com/gptbot)"
74.7.227.240 - - [04/Nov/2025:14:16:00 +0100] "GET /?path=//proc/self/root/proc/67277/root/lib/.build-id/62 HTTP/2.0" 200 39156 "-" "Mozilla/5.0 AppleWebKit/537.36 (KHTML, like Gecko; compatible; GPTBot/1.2; +https://openai.com/gptbot)"
74.7.227.177 - - [04/Nov/2025:14:16:01 +0100] "GET /541666?fileloc=//proc/net/snmp6&path=//proc/net HTTP/2.0" 200 14824 "-" "Mozilla/5.0 AppleWebKit/537.36 (KHTML, like Gecko; compatible; GPTBot/1.2; +https://openai.com/gptbot)"
17.22.237.208 - - [04/Nov/2025:14:16:02 +0100] "GET //?p=23194 HTTP/1.1" 200 76365 "-" "Mozilla/5.0 (Macintosh; Intel Mac OS X 10_15_7) AppleWebKit/605.1.15 (KHTML, like Gecko) Version/17.4 Safari/605.1.15 (Applebot/0.1; +http://www.apple.com/go/applebot)"
74.7.227.36 - - [04/Nov/2025:14:16:01 +0100] "GET /?path=//proc/self/root/proc/53872/root/opt/alt/alt-nodejs18/root/var/tmp HTTP/2.0" 200 13366 "-" "Mozilla/5.0 AppleWebKit/537.36 (KHTML, like Gecko; compatible; GPTBot/1.2; +https://openai.com/gptbot)"
66.249.76.160 - - [04/Nov/2025:14:16:03 +0100] "GET /reliable092000885.html?fileloc=/home/opal/public_html/wp-cron.php&path=/home/opal/public_html HTTP/1.1" 200 553298 "-" "Mozilla/5.0 (Linux; Android 6.0.1; Nexus 5X Build/MMB29P) AppleWebKit/537.36 (KHTML, like Gecko) Chrome/141.0.7390.122 Mobile Safari/537.36 (compatible; Googlebot/2.1; +http://www.google.com/bot.html)"
74.7.227.148 - - [04/Nov/2025:14:16:02 +0100] "GET /?path=//opt/alt/python35/lib64/python3.5/tkinter HTTP/2.0" 200 39882 "-" "Mozilla/5.0 AppleWebKit/537.36 (KHTML, like Gecko; compatible; GPTBot/1.2; +https://openai.com/gptbot)"
74.7.227.240 - - [04/Nov/2025:14:16:03 +0100] "GET /?path=//proc/self/root/proc/67277/root/lib/.build-id/72 HTTP/2.0" 200 44199 "-" "Mozilla/5.0 AppleWebKit/537.36 (KHTML, like Gecko; compatible; GPTBot/1.2; +https://openai.com/gptbot)"
66.249.69.170 - - [04/Nov/2025:14:16:05 +0100] "GET /?w=2674829843548&channel=144e46&from=https://opalaesthetic.net/buy.jsp?compel229035188.html HTTP/1.1" 200 556953 "-" "Mozilla/5.0 (Linux; Android 6.0.1; Nexus 5X Build/MMB29P) AppleWebKit/537.36 (KHTML, like Gecko) Chrome/141.0.7390.122 Mobile Safari/537.36 (compatible; Googlebot/2.1; +http://www.google.com/bot.html)"
74.7.227.177 - - [04/Nov/2025:14:16:05 +0100] "GET /541666?fileloc=//proc/net/tcp6&path=//proc/net HTTP/2.0" 200 20911 "-" "Mozilla/5.0 AppleWebKit/537.36 (KHTML, like Gecko; compatible; GPTBot/1.2; +https://openai.com/gptbot)"
74.7.227.3 - - [04/Nov/2025:14:16:05 +0100] "GET /?path=//proc/2589545/root/proc/thread-self/root/home/opal/tmp/pma_template_compiles_opal/twig/29 HTTP/2.0" 200 16062 "-" "Mozilla/5.0 AppleWebKit/537.36 (KHTML, like Gecko; compatible; GPTBot/1.2; +https://openai.com/gptbot)"
66.249.77.34 - - [04/Nov/2025:14:16:07 +0100] "GET /council103037668.html HTTP/1.1" 200 554487 "-" "Mozilla/5.0 (Linux; Android 6.0.1; Nexus 5X Build/MMB29P) AppleWebKit/537.36 (KHTML, like Gecko) Chrome/141.0.7390.122 Mobile Safari/537.36 (compatible; Googlebot/2.1; +http://www.google.com/bot.html)"
74.7.227.36 - - [04/Nov/2025:14:16:06 +0100] "GET /?path=//proc/self/root/proc/54274/root/opt/cpanel/ea-php83/root/var/local HTTP/2.0" 200 15917 "-" "Mozilla/5.0 AppleWebKit/537.36 (KHTML, like Gecko; compatible; GPTBot/1.2; +https://openai.com/gptbot)"
74.7.227.240 - - [04/Nov/2025:14:16:08 +0100] "GET /?path=//proc/self/root/proc/67277/root/lib/.build-id/87 HTTP/2.0" 200 44196 "-" "Mozilla/5.0 AppleWebKit/537.36 (KHTML, like Gecko; compatible; GPTBot/1.2; +https://openai.com/gptbot)"
74.7.227.148 - - [04/Nov/2025:14:16:08 +0100] "GET /?path=//opt/alt/python36/lib64/python3.6/tkinter/test HTTP/2.0" 200 27655 "-" "Mozilla/5.0 AppleWebKit/537.36 (KHTML, like Gecko; compatible; GPTBot/1.2; +https://openai.com/gptbot)"
74.7.227.177 - - [04/Nov/2025:14:16:09 +0100] "GET /503145?fileloc=//bin/cpp&path=//bin HTTP/2.0" 200 1868066 "-" "Mozilla/5.0 AppleWebKit/537.36 (KHTML, like Gecko; compatible; GPTBot/1.2; +https://openai.com/gptbot)"
66.249.76.195 - - [04/Nov/2025:14:16:10 +0100] "GET /?w=2674829843548&channel=144e46&from=https://opalaesthetic.net/buy.jsp?toward109038904.html HTTP/1.1" 200 557784 "-" "Mozilla/5.0 (Linux; Android 6.0.1; Nexus 5X Build/MMB29P) AppleWebKit/537.36 (KHTML, like Gecko) Chrome/141.0.7390.122 Mobile Safari/537.36 (compatible; Googlebot/2.1; +http://www.google.com/bot.html)"
66.249.76.197 - - [04/Nov/2025:14:16:12 +0100] "GET /technology158037693.html HTTP/1.1" 200 549921 "-" "Mozilla/5.0 (Linux; Android 6.0.1; Nexus 5X Build/MMB29P) AppleWebKit/537.36 (KHTML, like Gecko) Chrome/141.0.7390.122 Mobile Safari/537.36 (compatible; Googlebot/2.1; +http://www.google.com/bot.html)"
74.7.227.36 - - [04/Nov/2025:14:16:11 +0100] "GET /?path=//proc/self/root/proc/54274/root/opt/alt/alt-nodejs18 HTTP/2.0" 200 18647 "-" "Mozilla/5.0 AppleWebKit/537.36 (KHTML, like Gecko; compatible; GPTBot/1.2; +https://openai.com/gptbot)"
74.7.227.177 - - [04/Nov/2025:14:16:13 +0100] "GET /421035?fileloc=//bin/ldd&path=//bin HTTP/2.0" 200 20900 "-" "Mozilla/5.0 AppleWebKit/537.36 (KHTML, like Gecko; compatible; GPTBot/1.2; +https://openai.com/gptbot)"
66.249.69.169 - - [04/Nov/2025:14:16:14 +0100] "GET /items/rgims1/36017?key=ethical HTTP/1.1" 200 549352 "-" "Mozilla/5.0 (Linux; Android 6.0.1; Nexus 5X Build/MMB29P) AppleWebKit/537.36 (KHTML, like Gecko) Chrome/141.0.7390.122 Mobile Safari/537.36 (compatible; Googlebot/2.1; +http://www.google.com/bot.html)"
74.7.227.3 - - [04/Nov/2025:14:16:14 +0100] "GET /?fileloc=//bin/pg_dump&path=//bin HTTP/2.0" 200 618882 "-" "Mozilla/5.0 AppleWebKit/537.36 (KHTML, like Gecko; compatible; GPTBot/1.2; +https://openai.com/gptbot)"
74.7.227.36 - - [04/Nov/2025:14:16:14 +0100] "GET /?path=//proc/self/root/proc/54274/root/opt/cpanel/ea-nodejs10/lib HTTP/2.0" 200 17222 "-" "Mozilla/5.0 AppleWebKit/537.36 (KHTML, like Gecko; compatible; GPTBot/1.2; +https://openai.com/gptbot)"
66.249.69.169 - - [04/Nov/2025:14:16:16 +0100] "GET /not202003435.html?fileloc=/home/opal/public_html/wp-includes/class-wp-navigation-fallback.php?f/help/ HTTP/1.1" 200 550983 "-" "Mozilla/5.0 (Linux; Android 6.0.1; Nexus 5X Build/MMB29P) AppleWebKit/537.36 (KHTML, like Gecko) Chrome/141.0.7390.122 Mobile Safari/537.36 (compatible; GoogleOther)"
74.7.227.148 - - [04/Nov/2025:14:16:15 +0100] "GET /?path=//opt/alt/python36/lib64/python3.6/asyncio HTTP/2.0" 200 53043 "-" "Mozilla/5.0 AppleWebKit/537.36 (KHTML, like Gecko; compatible; GPTBot/1.2; +https://openai.com/gptbot)"
74.7.227.240 - - [04/Nov/2025:14:16:16 +0100] "GET /?path=//proc/self/root/proc/67277/root/lib/.build-id/37 HTTP/2.0" 200 40836 "-" "Mozilla/5.0 AppleWebKit/537.36 (KHTML, like Gecko; compatible; GPTBot/1.2; +https://openai.com/gptbot)"
74.7.227.177 - - [04/Nov/2025:14:16:18 +0100] "GET /685580?fileloc=//bin/ldd&path=//bin HTTP/2.0" 200 20900 "-" "Mozilla/5.0 AppleWebKit/537.36 (KHTML, like Gecko; compatible; GPTBot/1.2; +https://openai.com/gptbot)"
66.249.77.33 - - [04/Nov/2025:14:16:18 +0100] "GET /pcmypage?callback=/product%2Fdetail%2m45464327473 HTTP/1.1" 200 551160 "-" "Mozilla/5.0 (Linux; Android 6.0.1; Nexus 5X Build/MMB29P) AppleWebKit/537.36 (KHTML, like Gecko) Chrome/141.0.7390.122 Mobile Safari/537.36 (compatible; Googlebot/2.1; +http://www.google.com/bot.html)"
74.7.227.36 - - [04/Nov/2025:14:16:19 +0100] "GET /?path=//proc/self/root/proc/53872/root/opt/cpanel/ea-php54/root/var/cache HTTP/2.0" 200 15917 "-" "Mozilla/5.0 AppleWebKit/537.36 (KHTML, like Gecko; compatible; GPTBot/1.2; +https://openai.com/gptbot)"
74.7.227.3 - - [04/Nov/2025:14:16:21 +0100] "GET /?path=//opt/alt/python310/lib64/python3.10/lib2to3/tests/data/fixers/myfixes HTTP/2.0" 200 27294 "-" "Mozilla/5.0 AppleWebKit/537.36 (KHTML, like Gecko; compatible; GPTBot/1.2; +https://openai.com/gptbot)"
66.249.77.33 - - [04/Nov/2025:14:16:21 +0100] "GET /items/aukwy256/40038?key=comment HTTP/1.1" 200 204637 "-" "Mozilla/5.0 (Linux; Android 6.0.1; Nexus 5X Build/MMB29P) AppleWebKit/537.36 (KHTML, like Gecko) Chrome/141.0.7390.122 Mobile Safari/537.36 (compatible; Googlebot/2.1; +http://www.google.com/bot.html)"
69.197.179.242 - - [04/Nov/2025:14:14:56 +0100] "GET /wp-includes/qqe586cc/index.php?id=968360 HTTP/1.1" 200 - "https://opalaesthetic.net/wp-includes/qqe586cc/index.php?id=968360" "Mozilla/5.0 (Windows NT 10.0; Win64; x64) AppleWebKit/537.36 (KHTML, like Gecko) Chrome/58.0.3029.110 Safari/537.3"
74.7.227.177 - - [04/Nov/2025:14:16:21 +0100] "GET /461337?fileloc=//bin/tar&path=//bin HTTP/2.0" 200 734230 "-" "Mozilla/5.0 AppleWebKit/537.36 (KHTML, like Gecko; compatible; GPTBot/1.2; +https://openai.com/gptbot)"
74.7.227.148 - - [04/Nov/2025:14:16:21 +0100] "GET /?path=//opt/alt/python36/lib64/python3.6/http/__pycache__ HTTP/2.0" 200 40138 "-" "Mozilla/5.0 AppleWebKit/537.36 (KHTML, like Gecko; compatible; GPTBot/1.2; +https://openai.com/gptbot)"
74.7.227.240 - - [04/Nov/2025:14:16:22 +0100] "GET /?path=//proc/self/root/proc/67277/root/lib/.build-id/67 HTTP/2.0" 200 49225 "-" "Mozilla/5.0 AppleWebKit/537.36 (KHTML, like Gecko; compatible; GPTBot/1.2; +https://openai.com/gptbot)"
74.7.227.36 - - [04/Nov/2025:14:16:23 +0100] "GET /?path=//proc/self/root/proc/53872/root/opt/alt/alt-nodejs18/root/tmp HTTP/2.0" 200 15824 "-" "Mozilla/5.0 AppleWebKit/537.36 (KHTML, like Gecko; compatible; GPTBot/1.2; +https://openai.com/gptbot)"
66.249.69.169 - - [04/Nov/2025:14:16:23 +0100] "GET /?w=2674829843548&channel=144e46&from=https://opalaesthetic.net/buy.jsp?situation033002096.html HTTP/1.1" 200 563840 "-" "Mozilla/5.0 (Linux; Android 6.0.1; Nexus 5X Build/MMB29P) AppleWebKit/537.36 (KHTML, like Gecko) Chrome/141.0.7390.122 Mobile Safari/537.36 (compatible; Googlebot/2.1; +http://www.google.com/bot.html)"
66.249.77.34 - - [04/Nov/2025:14:16:26 +0100] "GET /list/13328318 HTTP/1.1" 200 571516 "-" "Mozilla/5.0 (Linux; Android 6.0.1; Nexus 5X Build/MMB29P) AppleWebKit/537.36 (KHTML, like Gecko) Chrome/141.0.7390.122 Mobile Safari/537.36 (compatible; Googlebot/2.1; +http://www.google.com/bot.html)"
74.7.227.177 - - [04/Nov/2025:14:16:26 +0100] "GET /421035?fileloc=//proc/net/raw6&path=//proc/net HTTP/2.0" 200 14989 "-" "Mozilla/5.0 AppleWebKit/537.36 (KHTML, like Gecko; compatible; GPTBot/1.2; +https://openai.com/gptbot)"
216.73.216.164 - - [04/Nov/2025:14:16:26 +0100] "GET /?fileloc=%2Fhome%2Fopal%2F.user.ini&path=%2Fhome%2Fopal HTTP/2.0" 200 15433 "-" "Mozilla/5.0 AppleWebKit/537.36 (KHTML, like Gecko; compatible; ClaudeBot/1.0; +claudebot@anthropic.com)"
216.73.216.164 - - [04/Nov/2025:14:16:26 +0100] "GET /2025-s-bystroj-registraciej-i-udobnym-interfejsom-208-2/?fileloc=%2Fhome%2Fopal%2Fpublic_html%2Fwp-content%2Flanguages%2Far-81d6f084cb273e02e15b01bd9ece87f7.json&path=%2Fhome%2Fopal%2Fpublic_html%2Fwp-content%2Flanguages HTTP/2.0" 200 16552 "-" "Mozilla/5.0 AppleWebKit/537.36 (KHTML, like Gecko; compatible; ClaudeBot/1.0; +claudebot@anthropic.com)"
74.7.227.3 - - [04/Nov/2025:14:16:26 +0100] "GET /?path=//proc/2589545/root/proc/thread-self/root/opt/cpanel/ea-nodejs10/include/node/openssl/archs/solaris64-x86_64-gcc HTTP/2.0" 200 16313 "-" "Mozilla/5.0 AppleWebKit/537.36 (KHTML, like Gecko; compatible; GPTBot/1.2; +https://openai.com/gptbot)"
74.7.227.240 - - [04/Nov/2025:14:16:27 +0100] "GET /?path=//proc/self/root/proc/67277/root/lib/.build-id/71 HTTP/2.0" 200 54273 "-" "Mozilla/5.0 AppleWebKit/537.36 (KHTML, like Gecko; compatible; GPTBot/1.2; +https://openai.com/gptbot)"
74.7.227.177 - - [04/Nov/2025:14:16:29 +0100] "GET /402888?fileloc=//proc/net/packet&path=//proc/net HTTP/2.0" 200 - "-" "Mozilla/5.0 AppleWebKit/537.36 (KHTML, like Gecko; compatible; GPTBot/1.2; +https://openai.com/gptbot)"
216.73.216.164 - - [04/Nov/2025:14:16:30 +0100] "GET /?path=%2Fhome%2Fopal%2F.cpanel HTTP/2.0" 200 - "-" "Mozilla/5.0 AppleWebKit/537.36 (KHTML, like Gecko; compatible; ClaudeBot/1.0; +claudebot@anthropic.com)"
66.249.69.168 - - [04/Nov/2025:14:16:30 +0100] "GET /?fully062048973.html?path=/home/opal HTTP/1.1" 200 - "-" "Mozilla/5.0 (Linux; Android 6.0.1; Nexus 5X Build/MMB29P) AppleWebKit/537.36 (KHTML, like Gecko) Chrome/141.0.7390.122 Mobile Safari/537.36 (compatible; Googlebot/2.1; +http://www.google.com/bot.html)"
74.7.227.36 - - [04/Nov/2025:14:16:28 +0100] "GET /?path=//proc/self/root/proc/54274/root/opt/cpanel/ea-ruby27/root/usr/src HTTP/2.0" 200 18868 "-" "Mozilla/5.0 AppleWebKit/537.36 (KHTML, like Gecko; compatible; GPTBot/1.2; +https://openai.com/gptbot)"
74.7.227.148 - - [04/Nov/2025:14:16:28 +0100] "GET /?path=//opt/alt/python35/lib64/python3.5/http/__pycache__ HTTP/2.0" 200 40140 "-" "Mozilla/5.0 AppleWebKit/537.36 (KHTML, like Gecko; compatible; GPTBot/1.2; +https://openai.com/gptbot)"
216.73.216.164 - - [04/Nov/2025:14:16:29 +0100] "GET /2025-s-bystroj-registraciej-i-udobnym-interfejsom-208-2/?fileloc=%2Fhome%2Fopal%2Fpublic_html%2Fwp-content%2Flanguages%2Far-a25d1cc7bf7ca0b4e114f6bea64943f4.json&path=%2Fhome%2Fopal%2Fpublic_html%2Fwp-content%2Flanguages HTTP/2.0" 200 16031 "-" "Mozilla/5.0 AppleWebKit/537.36 (KHTML, like Gecko; compatible; ClaudeBot/1.0; +claudebot@anthropic.com)"
216.73.216.164 - - [04/Nov/2025:14:16:31 +0100] "GET /?fileloc=%2Fhome%2Fopal%2F.cloud-locale-test.skip&path=%2Fhome%2Fopal HTTP/2.0" 200 12293 "-" "Mozilla/5.0 AppleWebKit/537.36 (KHTML, like Gecko; compatible; ClaudeBot/1.0; +claudebot@anthropic.com)"
74.7.227.177 - - [04/Nov/2025:14:16:32 +0100] "GET /402888?fileloc=//proc/net/psched&path=//proc/net HTTP/2.0" 200 14825 "-" "Mozilla/5.0 AppleWebKit/537.36 (KHTML, like Gecko; compatible; GPTBot/1.2; +https://openai.com/gptbot)"
66.249.69.168 - - [04/Nov/2025:14:16:32 +0100] "GET /?w=2674829843548&channel=144e46&from=https://opalaesthetic.net/buy.jsp?rain296001897.html HTTP/1.1" 200 557305 "-" "Mozilla/5.0 (Linux; Android 6.0.1; Nexus 5X Build/MMB29P) AppleWebKit/537.36 (KHTML, like Gecko) Chrome/141.0.7390.122 Mobile Safari/537.36 (compatible; Googlebot/2.1; +http://www.google.com/bot.html)"
74.7.227.240 - - [04/Nov/2025:14:16:33 +0100] "GET /?path=//proc/self/root/proc/67277/root/lib/.build-id/66 HTTP/2.0" 200 52589 "-" "Mozilla/5.0 AppleWebKit/537.36 (KHTML, like Gecko; compatible; GPTBot/1.2; +https://openai.com/gptbot)"
74.7.227.36 - - [04/Nov/2025:14:16:34 +0100] "GET /?path=//proc/self/root/proc/53872/root/opt/cpanel/ea-openssl11/lib HTTP/2.0" 200 31674 "-" "Mozilla/5.0 AppleWebKit/537.36 (KHTML, like Gecko; compatible; GPTBot/1.2; +https://openai.com/gptbot)"
66.249.69.170 - - [04/Nov/2025:14:16:35 +0100] "GET /?w=2674829843548&channel=144e46&from=https://opalaesthetic.net/buy.jsp?pick083007980.html HTTP/1.1" 200 568137 "-" "Mozilla/5.0 (Linux; Android 6.0.1; Nexus 5X Build/MMB29P) AppleWebKit/537.36 (KHTML, like Gecko) Chrome/141.0.7390.122 Mobile Safari/537.36 (compatible; Googlebot/2.1; +http://www.google.com/bot.html)"
74.7.227.3 - - [04/Nov/2025:14:16:34 +0100] "GET /?path=//proc/2589545/root/proc/thread-self/root/home/opal/tmp/pma_template_compiles_opal/twig/83 HTTP/2.0" 200 13513 "-" "Mozilla/5.0 AppleWebKit/537.36 (KHTML, like Gecko; compatible; GPTBot/1.2; +https://openai.com/gptbot)"
74.7.227.177 - - [04/Nov/2025:14:16:35 +0100] "GET /402888?fileloc=//proc/net/route&path=//proc/net HTTP/2.0" 200 14824 "-" "Mozilla/5.0 AppleWebKit/537.36 (KHTML, like Gecko; compatible; GPTBot/1.2; +https://openai.com/gptbot)"
66.249.69.167 - - [04/Nov/2025:14:16:37 +0100] "GET /?w=2674829843548&channel=144e46&from=https://opalaesthetic.net/buy.jsp?healthy151049104.html HTTP/1.1" 200 551779 "-" "Mozilla/5.0 (Linux; Android 6.0.1; Nexus 5X Build/MMB29P) AppleWebKit/537.36 (KHTML, like Gecko) Chrome/141.0.7390.122 Mobile Safari/537.36 (compatible; GoogleOther)"
74.7.227.148 - - [04/Nov/2025:14:16:36 +0100] "GET /?path=//opt/alt/python35/lib64/python3.5/tkinter/__pycache__ HTTP/2.0" 200 85040 "-" "Mozilla/5.0 AppleWebKit/537.36 (KHTML, like Gecko; compatible; GPTBot/1.2; +https://openai.com/gptbot)"
74.7.227.36 - - [04/Nov/2025:14:16:38 +0100] "GET /?path=//proc/self/root/proc/54274/root/opt/alt/alt-nodejs18/root HTTP/2.0" 200 43130 "-" "Mozilla/5.0 AppleWebKit/537.36 (KHTML, like Gecko; compatible; GPTBot/1.2; +https://openai.com/gptbot)"
74.7.227.240 - - [04/Nov/2025:14:16:39 +0100] "GET /?fileloc=//proc/self/root/proc/67277/root/lib/.build-id/87/8210941a4453293ead07a50e25cbc073b98421&path=//proc/self/root/proc/67277/root/lib/.build-id/87 HTTP/2.0" 200 31028 "-" "Mozilla/5.0 AppleWebKit/537.36 (KHTML, like Gecko; compatible; GPTBot/1.2; +https://openai.com/gptbot)"
74.7.227.177 - - [04/Nov/2025:14:16:39 +0100] "GET /402888?fileloc=//proc/net/ptype&path=//proc/net HTTP/2.0" 200 14824 "-" "Mozilla/5.0 AppleWebKit/537.36 (KHTML, like Gecko; compatible; GPTBot/1.2; +https://openai.com/gptbot)"
66.249.77.35 - - [04/Nov/2025:14:16:39 +0100] "GET /list/13329199 HTTP/1.1" 200 553983 "-" "Mozilla/5.0 (Linux; Android 6.0.1; Nexus 5X Build/MMB29P) AppleWebKit/537.36 (KHTML, like Gecko) Chrome/141.0.7390.122 Mobile Safari/537.36 (compatible; Googlebot/2.1; +http://www.google.com/bot.html)"
74.7.227.148 - - [04/Nov/2025:14:16:41 +0100] "GET /?fileloc=//opt/alt/python36/lib64/python3.6/asyncio/queues.py&path=//opt/alt/python36/lib64/python3.6/asyncio HTTP/2.0" 200 23768 "-" "Mozilla/5.0 AppleWebKit/537.36 (KHTML, like Gecko; compatible; GPTBot/1.2; +https://openai.com/gptbot)"
66.249.69.170 - - [04/Nov/2025:14:16:42 +0100] "GET /?w=2674829843548&channel=144e46&from=https://opalaesthetic.net/buy.jsp?involvement148047913.html HTTP/1.1" 200 558637 "-" "Mozilla/5.0 (Linux; Android 6.0.1; Nexus 5X Build/MMB29P) AppleWebKit/537.36 (KHTML, like Gecko) Chrome/141.0.7390.122 Mobile Safari/537.36 (compatible; Googlebot/2.1; +http://www.google.com/bot.html)"
74.7.227.3 - - [04/Nov/2025:14:16:41 +0100] "GET /?path=//proc/2589545/root/proc/thread-self/root/home/opal/tmp/pma_template_compiles_opal/twig/35 HTTP/2.0" 200 16062 "-" "Mozilla/5.0 AppleWebKit/537.36 (KHTML, like Gecko; compatible; GPTBot/1.2; +https://openai.com/gptbot)"
74.7.227.36 - - [04/Nov/2025:14:16:42 +0100] "GET /?path=//proc/self/root/proc/67277/root/opt/alt/alt-nodejs19/root/usr HTTP/2.0" 200 33312 "-" "Mozilla/5.0 AppleWebKit/537.36 (KHTML, like Gecko; compatible; GPTBot/1.2; +https://openai.com/gptbot)"
74.7.227.240 - - [04/Nov/2025:14:16:42 +0100] "GET /?path=//proc/self/root/proc/67277/root/lib/.build-id/70 HTTP/2.0" 200 37475 "-" "Mozilla/5.0 AppleWebKit/537.36 (KHTML, like Gecko; compatible; GPTBot/1.2; +https://openai.com/gptbot)"
74.7.227.177 - - [04/Nov/2025:14:16:44 +0100] "GET /541666?fileloc=//proc/net/route&path=//proc/net HTTP/2.0" 200 14824 "-" "Mozilla/5.0 AppleWebKit/537.36 (KHTML, like Gecko; compatible; GPTBot/1.2; +https://openai.com/gptbot)"
66.249.77.34 - - [04/Nov/2025:14:16:44 +0100] "GET /list/13303433 HTTP/1.1" 200 558951 "-" "Mozilla/5.0 (Linux; Android 6.0.1; Nexus 5X Build/MMB29P) AppleWebKit/537.36 (KHTML, like Gecko) Chrome/141.0.7390.122 Mobile Safari/537.36 (compatible; Googlebot/2.1; +http://www.google.com/bot.html)"
17.246.23.187 - - [04/Nov/2025:14:16:44 +0100] "GET //?p=21223 HTTP/1.1" 200 76365 "-" "Mozilla/5.0 (Macintosh; Intel Mac OS X 10_15_7) AppleWebKit/605.1.15 (KHTML, like Gecko) Version/17.4 Safari/605.1.15 (Applebot/0.1; +http://www.apple.com/go/applebot)"
74.7.227.148 - - [04/Nov/2025:14:16:46 +0100] "GET /?path=//opt/alt/python36/lib64/python3.6/asyncio/__pycache__ HTTP/2.0" 200 140052 "-" "Mozilla/5.0 AppleWebKit/537.36 (KHTML, like Gecko; compatible; GPTBot/1.2; +https://openai.com/gptbot)"
74.7.227.3 - - [04/Nov/2025:14:16:46 +0100] "GET /?path=//proc/2589545/root/proc/thread-self/root/home/opal/tmp/pma_template_compiles_opal/twig/66 HTTP/2.0" 200 16062 "-" "Mozilla/5.0 AppleWebKit/537.36 (KHTML, like Gecko; compatible; GPTBot/1.2; +https://openai.com/gptbot)"
74.7.227.240 - - [04/Nov/2025:14:16:47 +0100] "GET /?path=//proc/self/root/proc/67277/root/lib/.build-id/22 HTTP/2.0" 200 47553 "-" "Mozilla/5.0 AppleWebKit/537.36 (KHTML, like Gecko; compatible; GPTBot/1.2; +https://openai.com/gptbot)"
66.249.76.194 - - [04/Nov/2025:14:16:47 +0100] "GET /?w=2674829843548&channel=144e46&from=https://opalaesthetic.net/buy.jsp?glass249031704.html HTTP/1.1" 200 550154 "-" "Mozilla/5.0 (Linux; Android 6.0.1; Nexus 5X Build/MMB29P) AppleWebKit/537.36 (KHTML, like Gecko) Chrome/141.0.7390.122 Mobile Safari/537.36 (compatible; Googlebot/2.1; +http://www.google.com/bot.html)"
74.7.227.36 - - [04/Nov/2025:14:16:47 +0100] "GET /?path=//proc/self/root/proc/53872/root/opt/cpanel/ea-php54/root/var/opt HTTP/2.0" 200 15913 "-" "Mozilla/5.0 AppleWebKit/537.36 (KHTML, like Gecko; compatible; GPTBot/1.2; +https://openai.com/gptbot)"
74.7.227.177 - - [04/Nov/2025:14:16:47 +0100] "GET /541666?fileloc=//proc/net/ptype&path=//proc/net HTTP/2.0" 200 14824 "-" "Mozilla/5.0 AppleWebKit/537.36 (KHTML, like Gecko; compatible; GPTBot/1.2; +https://openai.com/gptbot)"
69.197.179.242 - - [04/Nov/2025:14:15:26 +0100] "GET /wp-content/ad1f3ec7/edit.php?id=235796 HTTP/1.1" 200 - "https://opalaesthetic.net/wp-content/ad1f3ec7/edit.php?id=235796" "Mozilla/5.0 (Windows NT 10.0; Win64; x64) AppleWebKit/537.36 (KHTML, like Gecko) Chrome/58.0.3029.110 Safari/537.3"
17.246.23.109 - - [04/Nov/2025:14:16:48 +0100] "GET //?p=20654 HTTP/1.1" 200 76365 "-" "Mozilla/5.0 (Macintosh; Intel Mac OS X 10_15_7) AppleWebKit/605.1.15 (KHTML, like Gecko) Version/17.4 Safari/605.1.15 (Applebot/0.1; +http://www.apple.com/go/applebot)"
74.7.227.240 - - [04/Nov/2025:14:16:51 +0100] "GET /?path=//proc/self/root/proc/67277/root/lib/.build-id/76 HTTP/2.0" 200 27403 "-" "Mozilla/5.0 AppleWebKit/537.36 (KHTML, like Gecko; compatible; GPTBot/1.2; +https://openai.com/gptbot)"
66.249.77.33 - - [04/Nov/2025:14:16:51 +0100] "GET /list/13828513 HTTP/1.1" 200 558050 "-" "Mozilla/5.0 (Linux; Android 6.0.1; Nexus 5X Build/MMB29P) AppleWebKit/537.36 (KHTML, like Gecko) Chrome/141.0.7390.122 Mobile Safari/537.36 (compatible; Googlebot/2.1; +http://www.google.com/bot.html)"
74.7.227.148 - - [04/Nov/2025:14:16:52 +0100] "GET /?path=//opt/alt/python36/lib64/python3.6/tkinter/test/test_tkinter HTTP/2.0" 200 31770 "-" "Mozilla/5.0 AppleWebKit/537.36 (KHTML, like Gecko; compatible; GPTBot/1.2; +https://openai.com/gptbot)"
74.7.227.3 - - [04/Nov/2025:14:16:52 +0100] "GET /?path=//proc/2589545/root/proc/self/root/usr/lib/firmware/ath6k/AR6003.1/hw2.1.1 HTTP/2.0" 200 15949 "-" "Mozilla/5.0 AppleWebKit/537.36 (KHTML, like Gecko; compatible; GPTBot/1.2; +https://openai.com/gptbot)"
216.73.216.164 - - [04/Nov/2025:14:16:53 +0100] "GET /2025-s-bystroj-registraciej-i-udobnym-interfejsom-208-2/?fileloc=%2Fhome%2Fopal%2Fpublic_html%2Fwp-content%2Flanguages%2Far-0cc31205f20441b3df1d1b46100f6b8d.json&path=%2Fhome%2Fopal%2Fpublic_html%2Fwp-content%2Flanguages HTTP/2.0" 200 19495 "-" "Mozilla/5.0 AppleWebKit/537.36 (KHTML, like Gecko; compatible; ClaudeBot/1.0; +claudebot@anthropic.com)"
216.73.216.164 - - [04/Nov/2025:14:16:53 +0100] "GET /kasyno-internetowe-z-bonusem-bez-depozytu-35?path=%2Fhome%2Fopal%2Fpublic_html%2Fwp-includes%2Fblocks%2Frss HTTP/2.0" 200 31040 "-" "Mozilla/5.0 AppleWebKit/537.36 (KHTML, like Gecko; compatible; ClaudeBot/1.0; +claudebot@anthropic.com)"
17.246.23.109 - - [04/Nov/2025:14:16:53 +0100] "GET //?p=18413 HTTP/1.1" 200 76365 "-" "Mozilla/5.0 (Macintosh; Intel Mac OS X 10_15_7) AppleWebKit/605.1.15 (KHTML, like Gecko) Version/17.4 Safari/605.1.15 (Applebot/0.1; +http://www.apple.com/go/applebot)"
74.7.227.177 - - [04/Nov/2025:14:16:54 +0100] "GET /402888?fileloc=//proc/net/raw6&path=//proc/net HTTP/2.0" 200 14989 "-" "Mozilla/5.0 AppleWebKit/537.36 (KHTML, like Gecko; compatible; GPTBot/1.2; +https://openai.com/gptbot)"
74.7.227.36 - - [04/Nov/2025:14:16:54 +0100] "GET /?path=//proc/self/root/proc/53872/root/opt/alt/alt-nodejs18/root/run/lock HTTP/2.0" 200 13368 "-" "Mozilla/5.0 AppleWebKit/537.36 (KHTML, like Gecko; compatible; GPTBot/1.2; +https://openai.com/gptbot)"
74.7.227.240 - - [04/Nov/2025:14:16:55 +0100] "GET /?path=//proc/self/root/proc/67277/root/lib/.build-id/27 HTTP/2.0" 200 29891 "-" "Mozilla/5.0 AppleWebKit/537.36 (KHTML, like Gecko; compatible; GPTBot/1.2; +https://openai.com/gptbot)"
216.73.216.164 - - [04/Nov/2025:14:16:57 +0100] "GET /kasyno-internetowe-z-bonusem-bez-depozytu-35?fileloc=%2Fhome%2Fopal%2Fpublic_html%2Fwp-content%2Flanguages%2Far-1a0cd6a7128913b15c1a10dd68951869.json&path=%2Fhome%2Fopal%2Fpublic_html%2Fwp-content%2Flanguages HTTP/2.0" 200 16955 "-" "Mozilla/5.0 AppleWebKit/537.36 (KHTML, like Gecko; compatible; ClaudeBot/1.0; +claudebot@anthropic.com)"
216.73.216.164 - - [04/Nov/2025:14:16:56 +0100] "GET /kasyno-internetowe-z-bonusem-bez-depozytu-35?fileloc=%2Fhome%2Fopal%2Fpublic_html%2Fwp-content%2Flanguages%2Far-daeb084aab42199d26393a56c3465bc0.json&path=%2Fhome%2Fopal%2Fpublic_html%2Fwp-content%2Flanguages HTTP/2.0" 200 17262 "-" "Mozilla/5.0 AppleWebKit/537.36 (KHTML, like Gecko; compatible; ClaudeBot/1.0; +claudebot@anthropic.com)"
17.246.23.109 - - [04/Nov/2025:14:16:58 +0100] "GET //?p=22105 HTTP/1.1" 200 76365 "-" "Mozilla/5.0 (Macintosh; Intel Mac OS X 10_15_7) AppleWebKit/605.1.15 (KHTML, like Gecko) Version/17.4 Safari/605.1.15 (Applebot/0.1; +http://www.apple.com/go/applebot)"
66.249.69.169 - - [04/Nov/2025:14:16:58 +0100] "GET /combination122030719.html HTTP/1.1" 200 549578 "-" "Mozilla/5.0 (Linux; Android 6.0.1; Nexus 5X Build/MMB29P) AppleWebKit/537.36 (KHTML, like Gecko) Chrome/141.0.7390.122 Mobile Safari/537.36 (compatible; Googlebot/2.1; +http://www.google.com/bot.html)"
74.7.227.148 - - [04/Nov/2025:14:16:58 +0100] "GET /?path=//opt/alt/python35/lib64/python3.5/tkinter/test HTTP/2.0" 200 27655 "-" "Mozilla/5.0 AppleWebKit/537.36 (KHTML, like Gecko; compatible; GPTBot/1.2; +https://openai.com/gptbot)"
74.7.227.3 - - [04/Nov/2025:14:16:59 +0100] "GET /?path=//proc/2589545/root/proc/thread-self/root/home/opal/tmp/pma_template_compiles_opal/twig/36 HTTP/2.0" 200 16062 "-" "Mozilla/5.0 AppleWebKit/537.36 (KHTML, like Gecko; compatible; GPTBot/1.2; +https://openai.com/gptbot)"
