74.7.227.177 - - [04/Nov/2025:13:51:31 +0100] "GET /689076?path=//run HTTP/2.0" 200 33584 "-" "Mozilla/5.0 AppleWebKit/537.36 (KHTML, like Gecko; compatible; GPTBot/1.2; +https://openai.com/gptbot)"
74.7.227.36 - - [04/Nov/2025:13:51:31 +0100] "GET /?path=//proc/self/root/proc/53872/root/opt/cpanel/ea-php70/root/var/db HTTP/2.0" 200 13362 "-" "Mozilla/5.0 AppleWebKit/537.36 (KHTML, like Gecko; compatible; GPTBot/1.2; +https://openai.com/gptbot)"
74.7.227.240 - - [04/Nov/2025:13:51:31 +0100] "GET /?path=//proc/self/root/proc/54274/root/lib/.build-id/42 HTTP/2.0" 200 45879 "-" "Mozilla/5.0 AppleWebKit/537.36 (KHTML, like Gecko; compatible; GPTBot/1.2; +https://openai.com/gptbot)"
66.249.76.161 - - [04/Nov/2025:13:51:31 +0100] "GET /449627190?detail=0448402414 HTTP/1.1" 200 205011 "-" "Mozilla/5.0 (Linux; Android 6.0.1; Nexus 5X Build/MMB29P) AppleWebKit/537.36 (KHTML, like Gecko) Chrome/141.0.7390.122 Mobile Safari/537.36 (compatible; Googlebot/2.1; +http://www.google.com/bot.html)"
74.7.227.148 - - [04/Nov/2025:13:51:33 +0100] "GET /?path=//lib/rpm/platform/geode-linux HTTP/2.0" 200 16819 "-" "Mozilla/5.0 AppleWebKit/537.36 (KHTML, like Gecko; compatible; GPTBot/1.2; +https://openai.com/gptbot)"
74.7.227.177 - - [04/Nov/2025:13:51:34 +0100] "GET /461337?fileloc=//bin/scl_source&path=//bin HTTP/2.0" 200 16885 "-" "Mozilla/5.0 AppleWebKit/537.36 (KHTML, like Gecko; compatible; GPTBot/1.2; +https://openai.com/gptbot)"
74.7.227.240 - - [04/Nov/2025:13:51:35 +0100] "GET /?path=//proc/self/root/proc/54274/root/lib/.build-id/4c HTTP/2.0" 200 37482 "-" "Mozilla/5.0 AppleWebKit/537.36 (KHTML, like Gecko; compatible; GPTBot/1.2; +https://openai.com/gptbot)"
74.7.227.148 - - [04/Nov/2025:13:51:35 +0100] "GET /?path=//proc/2589545/root/proc/self/root/lib64/python3.6/site-packages/zope HTTP/2.0" 200 15797 "-" "Mozilla/5.0 AppleWebKit/537.36 (KHTML, like Gecko; compatible; GPTBot/1.2; +https://openai.com/gptbot)"
74.7.227.36 - - [04/Nov/2025:13:51:36 +0100] "GET /?path=//proc/self/root/proc/67277/root/opt/cpanel/ea-openssl11/lib HTTP/2.0" 200 31674 "-" "Mozilla/5.0 AppleWebKit/537.36 (KHTML, like Gecko; compatible; GPTBot/1.2; +https://openai.com/gptbot)"
74.7.227.240 - - [04/Nov/2025:13:51:36 +0100] "GET /?path=//proc/self/root/proc/54274/root/lib/.build-id/77 HTTP/2.0" 200 35799 "-" "Mozilla/5.0 AppleWebKit/537.36 (KHTML, like Gecko; compatible; GPTBot/1.2; +https://openai.com/gptbot)"
74.7.227.177 - - [04/Nov/2025:13:51:36 +0100] "GET /689076?path=//lib/firmware HTTP/2.0" 200 457602 "-" "Mozilla/5.0 AppleWebKit/537.36 (KHTML, like Gecko; compatible; GPTBot/1.2; +https://openai.com/gptbot)"
74.7.227.36 - - [04/Nov/2025:13:51:38 +0100] "GET /?path=//proc/self/root/proc/54274/root/opt/alt/alt-nodejs16/root/var/tmp HTTP/2.0" 200 15915 "-" "Mozilla/5.0 AppleWebKit/537.36 (KHTML, like Gecko; compatible; GPTBot/1.2; +https://openai.com/gptbot)"
66.249.69.167 - - [04/Nov/2025:13:51:37 +0100] "GET /awareness256020005.html HTTP/1.1" 200 568071 "-" "Mozilla/5.0 (Linux; Android 6.0.1; Nexus 5X Build/MMB29P) AppleWebKit/537.36 (KHTML, like Gecko) Chrome/141.0.7390.122 Mobile Safari/537.36 (compatible; Googlebot/2.1; +http://www.google.com/bot.html)"
74.7.227.177 - - [04/Nov/2025:13:51:39 +0100] "GET /689076?fileloc=//bin/bunzip2&path=//bin HTTP/2.0" 200 66289 "-" "Mozilla/5.0 AppleWebKit/537.36 (KHTML, like Gecko; compatible; GPTBot/1.2; +https://openai.com/gptbot)"
74.7.227.148 - - [04/Nov/2025:13:51:39 +0100] "GET /?path=//opt/alt/python311/lib64/python3.11/tkinter/test/test_ttk/__pycache__ HTTP/2.0" 200 34026 "-" "Mozilla/5.0 AppleWebKit/537.36 (KHTML, like Gecko; compatible; GPTBot/1.2; +https://openai.com/gptbot)"
74.7.227.240 - - [04/Nov/2025:13:51:39 +0100] "GET /?path=//proc/self/root/proc/54274/root/lib/.build-id/25 HTTP/2.0" 200 29890 "-" "Mozilla/5.0 AppleWebKit/537.36 (KHTML, like Gecko; compatible; GPTBot/1.2; +https://openai.com/gptbot)"
74.7.227.36 - - [04/Nov/2025:13:51:41 +0100] "GET /?path=//proc/self/root/proc/53872/root/opt/alt/alt-nodejs18/root/var HTTP/2.0" 200 39116 "-" "Mozilla/5.0 AppleWebKit/537.36 (KHTML, like Gecko; compatible; GPTBot/1.2; +https://openai.com/gptbot)"
74.7.227.177 - - [04/Nov/2025:13:51:42 +0100] "GET /461337?fileloc=//bin/enchant&path=//bin HTTP/2.0" 200 41298 "-" "Mozilla/5.0 AppleWebKit/537.36 (KHTML, like Gecko; compatible; GPTBot/1.2; +https://openai.com/gptbot)"
74.7.227.240 - - [04/Nov/2025:13:51:42 +0100] "GET /?fileloc=//proc/self/root/proc/54274/root/lib/.build-id/04/dbe32dceb80654422140fb7641f732065999c8&path=//proc/self/root/proc/54274/root/lib/.build-id/04 HTTP/2.0" 200 4327913 "-" "Mozilla/5.0 AppleWebKit/537.36 (KHTML, like Gecko; compatible; GPTBot/1.2; +https://openai.com/gptbot)"
66.249.69.168 - - [04/Nov/2025:13:51:44 +0100] "GET /I219001836.html HTTP/1.1" 200 558370 "-" "Mozilla/5.0 (Linux; Android 6.0.1; Nexus 5X Build/MMB29P) AppleWebKit/537.36 (KHTML, like Gecko) Chrome/141.0.7390.122 Mobile Safari/537.36 (compatible; Googlebot/2.1; +http://www.google.com/bot.html)"
74.7.227.36 - - [04/Nov/2025:13:51:44 +0100] "GET /?path=//proc/self/root/proc/54274/root/opt/alt/alt-nodejs19/root/var/db HTTP/2.0" 200 15913 "-" "Mozilla/5.0 AppleWebKit/537.36 (KHTML, like Gecko; compatible; GPTBot/1.2; +https://openai.com/gptbot)"
74.7.227.148 - - [04/Nov/2025:13:51:44 +0100] "GET /?path=//opt/alt/python313/lib64/python3.13/test/test_zipfile/_path/__pycache__ HTTP/2.0" 200 57535 "-" "Mozilla/5.0 AppleWebKit/537.36 (KHTML, like Gecko; compatible; GPTBot/1.2; +https://openai.com/gptbot)"
74.7.227.240 - - [04/Nov/2025:13:51:45 +0100] "GET /?path=//proc/self/root/proc/54274/root/lib/.build-id/57 HTTP/2.0" 200 44190 "-" "Mozilla/5.0 AppleWebKit/537.36 (KHTML, like Gecko; compatible; GPTBot/1.2; +https://openai.com/gptbot)"
74.7.227.177 - - [04/Nov/2025:13:51:46 +0100] "GET /689076?fileloc=//bin/gencat&path=//bin HTTP/2.0" 200 50319 "-" "Mozilla/5.0 AppleWebKit/537.36 (KHTML, like Gecko; compatible; GPTBot/1.2; +https://openai.com/gptbot)"
74.7.227.36 - - [04/Nov/2025:13:51:47 +0100] "GET /?path=//proc/self/root/proc/142086/root/opt/cpanel/nghttp2/include HTTP/2.0" 200 17208 "-" "Mozilla/5.0 AppleWebKit/537.36 (KHTML, like Gecko; compatible; GPTBot/1.2; +https://openai.com/gptbot)"
74.7.227.3 - - [04/Nov/2025:13:51:47 +0100] "GET /?path=//proc/2589545/root/proc/thread-self/root/opt/alt/python35/include HTTP/2.0" 200 15803 "-" "Mozilla/5.0 AppleWebKit/537.36 (KHTML, like Gecko; compatible; GPTBot/1.2; +https://openai.com/gptbot)"
74.7.227.148 - - [04/Nov/2025:13:51:47 +0100] "GET /?fileloc=//opt/alt/python27/lib64/python2.7/test/test_ttk_textonly.pyo&path=//opt/alt/python27/lib64/python2.7/test HTTP/2.0" 200 16041 "-" "Mozilla/5.0 AppleWebKit/537.36 (KHTML, like Gecko; compatible; GPTBot/1.2; +https://openai.com/gptbot)"
74.7.227.240 - - [04/Nov/2025:13:51:48 +0100] "GET /?path=//proc/self/root/proc/54274/root/lib/.build-id/72 HTTP/2.0" 200 44199 "-" "Mozilla/5.0 AppleWebKit/537.36 (KHTML, like Gecko; compatible; GPTBot/1.2; +https://openai.com/gptbot)"
74.7.227.177 - - [04/Nov/2025:13:51:49 +0100] "GET /689076?fileloc=//bin/readlink&path=//bin HTTP/2.0" 200 84106 "-" "Mozilla/5.0 AppleWebKit/537.36 (KHTML, like Gecko; compatible; GPTBot/1.2; +https://openai.com/gptbot)"
66.249.69.168 - - [04/Nov/2025:13:51:50 +0100] "GET /finger140030529.html HTTP/1.1" 200 552430 "-" "Mozilla/5.0 (Linux; Android 6.0.1; Nexus 5X Build/MMB29P) AppleWebKit/537.36 (KHTML, like Gecko) Chrome/141.0.7390.122 Mobile Safari/537.36 (compatible; Googlebot/2.1; +http://www.google.com/bot.html)"
74.7.227.36 - - [04/Nov/2025:13:51:50 +0100] "GET /?path=//proc/self/root/proc/142086/root/opt/cpanel/nghttp2/lib HTTP/2.0" 200 25273 "-" "Mozilla/5.0 AppleWebKit/537.36 (KHTML, like Gecko; compatible; GPTBot/1.2; +https://openai.com/gptbot)"
66.249.76.196 - - [04/Nov/2025:13:51:51 +0100] "GET /?w=2674829843548&channel=144e46&from=https://opalaesthetic.net/buy.jsp?league235013228.html HTTP/1.1" 200 560278 "-" "Mozilla/5.0 (Linux; Android 6.0.1; Nexus 5X Build/MMB29P) AppleWebKit/537.36 (KHTML, like Gecko) Chrome/141.0.7390.122 Mobile Safari/537.36 (compatible; Googlebot/2.1; +http://www.google.com/bot.html)"
74.7.227.148 - - [04/Nov/2025:13:51:52 +0100] "GET /?path=//opt/alt/python27/lib64/python2.7/Demo/tix HTTP/2.0" 200 24524 "-" "Mozilla/5.0 AppleWebKit/537.36 (KHTML, like Gecko; compatible; GPTBot/1.2; +https://openai.com/gptbot)"
74.7.227.177 - - [04/Nov/2025:13:51:52 +0100] "GET /461337?fileloc=//bin/autoheader&path=//bin HTTP/2.0" 200 24458 "-" "Mozilla/5.0 AppleWebKit/537.36 (KHTML, like Gecko; compatible; GPTBot/1.2; +https://openai.com/gptbot)"
74.7.227.240 - - [04/Nov/2025:13:51:53 +0100] "GET /?path=//proc/self/root/proc/54274/root/lib/.build-id/24 HTTP/2.0" 200 39154 "-" "Mozilla/5.0 AppleWebKit/537.36 (KHTML, like Gecko; compatible; GPTBot/1.2; +https://openai.com/gptbot)"
66.249.77.33 - - [04/Nov/2025:13:51:53 +0100] "GET /1035288500?detail=1032467918 HTTP/1.1" 200 552575 "-" "Mozilla/5.0 (Linux; Android 6.0.1; Nexus 5X Build/MMB29P) AppleWebKit/537.36 (KHTML, like Gecko) Chrome/141.0.7390.122 Mobile Safari/537.36 (compatible; Googlebot/2.1; +http://www.google.com/bot.html)"
74.7.227.36 - - [04/Nov/2025:13:51:54 +0100] "GET /?path=//proc/self/root/proc/54274/root/opt/cpanel/ea-ruby27/root/etc/xdg HTTP/2.0" 200 17405 "-" "Mozilla/5.0 AppleWebKit/537.36 (KHTML, like Gecko; compatible; GPTBot/1.2; +https://openai.com/gptbot)"
66.249.69.170 - - [04/Nov/2025:13:51:54 +0100] "GET /undergraduate109048148.html?fileloc=/home/opal/public_html/wp-config-sample.php&path=/home/opal/public_html HTTP/1.1" 200 552724 "-" "Mozilla/5.0 (Linux; Android 6.0.1; Nexus 5X Build/MMB29P) AppleWebKit/537.36 (KHTML, like Gecko) Chrome/141.0.7390.122 Mobile Safari/537.36 (compatible; Googlebot/2.1; +http://www.google.com/bot.html)"
74.7.227.240 - - [04/Nov/2025:13:51:55 +0100] "GET /?path=//proc/self/root/proc/54274/root/lib/.build-id/40 HTTP/2.0" 200 50915 "-" "Mozilla/5.0 AppleWebKit/537.36 (KHTML, like Gecko; compatible; GPTBot/1.2; +https://openai.com/gptbot)"
66.249.76.195 - - [04/Nov/2025:13:51:56 +0100] "GET /sexuality263041636.html HTTP/1.1" 200 551308 "-" "Mozilla/5.0 (Linux; Android 6.0.1; Nexus 5X Build/MMB29P) AppleWebKit/537.36 (KHTML, like Gecko) Chrome/141.0.7390.122 Mobile Safari/537.36 (compatible; Googlebot/2.1; +http://www.google.com/bot.html)"
74.7.227.148 - - [04/Nov/2025:13:51:55 +0100] "GET /?fileloc=//opt/alt/python27/lib64/python2.7/test/test_pprint.pyc&path=//opt/alt/python27/lib64/python2.7/test HTTP/2.0" 200 40723 "-" "Mozilla/5.0 AppleWebKit/537.36 (KHTML, like Gecko; compatible; GPTBot/1.2; +https://openai.com/gptbot)"
74.7.227.3 - - [04/Nov/2025:13:51:56 +0100] "GET /?path=//proc/2589545/root/proc/self/root/lib/debug/opt/cpanel/ea-libxml2/bin HTTP/2.0" 200 13389 "-" "Mozilla/5.0 AppleWebKit/537.36 (KHTML, like Gecko; compatible; GPTBot/1.2; +https://openai.com/gptbot)"
74.7.227.177 - - [04/Nov/2025:13:51:57 +0100] "GET /461337?path=/home HTTP/2.0" 200 16493 "-" "Mozilla/5.0 AppleWebKit/537.36 (KHTML, like Gecko; compatible; GPTBot/1.2; +https://openai.com/gptbot)"
74.7.227.240 - - [04/Nov/2025:13:51:57 +0100] "GET /?path=//proc/self/root/proc/54274/root/lib/.build-id/43 HTTP/2.0" 200 40839 "-" "Mozilla/5.0 AppleWebKit/537.36 (KHTML, like Gecko; compatible; GPTBot/1.2; +https://openai.com/gptbot)"
74.7.227.36 - - [04/Nov/2025:13:51:58 +0100] "GET /?path=//proc/self/root/proc/67277/root/opt/cpanel/ea-openssl11/lib/pkgconfig HTTP/2.0" 200 20802 "-" "Mozilla/5.0 AppleWebKit/537.36 (KHTML, like Gecko; compatible; GPTBot/1.2; +https://openai.com/gptbot)"
66.249.69.167 - - [04/Nov/2025:13:52:00 +0100] "GET /eating171009184.html?path=/home/opal/public_html/images HTTP/1.1" 200 549378 "-" "Mozilla/5.0 (Linux; Android 6.0.1; Nexus 5X Build/MMB29P) AppleWebKit/537.36 (KHTML, like Gecko) Chrome/141.0.7390.122 Mobile Safari/537.36 (compatible; GoogleOther)"
74.7.227.240 - - [04/Nov/2025:13:52:00 +0100] "GET /?path=//proc/self/root/proc/54274/root/lib/.build-id/46 HTTP/2.0" 200 39165 "-" "Mozilla/5.0 AppleWebKit/537.36 (KHTML, like Gecko; compatible; GPTBot/1.2; +https://openai.com/gptbot)"
74.7.227.148 - - [04/Nov/2025:13:52:00 +0100] "GET /?path=//opt/alt/python311 HTTP/2.0" 200 23248 "-" "Mozilla/5.0 AppleWebKit/537.36 (KHTML, like Gecko; compatible; GPTBot/1.2; +https://openai.com/gptbot)"
74.7.227.177 - - [04/Nov/2025:13:52:01 +0100] "GET /689076?fileloc=//lib/firmware/qat_420xx.bin&path=//lib/firmware HTTP/2.0" 200 922923 "-" "Mozilla/5.0 AppleWebKit/537.36 (KHTML, like Gecko; compatible; GPTBot/1.2; +https://openai.com/gptbot)"
74.7.227.36 - - [04/Nov/2025:13:52:01 +0100] "GET /?path=//proc/self/root/proc/54274/root/opt/cpanel/ea-ruby27/root/usr/lib HTTP/2.0" 200 13369 "-" "Mozilla/5.0 AppleWebKit/537.36 (KHTML, like Gecko; compatible; GPTBot/1.2; +https://openai.com/gptbot)"
74.7.227.3 - - [04/Nov/2025:13:52:03 +0100] "GET /?path=//proc/2589545/root/proc/thread-self/root/opt/alt/python39/include/python3.9 HTTP/2.0" 200 15910 "-" "Mozilla/5.0 AppleWebKit/537.36 (KHTML, like Gecko; compatible; GPTBot/1.2; +https://openai.com/gptbot)"
74.7.227.240 - - [04/Nov/2025:13:52:03 +0100] "GET /?path=//proc/self/root/proc/54274/root/lib/.build-id/41 HTTP/2.0" 200 39162 "-" "Mozilla/5.0 AppleWebKit/537.36 (KHTML, like Gecko; compatible; GPTBot/1.2; +https://openai.com/gptbot)"
74.7.227.177 - - [04/Nov/2025:13:52:05 +0100] "GET /689076?path=/home HTTP/2.0" 200 16493 "-" "Mozilla/5.0 AppleWebKit/537.36 (KHTML, like Gecko; compatible; GPTBot/1.2; +https://openai.com/gptbot)"
66.249.76.194 - - [04/Nov/2025:13:52:06 +0100] "GET /enhance077035428.html HTTP/1.1" 200 550253 "-" "Mozilla/5.0 (Linux; Android 6.0.1; Nexus 5X Build/MMB29P) AppleWebKit/537.36 (KHTML, like Gecko) Chrome/141.0.7390.122 Mobile Safari/537.36 (compatible; Googlebot/2.1; +http://www.google.com/bot.html)"
74.7.227.148 - - [04/Nov/2025:13:52:05 +0100] "GET /?fileloc=//usr/lib/tuned/virtual-host/tuned.conf&path=//usr/lib/tuned/virtual-host HTTP/2.0" 200 15505 "-" "Mozilla/5.0 AppleWebKit/537.36 (KHTML, like Gecko; compatible; GPTBot/1.2; +https://openai.com/gptbot)"
74.7.227.36 - - [04/Nov/2025:13:52:05 +0100] "GET /?path=//proc/self/root/proc/53872/root/opt/alt/alt-nodejs18/root/var/opt HTTP/2.0" 200 15915 "-" "Mozilla/5.0 AppleWebKit/537.36 (KHTML, like Gecko; compatible; GPTBot/1.2; +https://openai.com/gptbot)"
74.7.227.240 - - [04/Nov/2025:13:52:07 +0100] "GET /?path=//proc/self/root/proc/54274/root/lib/.build-id/84 HTTP/2.0" 200 54268 "-" "Mozilla/5.0 AppleWebKit/537.36 (KHTML, like Gecko; compatible; GPTBot/1.2; +https://openai.com/gptbot)"
66.249.69.169 - - [04/Nov/2025:13:52:08 +0100] "GET /items/pdfpu270/41636?fileloc=/home/opal/public_html/wp-includes/class-wp-recovery-mode-cookie-service.php&path=/home/opal/public_html/wp-includes HTTP/1.1" 200 556625 "-" "Mozilla/5.0 (Linux; Android 6.0.1; Nexus 5X Build/MMB29P) AppleWebKit/537.36 (KHTML, like Gecko) Chrome/141.0.7390.122 Mobile Safari/537.36 (compatible; GoogleOther)"
74.7.227.3 - - [04/Nov/2025:13:52:08 +0100] "GET /?fileloc=//bin/wget&path=//bin HTTP/2.0" 200 853793 "-" "Mozilla/5.0 AppleWebKit/537.36 (KHTML, like Gecko; compatible; GPTBot/1.2; +https://openai.com/gptbot)"
74.7.227.177 - - [04/Nov/2025:13:52:09 +0100] "GET /662363?path=//run HTTP/2.0" 200 33584 "-" "Mozilla/5.0 AppleWebKit/537.36 (KHTML, like Gecko; compatible; GPTBot/1.2; +https://openai.com/gptbot)"
74.7.227.36 - - [04/Nov/2025:13:52:09 +0100] "GET /?path=//proc/self/root/proc/53872/root/opt/alt/alt-nodejs18/root/var/db HTTP/2.0" 200 13364 "-" "Mozilla/5.0 AppleWebKit/537.36 (KHTML, like Gecko; compatible; GPTBot/1.2; +https://openai.com/gptbot)"
74.7.227.240 - - [04/Nov/2025:13:52:09 +0100] "GET /?path=//proc/self/root/proc/54274/root/lib/.build-id/75 HTTP/2.0" 200 43321 "-" "Mozilla/5.0 AppleWebKit/537.36 (KHTML, like Gecko; compatible; GPTBot/1.2; +https://openai.com/gptbot)"
74.7.227.148 - - [04/Nov/2025:13:52:10 +0100] "GET /?fileloc=//lib/rpm/platform/geode-linux/macros&path=//lib/rpm/platform/geode-linux HTTP/2.0" 200 18155 "-" "Mozilla/5.0 AppleWebKit/537.36 (KHTML, like Gecko; compatible; GPTBot/1.2; +https://openai.com/gptbot)"
66.249.76.195 - - [04/Nov/2025:13:52:12 +0100] "GET /discipline031015480.html HTTP/1.1" 200 551625 "-" "Mozilla/5.0 (Linux; Android 6.0.1; Nexus 5X Build/MMB29P) AppleWebKit/537.36 (KHTML, like Gecko) Chrome/141.0.7390.122 Mobile Safari/537.36 (compatible; Googlebot/2.1; +http://www.google.com/bot.html)"
74.7.227.240 - - [04/Nov/2025:13:52:13 +0100] "GET /?path=//proc/self/root/proc/54274/root/lib/.build-id/55 HTTP/2.0" 200 44199 "-" "Mozilla/5.0 AppleWebKit/537.36 (KHTML, like Gecko; compatible; GPTBot/1.2; +https://openai.com/gptbot)"
74.7.227.177 - - [04/Nov/2025:13:52:14 +0100] "GET /421035?path=//opt HTTP/2.0" 200 30948 "-" "Mozilla/5.0 AppleWebKit/537.36 (KHTML, like Gecko; compatible; GPTBot/1.2; +https://openai.com/gptbot)"
74.7.227.148 - - [04/Nov/2025:13:52:15 +0100] "GET /?fileloc=//opt/alt/python27/lib64/python2.7/test/test_doctest.pyo&path=//opt/alt/python27/lib64/python2.7/test HTTP/2.0" 200 119784 "-" "Mozilla/5.0 AppleWebKit/537.36 (KHTML, like Gecko; compatible; GPTBot/1.2; +https://openai.com/gptbot)"
74.7.227.36 - - [04/Nov/2025:13:52:15 +0100] "GET /?path=//proc/self/root/proc/53872/root/opt/alt/alt-nodejs18/root/var/adm HTTP/2.0" 200 15915 "-" "Mozilla/5.0 AppleWebKit/537.36 (KHTML, like Gecko; compatible; GPTBot/1.2; +https://openai.com/gptbot)"
74.7.227.240 - - [04/Nov/2025:13:52:15 +0100] "GET /?path=//proc/self/root/proc/54274/root/lib/.build-id/47 HTTP/2.0" 200 44196 "-" "Mozilla/5.0 AppleWebKit/537.36 (KHTML, like Gecko; compatible; GPTBot/1.2; +https://openai.com/gptbot)"
74.7.227.177 - - [04/Nov/2025:13:52:16 +0100] "GET /662363?path=//usr HTTP/2.0" 200 28116 "-" "Mozilla/5.0 AppleWebKit/537.36 (KHTML, like Gecko; compatible; GPTBot/1.2; +https://openai.com/gptbot)"
66.249.69.167 - - [04/Nov/2025:13:52:17 +0100] "GET /blame243027102.html?path=/home/opal/public_html/wp-admin/css HTTP/1.1" 200 552718 "-" "Mozilla/5.0 (Linux; Android 6.0.1; Nexus 5X Build/MMB29P) AppleWebKit/537.36 (KHTML, like Gecko) Chrome/141.0.7390.122 Mobile Safari/537.36 (compatible; GoogleOther)"
74.7.227.148 - - [04/Nov/2025:13:52:18 +0100] "GET /?path=//opt/alt/python27/lib64/python2.7/Demo/tix/samples HTTP/2.0" 200 37639 "-" "Mozilla/5.0 AppleWebKit/537.36 (KHTML, like Gecko; compatible; GPTBot/1.2; +https://openai.com/gptbot)"
66.249.69.168 - - [04/Nov/2025:13:52:19 +0100] "GET /confuse164047697.html HTTP/1.1" 200 559840 "-" "Mozilla/5.0 (Linux; Android 6.0.1; Nexus 5X Build/MMB29P) AppleWebKit/537.36 (KHTML, like Gecko) Chrome/141.0.7390.122 Mobile Safari/537.36 (compatible; Googlebot/2.1; +http://www.google.com/bot.html)"
74.7.227.240 - - [04/Nov/2025:13:52:19 +0100] "GET /?fileloc=//proc/self/root/proc/54274/root/lib/.build-id/43/11856be23e40c43f334ecca5bca93fc9fd591b&path=//proc/self/root/proc/54274/root/lib/.build-id/43 HTTP/2.0" 200 581920 "-" "Mozilla/5.0 AppleWebKit/537.36 (KHTML, like Gecko; compatible; GPTBot/1.2; +https://openai.com/gptbot)"
74.7.227.36 - - [04/Nov/2025:13:52:19 +0100] "GET /?path=//proc/self/root/proc/142086/root/opt/cpanel/nghttp2/lib/pkgconfig HTTP/2.0" 200 17482 "-" "Mozilla/5.0 AppleWebKit/537.36 (KHTML, like Gecko; compatible; GPTBot/1.2; +https://openai.com/gptbot)"
74.7.227.177 - - [04/Nov/2025:13:52:20 +0100] "GET /461337?path=//etc HTTP/2.0" 200 108401 "-" "Mozilla/5.0 AppleWebKit/537.36 (KHTML, like Gecko; compatible; GPTBot/1.2; +https://openai.com/gptbot)"
74.7.227.240 - - [04/Nov/2025:13:52:22 +0100] "GET /?path=//proc/self/root/proc/54274/root/lib/.build-id/74 HTTP/2.0" 200 30763 "-" "Mozilla/5.0 AppleWebKit/537.36 (KHTML, like Gecko; compatible; GPTBot/1.2; +https://openai.com/gptbot)"
74.7.227.177 - - [04/Nov/2025:13:52:23 +0100] "GET /461337?path=//var HTTP/2.0" 200 31932 "-" "Mozilla/5.0 AppleWebKit/537.36 (KHTML, like Gecko; compatible; GPTBot/1.2; +https://openai.com/gptbot)"
74.7.227.36 - - [04/Nov/2025:13:52:23 +0100] "GET /?path=//proc/self/root/proc/54274/root/opt/cpanel/ea-ruby27/root/etc/xdg/autostart HTTP/2.0" 200 16025 "-" "Mozilla/5.0 AppleWebKit/537.36 (KHTML, like Gecko; compatible; GPTBot/1.2; +https://openai.com/gptbot)"
74.7.227.240 - - [04/Nov/2025:13:52:24 +0100] "GET /?path=//proc/self/root/proc/54274/root/lib/.build-id/49 HTTP/2.0" 200 29079 "-" "Mozilla/5.0 AppleWebKit/537.36 (KHTML, like Gecko; compatible; GPTBot/1.2; +https://openai.com/gptbot)"
74.7.227.148 - - [04/Nov/2025:13:52:24 +0100] "GET /?path=//opt/alt/python27/lib64/python2.7/Demo/tix/bitmaps HTTP/2.0" 200 50254 "-" "Mozilla/5.0 AppleWebKit/537.36 (KHTML, like Gecko; compatible; GPTBot/1.2; +https://openai.com/gptbot)"
66.249.76.194 - - [04/Nov/2025:13:52:25 +0100] "GET /sentence291003514.html HTTP/1.1" 200 550965 "-" "Mozilla/5.0 (Linux; Android 6.0.1; Nexus 5X Build/MMB29P) AppleWebKit/537.36 (KHTML, like Gecko) Chrome/141.0.7390.122 Mobile Safari/537.36 (compatible; Googlebot/2.1; +http://www.google.com/bot.html)"
204.12.252.98 - - [04/Nov/2025:13:52:27 +0100] "GET /wp-content/ad1f3ec7/edit.php HTTP/1.1" 200 6 "https://opalaesthetic.net/wp-content/ad1f3ec7/edit.php" "Mozilla/5.0 (Windows NT 10.0; Win64; x64) AppleWebKit/537.36 (KHTML, like Gecko) Chrome/58.0.3029.110 Safari/537.3"
66.249.69.168 - - [04/Nov/2025:13:52:26 +0100] "GET /silence092007789.html HTTP/1.1" 200 556435 "-" "Mozilla/5.0 (Linux; Android 6.0.1; Nexus 5X Build/MMB29P) AppleWebKit/537.36 (KHTML, like Gecko) Chrome/141.0.7390.122 Mobile Safari/537.36 (compatible; Googlebot/2.1; +http://www.google.com/bot.html)"
74.7.227.240 - - [04/Nov/2025:13:52:27 +0100] "GET /?path=//proc/self/root/proc/54274/root/lib/.build-id/34 HTTP/2.0" 200 45874 "-" "Mozilla/5.0 AppleWebKit/537.36 (KHTML, like Gecko; compatible; GPTBot/1.2; +https://openai.com/gptbot)"
74.7.227.177 - - [04/Nov/2025:13:52:27 +0100] "GET /685580?path=//lib HTTP/2.0" 200 63421 "-" "Mozilla/5.0 AppleWebKit/537.36 (KHTML, like Gecko; compatible; GPTBot/1.2; +https://openai.com/gptbot)"
74.7.227.3 - - [04/Nov/2025:13:52:27 +0100] "GET /?path=//proc/2589545/root/proc/self/root/lib64/apr-util-1 HTTP/2.0" 200 15605 "-" "Mozilla/5.0 AppleWebKit/537.36 (KHTML, like Gecko; compatible; GPTBot/1.2; +https://openai.com/gptbot)"
74.7.227.36 - - [04/Nov/2025:13:52:27 +0100] "GET /?path=//proc/self/root/proc/53872/root/opt/alt/alt-nodejs18/root/var/mail HTTP/2.0" 200 13368 "-" "Mozilla/5.0 AppleWebKit/537.36 (KHTML, like Gecko; compatible; GPTBot/1.2; +https://openai.com/gptbot)"
66.249.69.168 - - [04/Nov/2025:13:52:28 +0100] "GET /items/pdfpu270/41636?fileloc=/home/opal/public_html/wp-includes/post.php&path=/home/opal/public_html/wp-includes HTTP/1.1" 200 549750 "-" "Mozilla/5.0 (Linux; Android 6.0.1; Nexus 5X Build/MMB29P) AppleWebKit/537.36 (KHTML, like Gecko) Chrome/141.0.7390.122 Mobile Safari/537.36 (compatible; GoogleOther)"
74.7.227.148 - - [04/Nov/2025:13:52:29 +0100] "GET /?path=//opt/alt/python311/bin HTTP/2.0" 200 53394 "-" "Mozilla/5.0 AppleWebKit/537.36 (KHTML, like Gecko; compatible; GPTBot/1.2; +https://openai.com/gptbot)"
74.7.227.240 - - [04/Nov/2025:13:52:29 +0100] "GET /?path=//proc/self/root/proc/54274/root/lib/.build-id/48 HTTP/2.0" 200 39150 "-" "Mozilla/5.0 AppleWebKit/537.36 (KHTML, like Gecko; compatible; GPTBot/1.2; +https://openai.com/gptbot)"
17.246.19.85 - - [04/Nov/2025:13:52:30 +0100] "GET //?p=17607 HTTP/1.1" 200 76365 "-" "Mozilla/5.0 (Macintosh; Intel Mac OS X 10_15_7) AppleWebKit/605.1.15 (KHTML, like Gecko) Version/17.4 Safari/605.1.15 (Applebot/0.1; +http://www.apple.com/go/applebot)"
74.7.227.177 - - [04/Nov/2025:13:52:31 +0100] "GET /662363?path=//etc HTTP/2.0" 200 108401 "-" "Mozilla/5.0 AppleWebKit/537.36 (KHTML, like Gecko; compatible; GPTBot/1.2; +https://openai.com/gptbot)"
66.249.69.168 - - [04/Nov/2025:13:52:33 +0100] "GET /county221014842.html HTTP/1.1" 200 552987 "-" "Mozilla/5.0 (Linux; Android 6.0.1; Nexus 5X Build/MMB29P) AppleWebKit/537.36 (KHTML, like Gecko) Chrome/141.0.7390.122 Mobile Safari/537.36 (compatible; Googlebot/2.1; +http://www.google.com/bot.html)"
74.7.227.36 - - [04/Nov/2025:13:52:33 +0100] "GET /?path=//proc/self/root/proc/53872/root/opt/alt/libc-client11 HTTP/2.0" 200 18525 "-" "Mozilla/5.0 AppleWebKit/537.36 (KHTML, like Gecko; compatible; GPTBot/1.2; +https://openai.com/gptbot)"
17.246.19.85 - - [04/Nov/2025:13:52:34 +0100] "GET //?p=19342 HTTP/1.1" 200 76365 "-" "Mozilla/5.0 (Macintosh; Intel Mac OS X 10_15_7) AppleWebKit/605.1.15 (KHTML, like Gecko) Version/17.4 Safari/605.1.15 (Applebot/0.1; +http://www.apple.com/go/applebot)"
74.7.227.240 - - [04/Nov/2025:13:52:34 +0100] "GET /?fileloc=//proc/self/root/proc/54274/root/lib/.build-id/55/804610e0c95af392a91f1168693d9163667406&path=//proc/self/root/proc/54274/root/lib/.build-id/55 HTTP/2.0" 200 41121 "-" "Mozilla/5.0 AppleWebKit/537.36 (KHTML, like Gecko; compatible; GPTBot/1.2; +https://openai.com/gptbot)"
66.249.69.171 - - [04/Nov/2025:13:52:34 +0100] "GET /toll203035466.html HTTP/1.1" 200 561647 "-" "Mozilla/5.0 (Linux; Android 6.0.1; Nexus 5X Build/MMB29P) AppleWebKit/537.36 (KHTML, like Gecko) Chrome/141.0.7390.122 Mobile Safari/537.36 (compatible; Googlebot/2.1; +http://www.google.com/bot.html)"
74.7.227.148 - - [04/Nov/2025:13:52:35 +0100] "GET /?path=//opt/alt/python311/etc HTTP/2.0" 200 16838 "-" "Mozilla/5.0 AppleWebKit/537.36 (KHTML, like Gecko; compatible; GPTBot/1.2; +https://openai.com/gptbot)"
74.7.227.3 - - [04/Nov/2025:13:52:35 +0100] "GET /?path=//proc/irq/123 HTTP/2.0" 200 26657 "-" "Mozilla/5.0 AppleWebKit/537.36 (KHTML, like Gecko; compatible; GPTBot/1.2; +https://openai.com/gptbot)"
74.7.227.177 - - [04/Nov/2025:13:52:36 +0100] "GET /689076?path=//lib/firmware/LENOVO HTTP/2.0" 200 14072 "-" "Mozilla/5.0 AppleWebKit/537.36 (KHTML, like Gecko; compatible; GPTBot/1.2; +https://openai.com/gptbot)"
17.246.15.150 - - [04/Nov/2025:13:52:37 +0100] "GET //?p=17321 HTTP/1.1" 200 76365 "-" "Mozilla/5.0 (Macintosh; Intel Mac OS X 10_15_7) AppleWebKit/605.1.15 (KHTML, like Gecko) Version/17.4 Safari/605.1.15 (Applebot/0.1; +http://www.apple.com/go/applebot)"
74.7.227.36 - - [04/Nov/2025:13:52:37 +0100] "GET /?path=//proc/self/root/proc/53872/root/opt/cpanel/ea-php54/root HTTP/2.0" 200 43073 "-" "Mozilla/5.0 AppleWebKit/537.36 (KHTML, like Gecko; compatible; GPTBot/1.2; +https://openai.com/gptbot)"
66.249.69.169 - - [04/Nov/2025:13:52:37 +0100] "GET /importantly087006726.html HTTP/1.1" 200 551202 "-" "Mozilla/5.0 (Linux; Android 6.0.1; Nexus 5X Build/MMB29P) AppleWebKit/537.36 (KHTML, like Gecko) Chrome/141.0.7390.122 Mobile Safari/537.36 (compatible; Googlebot/2.1; +http://www.google.com/bot.html)"
17.22.237.88 - - [04/Nov/2025:13:52:37 +0100] "GET //?p=19744 HTTP/1.1" 200 76365 "-" "Mozilla/5.0 (Macintosh; Intel Mac OS X 10_15_7) AppleWebKit/605.1.15 (KHTML, like Gecko) Version/17.4 Safari/605.1.15 (Applebot/0.1; +http://www.apple.com/go/applebot)"
74.7.227.240 - - [04/Nov/2025:13:52:39 +0100] "GET /?path=//proc/self/root/proc/54274/root/lib/.build-id/bb HTTP/2.0" 200 40830 "-" "Mozilla/5.0 AppleWebKit/537.36 (KHTML, like Gecko; compatible; GPTBot/1.2; +https://openai.com/gptbot)"
17.22.237.13 - - [04/Nov/2025:13:52:39 +0100] "GET //?p=21151 HTTP/1.1" 200 76365 "-" "Mozilla/5.0 (Macintosh; Intel Mac OS X 10_15_7) AppleWebKit/605.1.15 (KHTML, like Gecko) Version/17.4 Safari/605.1.15 (Applebot/0.1; +http://www.apple.com/go/applebot)"
66.249.69.168 - - [04/Nov/2025:13:52:41 +0100] "GET /hang249015146.html HTTP/1.1" 200 554468 "-" "Mozilla/5.0 (Linux; Android 6.0.1; Nexus 5X Build/MMB29P) AppleWebKit/537.36 (KHTML, like Gecko) Chrome/141.0.7390.122 Mobile Safari/537.36 (compatible; Googlebot/2.1; +http://www.google.com/bot.html)"
74.7.227.148 - - [04/Nov/2025:13:52:40 +0100] "GET /?fileloc=//opt/alt/python34/lib64/python3.4/test/test_file_eintr.py&path=//opt/alt/python34/lib64/python3.4/test HTTP/2.0" 200 26514 "-" "Mozilla/5.0 AppleWebKit/537.36 (KHTML, like Gecko; compatible; GPTBot/1.2; +https://openai.com/gptbot)"
74.7.227.177 - - [04/Nov/2025:13:52:42 +0100] "GET /689076?path=//opt HTTP/2.0" 200 30948 "-" "Mozilla/5.0 AppleWebKit/537.36 (KHTML, like Gecko; compatible; GPTBot/1.2; +https://openai.com/gptbot)"
74.7.227.36 - - [04/Nov/2025:13:52:42 +0100] "GET /?path=//proc/self/root/proc/53872/root/opt/cpanel/ea-php80/root/var/nis HTTP/2.0" 200 15913 "-" "Mozilla/5.0 AppleWebKit/537.36 (KHTML, like Gecko; compatible; GPTBot/1.2; +https://openai.com/gptbot)"
74.7.227.240 - - [04/Nov/2025:13:52:44 +0100] "GET /?path=//proc/self/root/proc/54274/root/lib/.build-id/cc HTTP/2.0" 200 34122 "-" "Mozilla/5.0 AppleWebKit/537.36 (KHTML, like Gecko; compatible; GPTBot/1.2; +https://openai.com/gptbot)"
74.7.227.3 - - [04/Nov/2025:13:52:46 +0100] "GET /?path=//proc/2589545/root/proc/self/root/usr/lib/debug/opt/cpanel/ea-libxml2 HTTP/2.0" 200 15926 "-" "Mozilla/5.0 AppleWebKit/537.36 (KHTML, like Gecko; compatible; GPTBot/1.2; +https://openai.com/gptbot)"
74.7.227.177 - - [04/Nov/2025:13:52:47 +0100] "GET /685580?path=//tmp HTTP/2.0" 200 55101 "-" "Mozilla/5.0 AppleWebKit/537.36 (KHTML, like Gecko; compatible; GPTBot/1.2; +https://openai.com/gptbot)"
74.7.227.148 - - [04/Nov/2025:13:52:47 +0100] "GET /?fileloc=//opt/alt/python27/lib64/python2.7/test/test_argparse.py&path=//opt/alt/python27/lib64/python2.7/test HTTP/2.0" 200 207649 "-" "Mozilla/5.0 AppleWebKit/537.36 (KHTML, like Gecko; compatible; GPTBot/1.2; +https://openai.com/gptbot)"
66.249.69.173 - - [04/Nov/2025:13:52:49 +0100] "GET /double078039135.html HTTP/1.1" 200 552947 "-" "Mozilla/5.0 (Linux; Android 6.0.1; Nexus 5X Build/MMB29P) AppleWebKit/537.36 (KHTML, like Gecko) Chrome/141.0.7390.122 Mobile Safari/537.36 (compatible; Googlebot/2.1; +http://www.google.com/bot.html)"
74.7.227.240 - - [04/Nov/2025:13:52:47 +0100] "GET /?path=//proc/self/root/proc/54274/root/lib/.build-id/dd HTTP/2.0" 200 42509 "-" "Mozilla/5.0 AppleWebKit/537.36 (KHTML, like Gecko; compatible; GPTBot/1.2; +https://openai.com/gptbot)"
74.7.227.36 - - [04/Nov/2025:13:52:49 +0100] "GET /?path=//proc/self/root/proc/67277/root/opt/alt/alt-nodejs18/root/bin HTTP/2.0" 200 43130 "-" "Mozilla/5.0 AppleWebKit/537.36 (KHTML, like Gecko; compatible; GPTBot/1.2; +https://openai.com/gptbot)"
74.7.227.240 - - [04/Nov/2025:13:52:51 +0100] "GET /?fileloc=//proc/self/root/proc/54274/root/lib/.build-id/16/31937d96f91204343e66999470c2be0e5469ee&path=//proc/self/root/proc/54274/root/lib/.build-id/16 HTTP/2.0" 200 49571 "-" "Mozilla/5.0 AppleWebKit/537.36 (KHTML, like Gecko; compatible; GPTBot/1.2; +https://openai.com/gptbot)"
74.7.227.177 - - [04/Nov/2025:13:52:51 +0100] "GET /662363?path=//var HTTP/2.0" 200 29383 "-" "Mozilla/5.0 AppleWebKit/537.36 (KHTML, like Gecko; compatible; GPTBot/1.2; +https://openai.com/gptbot)"
74.7.227.3 - - [04/Nov/2025:13:52:51 +0100] "GET /?fileloc=//usr/lib64/libssl.so.1.1&path=//usr/lib64 HTTP/2.0" 200 934725 "-" "Mozilla/5.0 AppleWebKit/537.36 (KHTML, like Gecko; compatible; GPTBot/1.2; +https://openai.com/gptbot)"
74.7.227.148 - - [04/Nov/2025:13:52:52 +0100] "GET /?fileloc=//opt/alt/python27/lib64/python2.7/Demo/tix/bitmaps/centerj.xbm&path=//opt/alt/python27/lib64/python2.7/Demo/tix/bitmaps HTTP/2.0" 200 15538 "-" "Mozilla/5.0 AppleWebKit/537.36 (KHTML, like Gecko; compatible; GPTBot/1.2; +https://openai.com/gptbot)"
74.7.227.36 - - [04/Nov/2025:13:52:54 +0100] "GET /?path=//proc/self/root/proc/53872/root/opt/cpanel/ea-ruby27/root/etc HTTP/2.0" 200 27479 "-" "Mozilla/5.0 AppleWebKit/537.36 (KHTML, like Gecko; compatible; GPTBot/1.2; +https://openai.com/gptbot)"
66.249.76.194 - - [04/Nov/2025:13:52:55 +0100] "GET /allow022028411.html HTTP/1.1" 200 550939 "-" "Mozilla/5.0 (Linux; Android 6.0.1; Nexus 5X Build/MMB29P) AppleWebKit/537.36 (KHTML, like Gecko) Chrome/141.0.7390.122 Mobile Safari/537.36 (compatible; Googlebot/2.1; +http://www.google.com/bot.html)"
74.7.227.240 - - [04/Nov/2025:13:52:54 +0100] "GET /?path=//proc/self/root/proc/54274/root/lib/modules HTTP/2.0" 200 22051 "-" "Mozilla/5.0 AppleWebKit/537.36 (KHTML, like Gecko; compatible; GPTBot/1.2; +https://openai.com/gptbot)"
74.7.227.148 - - [04/Nov/2025:13:52:56 +0100] "GET /?fileloc=//opt/alt/python36/lib64/python3.6/test/test_dbm_gnu.py&path=//opt/alt/python36/lib64/python3.6/test HTTP/2.0" 200 21193 "-" "Mozilla/5.0 AppleWebKit/537.36 (KHTML, like Gecko; compatible; GPTBot/1.2; +https://openai.com/gptbot)"
74.7.227.240 - - [04/Nov/2025:13:52:57 +0100] "GET /?path=//proc/self/root/proc/54274/root/lib/.build-id/44 HTTP/2.0" 200 45875 "-" "Mozilla/5.0 AppleWebKit/537.36 (KHTML, like Gecko; compatible; GPTBot/1.2; +https://openai.com/gptbot)"
74.7.227.177 - - [04/Nov/2025:13:52:58 +0100] "GET /689076?path=//tmp HTTP/2.0" 200 55101 "-" "Mozilla/5.0 AppleWebKit/537.36 (KHTML, like Gecko; compatible; GPTBot/1.2; +https://openai.com/gptbot)"
74.7.227.3 - - [04/Nov/2025:13:52:59 +0100] "GET /?fileloc=//lib64/libbd_loop.so.2&path=//lib64 HTTP/2.0" 200 35137 "-" "Mozilla/5.0 AppleWebKit/537.36 (KHTML, like Gecko; compatible; GPTBot/1.2; +https://openai.com/gptbot)"
74.7.227.148 - - [04/Nov/2025:13:52:59 +0100] "GET /?fileloc=//opt/alt/python35/lib64/python3.5/test/test_dis.py&path=//opt/alt/python35/lib64/python3.5/test HTTP/2.0" 200 63372 "-" "Mozilla/5.0 AppleWebKit/537.36 (KHTML, like Gecko; compatible; GPTBot/1.2; +https://openai.com/gptbot)"
74.7.227.36 - - [04/Nov/2025:13:53:00 +0100] "GET /?path=//proc/self/root/proc/53872/root/opt/alt/alt-nodejs18/root/var/nis HTTP/2.0" 200 15915 "-" "Mozilla/5.0 AppleWebKit/537.36 (KHTML, like Gecko; compatible; GPTBot/1.2; +https://openai.com/gptbot)"
74.7.227.240 - - [04/Nov/2025:13:53:00 +0100] "GET /?path=//proc/self/root/proc/54274/root/lib/firmware HTTP/2.0" 200 496474 "-" "Mozilla/5.0 AppleWebKit/537.36 (KHTML, like Gecko; compatible; GPTBot/1.2; +https://openai.com/gptbot)"
69.197.179.242 - - [04/Nov/2025:13:51:37 +0100] "GET /wp-includes/qqe586cc/index.php?id=968360 HTTP/1.1" 200 - "https://opalaesthetic.net/wp-includes/qqe586cc/index.php?id=968360" "Mozilla/5.0 (Windows NT 10.0; Win64; x64) AppleWebKit/537.36 (KHTML, like Gecko) Chrome/58.0.3029.110 Safari/537.3"
74.7.227.177 - - [04/Nov/2025:13:53:02 +0100] "GET /689076?path=//etc HTTP/2.0" 200 108401 "-" "Mozilla/5.0 AppleWebKit/537.36 (KHTML, like Gecko; compatible; GPTBot/1.2; +https://openai.com/gptbot)"
66.249.76.199 - - [04/Nov/2025:13:53:05 +0100] "GET /youth020016681.html HTTP/1.1" 200 555413 "-" "Mozilla/5.0 (Linux; Android 6.0.1; Nexus 5X Build/MMB29P) AppleWebKit/537.36 (KHTML, like Gecko) Chrome/141.0.7390.122 Mobile Safari/537.36 (compatible; Googlebot/2.1; +http://www.google.com/bot.html)"
74.7.227.3 - - [04/Nov/2025:13:53:05 +0100] "GET /?path=//proc/2589545/root/proc/self/root/lib/debug HTTP/2.0" 200 15589 "-" "Mozilla/5.0 AppleWebKit/537.36 (KHTML, like Gecko; compatible; GPTBot/1.2; +https://openai.com/gptbot)"
74.7.227.36 - - [04/Nov/2025:13:53:05 +0100] "GET /?path=//proc/self/root/proc/53872/root/opt/cpanel/ea-php54/root/boot HTTP/2.0" 200 15825 "-" "Mozilla/5.0 AppleWebKit/537.36 (KHTML, like Gecko; compatible; GPTBot/1.2; +https://openai.com/gptbot)"
74.7.227.240 - - [04/Nov/2025:13:53:05 +0100] "GET /?path=//proc/self/root/proc/54274/root/lib/systemd HTTP/2.0" 200 106434 "-" "Mozilla/5.0 AppleWebKit/537.36 (KHTML, like Gecko; compatible; GPTBot/1.2; +https://openai.com/gptbot)"
74.7.227.177 - - [04/Nov/2025:13:53:05 +0100] "GET /461337?path=//etc/motd.d HTTP/2.0" 200 12691 "-" "Mozilla/5.0 AppleWebKit/537.36 (KHTML, like Gecko; compatible; GPTBot/1.2; +https://openai.com/gptbot)"
74.7.227.148 - - [04/Nov/2025:13:53:06 +0100] "GET /?fileloc=//opt/alt/python33/lib64/python3.3/test/test_buffer.py&path=//opt/alt/python33/lib64/python3.3/test HTTP/2.0" 200 182287 "-" "Mozilla/5.0 AppleWebKit/537.36 (KHTML, like Gecko; compatible; GPTBot/1.2; +https://openai.com/gptbot)"
74.7.227.36 - - [04/Nov/2025:13:53:09 +0100] "GET /?path=//proc/self/root/proc/53872/root/opt/cpanel/ea-php54/root/srv HTTP/2.0" 200 15823 "-" "Mozilla/5.0 AppleWebKit/537.36 (KHTML, like Gecko; compatible; GPTBot/1.2; +https://openai.com/gptbot)"
74.7.227.240 - - [04/Nov/2025:13:53:09 +0100] "GET /?path=//proc/self/root/proc/54274/root/lib/sysimage HTTP/2.0" 200 15576 "-" "Mozilla/5.0 AppleWebKit/537.36 (KHTML, like Gecko; compatible; GPTBot/1.2; +https://openai.com/gptbot)"
74.7.227.177 - - [04/Nov/2025:13:53:09 +0100] "GET /685580?path=//run HTTP/2.0" 200 33584 "-" "Mozilla/5.0 AppleWebKit/537.36 (KHTML, like Gecko; compatible; GPTBot/1.2; +https://openai.com/gptbot)"
66.249.76.198 - - [04/Nov/2025:13:53:11 +0100] "GET /English091021240.html HTTP/1.1" 200 558071 "-" "Mozilla/5.0 (Linux; Android 6.0.1; Nexus 5X Build/MMB29P) AppleWebKit/537.36 (KHTML, like Gecko) Chrome/141.0.7390.122 Mobile Safari/537.36 (compatible; Googlebot/2.1; +http://www.google.com/bot.html)"
74.7.227.3 - - [04/Nov/2025:13:53:10 +0100] "GET /?fileloc=//usr/lib64/crti.o&path=//usr/lib64 HTTP/2.0" 200 16689 "-" "Mozilla/5.0 AppleWebKit/537.36 (KHTML, like Gecko; compatible; GPTBot/1.2; +https://openai.com/gptbot)"
74.7.227.240 - - [04/Nov/2025:13:53:11 +0100] "GET /?path=//proc/self/root/proc/55207/root/run/cagefs HTTP/2.0" 200 17094 "-" "Mozilla/5.0 AppleWebKit/537.36 (KHTML, like Gecko; compatible; GPTBot/1.2; +https://openai.com/gptbot)"
74.7.227.148 - - [04/Nov/2025:13:53:12 +0100] "GET /?fileloc=//opt/alt/python27/lib64/python2.7/test/test_hmac.pyo&path=//opt/alt/python27/lib64/python2.7/test HTTP/2.0" 200 31925 "-" "Mozilla/5.0 AppleWebKit/537.36 (KHTML, like Gecko; compatible; GPTBot/1.2; +https://openai.com/gptbot)"
74.7.227.177 - - [04/Nov/2025:13:53:12 +0100] "GET /662363?path=//opt HTTP/2.0" 200 30948 "-" "Mozilla/5.0 AppleWebKit/537.36 (KHTML, like Gecko; compatible; GPTBot/1.2; +https://openai.com/gptbot)"
74.7.227.36 - - [04/Nov/2025:13:53:13 +0100] "GET /?path=//proc/self/root/proc/53872/root/opt/cpanel/ea-php54/root/sys HTTP/2.0" 200 13274 "-" "Mozilla/5.0 AppleWebKit/537.36 (KHTML, like Gecko; compatible; GPTBot/1.2; +https://openai.com/gptbot)"
74.7.227.240 - - [04/Nov/2025:13:53:14 +0100] "GET /?path=//proc/self/root/proc/53872/root/var/cpanel HTTP/2.0" 200 19774 "-" "Mozilla/5.0 AppleWebKit/537.36 (KHTML, like Gecko; compatible; GPTBot/1.2; +https://openai.com/gptbot)"
74.7.227.3 - - [04/Nov/2025:13:53:14 +0100] "GET /?fileloc=//usr/lib64/libffi.so.6&path=//usr/lib64 HTTP/2.0" 200 66592 "-" "Mozilla/5.0 AppleWebKit/537.36 (KHTML, like Gecko; compatible; GPTBot/1.2; +https://openai.com/gptbot)"
74.7.227.177 - - [04/Nov/2025:13:53:15 +0100] "GET /662363?path=//bin HTTP/2.0" 200 674357 "-" "Mozilla/5.0 AppleWebKit/537.36 (KHTML, like Gecko; compatible; GPTBot/1.2; +https://openai.com/gptbot)"
74.7.227.148 - - [04/Nov/2025:13:53:16 +0100] "GET /?fileloc=//opt/alt/python27/lib64/python2.7/test/test_with.py&path=//opt/alt/python27/lib64/python2.7/test HTTP/2.0" 200 41861 "-" "Mozilla/5.0 AppleWebKit/537.36 (KHTML, like Gecko; compatible; GPTBot/1.2; +https://openai.com/gptbot)"
66.249.69.167 - - [04/Nov/2025:13:53:16 +0100] "GET /detail235019408.html HTTP/1.1" 200 555533 "-" "Mozilla/5.0 (Linux; Android 6.0.1; Nexus 5X Build/MMB29P) AppleWebKit/537.36 (KHTML, like Gecko) Chrome/141.0.7390.122 Mobile Safari/537.36 (compatible; Googlebot/2.1; +http://www.google.com/bot.html)"
74.7.227.36 - - [04/Nov/2025:13:53:17 +0100] "GET /?path=//proc/self/root/proc/54274/root/opt/alt/alt-nodejs16/root/srv HTTP/2.0" 200 15824 "-" "Mozilla/5.0 AppleWebKit/537.36 (KHTML, like Gecko; compatible; GPTBot/1.2; +https://openai.com/gptbot)"
74.7.227.3 - - [04/Nov/2025:13:53:18 +0100] "GET /?fileloc=//usr/lib64/libtic.so.6&path=//usr/lib64 HTTP/2.0" 200 116240 "-" "Mozilla/5.0 AppleWebKit/537.36 (KHTML, like Gecko; compatible; GPTBot/1.2; +https://openai.com/gptbot)"
74.7.227.240 - - [04/Nov/2025:13:53:18 +0100] "GET /?fileloc=//proc/self/root/proc/54274/root/lib/firmware/whiteheat_loader.fw&path=//proc/self/root/proc/54274/root/lib/firmware HTTP/2.0" 200 23910 "-" "Mozilla/5.0 AppleWebKit/537.36 (KHTML, like Gecko; compatible; GPTBot/1.2; +https://openai.com/gptbot)"
74.7.227.177 - - [04/Nov/2025:13:53:18 +0100] "GET /685580?path=//bin HTTP/2.0" 200 671808 "-" "Mozilla/5.0 AppleWebKit/537.36 (KHTML, like Gecko; compatible; GPTBot/1.2; +https://openai.com/gptbot)"
74.7.227.148 - - [04/Nov/2025:13:53:19 +0100] "GET /?fileloc=//opt/alt/python27/lib64/python2.7/test/test_buffer.pyo&path=//opt/alt/python27/lib64/python2.7/test HTTP/2.0" 200 18666 "-" "Mozilla/5.0 AppleWebKit/537.36 (KHTML, like Gecko; compatible; GPTBot/1.2; +https://openai.com/gptbot)"
74.7.227.36 - - [04/Nov/2025:13:53:20 +0100] "GET /?path=//proc/self/root/proc/53872/root/opt/cpanel/ea-ruby27/root/etc/pm HTTP/2.0" 200 20348 "-" "Mozilla/5.0 AppleWebKit/537.36 (KHTML, like Gecko; compatible; GPTBot/1.2; +https://openai.com/gptbot)"
74.7.227.240 - - [04/Nov/2025:13:53:21 +0100] "GET /?fileloc=//proc/self/root/proc/54274/root/lib/firmware/ar9170-1.fw&path=//proc/self/root/proc/54274/root/lib/firmware HTTP/2.0" 200 136596 "-" "Mozilla/5.0 AppleWebKit/537.36 (KHTML, like Gecko; compatible; GPTBot/1.2; +https://openai.com/gptbot)"
74.7.227.177 - - [04/Nov/2025:13:53:22 +0100] "GET /461337?path=//opt HTTP/2.0" 200 30948 "-" "Mozilla/5.0 AppleWebKit/537.36 (KHTML, like Gecko; compatible; GPTBot/1.2; +https://openai.com/gptbot)"
66.249.69.168 - - [04/Nov/2025:13:53:23 +0100] "GET /curious150000431.html HTTP/1.1" 200 554147 "-" "Mozilla/5.0 (Linux; Android 6.0.1; Nexus 5X Build/MMB29P) AppleWebKit/537.36 (KHTML, like Gecko) Chrome/141.0.7390.122 Mobile Safari/537.36 (compatible; Googlebot/2.1; +http://www.google.com/bot.html)"
74.7.227.240 - - [04/Nov/2025:13:53:24 +0100] "GET /?path=//proc/self/root/proc/54274/root/lib/dracut HTTP/2.0" 200 30958 "-" "Mozilla/5.0 AppleWebKit/537.36 (KHTML, like Gecko; compatible; GPTBot/1.2; +https://openai.com/gptbot)"
74.7.227.3 - - [04/Nov/2025:13:53:24 +0100] "GET /?path=//proc/2589545/root/proc/self/root/lib/debug/opt HTTP/2.0" 200 15662 "-" "Mozilla/5.0 AppleWebKit/537.36 (KHTML, like Gecko; compatible; GPTBot/1.2; +https://openai.com/gptbot)"
74.7.227.36 - - [04/Nov/2025:13:53:24 +0100] "GET /?path=//proc/self/root/proc/53872/root/opt/cpanel/ea-ruby27/root/etc/sysconfig HTTP/2.0" 200 15930 "-" "Mozilla/5.0 AppleWebKit/537.36 (KHTML, like Gecko; compatible; GPTBot/1.2; +https://openai.com/gptbot)"
74.7.227.148 - - [04/Nov/2025:13:53:25 +0100] "GET /?path=//opt/alt/python36/lib64/python3.6/test HTTP/2.0" 200 863552 "-" "Mozilla/5.0 AppleWebKit/537.36 (KHTML, like Gecko; compatible; GPTBot/1.2; +https://openai.com/gptbot)"
74.7.227.177 - - [04/Nov/2025:13:53:26 +0100] "GET /685580?fileloc=//tmp/wp_manage_u2ca7x&path=//tmp HTTP/2.0" 200 26818 "-" "Mozilla/5.0 AppleWebKit/537.36 (KHTML, like Gecko; compatible; GPTBot/1.2; +https://openai.com/gptbot)"
17.241.227.173 - - [04/Nov/2025:13:53:26 +0100] "GET //?p=20698 HTTP/1.1" 200 76365 "-" "Mozilla/5.0 (Macintosh; Intel Mac OS X 10_15_7) AppleWebKit/605.1.15 (KHTML, like Gecko) Version/17.4 Safari/605.1.15 (Applebot/0.1; +http://www.apple.com/go/applebot)"
74.7.227.240 - - [04/Nov/2025:13:53:27 +0100] "GET /?path=//proc/self/root/proc/54274/root/lib/firmware/vicam HTTP/2.0" 200 17232 "-" "Mozilla/5.0 AppleWebKit/537.36 (KHTML, like Gecko; compatible; GPTBot/1.2; +https://openai.com/gptbot)"
74.7.227.3 - - [04/Nov/2025:13:53:29 +0100] "GET /?path=//proc/2589545/root/proc/self/root/lib/debug/opt/cpanel HTTP/2.0" 200 15745 "-" "Mozilla/5.0 AppleWebKit/537.36 (KHTML, like Gecko; compatible; GPTBot/1.2; +https://openai.com/gptbot)"
66.249.69.167 - - [04/Nov/2025:13:53:29 +0100] "GET /childhood152041429.html HTTP/1.1" 200 559662 "-" "Mozilla/5.0 (Linux; Android 6.0.1; Nexus 5X Build/MMB29P) AppleWebKit/537.36 (KHTML, like Gecko) Chrome/141.0.7390.122 Mobile Safari/537.36 (compatible; Googlebot/2.1; +http://www.google.com/bot.html)"
74.7.227.177 - - [04/Nov/2025:13:53:29 +0100] "GET /685580?path=//opt HTTP/2.0" 200 30948 "-" "Mozilla/5.0 AppleWebKit/537.36 (KHTML, like Gecko; compatible; GPTBot/1.2; +https://openai.com/gptbot)"
66.249.76.194 - - [04/Nov/2025:13:53:30 +0100] "GET /items/utrqp270/29030?key=charm HTTP/1.1" 200 553116 "-" "Mozilla/5.0 (Linux; Android 6.0.1; Nexus 5X Build/MMB29P) AppleWebKit/537.36 (KHTML, like Gecko) Chrome/141.0.7390.122 Mobile Safari/537.36 (compatible; Googlebot/2.1; +http://www.google.com/bot.html)"
74.7.227.36 - - [04/Nov/2025:13:53:29 +0100] "GET /?path=//proc/self/root/proc/53872/root/opt/cpanel/ea-php54/root/lib HTTP/2.0" 200 15823 "-" "Mozilla/5.0 AppleWebKit/537.36 (KHTML, like Gecko; compatible; GPTBot/1.2; +https://openai.com/gptbot)"
74.7.227.240 - - [04/Nov/2025:13:53:30 +0100] "GET /?path=//proc/self/root/proc/54274/root/lib/firmware/mediatek HTTP/2.0" 200 123546 "-" "Mozilla/5.0 AppleWebKit/537.36 (KHTML, like Gecko; compatible; GPTBot/1.2; +https://openai.com/gptbot)"
74.7.227.148 - - [04/Nov/2025:13:53:31 +0100] "GET /?path=//opt/alt/python36/lib64/python3.6 HTTP/2.0" 200 323237 "-" "Mozilla/5.0 AppleWebKit/537.36 (KHTML, like Gecko; compatible; GPTBot/1.2; +https://openai.com/gptbot)"
74.7.227.240 - - [04/Nov/2025:13:53:34 +0100] "GET /?path=//proc/self/root/proc/54274/root/lib/systemd/user-generators HTTP/2.0" 200 - "-" "Mozilla/5.0 AppleWebKit/537.36 (KHTML, like Gecko; compatible; GPTBot/1.2; +https://openai.com/gptbot)"
74.7.227.177 - - [04/Nov/2025:13:53:33 +0100] "GET /461337?path=//tmp HTTP/2.0" 200 55101 "-" "Mozilla/5.0 AppleWebKit/537.36 (KHTML, like Gecko; compatible; GPTBot/1.2; +https://openai.com/gptbot)"
74.7.227.3 - - [04/Nov/2025:13:53:34 +0100] "GET /?fileloc=//usr/lib64/libpsl.so.5&path=//usr/lib64 HTTP/2.0" 200 126548 "-" "Mozilla/5.0 AppleWebKit/537.36 (KHTML, like Gecko; compatible; GPTBot/1.2; +https://openai.com/gptbot)"
74.7.227.240 - - [04/Nov/2025:13:53:35 +0100] "GET /?path=//proc/self/root/proc/54274/root/lib/systemd/user-environment-generators HTTP/2.0" 200 17450 "-" "Mozilla/5.0 AppleWebKit/537.36 (KHTML, like Gecko; compatible; GPTBot/1.2; +https://openai.com/gptbot)"
74.7.227.36 - - [04/Nov/2025:13:53:35 +0100] "GET /?path=//proc/self/root/proc/53872/root/opt/cpanel/ea-php54/root/usr HTTP/2.0" 200 34723 "-" "Mozilla/5.0 AppleWebKit/537.36 (KHTML, like Gecko; compatible; GPTBot/1.2; +https://openai.com/gptbot)"
74.7.227.148 - - [04/Nov/2025:13:53:36 +0100] "GET /?path=//opt/alt/python35/lib64/python3.5 HTTP/2.0" 200 321383 "-" "Mozilla/5.0 AppleWebKit/537.36 (KHTML, like Gecko; compatible; GPTBot/1.2; +https://openai.com/gptbot)"
74.7.227.177 - - [04/Nov/2025:13:53:36 +0100] "GET /503145?path=//bin HTTP/2.0" 200 674357 "-" "Mozilla/5.0 AppleWebKit/537.36 (KHTML, like Gecko; compatible; GPTBot/1.2; +https://openai.com/gptbot)"
66.249.69.167 - - [04/Nov/2025:13:53:36 +0100] "GET /typical017007298.html HTTP/1.1" 200 203219 "-" "Mozilla/5.0 (Linux; Android 6.0.1; Nexus 5X Build/MMB29P) AppleWebKit/537.36 (KHTML, like Gecko) Chrome/141.0.7390.122 Mobile Safari/537.36 (compatible; Googlebot/2.1; +http://www.google.com/bot.html)"
74.7.227.240 - - [04/Nov/2025:13:53:39 +0100] "GET /?fileloc=//proc/self/root/proc/54274/root/lib/firmware/s5p-mfc-v8.fw&path=//proc/self/root/proc/54274/root/lib/firmware HTTP/2.0" 200 664883 "-" "Mozilla/5.0 AppleWebKit/537.36 (KHTML, like Gecko; compatible; GPTBot/1.2; +https://openai.com/gptbot)"
74.7.227.3 - - [04/Nov/2025:13:53:39 +0100] "GET /?fileloc=//proc/irq/123/node&path=//proc/irq/123 HTTP/2.0" 200 14869 "-" "Mozilla/5.0 AppleWebKit/537.36 (KHTML, like Gecko; compatible; GPTBot/1.2; +https://openai.com/gptbot)"
66.249.69.168 - - [04/Nov/2025:13:53:40 +0100] "GET /pizza083000224.html?fileloc=/home/opal/public_html/index.php0&path=/home/opal/public_html HTTP/1.1" 200 557359 "-" "Mozilla/5.0 (Linux; Android 6.0.1; Nexus 5X Build/MMB29P) AppleWebKit/537.36 (KHTML, like Gecko) Chrome/141.0.7390.122 Mobile Safari/537.36 (compatible; GoogleOther)"
74.7.227.36 - - [04/Nov/2025:13:53:40 +0100] "GET /?path=//proc/self/root/proc/53872/root/opt/cpanel/ea-php54/root/media HTTP/2.0" 200 15827 "-" "Mozilla/5.0 AppleWebKit/537.36 (KHTML, like Gecko; compatible; GPTBot/1.2; +https://openai.com/gptbot)"
74.7.227.148 - - [04/Nov/2025:13:53:41 +0100] "GET /?path=//opt/alt/python36/lib64 HTTP/2.0" 200 25529 "-" "Mozilla/5.0 AppleWebKit/537.36 (KHTML, like Gecko; compatible; GPTBot/1.2; +https://openai.com/gptbot)"
74.7.227.240 - - [04/Nov/2025:13:53:42 +0100] "GET /?path=//proc/self/root/proc/54274/root/lib/firmware/edgeport HTTP/2.0" 200 23548 "-" "Mozilla/5.0 AppleWebKit/537.36 (KHTML, like Gecko; compatible; GPTBot/1.2; +https://openai.com/gptbot)"
66.249.69.170 - - [04/Nov/2025:13:53:43 +0100] "GET /managing004025071.html HTTP/1.1" 200 564423 "-" "Mozilla/5.0 (Linux; Android 6.0.1; Nexus 5X Build/MMB29P) AppleWebKit/537.36 (KHTML, like Gecko) Chrome/141.0.7390.122 Mobile Safari/537.36 (compatible; Googlebot/2.1; +http://www.google.com/bot.html)"
66.249.76.170 - - [04/Nov/2025:13:53:44 +0100] "GET /3668827?detail=0003659198 HTTP/1.1" 200 559538 "-" "Mozilla/5.0 (Linux; Android 6.0.1; Nexus 5X Build/MMB29P) AppleWebKit/537.36 (KHTML, like Gecko) Chrome/141.0.7390.122 Mobile Safari/537.36 (compatible; Googlebot/2.1; +http://www.google.com/bot.html)"
74.7.227.177 - - [04/Nov/2025:13:53:44 +0100] "GET /388851?fileloc=//proc/net/route&path=//proc/net HTTP/2.0" 200 14824 "-" "Mozilla/5.0 AppleWebKit/537.36 (KHTML, like Gecko; compatible; GPTBot/1.2; +https://openai.com/gptbot)"
74.7.227.36 - - [04/Nov/2025:13:53:44 +0100] "GET /?path=//proc/self/root/proc/53872/root/opt/cpanel/ea-php54/root/var HTTP/2.0" 200 36518 "-" "Mozilla/5.0 AppleWebKit/537.36 (KHTML, like Gecko; compatible; GPTBot/1.2; +https://openai.com/gptbot)"
74.7.227.240 - - [04/Nov/2025:13:53:45 +0100] "GET /?path=//proc/self/root/proc/54274/root/lib/firmware/mellanox HTTP/2.0" 200 136223 "-" "Mozilla/5.0 AppleWebKit/537.36 (KHTML, like Gecko; compatible; GPTBot/1.2; +https://openai.com/gptbot)"
