74.7.227.240 - - [04/Nov/2025:14:03:23 +0100] "GET /?path=//proc/self/root/proc/67277/root/lib/.build-id/4a HTTP/2.0" 200 49231 "-" "Mozilla/5.0 AppleWebKit/537.36 (KHTML, like Gecko; compatible; GPTBot/1.2; +https://openai.com/gptbot)"
74.7.227.177 - - [04/Nov/2025:14:03:23 +0100] "GET /685580?path=//proc/2478511 HTTP/2.0" 200 15245 "-" "Mozilla/5.0 AppleWebKit/537.36 (KHTML, like Gecko; compatible; GPTBot/1.2; +https://openai.com/gptbot)"
66.249.76.195 - - [04/Nov/2025:14:03:26 +0100] "GET /?w=2674829843548&channel=144e46&from=https://opalaesthetic.net/buy.jsp?presumably007036076.html HTTP/1.1" 200 553791 "-" "Mozilla/5.0 (Linux; Android 6.0.1; Nexus 5X Build/MMB29P) AppleWebKit/537.36 (KHTML, like Gecko) Chrome/141.0.7390.122 Mobile Safari/537.36 (compatible; Googlebot/2.1; +http://www.google.com/bot.html)"
74.7.227.240 - - [04/Nov/2025:14:03:27 +0100] "GET /?path=//proc/self/root/proc/67277/root/lib/.build-id/5f HTTP/2.0" 200 34116 "-" "Mozilla/5.0 AppleWebKit/537.36 (KHTML, like Gecko; compatible; GPTBot/1.2; +https://openai.com/gptbot)"
89.248.161.162 - - [04/Nov/2025:14:03:27 +0100] "GET /wp-login.php HTTP/2.0" 200 76365 "-" "Mozilla/5.0 (Macintosh; Intel Mac OS X 10_12) AppleWebKit/602.1.40 (KHTML, like Gecko) Version/10.0 Safari/602.1.40"
74.7.227.36 - - [04/Nov/2025:14:03:27 +0100] "GET /?path=//proc/self/root/proc/54274/root/opt/alt/alt-nodejs20/root/var/log HTTP/2.0" 200 15915 "-" "Mozilla/5.0 AppleWebKit/537.36 (KHTML, like Gecko; compatible; GPTBot/1.2; +https://openai.com/gptbot)"
74.7.227.3 - - [04/Nov/2025:14:03:28 +0100] "GET /?path=//opt/alt/python312/lib/python3.12/site-packages/pkg_resources/_vendor HTTP/2.0" 200 29718 "-" "Mozilla/5.0 AppleWebKit/537.36 (KHTML, like Gecko; compatible; GPTBot/1.2; +https://openai.com/gptbot)"
66.249.77.33 - - [04/Nov/2025:14:03:28 +0100] "GET /1036024778?detail=1033202190 HTTP/1.1" 200 562376 "-" "Mozilla/5.0 (Linux; Android 6.0.1; Nexus 5X Build/MMB29P) AppleWebKit/537.36 (KHTML, like Gecko) Chrome/141.0.7390.122 Mobile Safari/537.36 (compatible; Googlebot/2.1; +http://www.google.com/bot.html)"
74.7.227.177 - - [04/Nov/2025:14:03:28 +0100] "GET /685580?path=//proc/net HTTP/2.0" 200 86403 "-" "Mozilla/5.0 AppleWebKit/537.36 (KHTML, like Gecko; compatible; GPTBot/1.2; +https://openai.com/gptbot)"
74.7.227.148 - - [04/Nov/2025:14:03:29 +0100] "GET /?path=//opt/alt/python35/lib64/python3.5/site-packages/pycares HTTP/2.0" 200 26706 "-" "Mozilla/5.0 AppleWebKit/537.36 (KHTML, like Gecko; compatible; GPTBot/1.2; +https://openai.com/gptbot)"
66.249.76.170 - - [04/Nov/2025:14:03:32 +0100] "GET /1036020945?detail=1033198366 HTTP/1.1" 200 205713 "-" "Mozilla/5.0 (Linux; Android 6.0.1; Nexus 5X Build/MMB29P) AppleWebKit/537.36 (KHTML, like Gecko) Chrome/141.0.7390.122 Mobile Safari/537.36 (compatible; Googlebot/2.1; +http://www.google.com/bot.html)"
74.7.227.240 - - [04/Nov/2025:14:03:30 +0100] "GET /?path=//proc/self/root/proc/67277/root/lib/.build-id/e0 HTTP/2.0" 200 43321 "-" "Mozilla/5.0 AppleWebKit/537.36 (KHTML, like Gecko; compatible; GPTBot/1.2; +https://openai.com/gptbot)"
74.7.227.36 - - [04/Nov/2025:14:03:32 +0100] "GET /?path=//proc/self/root/proc/54274/root/opt/alt/alt-nodejs20/root/usr/sbin HTTP/2.0" 200 15917 "-" "Mozilla/5.0 AppleWebKit/537.36 (KHTML, like Gecko; compatible; GPTBot/1.2; +https://openai.com/gptbot)"
66.249.77.33 - - [04/Nov/2025:14:03:33 +0100] "GET /product/edit/m85977485403 HTTP/1.1" 200 567494 "-" "Mozilla/5.0 (Linux; Android 6.0.1; Nexus 5X Build/MMB29P) AppleWebKit/537.36 (KHTML, like Gecko) Chrome/141.0.7390.122 Mobile Safari/537.36 (compatible; Googlebot/2.1; +http://www.google.com/bot.html)"
89.248.161.162 - - [04/Nov/2025:14:03:33 +0100] "POST /wp-login.php HTTP/2.0" 200 76365 "https://opalaesthetic.net/wp-login.php" "Mozilla/5.0 (Macintosh; Intel Mac OS X 10_12) AppleWebKit/602.1.40 (KHTML, like Gecko) Version/10.0 Safari/602.1.40"
74.7.227.177 - - [04/Nov/2025:14:03:33 +0100] "GET /685580?path=//proc/driver HTTP/2.0" 200 18031 "-" "Mozilla/5.0 AppleWebKit/537.36 (KHTML, like Gecko; compatible; GPTBot/1.2; +https://openai.com/gptbot)"
74.7.227.240 - - [04/Nov/2025:14:03:35 +0100] "GET /?path=//proc/self/root/proc/67277/root/lib/.build-id/1a HTTP/2.0" 200 47525 "-" "Mozilla/5.0 AppleWebKit/537.36 (KHTML, like Gecko; compatible; GPTBot/1.2; +https://openai.com/gptbot)"
74.7.227.148 - - [04/Nov/2025:14:03:35 +0100] "GET /?path=//opt/alt/python35/lib64/python3.5/site-packages/psutil HTTP/2.0" 200 36904 "-" "Mozilla/5.0 AppleWebKit/537.36 (KHTML, like Gecko; compatible; GPTBot/1.2; +https://openai.com/gptbot)"
74.7.227.3 - - [04/Nov/2025:14:03:35 +0100] "GET /?fileloc=//lib64/libk5crypto.so&path=//lib64 HTTP/2.0" 200 154445 "-" "Mozilla/5.0 AppleWebKit/537.36 (KHTML, like Gecko; compatible; GPTBot/1.2; +https://openai.com/gptbot)"
66.249.69.168 - - [04/Nov/2025:14:03:36 +0100] "GET /items/vdseb154/28992?key=truth HTTP/1.1" 200 557182 "-" "Mozilla/5.0 (Linux; Android 6.0.1; Nexus 5X Build/MMB29P) AppleWebKit/537.36 (KHTML, like Gecko) Chrome/141.0.7390.122 Mobile Safari/537.36 (compatible; Googlebot/2.1; +http://www.google.com/bot.html)"
74.7.227.36 - - [04/Nov/2025:14:03:37 +0100] "GET /?path=//proc/self/root/proc/54274/root/opt/alt/alt-nodejs20/root/usr/tmp HTTP/2.0" 200 15915 "-" "Mozilla/5.0 AppleWebKit/537.36 (KHTML, like Gecko; compatible; GPTBot/1.2; +https://openai.com/gptbot)"
74.7.227.177 - - [04/Nov/2025:14:03:38 +0100] "GET /689076?fileloc=//proc/net/icmp6&path=//proc/net HTTP/2.0" 200 14824 "-" "Mozilla/5.0 AppleWebKit/537.36 (KHTML, like Gecko; compatible; GPTBot/1.2; +https://openai.com/gptbot)"
66.249.69.168 - - [04/Nov/2025:14:03:39 +0100] "GET /?items/ghwck47/47727?key=greatly HTTP/1.1" 200 553722 "-" "Mozilla/5.0 (Linux; Android 6.0.1; Nexus 5X Build/MMB29P) AppleWebKit/537.36 (KHTML, like Gecko) Chrome/141.0.7390.122 Mobile Safari/537.36 (compatible; Googlebot/2.1; +http://www.google.com/bot.html)"
74.7.227.240 - - [04/Nov/2025:14:03:40 +0100] "GET /?path=//proc/self/root/proc/67277/root/lib/.build-id/8e HTTP/2.0" 200 44187 "-" "Mozilla/5.0 AppleWebKit/537.36 (KHTML, like Gecko; compatible; GPTBot/1.2; +https://openai.com/gptbot)"
74.7.227.3 - - [04/Nov/2025:14:03:41 +0100] "GET /?path=//proc/2589545/root/usr/lib/firmware/nvidia/gm20b/gr HTTP/2.0" 200 15679 "-" "Mozilla/5.0 AppleWebKit/537.36 (KHTML, like Gecko; compatible; GPTBot/1.2; +https://openai.com/gptbot)"
66.249.69.167 - - [04/Nov/2025:14:03:42 +0100] "GET /history278033391.html HTTP/1.1" 200 553139 "-" "Mozilla/5.0 (Linux; Android 6.0.1; Nexus 5X Build/MMB29P) AppleWebKit/537.36 (KHTML, like Gecko) Chrome/141.0.7390.122 Mobile Safari/537.36 (compatible; Googlebot/2.1; +http://www.google.com/bot.html)"
74.7.227.36 - - [04/Nov/2025:14:03:42 +0100] "GET /?path=//proc/self/root/proc/54274/root/opt/alt/alt-nodejs20/root/var/yp HTTP/2.0" 200 15913 "-" "Mozilla/5.0 AppleWebKit/537.36 (KHTML, like Gecko; compatible; GPTBot/1.2; +https://openai.com/gptbot)"
74.7.227.177 - - [04/Nov/2025:14:03:42 +0100] "GET /662363?path=//proc/net HTTP/2.0" 200 86403 "-" "Mozilla/5.0 AppleWebKit/537.36 (KHTML, like Gecko; compatible; GPTBot/1.2; +https://openai.com/gptbot)"
66.249.76.161 - - [04/Nov/2025:14:03:44 +0100] "GET /1036023607?detail=1033201022 HTTP/1.1" 200 563028 "-" "Mozilla/5.0 (Linux; Android 6.0.1; Nexus 5X Build/MMB29P) AppleWebKit/537.36 (KHTML, like Gecko) Chrome/141.0.7390.122 Mobile Safari/537.36 (compatible; Googlebot/2.1; +http://www.google.com/bot.html)"
74.7.227.240 - - [04/Nov/2025:14:03:43 +0100] "GET /?path=//proc/self/root/proc/67277/root/lib/.build-id/1b HTTP/2.0" 200 47555 "-" "Mozilla/5.0 AppleWebKit/537.36 (KHTML, like Gecko; compatible; GPTBot/1.2; +https://openai.com/gptbot)"
74.7.227.148 - - [04/Nov/2025:14:03:42 +0100] "GET /?path=//opt/alt/python35/lib64/python3.5/site-packages/playhouse HTTP/2.0" 200 58253 "-" "Mozilla/5.0 AppleWebKit/537.36 (KHTML, like Gecko; compatible; GPTBot/1.2; +https://openai.com/gptbot)"
74.7.227.36 - - [04/Nov/2025:14:03:46 +0100] "GET /?path=//proc/self/root/proc/54274/root/opt/alt/alt-nodejs20/root/usr/lib HTTP/2.0" 200 20551 "-" "Mozilla/5.0 AppleWebKit/537.36 (KHTML, like Gecko; compatible; GPTBot/1.2; +https://openai.com/gptbot)"
74.7.227.177 - - [04/Nov/2025:14:03:46 +0100] "GET /461337?fileloc=//proc/net/icmp6&path=//proc/net HTTP/2.0" 200 14824 "-" "Mozilla/5.0 AppleWebKit/537.36 (KHTML, like Gecko; compatible; GPTBot/1.2; +https://openai.com/gptbot)"
74.7.227.240 - - [04/Nov/2025:14:03:46 +0100] "GET /?path=//proc/self/root/proc/67277/root/lib/.build-id/0b HTTP/2.0" 200 34118 "-" "Mozilla/5.0 AppleWebKit/537.36 (KHTML, like Gecko; compatible; GPTBot/1.2; +https://openai.com/gptbot)"
66.249.69.167 - - [04/Nov/2025:14:03:47 +0100] "GET /priority265013660.html?fileloc=/home/opal/public_html/wp-content/psysh_history&path=/home/opal/public_html/wp-content HTTP/1.1" 200 558920 "-" "Mozilla/5.0 (Linux; Android 6.0.1; Nexus 5X Build/MMB29P) AppleWebKit/537.36 (KHTML, like Gecko) Chrome/141.0.7390.122 Mobile Safari/537.36 (compatible; GoogleOther)"
17.241.227.192 - - [04/Nov/2025:14:03:48 +0100] "GET //?p=20944 HTTP/1.1" 200 76365 "-" "Mozilla/5.0 (Macintosh; Intel Mac OS X 10_15_7) AppleWebKit/605.1.15 (KHTML, like Gecko) Version/17.4 Safari/605.1.15 (Applebot/0.1; +http://www.apple.com/go/applebot)"
52.167.144.180 - - [04/Nov/2025:14:03:49 +0100] "GET /?p=22486 HTTP/2.0" 200 13 "-" "Mozilla/5.0 AppleWebKit/537.36 (KHTML, like Gecko; compatible; bingbot/2.0; +http://www.bing.com/bingbot.htm) Chrome/116.0.1938.76 Safari/537.36"
74.7.227.148 - - [04/Nov/2025:14:03:49 +0100] "GET /?path=//opt/alt/python35/lib64/python3.5/site-packages/yaml HTTP/2.0" 200 43922 "-" "Mozilla/5.0 AppleWebKit/537.36 (KHTML, like Gecko; compatible; GPTBot/1.2; +https://openai.com/gptbot)"
74.7.227.36 - - [04/Nov/2025:14:03:49 +0100] "GET /?path=//proc/self/root/proc/54274/root/opt/alt/alt-nodejs20/root/var/mail HTTP/2.0" 200 15917 "-" "Mozilla/5.0 AppleWebKit/537.36 (KHTML, like Gecko; compatible; GPTBot/1.2; +https://openai.com/gptbot)"
74.7.227.240 - - [04/Nov/2025:14:03:49 +0100] "GET /?path=//proc/self/root/proc/67277/root/lib/.build-id/0c HTTP/2.0" 200 53397 "-" "Mozilla/5.0 AppleWebKit/537.36 (KHTML, like Gecko; compatible; GPTBot/1.2; +https://openai.com/gptbot)"
66.249.76.195 - - [04/Nov/2025:14:03:50 +0100] "GET /?w=2674829843548&channel=144e46&from=https://opalaesthetic.net/buy.jsp?latter040001723.html HTTP/1.1" 200 551339 "-" "Mozilla/5.0 (Linux; Android 6.0.1; Nexus 5X Build/MMB29P) AppleWebKit/537.36 (KHTML, like Gecko) Chrome/141.0.7390.122 Mobile Safari/537.36 (compatible; Googlebot/2.1; +http://www.google.com/bot.html)"
74.7.227.177 - - [04/Nov/2025:14:03:50 +0100] "GET /461337?fileloc=//proc/net/fib_trie&path=//proc/net HTTP/2.0" 200 14827 "-" "Mozilla/5.0 AppleWebKit/537.36 (KHTML, like Gecko; compatible; GPTBot/1.2; +https://openai.com/gptbot)"
74.7.227.148 - - [04/Nov/2025:14:03:53 +0100] "GET /?path=//opt/alt/python35/lib64/python3.5/site-packages/coverage HTTP/2.0" 200 69793 "-" "Mozilla/5.0 AppleWebKit/537.36 (KHTML, like Gecko; compatible; GPTBot/1.2; +https://openai.com/gptbot)"
74.7.227.240 - - [04/Nov/2025:14:03:54 +0100] "GET /?path=//proc/self/root/proc/67277/root/lib/.build-id/4f HTTP/2.0" 200 39157 "-" "Mozilla/5.0 AppleWebKit/537.36 (KHTML, like Gecko; compatible; GPTBot/1.2; +https://openai.com/gptbot)"
74.7.227.36 - - [04/Nov/2025:14:03:54 +0100] "GET /?path=//proc/self/root/proc/54274/root/opt/alt/alt-nodejs20/root/usr/src HTTP/2.0" 200 18865 "-" "Mozilla/5.0 AppleWebKit/537.36 (KHTML, like Gecko; compatible; GPTBot/1.2; +https://openai.com/gptbot)"
66.249.76.197 - - [04/Nov/2025:14:03:56 +0100] "GET /manufacturer149047974.html?fileloc=/home/opal/public_html/wp-includes/default-constants.php??sc_e=j_as_cl_ft_n HTTP/1.1" 200 562835 "-" "Mozilla/5.0 (Linux; Android 6.0.1; Nexus 5X Build/MMB29P) AppleWebKit/537.36 (KHTML, like Gecko) Chrome/141.0.7390.122 Mobile Safari/537.36 (compatible; GoogleOther)"
74.7.227.177 - - [04/Nov/2025:14:03:56 +0100] "GET /685580?fileloc=//proc/net/udplite6&path=//proc/net HTTP/2.0" 200 14827 "-" "Mozilla/5.0 AppleWebKit/537.36 (KHTML, like Gecko; compatible; GPTBot/1.2; +https://openai.com/gptbot)"
74.7.227.240 - - [04/Nov/2025:14:03:57 +0100] "GET /?path=//proc/self/root/proc/67277/root/lib/.build-id/c9 HTTP/2.0" 200 37476 "-" "Mozilla/5.0 AppleWebKit/537.36 (KHTML, like Gecko; compatible; GPTBot/1.2; +https://openai.com/gptbot)"
74.7.227.148 - - [04/Nov/2025:14:03:57 +0100] "GET /?path=//opt/alt/python35/lib64/python3.5/site-packages/cffi HTTP/2.0" 200 41532 "-" "Mozilla/5.0 AppleWebKit/537.36 (KHTML, like Gecko; compatible; GPTBot/1.2; +https://openai.com/gptbot)"
66.249.77.34 - - [04/Nov/2025:14:03:58 +0100] "GET /1036022293?detail=1033199710 HTTP/1.1" 200 560468 "-" "Mozilla/5.0 (Linux; Android 6.0.1; Nexus 5X Build/MMB29P) AppleWebKit/537.36 (KHTML, like Gecko) Chrome/141.0.7390.122 Mobile Safari/537.36 (compatible; Googlebot/2.1; +http://www.google.com/bot.html)"
74.7.227.36 - - [04/Nov/2025:14:03:58 +0100] "GET /?path=//proc/self/root/proc/54274/root/opt/alt/alt-nodejs20/root/var/lib HTTP/2.0" 200 20340 "-" "Mozilla/5.0 AppleWebKit/537.36 (KHTML, like Gecko; compatible; GPTBot/1.2; +https://openai.com/gptbot)"
74.7.227.3 - - [04/Nov/2025:14:03:59 +0100] "GET /?path=//opt/alt/python310/lib/python3.10/site-packages/pkg_resources/_vendor HTTP/2.0" 200 23644 "-" "Mozilla/5.0 AppleWebKit/537.36 (KHTML, like Gecko; compatible; GPTBot/1.2; +https://openai.com/gptbot)"
74.7.227.240 - - [04/Nov/2025:14:04:00 +0100] "GET /?path=//proc/self/root/proc/67277/root/lib/.build-id/b3 HTTP/2.0" 200 40837 "-" "Mozilla/5.0 AppleWebKit/537.36 (KHTML, like Gecko; compatible; GPTBot/1.2; +https://openai.com/gptbot)"
74.7.227.177 - - [04/Nov/2025:14:04:00 +0100] "GET /685580?fileloc=//proc/net/nf_conntrack_expect&path=//proc/net HTTP/2.0" 200 12289 "-" "Mozilla/5.0 AppleWebKit/537.36 (KHTML, like Gecko; compatible; GPTBot/1.2; +https://openai.com/gptbot)"
66.249.77.35 - - [04/Nov/2025:14:04:00 +0100] "GET /?e=2788977591256&channel=159e17&from=https://www.opalaesthetic.net/spark.htm?poll083047104.html HTTP/1.1" 200 208023 "-" "Mozilla/5.0 (Linux; Android 6.0.1; Nexus 5X Build/MMB29P) AppleWebKit/537.36 (KHTML, like Gecko) Chrome/141.0.7390.122 Mobile Safari/537.36 (compatible; Googlebot/2.1; +http://www.google.com/bot.html)"
74.7.227.36 - - [04/Nov/2025:14:04:03 +0100] "GET /?path=//proc/self/root/proc/54274/root/opt/alt/alt-nodejs20/root/var/nis HTTP/2.0" 200 15915 "-" "Mozilla/5.0 AppleWebKit/537.36 (KHTML, like Gecko; compatible; GPTBot/1.2; +https://openai.com/gptbot)"
66.249.76.170 - - [04/Nov/2025:14:04:04 +0100] "GET /1035293024?detail=1032472430 HTTP/1.1" 200 557442 "-" "Mozilla/5.0 (Linux; Android 6.0.1; Nexus 5X Build/MMB29P) AppleWebKit/537.36 (KHTML, like Gecko) Chrome/141.0.7390.122 Mobile Safari/537.36 (compatible; Googlebot/2.1; +http://www.google.com/bot.html)"
74.7.227.240 - - [04/Nov/2025:14:04:03 +0100] "GET /?path=//proc/self/root/proc/67277/root/lib/.build-id/9c HTTP/2.0" 200 39159 "-" "Mozilla/5.0 AppleWebKit/537.36 (KHTML, like Gecko; compatible; GPTBot/1.2; +https://openai.com/gptbot)"
74.7.227.177 - - [04/Nov/2025:14:04:05 +0100] "GET /685580?fileloc=//proc/net/sockstat6&path=//proc/net HTTP/2.0" 200 14828 "-" "Mozilla/5.0 AppleWebKit/537.36 (KHTML, like Gecko; compatible; GPTBot/1.2; +https://openai.com/gptbot)"
66.249.76.196 - - [04/Nov/2025:14:04:06 +0100] "GET /?items/pnpjn207/33001?key=miracle HTTP/1.1" 200 560088 "-" "Mozilla/5.0 (Linux; Android 6.0.1; Nexus 5X Build/MMB29P) AppleWebKit/537.36 (KHTML, like Gecko) Chrome/141.0.7390.122 Mobile Safari/537.36 (compatible; Googlebot/2.1; +http://www.google.com/bot.html)"
74.7.227.36 - - [04/Nov/2025:14:04:07 +0100] "GET /?path=//proc/self/root/proc/54274/root/opt/alt/alt-nodejs20/root/var/tmp HTTP/2.0" 200 15915 "-" "Mozilla/5.0 AppleWebKit/537.36 (KHTML, like Gecko; compatible; GPTBot/1.2; +https://openai.com/gptbot)"
66.249.69.168 - - [04/Nov/2025:14:04:08 +0100] "GET /?w=2674829843548&channel=144e46&from=https://opalaesthetic.net/buy.jsp?relatively260024757.html HTTP/1.1" 200 550899 "-" "Mozilla/5.0 (Linux; Android 6.0.1; Nexus 5X Build/MMB29P) AppleWebKit/537.36 (KHTML, like Gecko) Chrome/141.0.7390.122 Mobile Safari/537.36 (compatible; GoogleOther)"
74.7.227.240 - - [04/Nov/2025:14:04:08 +0100] "GET /?path=//proc/self/root/proc/67277/root/lib/.build-id/d3 HTTP/2.0" 200 32443 "-" "Mozilla/5.0 AppleWebKit/537.36 (KHTML, like Gecko; compatible; GPTBot/1.2; +https://openai.com/gptbot)"
74.7.227.3 - - [04/Nov/2025:14:04:08 +0100] "GET /?fileloc=//lib64/libncursesw.so&path=//lib64 HTTP/2.0" 200 14829 "-" "Mozilla/5.0 AppleWebKit/537.36 (KHTML, like Gecko; compatible; GPTBot/1.2; +https://openai.com/gptbot)"
74.7.227.177 - - [04/Nov/2025:14:04:09 +0100] "GET /662363?fileloc=//proc/net/mcfilter6&path=//proc/net HTTP/2.0" 200 14828 "-" "Mozilla/5.0 AppleWebKit/537.36 (KHTML, like Gecko; compatible; GPTBot/1.2; +https://openai.com/gptbot)"
74.7.227.148 - - [04/Nov/2025:14:04:10 +0100] "GET /?fileloc=//opt/alt/python35/lib64/python3.5/site-packages/playhouse/kv.py&path=//opt/alt/python35/lib64/python3.5/site-packages/playhouse HTTP/2.0" 200 20062 "-" "Mozilla/5.0 AppleWebKit/537.36 (KHTML, like Gecko; compatible; GPTBot/1.2; +https://openai.com/gptbot)"
74.7.227.36 - - [04/Nov/2025:14:04:10 +0100] "GET /?path=//proc/self/root/proc/54274/root/opt/alt/alt-nodejs20/root/var/adm HTTP/2.0" 200 15915 "-" "Mozilla/5.0 AppleWebKit/537.36 (KHTML, like Gecko; compatible; GPTBot/1.2; +https://openai.com/gptbot)"
66.249.69.168 - - [04/Nov/2025:14:04:11 +0100] "GET /?w=2674829843548&channel=144e46&from=https://opalaesthetic.net/buy.jsp?alcohol027024756.html HTTP/1.1" 200 554594 "-" "Mozilla/5.0 (Linux; Android 6.0.1; Nexus 5X Build/MMB29P) AppleWebKit/537.36 (KHTML, like Gecko) Chrome/141.0.7390.122 Mobile Safari/537.36 (compatible; Googlebot/2.1; +http://www.google.com/bot.html)"
74.7.227.240 - - [04/Nov/2025:14:04:11 +0100] "GET /?fileloc=//proc/self/root/proc/67277/root/lib/.build-id/0c/2dddfdced44c04b1f6a5466b6e3eeaf5a98222&path=//proc/self/root/proc/67277/root/lib/.build-id/0c HTTP/2.0" 200 800585 "-" "Mozilla/5.0 AppleWebKit/537.36 (KHTML, like Gecko; compatible; GPTBot/1.2; +https://openai.com/gptbot)"
74.7.227.177 - - [04/Nov/2025:14:04:13 +0100] "GET /662363?fileloc=//proc/net/nf_conntrack_expect&path=//proc/net HTTP/2.0" 200 14838 "-" "Mozilla/5.0 AppleWebKit/537.36 (KHTML, like Gecko; compatible; GPTBot/1.2; +https://openai.com/gptbot)"
66.249.76.170 - - [04/Nov/2025:14:04:14 +0100] "GET /1036021024?detail=1033198446 HTTP/1.1" 200 557884 "-" "Mozilla/5.0 (Linux; Android 6.0.1; Nexus 5X Build/MMB29P) AppleWebKit/537.36 (KHTML, like Gecko) Chrome/141.0.7390.122 Mobile Safari/537.36 (compatible; Googlebot/2.1; +http://www.google.com/bot.html)"
74.7.227.36 - - [04/Nov/2025:14:04:14 +0100] "GET /?path=//proc/self/root/proc/54274/root/opt/alt/alt-nodejs20/root/media HTTP/2.0" 200 15828 "-" "Mozilla/5.0 AppleWebKit/537.36 (KHTML, like Gecko; compatible; GPTBot/1.2; +https://openai.com/gptbot)"
74.7.227.3 - - [04/Nov/2025:14:04:15 +0100] "GET /?path=//proc/2589545/root/proc/thread-self/root/usr/lib/firmware/arm/mali/arch10.10 HTTP/2.0" 200 15996 "-" "Mozilla/5.0 AppleWebKit/537.36 (KHTML, like Gecko; compatible; GPTBot/1.2; +https://openai.com/gptbot)"
66.249.76.194 - - [04/Nov/2025:14:04:16 +0100] "GET /?items/euwvg212/3064?fileloc=/home/opal/public_html/.htaccess&path=/home/opal/public_html HTTP/1.1" 200 560595 "-" "Mozilla/5.0 (Linux; Android 6.0.1; Nexus 5X Build/MMB29P) AppleWebKit/537.36 (KHTML, like Gecko) Chrome/141.0.7390.122 Mobile Safari/537.36 (compatible; Googlebot/2.1; +http://www.google.com/bot.html)"
74.7.227.240 - - [04/Nov/2025:14:04:15 +0100] "GET /?path=//proc/self/root/proc/67277/root/lib/.build-id/9d HTTP/2.0" 200 39967 "-" "Mozilla/5.0 AppleWebKit/537.36 (KHTML, like Gecko; compatible; GPTBot/1.2; +https://openai.com/gptbot)"
74.7.227.177 - - [04/Nov/2025:14:04:16 +0100] "GET /685580?fileloc=//proc/net/mcfilter6&path=//proc/net HTTP/2.0" 200 14828 "-" "Mozilla/5.0 AppleWebKit/537.36 (KHTML, like Gecko; compatible; GPTBot/1.2; +https://openai.com/gptbot)"
74.7.227.36 - - [04/Nov/2025:14:04:19 +0100] "GET /?path=//proc/self/root/proc/54274/root/opt/alt/alt-nodejs20/root/bin HTTP/2.0" 200 27064 "-" "Mozilla/5.0 AppleWebKit/537.36 (KHTML, like Gecko; compatible; GPTBot/1.2; +https://openai.com/gptbot)"
74.7.227.240 - - [04/Nov/2025:14:04:19 +0100] "GET /?path=//proc/self/root/proc/67277/root/lib/.build-id/c3 HTTP/2.0" 200 41644 "-" "Mozilla/5.0 AppleWebKit/537.36 (KHTML, like Gecko; compatible; GPTBot/1.2; +https://openai.com/gptbot)"
74.7.227.3 - - [04/Nov/2025:14:04:20 +0100] "GET /?path=//opt/alt/python313/lib/python3.13/site-packages/pkg_resources/_vendor HTTP/2.0" 200 29718 "-" "Mozilla/5.0 AppleWebKit/537.36 (KHTML, like Gecko; compatible; GPTBot/1.2; +https://openai.com/gptbot)"
74.7.227.177 - - [04/Nov/2025:14:04:20 +0100] "GET /685580?fileloc=//proc/net/connector&path=//proc/net HTTP/2.0" 200 14828 "-" "Mozilla/5.0 AppleWebKit/537.36 (KHTML, like Gecko; compatible; GPTBot/1.2; +https://openai.com/gptbot)"
69.197.179.242 - - [04/Nov/2025:14:02:55 +0100] "GET /wp-includes/qqe586cc/index.php?id=968360 HTTP/1.1" 200 - "https://opalaesthetic.net/wp-includes/qqe586cc/index.php?id=968360" "Mozilla/5.0 (Windows NT 10.0; Win64; x64) AppleWebKit/537.36 (KHTML, like Gecko) Chrome/58.0.3029.110 Safari/537.3"
74.7.227.240 - - [04/Nov/2025:14:04:22 +0100] "GET /?path=//proc/self/root/proc/67277/root/lib/.build-id/8c HTTP/2.0" 200 34117 "-" "Mozilla/5.0 AppleWebKit/537.36 (KHTML, like Gecko; compatible; GPTBot/1.2; +https://openai.com/gptbot)"
74.7.227.36 - - [04/Nov/2025:14:04:22 +0100] "GET /?path=//proc/self/root/proc/53872/root/opt/alt/alt-nodejs16/root/usr/lib HTTP/2.0" 200 16352 "-" "Mozilla/5.0 AppleWebKit/537.36 (KHTML, like Gecko; compatible; GPTBot/1.2; +https://openai.com/gptbot)"
66.249.77.33 - - [04/Nov/2025:14:04:22 +0100] "GET /ownership168018935.html HTTP/1.1" 200 554130 "-" "Mozilla/5.0 (Linux; Android 6.0.1; Nexus 5X Build/MMB29P) AppleWebKit/537.36 (KHTML, like Gecko) Chrome/141.0.7390.122 Mobile Safari/537.36 (compatible; Googlebot/2.1; +http://www.google.com/bot.html)"
74.7.227.240 - - [04/Nov/2025:14:04:24 +0100] "GET /?path=//proc/self/root/proc/67277/root/lib/.build-id/3e HTTP/2.0" 200 34117 "-" "Mozilla/5.0 AppleWebKit/537.36 (KHTML, like Gecko; compatible; GPTBot/1.2; +https://openai.com/gptbot)"
74.7.227.177 - - [04/Nov/2025:14:04:25 +0100] "GET /662363?fileloc=//proc/net/sockstat6&path=//proc/net HTTP/2.0" 200 14828 "-" "Mozilla/5.0 AppleWebKit/537.36 (KHTML, like Gecko; compatible; GPTBot/1.2; +https://openai.com/gptbot)"
74.7.227.36 - - [04/Nov/2025:14:04:25 +0100] "GET /?path=//proc/self/root/proc/54274/root/opt/cpanel/ea-ruby27/root/tmp HTTP/2.0" 200 15827 "-" "Mozilla/5.0 AppleWebKit/537.36 (KHTML, like Gecko; compatible; GPTBot/1.2; +https://openai.com/gptbot)"
69.197.179.242 - - [04/Nov/2025:14:02:59 +0100] "GET /wp-content/ad1f3ec7/edit.php?id=235796 HTTP/1.1" 200 - "https://opalaesthetic.net/wp-content/ad1f3ec7/edit.php?id=235796" "Mozilla/5.0 (Windows NT 10.0; Win64; x64) AppleWebKit/537.36 (KHTML, like Gecko) Chrome/58.0.3029.110 Safari/537.3"
74.7.227.240 - - [04/Nov/2025:14:04:26 +0100] "GET /?path=//proc/self/root/proc/67277/root/lib/.build-id/5d HTTP/2.0" 200 39157 "-" "Mozilla/5.0 AppleWebKit/537.36 (KHTML, like Gecko; compatible; GPTBot/1.2; +https://openai.com/gptbot)"
74.7.227.177 - - [04/Nov/2025:14:04:27 +0100] "GET /662363?fileloc=//proc/net/connector&path=//proc/net HTTP/2.0" 200 14828 "-" "Mozilla/5.0 AppleWebKit/537.36 (KHTML, like Gecko; compatible; GPTBot/1.2; +https://openai.com/gptbot)"
74.7.227.240 - - [04/Nov/2025:14:04:28 +0100] "GET /?path=//proc/self/root/proc/67277/root/lib/.build-id/4b HTTP/2.0" 200 45867 "-" "Mozilla/5.0 AppleWebKit/537.36 (KHTML, like Gecko; compatible; GPTBot/1.2; +https://openai.com/gptbot)"
74.7.227.148 - - [04/Nov/2025:14:04:28 +0100] "GET /?path=//opt/alt/python35/lib64/python3.5/site-packages/yarl HTTP/2.0" 200 24109 "-" "Mozilla/5.0 AppleWebKit/537.36 (KHTML, like Gecko; compatible; GPTBot/1.2; +https://openai.com/gptbot)"
74.7.227.36 - - [04/Nov/2025:14:04:28 +0100] "GET /?path=//proc/self/root/proc/53872/root/opt/alt/alt-nodejs20/root/usr/lib HTTP/2.0" 200 20551 "-" "Mozilla/5.0 AppleWebKit/537.36 (KHTML, like Gecko; compatible; GPTBot/1.2; +https://openai.com/gptbot)"
74.7.227.177 - - [04/Nov/2025:14:04:30 +0100] "GET /662363?fileloc=//proc/net/protocols&path=//proc/net HTTP/2.0" 200 14828 "-" "Mozilla/5.0 AppleWebKit/537.36 (KHTML, like Gecko; compatible; GPTBot/1.2; +https://openai.com/gptbot)"
74.7.227.240 - - [04/Nov/2025:14:04:31 +0100] "GET /?path=//proc/self/root/proc/67277/root/lib/.build-id/b9 HTTP/2.0" 200 42513 "-" "Mozilla/5.0 AppleWebKit/537.36 (KHTML, like Gecko; compatible; GPTBot/1.2; +https://openai.com/gptbot)"
66.249.76.194 - - [04/Nov/2025:14:04:30 +0100] "GET /?w=2674829843548&channel=144e46&from=https://opalaesthetic.net/buy.jsp?residence250038787.html HTTP/1.1" 200 203759 "-" "Mozilla/5.0 (Linux; Android 6.0.1; Nexus 5X Build/MMB29P) AppleWebKit/537.36 (KHTML, like Gecko) Chrome/141.0.7390.122 Mobile Safari/537.36 (compatible; Googlebot/2.1; +http://www.google.com/bot.html)"
74.7.227.36 - - [04/Nov/2025:14:04:32 +0100] "GET /?path=//proc/self/root/proc/53872/root/opt/cpanel/ea-php70/root/var/nis HTTP/2.0" 200 15913 "-" "Mozilla/5.0 AppleWebKit/537.36 (KHTML, like Gecko; compatible; GPTBot/1.2; +https://openai.com/gptbot)"
74.7.227.240 - - [04/Nov/2025:14:04:32 +0100] "GET /?path=//proc/self/root/proc/67277/root/lib/.build-id/f8 HTTP/2.0" 200 34114 "-" "Mozilla/5.0 AppleWebKit/537.36 (KHTML, like Gecko; compatible; GPTBot/1.2; +https://openai.com/gptbot)"
74.7.227.177 - - [04/Nov/2025:14:04:33 +0100] "GET /685580?fileloc=//proc/net/protocols&path=//proc/net HTTP/2.0" 200 14828 "-" "Mozilla/5.0 AppleWebKit/537.36 (KHTML, like Gecko; compatible; GPTBot/1.2; +https://openai.com/gptbot)"
74.7.227.36 - - [04/Nov/2025:14:04:35 +0100] "GET /?path=//proc/self/root/proc/54274/root/opt/cpanel/ea-openssl11/etc/pki HTTP/2.0" 200 17293 "-" "Mozilla/5.0 AppleWebKit/537.36 (KHTML, like Gecko; compatible; GPTBot/1.2; +https://openai.com/gptbot)"
74.7.227.148 - - [04/Nov/2025:14:04:35 +0100] "GET /?path=//opt/alt/python35/lib64/python3.5/site-packages/curl HTTP/2.0" 200 18602 "-" "Mozilla/5.0 AppleWebKit/537.36 (KHTML, like Gecko; compatible; GPTBot/1.2; +https://openai.com/gptbot)"
74.7.227.240 - - [04/Nov/2025:14:04:35 +0100] "GET /?path=//proc/self/root/proc/67277/root/lib/.build-id/4e HTTP/2.0" 200 31568 "-" "Mozilla/5.0 AppleWebKit/537.36 (KHTML, like Gecko; compatible; GPTBot/1.2; +https://openai.com/gptbot)"
74.7.227.177 - - [04/Nov/2025:14:04:36 +0100] "GET /662363?fileloc=//proc/net/ip_mr_cache&path=//proc/net HTTP/2.0" 200 14830 "-" "Mozilla/5.0 AppleWebKit/537.36 (KHTML, like Gecko; compatible; GPTBot/1.2; +https://openai.com/gptbot)"
66.249.77.35 - - [04/Nov/2025:14:04:37 +0100] "GET /1036022628?detail=1033200046 HTTP/1.1" 200 554183 "-" "Mozilla/5.0 (Linux; Android 6.0.1; Nexus 5X Build/MMB29P) AppleWebKit/537.36 (KHTML, like Gecko) Chrome/141.0.7390.122 Mobile Safari/537.36 (compatible; Googlebot/2.1; +http://www.google.com/bot.html)"
74.7.227.3 - - [04/Nov/2025:14:04:38 +0100] "GET /?path=//opt/alt/python311/lib/python3.11/site-packages/pkg_resources/_vendor/importlib_resources HTTP/2.0" 200 32948 "-" "Mozilla/5.0 AppleWebKit/537.36 (KHTML, like Gecko; compatible; GPTBot/1.2; +https://openai.com/gptbot)"
74.7.227.36 - - [04/Nov/2025:14:04:38 +0100] "GET /?path=//proc/self/root/proc/67277/root/opt/alt/alt-nodejs16/root/srv HTTP/2.0" 200 13275 "-" "Mozilla/5.0 AppleWebKit/537.36 (KHTML, like Gecko; compatible; GPTBot/1.2; +https://openai.com/gptbot)"
66.249.77.33 - - [04/Nov/2025:14:04:39 +0100] "GET /category/187/1/listing HTTP/1.1" 200 557406 "-" "Mozilla/5.0 (Linux; Android 6.0.1; Nexus 5X Build/MMB29P) AppleWebKit/537.36 (KHTML, like Gecko) Chrome/141.0.7390.122 Mobile Safari/537.36 (compatible; Googlebot/2.1; +http://www.google.com/bot.html)"
74.7.227.240 - - [04/Nov/2025:14:04:38 +0100] "GET /?path=//proc/self/root/proc/67277/root/lib/.build-id/c8 HTTP/2.0" 200 33254 "-" "Mozilla/5.0 AppleWebKit/537.36 (KHTML, like Gecko; compatible; GPTBot/1.2; +https://openai.com/gptbot)"
66.249.77.33 - - [04/Nov/2025:14:04:41 +0100] "GET /tell181026140.html HTTP/1.1" 200 551677 "-" "Mozilla/5.0 (Linux; Android 6.0.1; Nexus 5X Build/MMB29P) AppleWebKit/537.36 (KHTML, like Gecko) Chrome/141.0.7390.122 Mobile Safari/537.36 (compatible; Googlebot/2.1; +http://www.google.com/bot.html)"
74.7.227.177 - - [04/Nov/2025:14:04:40 +0100] "GET /685580?fileloc=//bin/base64&path=//bin HTTP/2.0" 200 76522 "-" "Mozilla/5.0 AppleWebKit/537.36 (KHTML, like Gecko; compatible; GPTBot/1.2; +https://openai.com/gptbot)"
74.7.227.148 - - [04/Nov/2025:14:04:41 +0100] "GET /?path=//opt/alt/python36/lib64/python3.6/venv/scripts HTTP/2.0" 200 18371 "-" "Mozilla/5.0 AppleWebKit/537.36 (KHTML, like Gecko; compatible; GPTBot/1.2; +https://openai.com/gptbot)"
74.7.227.240 - - [04/Nov/2025:14:04:42 +0100] "GET /?path=//proc/self/root/proc/67277/root/lib/firmware/edgeport HTTP/2.0" 200 20999 "-" "Mozilla/5.0 AppleWebKit/537.36 (KHTML, like Gecko; compatible; GPTBot/1.2; +https://openai.com/gptbot)"
74.7.227.36 - - [04/Nov/2025:14:04:43 +0100] "GET /?path=//proc/self/root/proc/53872/root/opt/cpanel/ea-php54/root/sbin HTTP/2.0" 200 15825 "-" "Mozilla/5.0 AppleWebKit/537.36 (KHTML, like Gecko; compatible; GPTBot/1.2; +https://openai.com/gptbot)"
74.7.227.177 - - [04/Nov/2025:14:04:43 +0100] "GET /662363?fileloc=//proc/net/nf_conntrack&path=//proc/net HTTP/2.0" 200 14831 "-" "Mozilla/5.0 AppleWebKit/537.36 (KHTML, like Gecko; compatible; GPTBot/1.2; +https://openai.com/gptbot)"
66.249.69.169 - - [04/Nov/2025:14:04:43 +0100] "GET /?w=2674829843548&channel=144e46&from=https://opalaesthetic.net/buy.jsp?feather249007806.html HTTP/1.1" 200 555456 "-" "Mozilla/5.0 (Linux; Android 6.0.1; Nexus 5X Build/MMB29P) AppleWebKit/537.36 (KHTML, like Gecko) Chrome/141.0.7390.122 Mobile Safari/537.36 (compatible; Googlebot/2.1; +http://www.google.com/bot.html)"
74.7.227.240 - - [04/Nov/2025:14:04:45 +0100] "GET /?path=//proc/self/root/proc/67277/root/lib/firmware/liquidio HTTP/2.0" 200 22108 "-" "Mozilla/5.0 AppleWebKit/537.36 (KHTML, like Gecko; compatible; GPTBot/1.2; +https://openai.com/gptbot)"
66.249.76.196 - - [04/Nov/2025:14:04:46 +0100] "GET /manufacturer149047974.html?fileloc=/home/opal/public_html/wp-includes/default-constants.php?guide/policy/regulation.html HTTP/1.1" 200 563622 "-" "Mozilla/5.0 (Linux; Android 6.0.1; Nexus 5X Build/MMB29P) AppleWebKit/537.36 (KHTML, like Gecko) Chrome/141.0.7390.122 Mobile Safari/537.36 (compatible; GoogleOther)"
74.7.227.3 - - [04/Nov/2025:14:04:46 +0100] "GET /?path=//opt/alt/python312/lib/python3.12/site-packages/pkg_resources/_vendor/importlib_resources HTTP/2.0" 200 34666 "-" "Mozilla/5.0 AppleWebKit/537.36 (KHTML, like Gecko; compatible; GPTBot/1.2; +https://openai.com/gptbot)"
74.7.227.36 - - [04/Nov/2025:14:04:48 +0100] "GET /?path=//proc/self/root/proc/67277/root/opt/alt/alt-nodejs19/root/var/db HTTP/2.0" 200 15913 "-" "Mozilla/5.0 AppleWebKit/537.36 (KHTML, like Gecko; compatible; GPTBot/1.2; +https://openai.com/gptbot)"
74.7.227.177 - - [04/Nov/2025:14:04:48 +0100] "GET /685580?fileloc=//proc/net/softnet_stat&path=//proc/net HTTP/2.0" 200 14831 "-" "Mozilla/5.0 AppleWebKit/537.36 (KHTML, like Gecko; compatible; GPTBot/1.2; +https://openai.com/gptbot)"
74.7.227.148 - - [04/Nov/2025:14:04:48 +0100] "GET /?path=//opt/alt/python35/lib64/python3.5/site-packages/numpy/compat HTTP/2.0" 200 21026 "-" "Mozilla/5.0 AppleWebKit/537.36 (KHTML, like Gecko; compatible; GPTBot/1.2; +https://openai.com/gptbot)"
74.7.227.240 - - [04/Nov/2025:14:04:49 +0100] "GET /?path=//proc/self/root/proc/54274/root/etc/mail/spamassassin HTTP/2.0" 200 48993 "-" "Mozilla/5.0 AppleWebKit/537.36 (KHTML, like Gecko; compatible; GPTBot/1.2; +https://openai.com/gptbot)"
66.249.77.33 - - [04/Nov/2025:14:04:48 +0100] "GET /1036014574?detail=1033192014 HTTP/1.1" 200 549937 "-" "Mozilla/5.0 (Linux; Android 6.0.1; Nexus 5X Build/MMB29P) AppleWebKit/537.36 (KHTML, like Gecko) Chrome/141.0.7390.122 Mobile Safari/537.36 (compatible; Googlebot/2.1; +http://www.google.com/bot.html)"
155.212.36.122 - - [04/Nov/2025:14:04:52 +0100] "GET /wp-login.php HTTP/2.0" 200 76365 "-" "Mozilla/5.0 (Macintosh; Intel Mac OS X 13_5) AppleWebKit/605.1.15 (KHTML, like Gecko) Version/17.5 Safari/605.1.15"
74.7.227.177 - - [04/Nov/2025:14:04:52 +0100] "GET /662363?fileloc=//proc/net/softnet_stat&path=//proc/net HTTP/2.0" 200 14831 "-" "Mozilla/5.0 AppleWebKit/537.36 (KHTML, like Gecko; compatible; GPTBot/1.2; +https://openai.com/gptbot)"
74.7.227.36 - - [04/Nov/2025:14:04:52 +0100] "GET /?path=//proc/self/root/proc/67277/root/opt/alt/alt-nodejs18/root/etc/pki HTTP/2.0" 200 15915 "-" "Mozilla/5.0 AppleWebKit/537.36 (KHTML, like Gecko; compatible; GPTBot/1.2; +https://openai.com/gptbot)"
74.7.227.3 - - [04/Nov/2025:14:04:52 +0100] "GET /?path=//opt/alt/python310/lib/python3.10/site-packages/pkg_resources/_vendor/packaging HTTP/2.0" 200 35957 "-" "Mozilla/5.0 AppleWebKit/537.36 (KHTML, like Gecko; compatible; GPTBot/1.2; +https://openai.com/gptbot)"
74.7.227.240 - - [04/Nov/2025:14:04:53 +0100] "GET /?path=//proc/self/root/proc/67277/root/lib/firmware/rockchip HTTP/2.0" 200 17239 "-" "Mozilla/5.0 AppleWebKit/537.36 (KHTML, like Gecko; compatible; GPTBot/1.2; +https://openai.com/gptbot)"
74.7.227.148 - - [04/Nov/2025:14:04:53 +0100] "GET /?path=//opt/alt/python35/lib64/python3.5/site-packages/numpy/lib HTTP/2.0" 200 57893 "-" "Mozilla/5.0 AppleWebKit/537.36 (KHTML, like Gecko; compatible; GPTBot/1.2; +https://openai.com/gptbot)"
66.249.77.35 - - [04/Nov/2025:14:04:56 +0100] "GET /items/scszi201/24169?key=impression HTTP/1.1" 200 553075 "-" "Mozilla/5.0 (Linux; Android 6.0.1; Nexus 5X Build/MMB29P) AppleWebKit/537.36 (KHTML, like Gecko) Chrome/141.0.7390.122 Mobile Safari/537.36 (compatible; Googlebot/2.1; +http://www.google.com/bot.html)"
155.212.36.122 - - [04/Nov/2025:14:04:54 +0100] "POST /xmlrpc.php HTTP/2.0" 403 76365 "-" "Mozilla/5.0 (Windows NT 10.0; Win64; x64) AppleWebKit/537.36 (KHTML, like Gecko) Chrome/124.0.6367.207 Safari/537.36"
74.7.227.36 - - [04/Nov/2025:14:04:57 +0100] "GET /?path=//proc/self/root/proc/53872/root/opt/alt/alt-nodejs18/root/var/log HTTP/2.0" 200 15915 "-" "Mozilla/5.0 AppleWebKit/537.36 (KHTML, like Gecko; compatible; GPTBot/1.2; +https://openai.com/gptbot)"
74.7.227.240 - - [04/Nov/2025:14:04:58 +0100] "GET /?path=//proc/self/root/proc/67277/root/lib/firmware/libertas HTTP/2.0" 200 44527 "-" "Mozilla/5.0 AppleWebKit/537.36 (KHTML, like Gecko; compatible; GPTBot/1.2; +https://openai.com/gptbot)"
74.7.227.177 - - [04/Nov/2025:14:04:58 +0100] "GET /685580?fileloc=//proc/net/nf_conntrack&path=//proc/net HTTP/2.0" 200 14831 "-" "Mozilla/5.0 AppleWebKit/537.36 (KHTML, like Gecko; compatible; GPTBot/1.2; +https://openai.com/gptbot)"
74.7.227.3 - - [04/Nov/2025:14:04:59 +0100] "GET /?path=//proc/2589545/root/proc/self/root/opt/cloudlinux/alt-php71/root HTTP/2.0" 200 15779 "-" "Mozilla/5.0 AppleWebKit/537.36 (KHTML, like Gecko; compatible; GPTBot/1.2; +https://openai.com/gptbot)"
130.49.79.168 - - [04/Nov/2025:14:04:59 +0100] "POST /xmlrpc.php HTTP/2.0" 403 76365 "-" "Mozilla/5.0 (Windows NT 10.0; Win64; x64) AppleWebKit/537.36 (KHTML, like Gecko) Chrome/124.0.6367.207 Safari/537.36"
66.249.69.169 - - [04/Nov/2025:14:04:58 +0100] "GET /?items/lhjmt97/23681?key=Thanksgiving HTTP/1.1" 200 549175 "-" "Mozilla/5.0 (Linux; Android 6.0.1; Nexus 5X Build/MMB29P) AppleWebKit/537.36 (KHTML, like Gecko) Chrome/141.0.7390.122 Mobile Safari/537.36 (compatible; Googlebot/2.1; +http://www.google.com/bot.html)"
74.7.227.148 - - [04/Nov/2025:14:05:00 +0100] "GET /?path=//opt/alt/python35/lib64/python3.5/site-packages/numpy/linalg HTTP/2.0" 200 28520 "-" "Mozilla/5.0 AppleWebKit/537.36 (KHTML, like Gecko; compatible; GPTBot/1.2; +https://openai.com/gptbot)"
74.7.227.36 - - [04/Nov/2025:14:05:01 +0100] "GET /?path=//proc/self/root/proc/54274/root/opt/cpanel/ea-php83/root/var/empty HTTP/2.0" 200 15917 "-" "Mozilla/5.0 AppleWebKit/537.36 (KHTML, like Gecko; compatible; GPTBot/1.2; +https://openai.com/gptbot)"
74.7.227.240 - - [04/Nov/2025:14:05:01 +0100] "GET /?path=//proc/self/root/proc/67277/root/lib/firmware/aeonsemi HTTP/2.0" 200 14715 "-" "Mozilla/5.0 AppleWebKit/537.36 (KHTML, like Gecko; compatible; GPTBot/1.2; +https://openai.com/gptbot)"
66.249.77.35 - - [04/Nov/2025:14:05:02 +0100] "GET /1036028677?detail=1033206078 HTTP/1.1" 200 552525 "-" "Mozilla/5.0 (Linux; Android 6.0.1; Nexus 5X Build/MMB29P) AppleWebKit/537.36 (KHTML, like Gecko) Chrome/141.0.7390.122 Mobile Safari/537.36 (compatible; Googlebot/2.1; +http://www.google.com/bot.html)"
74.7.227.177 - - [04/Nov/2025:14:05:02 +0100] "GET /662363?fileloc=//proc/net/fib_triestat&path=//proc/net HTTP/2.0" 200 14831 "-" "Mozilla/5.0 AppleWebKit/537.36 (KHTML, like Gecko; compatible; GPTBot/1.2; +https://openai.com/gptbot)"
146.19.78.194 - - [04/Nov/2025:14:05:02 +0100] "POST /xmlrpc.php HTTP/2.0" 403 76365 "-" "Mozilla/5.0 (Macintosh; Intel Mac OS X 13_5) AppleWebKit/605.1.15 (KHTML, like Gecko) Version/17.5 Safari/605.1.15"
74.7.227.240 - - [04/Nov/2025:14:05:05 +0100] "GET /?fileloc=//proc/self/root/proc/54274/root/etc/mail/spamassassin/deadweight2_meta.cf&path=//proc/self/root/proc/54274/root/etc/mail/spamassassin HTTP/2.0" 200 48452 "-" "Mozilla/5.0 AppleWebKit/537.36 (KHTML, like Gecko; compatible; GPTBot/1.2; +https://openai.com/gptbot)"
74.7.227.3 - - [04/Nov/2025:14:05:05 +0100] "GET /?path=//opt/alt/python312/lib/python3.12/site-packages/pkg_resources/_vendor/platformdirs HTTP/2.0" 200 32619 "-" "Mozilla/5.0 AppleWebKit/537.36 (KHTML, like Gecko; compatible; GPTBot/1.2; +https://openai.com/gptbot)"
74.7.227.36 - - [04/Nov/2025:14:05:06 +0100] "GET /?path=//proc/self/root/proc/53872/root/opt/alt/alt-nodejs18/root/usr/bin HTTP/2.0" 200 43493 "-" "Mozilla/5.0 AppleWebKit/537.36 (KHTML, like Gecko; compatible; GPTBot/1.2; +https://openai.com/gptbot)"
45.138.100.227 - - [04/Nov/2025:14:05:08 +0100] "POST /xmlrpc.php HTTP/2.0" 403 76365 "-" "Mozilla/5.0 (Windows NT 10.0; Win64; x64) AppleWebKit/537.36 (KHTML, like Gecko) Chrome/124.0.6367.207 Safari/537.36"
74.7.227.148 - - [04/Nov/2025:14:05:08 +0100] "GET /?path=//opt/alt/python35/lib64/python3.5/pydoc_data/__pycache__ HTTP/2.0" 200 25543 "-" "Mozilla/5.0 AppleWebKit/537.36 (KHTML, like Gecko; compatible; GPTBot/1.2; +https://openai.com/gptbot)"
74.7.227.240 - - [04/Nov/2025:14:05:08 +0100] "GET /?path=//proc/self/root/proc/67277/root/lib/.build-id/08 HTTP/2.0" 200 34120 "-" "Mozilla/5.0 AppleWebKit/537.36 (KHTML, like Gecko; compatible; GPTBot/1.2; +https://openai.com/gptbot)"
66.249.76.194 - - [04/Nov/2025:14:05:10 +0100] "GET /?w=2674829843548&channel=144e46&from=https://opalaesthetic.net/buy.jsp?consciousness255013968.html HTTP/1.1" 200 561993 "-" "Mozilla/5.0 (Linux; Android 6.0.1; Nexus 5X Build/MMB29P) AppleWebKit/537.36 (KHTML, like Gecko) Chrome/141.0.7390.122 Mobile Safari/537.36 (compatible; Googlebot/2.1; +http://www.google.com/bot.html)"
74.7.227.177 - - [04/Nov/2025:14:05:08 +0100] "GET /685580?fileloc=//proc/net/igmp&path=//proc/net HTTP/2.0" 200 14823 "-" "Mozilla/5.0 AppleWebKit/537.36 (KHTML, like Gecko; compatible; GPTBot/1.2; +https://openai.com/gptbot)"
74.7.227.36 - - [04/Nov/2025:14:05:11 +0100] "GET /?path=//proc/self/root/proc/67277/root/opt/alt/alt-nodejs18/root/media HTTP/2.0" 200 15828 "-" "Mozilla/5.0 AppleWebKit/537.36 (KHTML, like Gecko; compatible; GPTBot/1.2; +https://openai.com/gptbot)"
45.66.209.186 - - [04/Nov/2025:14:05:12 +0100] "POST /xmlrpc.php HTTP/2.0" 403 76365 "-" "Mozilla/5.0 (Macintosh; Intel Mac OS X 13_5) AppleWebKit/605.1.15 (KHTML, like Gecko) Version/17.5 Safari/605.1.15"
74.7.227.240 - - [04/Nov/2025:14:05:12 +0100] "GET /?path=//proc/self/root/proc/67277/root/lib/firmware/mediatek HTTP/2.0" 200 123546 "-" "Mozilla/5.0 AppleWebKit/537.36 (KHTML, like Gecko; compatible; GPTBot/1.2; +https://openai.com/gptbot)"
74.7.227.3 - - [04/Nov/2025:14:05:12 +0100] "GET /?path=//opt/alt/python313/lib/python3.13/site-packages/pkg_resources/_vendor/platformdirs HTTP/2.0" 200 32619 "-" "Mozilla/5.0 AppleWebKit/537.36 (KHTML, like Gecko; compatible; GPTBot/1.2; +https://openai.com/gptbot)"
74.7.227.148 - - [04/Nov/2025:14:05:14 +0100] "GET /?path=//opt/alt/python35/lib64/python3.5/site-packages/coverage/htmlfiles HTTP/2.0" 200 33938 "-" "Mozilla/5.0 AppleWebKit/537.36 (KHTML, like Gecko; compatible; GPTBot/1.2; +https://openai.com/gptbot)"
193.233.88.69 - - [04/Nov/2025:14:05:15 +0100] "POST /xmlrpc.php HTTP/2.0" 403 76365 "-" "Mozilla/5.0 (Windows NT 10.0; Win64; x64; rv:127.0) Gecko/20100101 Firefox/127.0"
74.7.227.177 - - [04/Nov/2025:14:05:15 +0100] "GET /685580?fileloc=//proc/net/ip_mr_cache&path=//proc/net HTTP/2.0" 200 14830 "-" "Mozilla/5.0 AppleWebKit/537.36 (KHTML, like Gecko; compatible; GPTBot/1.2; +https://openai.com/gptbot)"
74.7.227.36 - - [04/Nov/2025:14:05:16 +0100] "GET /?path=//proc/self/root/proc/53872/root/opt/cpanel/ea-php74/root/usr/bin HTTP/2.0" 200 32046 "-" "Mozilla/5.0 AppleWebKit/537.36 (KHTML, like Gecko; compatible; GPTBot/1.2; +https://openai.com/gptbot)"
66.249.76.170 - - [04/Nov/2025:14:05:16 +0100] "GET /1036031550?detail=1033208942 HTTP/1.1" 200 563454 "-" "Mozilla/5.0 (Linux; Android 6.0.1; Nexus 5X Build/MMB29P) AppleWebKit/537.36 (KHTML, like Gecko) Chrome/141.0.7390.122 Mobile Safari/537.36 (compatible; Googlebot/2.1; +http://www.google.com/bot.html)"
74.7.227.240 - - [04/Nov/2025:14:05:16 +0100] "GET /?path=//proc/self/root/proc/67277/root/lib/firmware/mellanox HTTP/2.0" 200 136223 "-" "Mozilla/5.0 AppleWebKit/537.36 (KHTML, like Gecko; compatible; GPTBot/1.2; +https://openai.com/gptbot)"
193.151.188.137 - - [04/Nov/2025:14:05:18 +0100] "POST /xmlrpc.php HTTP/2.0" 403 76365 "-" "Mozilla/5.0 (Windows NT 10.0; Win64; x64; rv:127.0) Gecko/20100101 Firefox/127.0"
74.7.227.148 - - [04/Nov/2025:14:05:19 +0100] "GET /?path=//opt/alt/python35/lib64/python3.5/site-packages/cairo HTTP/2.0" 200 20311 "-" "Mozilla/5.0 AppleWebKit/537.36 (KHTML, like Gecko; compatible; GPTBot/1.2; +https://openai.com/gptbot)"
74.7.227.3 - - [04/Nov/2025:14:05:19 +0100] "GET /?path=//proc/2589545/root/usr/lib/firmware/nvidia HTTP/2.0" 200 12978 "-" "Mozilla/5.0 AppleWebKit/537.36 (KHTML, like Gecko; compatible; GPTBot/1.2; +https://openai.com/gptbot)"
74.7.227.240 - - [04/Nov/2025:14:05:20 +0100] "GET /?path=//proc/self/root/proc/67277/root/lib/.build-id/46 HTTP/2.0" 200 39165 "-" "Mozilla/5.0 AppleWebKit/537.36 (KHTML, like Gecko; compatible; GPTBot/1.2; +https://openai.com/gptbot)"
74.7.227.177 - - [04/Nov/2025:14:05:20 +0100] "GET /662363?fileloc=//proc/net/snmp&path=//proc/net HTTP/2.0" 200 14823 "-" "Mozilla/5.0 AppleWebKit/537.36 (KHTML, like Gecko; compatible; GPTBot/1.2; +https://openai.com/gptbot)"
74.7.227.36 - - [04/Nov/2025:14:05:21 +0100] "GET /?path=//proc/self/root/proc/67277/root/opt/alt/alt-nodejs20/root/media HTTP/2.0" 200 15828 "-" "Mozilla/5.0 AppleWebKit/537.36 (KHTML, like Gecko; compatible; GPTBot/1.2; +https://openai.com/gptbot)"
122.8.92.210 - - [04/Nov/2025:14:05:21 +0100] "POST /xmlrpc.php HTTP/2.0" 403 76365 "-" "Mozilla/5.0 (Windows NT 10.0; Win64; x64) AppleWebKit/537.36 (KHTML, like Gecko) Chrome/124.0.6367.207 Safari/537.36"
162.144.37.46 - - [04/Nov/2025:14:05:22 +0100] "POST /xmlrpc.php HTTP/2.0" 403 76365 "-" "Mozilla/5.0 (Windows NT 6.1; WOW64; Trident/7.0; yie9; rv:11.0) like Gecko"
74.7.227.148 - - [04/Nov/2025:14:05:24 +0100] "GET /?path=//opt/alt/python36/lib64/python3.6/Tools/freeze HTTP/2.0" 200 37824 "-" "Mozilla/5.0 AppleWebKit/537.36 (KHTML, like Gecko; compatible; GPTBot/1.2; +https://openai.com/gptbot)"
66.249.77.33 - - [04/Nov/2025:14:05:24 +0100] "GET /1036020077?detail=1033197502 HTTP/1.1" 200 553444 "-" "Mozilla/5.0 (Linux; Android 6.0.1; Nexus 5X Build/MMB29P) AppleWebKit/537.36 (KHTML, like Gecko) Chrome/141.0.7390.122 Mobile Safari/537.36 (compatible; Googlebot/2.1; +http://www.google.com/bot.html)"
74.7.227.3 - - [04/Nov/2025:14:05:25 +0100] "GET /?path=//opt/alt/python311/lib/python3.11/site-packages/pkg_resources/_vendor/packaging HTTP/2.0" 200 35983 "-" "Mozilla/5.0 AppleWebKit/537.36 (KHTML, like Gecko; compatible; GPTBot/1.2; +https://openai.com/gptbot)"
74.7.227.240 - - [04/Nov/2025:14:05:26 +0100] "GET /?path=//proc/self/root/proc/67277/root/lib/.build-id/84 HTTP/2.0" 200 54268 "-" "Mozilla/5.0 AppleWebKit/537.36 (KHTML, like Gecko; compatible; GPTBot/1.2; +https://openai.com/gptbot)"
74.7.227.177 - - [04/Nov/2025:14:05:26 +0100] "GET /662363?fileloc=//proc/net/icmp&path=//proc/net HTTP/2.0" 200 14823 "-" "Mozilla/5.0 AppleWebKit/537.36 (KHTML, like Gecko; compatible; GPTBot/1.2; +https://openai.com/gptbot)"
74.7.227.36 - - [04/Nov/2025:14:05:27 +0100] "GET /?path=//proc/self/root/proc/53872/root/opt/alt/alt-nodejs18/root/etc/pm HTTP/2.0" 200 20345 "-" "Mozilla/5.0 AppleWebKit/537.36 (KHTML, like Gecko; compatible; GPTBot/1.2; +https://openai.com/gptbot)"
45.135.1.151 - - [04/Nov/2025:14:05:27 +0100] "POST /xmlrpc.php HTTP/2.0" 403 76365 "-" "Mozilla/5.0 (Macintosh; Intel Mac OS X 13_5) AppleWebKit/605.1.15 (KHTML, like Gecko) Version/17.5 Safari/605.1.15"
66.249.69.167 - - [04/Nov/2025:14:05:27 +0100] "GET /?w=2674829843548&channel=144e46&from=https://opalaesthetic.net/buy.jsp?nice173039342.html HTTP/1.1" 200 553884 "-" "Mozilla/5.0 (Linux; Android 6.0.1; Nexus 5X Build/MMB29P) AppleWebKit/537.36 (KHTML, like Gecko) Chrome/141.0.7390.122 Mobile Safari/537.36 (compatible; Googlebot/2.1; +http://www.google.com/bot.html)"
74.7.227.240 - - [04/Nov/2025:14:05:30 +0100] "GET /?path=//proc/self/root/proc/67277/root/lib/.build-id/45 HTTP/2.0" 200 44196 "-" "Mozilla/5.0 AppleWebKit/537.36 (KHTML, like Gecko; compatible; GPTBot/1.2; +https://openai.com/gptbot)"
74.7.227.148 - - [04/Nov/2025:14:05:30 +0100] "GET /?path=//opt/alt/python36/lib64/python3.6/test/test_import/data/package2 HTTP/2.0" 200 20496 "-" "Mozilla/5.0 AppleWebKit/537.36 (KHTML, like Gecko; compatible; GPTBot/1.2; +https://openai.com/gptbot)"
155.212.38.206 - - [04/Nov/2025:14:05:31 +0100] "POST /xmlrpc.php HTTP/2.0" 403 76365 "-" "Mozilla/5.0 (Macintosh; Intel Mac OS X 13_5) AppleWebKit/605.1.15 (KHTML, like Gecko) Version/17.5 Safari/605.1.15"
66.249.69.167 - - [04/Nov/2025:14:05:31 +0100] "GET /?w=2674829843548&channel=144e46&from=https://opalaesthetic.net/buy.jsp?people123036300.html HTTP/1.1" 200 559363 "-" "Mozilla/5.0 (Linux; Android 6.0.1; Nexus 5X Build/MMB29P) AppleWebKit/537.36 (KHTML, like Gecko) Chrome/141.0.7390.122 Mobile Safari/537.36 (compatible; GoogleOther)"
74.7.227.177 - - [04/Nov/2025:14:05:31 +0100] "GET /685580?fileloc=//proc/net/unix&path=//proc/net HTTP/2.0" 200 55117 "-" "Mozilla/5.0 AppleWebKit/537.36 (KHTML, like Gecko; compatible; GPTBot/1.2; +https://openai.com/gptbot)"
74.7.227.36 - - [04/Nov/2025:14:05:32 +0100] "GET /?path=//proc/self/root/proc/53872/root/opt/cpanel/ea-php56/root/etc HTTP/2.0" 200 33790 "-" "Mozilla/5.0 AppleWebKit/537.36 (KHTML, like Gecko; compatible; GPTBot/1.2; +https://openai.com/gptbot)"
74.7.227.3 - - [04/Nov/2025:14:05:32 +0100] "GET /?path=//proc/2589545/root/lib/dracut/modules.d HTTP/2.0" 200 15467 "-" "Mozilla/5.0 AppleWebKit/537.36 (KHTML, like Gecko; compatible; GPTBot/1.2; +https://openai.com/gptbot)"
66.249.76.160 - - [04/Nov/2025:14:05:34 +0100] "GET /fully164041631.html HTTP/1.1" 200 555622 "-" "Mozilla/5.0 (Linux; Android 6.0.1; Nexus 5X Build/MMB29P) AppleWebKit/537.36 (KHTML, like Gecko) Chrome/141.0.7390.122 Mobile Safari/537.36 (compatible; Googlebot/2.1; +http://www.google.com/bot.html)"
74.7.227.240 - - [04/Nov/2025:14:05:33 +0100] "GET /?path=//proc/self/root/proc/67277/root/lib/.build-id/06 HTTP/2.0" 200 34123 "-" "Mozilla/5.0 AppleWebKit/537.36 (KHTML, like Gecko; compatible; GPTBot/1.2; +https://openai.com/gptbot)"
193.202.87.209 - - [04/Nov/2025:14:05:34 +0100] "POST /xmlrpc.php HTTP/2.0" 403 76365 "-" "Mozilla/5.0 (Windows NT 10.0; Win64; x64) AppleWebKit/537.36 (KHTML, like Gecko) Chrome/124.0.6367.207 Safari/537.36"
74.7.227.148 - - [04/Nov/2025:14:05:35 +0100] "GET /?path=//opt/alt/python35/lib64/python3.5/site-packages/cryptography HTTP/2.0" 200 28050 "-" "Mozilla/5.0 AppleWebKit/537.36 (KHTML, like Gecko; compatible; GPTBot/1.2; +https://openai.com/gptbot)"
74.7.227.177 - - [04/Nov/2025:14:05:36 +0100] "GET /685580?fileloc=//proc/net/snmp&path=//proc/net HTTP/2.0" 200 14823 "-" "Mozilla/5.0 AppleWebKit/537.36 (KHTML, like Gecko; compatible; GPTBot/1.2; +https://openai.com/gptbot)"
66.249.76.194 - - [04/Nov/2025:14:05:36 +0100] "GET /?w=2674829843548&channel=144e46&from=https://opalaesthetic.net/buy.jsp?unfold006009181.html HTTP/1.1" 200 553802 "-" "Mozilla/5.0 (Linux; Android 6.0.1; Nexus 5X Build/MMB29P) AppleWebKit/537.36 (KHTML, like Gecko) Chrome/141.0.7390.122 Mobile Safari/537.36 (compatible; Googlebot/2.1; +http://www.google.com/bot.html)"
74.7.227.36 - - [04/Nov/2025:14:05:37 +0100] "GET /?path=//proc/self/root/proc/53872/root/opt/alt/alt-nodejs16/root/etc/pki HTTP/2.0" 200 18837 "-" "Mozilla/5.0 AppleWebKit/537.36 (KHTML, like Gecko; compatible; GPTBot/1.2; +https://openai.com/gptbot)"
74.7.227.240 - - [04/Nov/2025:14:05:37 +0100] "GET /?path=//proc/self/root/proc/67277/root/lib/.build-id/59 HTTP/2.0" 200 37475 "-" "Mozilla/5.0 AppleWebKit/537.36 (KHTML, like Gecko; compatible; GPTBot/1.2; +https://openai.com/gptbot)"
74.7.227.3 - - [04/Nov/2025:14:05:38 +0100] "GET /?path=//opt/alt/python313/lib/python3.13/site-packages/pkg_resources/_vendor/importlib_resources HTTP/2.0" 200 34666 "-" "Mozilla/5.0 AppleWebKit/537.36 (KHTML, like Gecko; compatible; GPTBot/1.2; +https://openai.com/gptbot)"
