66.249.77.34 - - [04/Nov/2025:14:30:51 +0100] "GET /1035293570?detail=1032472974 HTTP/1.1" 200 556100 "-" "Mozilla/5.0 (Linux; Android 6.0.1; Nexus 5X Build/MMB29P) AppleWebKit/537.36 (KHTML, like Gecko) Chrome/141.0.7390.122 Mobile Safari/537.36 (compatible; Googlebot/2.1; +http://www.google.com/bot.html)"
216.73.216.164 - - [04/Nov/2025:14:30:50 +0100] "GET /kasyno-internetowe-z-bonusem-bez-depozytu-35?fileloc=%2Fhome%2Fopal%2Fpublic_html%2Fwp-content%2Flanguages%2Far-9c3519f4870fac83dc0dbf18cb6bd4c4.json&path=%2Fhome%2Fopal%2Fpublic_html%2Fwp-content%2Flanguages HTTP/2.0" 200 16262 "-" "Mozilla/5.0 AppleWebKit/537.36 (KHTML, like Gecko; compatible; ClaudeBot/1.0; +claudebot@anthropic.com)"
74.7.227.177 - - [04/Nov/2025:14:30:53 +0100] "GET /690680?path=//proc/irq/2 HTTP/2.0" 200 25270 "-" "Mozilla/5.0 AppleWebKit/537.36 (KHTML, like Gecko; compatible; GPTBot/1.2; +https://openai.com/gptbot)"
74.7.227.148 - - [04/Nov/2025:14:30:54 +0100] "GET /?path=//opt/alt/python35/lib64/python3.5/site-packages/cryptography/hazmat/backends/__pycache__ HTTP/2.0" 200 23079 "-" "Mozilla/5.0 AppleWebKit/537.36 (KHTML, like Gecko; compatible; GPTBot/1.2; +https://openai.com/gptbot)"
216.73.216.164 - - [04/Nov/2025:14:30:55 +0100] "GET /kasyno-internetowe-z-bonusem-bez-depozytu-35?fileloc=%2Fhome%2Fopal%2Fpublic_html%2Fwp-content%2Flanguages%2Far-c31d5f185753910c14afebc6deb2ce24.json&path=%2Fhome%2Fopal%2Fpublic_html%2Fwp-content%2Flanguages HTTP/2.0" 200 71569 "-" "Mozilla/5.0 AppleWebKit/537.36 (KHTML, like Gecko; compatible; ClaudeBot/1.0; +claudebot@anthropic.com)"
74.7.227.36 - - [04/Nov/2025:14:30:55 +0100] "GET /?path=//proc/self/root/proc/54274/root/lib/.build-id/f9 HTTP/2.0" 200 37476 "-" "Mozilla/5.0 AppleWebKit/537.36 (KHTML, like Gecko; compatible; GPTBot/1.2; +https://openai.com/gptbot)"
74.7.227.240 - - [04/Nov/2025:14:30:56 +0100] "GET /?path=//proc/self/root/proc/67277/root/usr/lib/.build-id/05 HTTP/2.0" 200 49621 "-" "Mozilla/5.0 AppleWebKit/537.36 (KHTML, like Gecko; compatible; GPTBot/1.2; +https://openai.com/gptbot)"
74.7.227.177 - - [04/Nov/2025:14:30:58 +0100] "GET /702232?fileloc=//proc/mtrr&path=//proc HTTP/2.0" 200 14784 "-" "Mozilla/5.0 AppleWebKit/537.36 (KHTML, like Gecko; compatible; GPTBot/1.2; +https://openai.com/gptbot)"
216.73.216.164 - - [04/Nov/2025:14:30:58 +0100] "GET /2025-s-bystroj-registraciej-i-udobnym-interfejsom-208-2/?fileloc=%2Fhome%2Fopal%2Fpublic_html%2Fwp-content%2Flanguages%2Far-a9dc201dcd011fe71849743133052619.json&path=%2Fhome%2Fopal%2Fpublic_html%2Fwp-content%2Flanguages HTTP/2.0" 200 16844 "-" "Mozilla/5.0 AppleWebKit/537.36 (KHTML, like Gecko; compatible; ClaudeBot/1.0; +claudebot@anthropic.com)"
66.249.77.33 - - [04/Nov/2025:14:31:00 +0100] "GET /zhHant/product/surugaya/m20259004749?fileloc=/home/opal/public_html/readme.html&path=/home/opal/public_html HTTP/1.1" 200 551734 "-" "Mozilla/5.0 (Linux; Android 6.0.1; Nexus 5X Build/MMB29P) AppleWebKit/537.36 (KHTML, like Gecko) Chrome/141.0.7390.122 Mobile Safari/537.36 (compatible; Googlebot/2.1; +http://www.google.com/bot.html)"
74.7.227.240 - - [04/Nov/2025:14:31:00 +0100] "GET /?path=//proc/self/root/proc/67277/root/usr/lib/.build-id/51 HTTP/2.0" 200 37756 "-" "Mozilla/5.0 AppleWebKit/537.36 (KHTML, like Gecko; compatible; GPTBot/1.2; +https://openai.com/gptbot)"
216.73.216.164 - - [04/Nov/2025:14:31:00 +0100] "GET /kasyno-internetowe-z-bonusem-bez-depozytu-35?path=%2Fhome%2Fopal%2Fpublic_html%2Fwp-includes%2Fblocks%2Ftable HTTP/2.0" 200 36018 "-" "Mozilla/5.0 AppleWebKit/537.36 (KHTML, like Gecko; compatible; ClaudeBot/1.0; +claudebot@anthropic.com)"
74.7.227.177 - - [04/Nov/2025:14:31:00 +0100] "GET /702232?path=//proc/net HTTP/2.0" 200 86403 "-" "Mozilla/5.0 AppleWebKit/537.36 (KHTML, like Gecko; compatible; GPTBot/1.2; +https://openai.com/gptbot)"
74.7.227.36 - - [04/Nov/2025:14:31:00 +0100] "GET /?path=//proc/self/root/proc/54274/root/lib/.build-id/1a HTTP/2.0" 200 47525 "-" "Mozilla/5.0 AppleWebKit/537.36 (KHTML, like Gecko; compatible; GPTBot/1.2; +https://openai.com/gptbot)"
74.7.227.240 - - [04/Nov/2025:14:31:02 +0100] "GET /?path=//proc/self/root/proc/67277/root/usr/lib/.build-id/50 HTTP/2.0" 200 32673 "-" "Mozilla/5.0 AppleWebKit/537.36 (KHTML, like Gecko; compatible; GPTBot/1.2; +https://openai.com/gptbot)"
74.7.227.148 - - [04/Nov/2025:14:31:03 +0100] "GET /?path=//opt/alt/python35/lib64/python3.5/site-packages/cryptography/hazmat/primitives/kdf/__pycache__ HTTP/2.0" 200 41325 "-" "Mozilla/5.0 AppleWebKit/537.36 (KHTML, like Gecko; compatible; GPTBot/1.2; +https://openai.com/gptbot)"
66.249.69.169 - - [04/Nov/2025:14:31:03 +0100] "GET /?w=2674829843548&channel=144e46&from=https://opalaesthetic.net/buy.jsp?draft161024390.html HTTP/1.1" 200 556400 "-" "Mozilla/5.0 (Linux; Android 6.0.1; Nexus 5X Build/MMB29P) AppleWebKit/537.36 (KHTML, like Gecko) Chrome/141.0.7390.122 Mobile Safari/537.36 (compatible; Googlebot/2.1; +http://www.google.com/bot.html)"
74.7.227.177 - - [04/Nov/2025:14:31:05 +0100] "GET /690680?fileloc=//proc/net/icmp6&path=//proc/net HTTP/2.0" 200 14824 "-" "Mozilla/5.0 AppleWebKit/537.36 (KHTML, like Gecko; compatible; GPTBot/1.2; +https://openai.com/gptbot)"
74.7.227.240 - - [04/Nov/2025:14:31:06 +0100] "GET /?path=//proc/self/root/proc/67277/root/usr/lib/.build-id/95 HTTP/2.0" 200 46239 "-" "Mozilla/5.0 AppleWebKit/537.36 (KHTML, like Gecko; compatible; GPTBot/1.2; +https://openai.com/gptbot)"
74.7.227.36 - - [04/Nov/2025:14:31:06 +0100] "GET /?path=//proc/self/root/proc/54274/root/lib/.build-id/9e HTTP/2.0" 200 39160 "-" "Mozilla/5.0 AppleWebKit/537.36 (KHTML, like Gecko; compatible; GPTBot/1.2; +https://openai.com/gptbot)"
66.249.76.195 - - [04/Nov/2025:14:31:06 +0100] "GET /sequence234020189.html?fileloc=/home/opal/public_html/wp-blog-header.php&path=/home/opal/public_html HTTP/1.1" 200 212512 "-" "Mozilla/5.0 (Linux; Android 6.0.1; Nexus 5X Build/MMB29P) AppleWebKit/537.36 (KHTML, like Gecko) Chrome/141.0.7390.122 Mobile Safari/537.36 (compatible; Googlebot/2.1; +http://www.google.com/bot.html)"
74.7.227.177 - - [04/Nov/2025:14:31:07 +0100] "GET /449864?path=//proc/net HTTP/2.0" 200 86403 "-" "Mozilla/5.0 AppleWebKit/537.36 (KHTML, like Gecko; compatible; GPTBot/1.2; +https://openai.com/gptbot)"
74.7.227.148 - - [04/Nov/2025:14:31:08 +0100] "GET /?path=//opt/alt/python35/lib64/python3.5/site-packages/numpy/linalg/tests/__pycache__ HTTP/2.0" 200 22893 "-" "Mozilla/5.0 AppleWebKit/537.36 (KHTML, like Gecko; compatible; GPTBot/1.2; +https://openai.com/gptbot)"
74.7.227.240 - - [04/Nov/2025:14:31:09 +0100] "GET /?path=//proc/self/root/proc/67277/root/usr/lib/.build-id/25 HTTP/2.0" 200 32672 "-" "Mozilla/5.0 AppleWebKit/537.36 (KHTML, like Gecko; compatible; GPTBot/1.2; +https://openai.com/gptbot)"
66.249.77.33 - - [04/Nov/2025:14:31:10 +0100] "GET /1036749314?detail=1033924750 HTTP/1.1" 200 566353 "-" "Mozilla/5.0 (Linux; Android 6.0.1; Nexus 5X Build/MMB29P) AppleWebKit/537.36 (KHTML, like Gecko) Chrome/141.0.7390.122 Mobile Safari/537.36 (compatible; Googlebot/2.1; +http://www.google.com/bot.html)"
74.7.227.177 - - [04/Nov/2025:14:31:12 +0100] "GET /449864?path=//proc/driver HTTP/2.0" 200 18031 "-" "Mozilla/5.0 AppleWebKit/537.36 (KHTML, like Gecko; compatible; GPTBot/1.2; +https://openai.com/gptbot)"
74.7.227.240 - - [04/Nov/2025:14:31:12 +0100] "GET /?path=//proc/self/root/proc/67277/root/usr/lib/.build-id/00 HTTP/2.0" 200 44538 "-" "Mozilla/5.0 AppleWebKit/537.36 (KHTML, like Gecko; compatible; GPTBot/1.2; +https://openai.com/gptbot)"
74.7.227.36 - - [04/Nov/2025:14:31:12 +0100] "GET /?path=//proc/self/root/proc/54274/root/lib/.build-id/e0 HTTP/2.0" 200 45870 "-" "Mozilla/5.0 AppleWebKit/537.36 (KHTML, like Gecko; compatible; GPTBot/1.2; +https://openai.com/gptbot)"
66.249.77.33 - - [04/Nov/2025:14:31:13 +0100] "GET /zhHant/product/surugaya/m20259004749?fileloc=/home/opal/public_html/sitemap544.xml&path=/home/opal/public_html HTTP/1.1" 200 570178 "-" "Mozilla/5.0 (Linux; Android 6.0.1; Nexus 5X Build/MMB29P) AppleWebKit/537.36 (KHTML, like Gecko) Chrome/141.0.7390.122 Mobile Safari/537.36 (compatible; Googlebot/2.1; +http://www.google.com/bot.html)"
74.7.227.3 - - [04/Nov/2025:14:31:12 +0100] "GET /?fileloc=//lib64/python2.7/email/test/data/msg_12.txt&path=//lib64/python2.7/email/test/data HTTP/2.0" 200 15764 "-" "Mozilla/5.0 AppleWebKit/537.36 (KHTML, like Gecko; compatible; GPTBot/1.2; +https://openai.com/gptbot)"
74.7.227.148 - - [04/Nov/2025:14:31:14 +0100] "GET /?path=//opt/alt/python35/lib64/python3.5/site-packages/numpy/distutils/fcompiler/__pycache__ HTTP/2.0" 200 43905 "-" "Mozilla/5.0 AppleWebKit/537.36 (KHTML, like Gecko; compatible; GPTBot/1.2; +https://openai.com/gptbot)"
74.7.227.177 - - [04/Nov/2025:14:31:15 +0100] "GET /680077?fileloc=//proc/net/nf_conntrack_expect&path=//proc/net HTTP/2.0" 200 14838 "-" "Mozilla/5.0 AppleWebKit/537.36 (KHTML, like Gecko; compatible; GPTBot/1.2; +https://openai.com/gptbot)"
66.249.69.168 - - [04/Nov/2025:14:31:16 +0100] "GET /notebook179045612.html HTTP/1.1" 200 557214 "-" "Mozilla/5.0 (Linux; Android 6.0.1; Nexus 5X Build/MMB29P) AppleWebKit/537.36 (KHTML, like Gecko) Chrome/141.0.7390.122 Mobile Safari/537.36 (compatible; Googlebot/2.1; +http://www.google.com/bot.html)"
74.7.227.240 - - [04/Nov/2025:14:31:17 +0100] "GET /?path=//proc/self/root/proc/67277/root/usr/lib/.build-id/39 HTTP/2.0" 200 36066 "-" "Mozilla/5.0 AppleWebKit/537.36 (KHTML, like Gecko; compatible; GPTBot/1.2; +https://openai.com/gptbot)"
74.7.227.36 - - [04/Nov/2025:14:31:18 +0100] "GET /?path=//proc/self/root/proc/54274/root/lib/.build-id/8a HTTP/2.0" 200 49229 "-" "Mozilla/5.0 AppleWebKit/537.36 (KHTML, like Gecko; compatible; GPTBot/1.2; +https://openai.com/gptbot)"
66.249.76.160 - - [04/Nov/2025:14:31:19 +0100] "GET /zhHant/product/surugaya/m48825368572?campaign_uid=f64d716db5e979ed2f947dbaf4296895b951ae7f HTTP/1.1" 200 560514 "-" "Mozilla/5.0 (Linux; Android 6.0.1; Nexus 5X Build/MMB29P) AppleWebKit/537.36 (KHTML, like Gecko) Chrome/141.0.7390.122 Mobile Safari/537.36 (compatible; Googlebot/2.1; +http://www.google.com/bot.html)"
74.7.227.177 - - [04/Nov/2025:14:31:18 +0100] "GET /680077?fileloc=//proc/net/mcfilter6&path=//proc/net HTTP/2.0" 200 14828 "-" "Mozilla/5.0 AppleWebKit/537.36 (KHTML, like Gecko; compatible; GPTBot/1.2; +https://openai.com/gptbot)"
74.7.227.240 - - [04/Nov/2025:14:31:21 +0100] "GET /?path=//proc/self/root/proc/67277/root/usr/lib/.build-id/18 HTTP/2.0" 200 49627 "-" "Mozilla/5.0 AppleWebKit/537.36 (KHTML, like Gecko; compatible; GPTBot/1.2; +https://openai.com/gptbot)"
74.7.227.148 - - [04/Nov/2025:14:31:21 +0100] "GET /?path=//opt/alt/python36/lib64/python3.6/site-packages/__pycache__ HTTP/2.0" 200 15574 "-" "Mozilla/5.0 AppleWebKit/537.36 (KHTML, like Gecko; compatible; GPTBot/1.2; +https://openai.com/gptbot)"
66.249.77.33 - - [04/Nov/2025:14:31:22 +0100] "GET /online165022640.html HTTP/1.1" 200 551570 "-" "Mozilla/5.0 (Linux; Android 6.0.1; Nexus 5X Build/MMB29P) AppleWebKit/537.36 (KHTML, like Gecko) Chrome/141.0.7390.122 Mobile Safari/537.36 (compatible; Googlebot/2.1; +http://www.google.com/bot.html)"
74.7.227.36 - - [04/Nov/2025:14:31:22 +0100] "GET /?path=//proc/self/root/proc/54274/root/lib/.build-id/e9 HTTP/2.0" 200 55953 "-" "Mozilla/5.0 AppleWebKit/537.36 (KHTML, like Gecko; compatible; GPTBot/1.2; +https://openai.com/gptbot)"
74.7.227.240 - - [04/Nov/2025:14:31:24 +0100] "GET /?path=//proc/self/root/proc/67277/root/usr/lib/.build-id/90 HTTP/2.0" 200 41146 "-" "Mozilla/5.0 AppleWebKit/537.36 (KHTML, like Gecko; compatible; GPTBot/1.2; +https://openai.com/gptbot)"
74.7.227.177 - - [04/Nov/2025:14:31:24 +0100] "GET /702232?fileloc=//proc/net/nf_conntrack_expect&path=//proc/net HTTP/2.0" 200 14838 "-" "Mozilla/5.0 AppleWebKit/537.36 (KHTML, like Gecko; compatible; GPTBot/1.2; +https://openai.com/gptbot)"
66.249.77.33 - - [04/Nov/2025:14:31:24 +0100] "GET /association062028953.html HTTP/1.1" 200 561470 "-" "Mozilla/5.0 (Linux; Android 6.0.1; Nexus 5X Build/MMB29P) AppleWebKit/537.36 (KHTML, like Gecko) Chrome/141.0.7390.122 Mobile Safari/537.36 (compatible; Googlebot/2.1; +http://www.google.com/bot.html)"
128.199.157.207 - - [04/Nov/2025:14:31:24 +0100] "POST /xmlrpc.php HTTP/2.0" 403 73816 "-" "Mozilla/5.0 (Macintosh; Intel Mac OS X 10_13_4) AppleWebKit/537.36 (KHTML, like Gecko) Chrome/67.0.3396.79 Safari/537.36"
74.7.227.148 - - [04/Nov/2025:14:31:26 +0100] "GET /?fileloc=//opt/alt/python36/lib64/python3.6/test/__pycache__/dis_module.cpython-36.opt-2.pyc&path=//opt/alt/python36/lib64/python3.6/test/__pycache__ HTTP/2.0" 200 15532 "-" "Mozilla/5.0 AppleWebKit/537.36 (KHTML, like Gecko; compatible; GPTBot/1.2; +https://openai.com/gptbot)"
74.7.227.36 - - [04/Nov/2025:14:31:27 +0100] "GET /?path=//proc/self/root/proc/54274/root/lib/.build-id/6e HTTP/2.0" 200 32438 "-" "Mozilla/5.0 AppleWebKit/537.36 (KHTML, like Gecko; compatible; GPTBot/1.2; +https://openai.com/gptbot)"
74.7.227.240 - - [04/Nov/2025:14:31:27 +0100] "GET /?path=//proc/self/root/proc/67277/root/usr/lib/.build-id/19 HTTP/2.0" 200 44540 "-" "Mozilla/5.0 AppleWebKit/537.36 (KHTML, like Gecko; compatible; GPTBot/1.2; +https://openai.com/gptbot)"
74.7.227.177 - - [04/Nov/2025:14:31:28 +0100] "GET /449864?fileloc=//proc/net/nf_conntrack_expect&path=//proc/net HTTP/2.0" 200 14838 "-" "Mozilla/5.0 AppleWebKit/537.36 (KHTML, like Gecko; compatible; GPTBot/1.2; +https://openai.com/gptbot)"
66.249.76.194 - - [04/Nov/2025:14:31:30 +0100] "GET /hold042036527.html HTTP/1.1" 200 556624 "-" "Mozilla/5.0 (Linux; Android 6.0.1; Nexus 5X Build/MMB29P) AppleWebKit/537.36 (KHTML, like Gecko) Chrome/141.0.7390.122 Mobile Safari/537.36 (compatible; Googlebot/2.1; +http://www.google.com/bot.html)"
74.7.227.36 - - [04/Nov/2025:14:31:30 +0100] "GET /?path=//proc/self/root/proc/54274/root/lib/.build-id/a1 HTTP/2.0" 200 37479 "-" "Mozilla/5.0 AppleWebKit/537.36 (KHTML, like Gecko; compatible; GPTBot/1.2; +https://openai.com/gptbot)"
74.7.227.148 - - [04/Nov/2025:14:31:31 +0100] "GET /?fileloc=//opt/alt/python35/lib64/python3.5/site-packages/cryptography/hazmat/primitives/__pycache__/keywrap.cpython-35.pyc&path=//opt/alt/python35/lib64/python3.5/site-packages/cryptography/hazmat/primitives/__pycache__ HTTP/2.0" 200 18958 "-" "Mozilla/5.0 AppleWebKit/537.36 (KHTML, like Gecko; compatible; GPTBot/1.2; +https://openai.com/gptbot)"
208.110.64.178 - - [04/Nov/2025:14:31:32 +0100] "GET /wp-content/ad1f3ec7/edit.php HTTP/1.1" 200 6 "https://opalaesthetic.net/wp-content/ad1f3ec7/edit.php" "Mozilla/5.0 (Windows NT 10.0; Win64; x64) AppleWebKit/537.36 (KHTML, like Gecko) Chrome/58.0.3029.110 Safari/537.3"
66.249.69.167 - - [04/Nov/2025:14:31:32 +0100] "GET /?w=2674829843548&channel=144e46&from=https://opalaesthetic.net/buy.jsp?casino149047974.html HTTP/1.1" 200 564052 "-" "Mozilla/5.0 (Linux; Android 6.0.1; Nexus 5X Build/MMB29P) AppleWebKit/537.36 (KHTML, like Gecko) Chrome/141.0.7390.122 Mobile Safari/537.36 (compatible; GoogleOther)"
204.12.208.18 - - [04/Nov/2025:14:30:07 +0100] "GET /wp-includes/qqe586cc/index.php HTTP/1.1" 200 - "https://opalaesthetic.net/wp-includes/qqe586cc/index.php" "Mozilla/4.0 (compatible; MSIE 7.0; Windows NT 6.0; SLCC1; .NET CLR 2.0.50727; Media Center PC 5.0; .NET CLR 3.0.04506)"
74.7.227.240 - - [04/Nov/2025:14:31:32 +0100] "GET /?path=//proc/self/root/proc/67277/root/usr/lib/.build-id/21 HTTP/2.0" 200 42843 "-" "Mozilla/5.0 AppleWebKit/537.36 (KHTML, like Gecko; compatible; GPTBot/1.2; +https://openai.com/gptbot)"
74.7.227.177 - - [04/Nov/2025:14:31:33 +0100] "GET /449864?fileloc=//proc/net/softnet_stat&path=//proc/net HTTP/2.0" 200 14831 "-" "Mozilla/5.0 AppleWebKit/537.36 (KHTML, like Gecko; compatible; GPTBot/1.2; +https://openai.com/gptbot)"
69.197.179.242 - - [04/Nov/2025:14:30:07 +0100] "GET /wp-content/ad1f3ec7/edit.php?id=235796 HTTP/1.1" 200 - "https://opalaesthetic.net/wp-content/ad1f3ec7/edit.php?id=235796" "Mozilla/5.0 (Windows NT 10.0; Win64; x64) AppleWebKit/537.36 (KHTML, like Gecko) Chrome/58.0.3029.110 Safari/537.3"
74.7.227.36 - - [04/Nov/2025:14:31:34 +0100] "GET /?fileloc=//proc/self/root/proc/54274/root/lib/.build-id/da/8a26740073e75e8ddb11c78a5aad5f745c4082&path=//proc/self/root/proc/54274/root/lib/.build-id/da HTTP/2.0" 200 31043 "-" "Mozilla/5.0 AppleWebKit/537.36 (KHTML, like Gecko; compatible; GPTBot/1.2; +https://openai.com/gptbot)"
74.7.227.3 - - [04/Nov/2025:14:31:34 +0100] "GET /?path=//proc/2589545/root/proc/self/root/opt/cloudlinux/alt-php71/root/etc/mysql5.6 HTTP/2.0" 200 13430 "-" "Mozilla/5.0 AppleWebKit/537.36 (KHTML, like Gecko; compatible; GPTBot/1.2; +https://openai.com/gptbot)"
74.7.227.148 - - [04/Nov/2025:14:31:34 +0100] "GET /?fileloc=//opt/alt/python36/lib64/python3.6/test/__pycache__/test_dbm_dumb.cpython-36.opt-2.pyc&path=//opt/alt/python36/lib64/python3.6/test/__pycache__ HTTP/2.0" 200 26456 "-" "Mozilla/5.0 AppleWebKit/537.36 (KHTML, like Gecko; compatible; GPTBot/1.2; +https://openai.com/gptbot)"
74.7.227.240 - - [04/Nov/2025:14:31:35 +0100] "GET /?path=//proc/self/root/proc/67277/root/usr/lib/.build-id/83 HTTP/2.0" 200 41150 "-" "Mozilla/5.0 AppleWebKit/537.36 (KHTML, like Gecko; compatible; GPTBot/1.2; +https://openai.com/gptbot)"
74.7.227.177 - - [04/Nov/2025:14:31:36 +0100] "GET /449864?fileloc=//proc/net/mcfilter6&path=//proc/net HTTP/2.0" 200 14828 "-" "Mozilla/5.0 AppleWebKit/537.36 (KHTML, like Gecko; compatible; GPTBot/1.2; +https://openai.com/gptbot)"
74.7.227.36 - - [04/Nov/2025:14:31:37 +0100] "GET /?path=//proc/self/root/proc/54274/root/lib/.build-id/0a HTTP/2.0" 200 40830 "-" "Mozilla/5.0 AppleWebKit/537.36 (KHTML, like Gecko; compatible; GPTBot/1.2; +https://openai.com/gptbot)"
74.7.227.177 - - [04/Nov/2025:14:31:39 +0100] "GET /680077?fileloc=//proc/net/sockstat6&path=//proc/net HTTP/2.0" 200 14828 "-" "Mozilla/5.0 AppleWebKit/537.36 (KHTML, like Gecko; compatible; GPTBot/1.2; +https://openai.com/gptbot)"
74.7.227.240 - - [04/Nov/2025:14:31:39 +0100] "GET /?path=//proc/self/root/proc/67277/root/usr/lib/.build-id/46 HTTP/2.0" 200 39462 "-" "Mozilla/5.0 AppleWebKit/537.36 (KHTML, like Gecko; compatible; GPTBot/1.2; +https://openai.com/gptbot)"
66.249.77.36 - - [04/Nov/2025:14:31:39 +0100] "GET /?e=2788977591256&channel=159e17&from=https://www.opalaesthetic.net/spark.htm?pregnant036020793.html HTTP/1.1" 200 558973 "-" "Mozilla/5.0 (Linux; Android 6.0.1; Nexus 5X Build/MMB29P) AppleWebKit/537.36 (KHTML, like Gecko) Chrome/141.0.7390.122 Mobile Safari/537.36 (compatible; Googlebot/2.1; +http://www.google.com/bot.html)"
74.7.227.36 - - [04/Nov/2025:14:31:40 +0100] "GET /?path=//proc/self/root/proc/54274/root/lib/.build-id/e8 HTTP/2.0" 200 49226 "-" "Mozilla/5.0 AppleWebKit/537.36 (KHTML, like Gecko; compatible; GPTBot/1.2; +https://openai.com/gptbot)"
74.7.227.148 - - [04/Nov/2025:14:31:41 +0100] "GET /?fileloc=//opt/alt/python36/lib64/python3.6/multiprocessing/pool.py&path=//opt/alt/python36/lib64/python3.6/multiprocessing HTTP/2.0" 200 42252 "-" "Mozilla/5.0 AppleWebKit/537.36 (KHTML, like Gecko; compatible; GPTBot/1.2; +https://openai.com/gptbot)"
66.249.69.169 - - [04/Nov/2025:14:31:41 +0100] "GET /?w=2674829843548&channel=144e46&from=https://opalaesthetic.net/buy.jsp?ruin080018897.html HTTP/1.1" 200 553041 "-" "Mozilla/5.0 (Linux; Android 6.0.1; Nexus 5X Build/MMB29P) AppleWebKit/537.36 (KHTML, like Gecko) Chrome/141.0.7390.122 Mobile Safari/537.36 (compatible; GoogleOther)"
74.7.227.240 - - [04/Nov/2025:14:31:42 +0100] "GET /?path=//proc/self/root/proc/67277/root/usr/lib/.build-id/52 HTTP/2.0" 200 36062 "-" "Mozilla/5.0 AppleWebKit/537.36 (KHTML, like Gecko; compatible; GPTBot/1.2; +https://openai.com/gptbot)"
74.7.227.177 - - [04/Nov/2025:14:31:43 +0100] "GET /449864?fileloc=//proc/net/sockstat6&path=//proc/net HTTP/2.0" 200 14828 "-" "Mozilla/5.0 AppleWebKit/537.36 (KHTML, like Gecko; compatible; GPTBot/1.2; +https://openai.com/gptbot)"
74.7.227.36 - - [04/Nov/2025:14:31:45 +0100] "GET /?path=//proc/self/root/proc/54274/root/lib/.build-id/f8 HTTP/2.0" 200 34114 "-" "Mozilla/5.0 AppleWebKit/537.36 (KHTML, like Gecko; compatible; GPTBot/1.2; +https://openai.com/gptbot)"
74.7.227.148 - - [04/Nov/2025:14:31:45 +0100] "GET /?path=//opt/alt/python35/lib64/python3.5/site-packages/numpy/f2py/tests/src HTTP/2.0" 200 29265 "-" "Mozilla/5.0 AppleWebKit/537.36 (KHTML, like Gecko; compatible; GPTBot/1.2; +https://openai.com/gptbot)"
74.7.227.177 - - [04/Nov/2025:14:31:46 +0100] "GET /702232?fileloc=//proc/net/mcfilter6&path=//proc/net HTTP/2.0" 200 14828 "-" "Mozilla/5.0 AppleWebKit/537.36 (KHTML, like Gecko; compatible; GPTBot/1.2; +https://openai.com/gptbot)"
74.7.227.240 - - [04/Nov/2025:14:31:46 +0100] "GET /?path=//proc/self/root/proc/67277/root/usr/lib/.build-id/48 HTTP/2.0" 200 39447 "-" "Mozilla/5.0 AppleWebKit/537.36 (KHTML, like Gecko; compatible; GPTBot/1.2; +https://openai.com/gptbot)"
66.249.76.194 - - [04/Nov/2025:14:31:47 +0100] "GET /sequence234020189.html?fileloc=/home/opal/public_html/index.php0&path=/home/opal/public_html HTTP/1.1" 200 551653 "-" "Mozilla/5.0 (Linux; Android 6.0.1; Nexus 5X Build/MMB29P) AppleWebKit/537.36 (KHTML, like Gecko) Chrome/141.0.7390.122 Mobile Safari/537.36 (compatible; Googlebot/2.1; +http://www.google.com/bot.html)"
74.7.227.36 - - [04/Nov/2025:14:31:48 +0100] "GET /?path=//proc/self/root/proc/54274/root/lib/.build-id/0e HTTP/2.0" 200 55914 "-" "Mozilla/5.0 AppleWebKit/537.36 (KHTML, like Gecko; compatible; GPTBot/1.2; +https://openai.com/gptbot)"
74.7.227.177 - - [04/Nov/2025:14:31:49 +0100] "GET /449864?fileloc=//proc/net/ip_mr_cache&path=//proc/net HTTP/2.0" 200 14830 "-" "Mozilla/5.0 AppleWebKit/537.36 (KHTML, like Gecko; compatible; GPTBot/1.2; +https://openai.com/gptbot)"
66.249.69.167 - - [04/Nov/2025:14:31:49 +0100] "GET /items/pdfpu270/41636?fileloc=/home/opal/public_html/wp-includes/cron.php&path=/home/opal/public_html/wp-includes HTTP/1.1" 200 555751 "-" "Mozilla/5.0 (Linux; Android 6.0.1; Nexus 5X Build/MMB29P) AppleWebKit/537.36 (KHTML, like Gecko) Chrome/141.0.7390.122 Mobile Safari/537.36 (compatible; GoogleOther)"
74.7.227.240 - - [04/Nov/2025:14:31:50 +0100] "GET /?path=//proc/self/root/proc/67277/root/usr/lib/.build-id/93 HTTP/2.0" 200 41152 "-" "Mozilla/5.0 AppleWebKit/537.36 (KHTML, like Gecko; compatible; GPTBot/1.2; +https://openai.com/gptbot)"
74.7.227.148 - - [04/Nov/2025:14:31:50 +0100] "GET /?fileloc=//opt/alt/python36/lib64/python3.6/test/__pycache__/test_eof.cpython-36.opt-2.pyc&path=//opt/alt/python36/lib64/python3.6/test/__pycache__ HTTP/2.0" 200 16394 "-" "Mozilla/5.0 AppleWebKit/537.36 (KHTML, like Gecko; compatible; GPTBot/1.2; +https://openai.com/gptbot)"
74.7.227.36 - - [04/Nov/2025:14:31:52 +0100] "GET /?path=//proc/self/root/proc/54274/root/lib/.build-id/8e HTTP/2.0" 200 44187 "-" "Mozilla/5.0 AppleWebKit/537.36 (KHTML, like Gecko; compatible; GPTBot/1.2; +https://openai.com/gptbot)"
17.246.23.183 - - [04/Nov/2025:14:31:53 +0100] "GET //?p=19001 HTTP/1.1" 200 76365 "-" "Mozilla/5.0 (Macintosh; Intel Mac OS X 10_15_7) AppleWebKit/605.1.15 (KHTML, like Gecko) Version/17.4 Safari/605.1.15 (Applebot/0.1; +http://www.apple.com/go/applebot)"
74.7.227.177 - - [04/Nov/2025:14:31:54 +0100] "GET /702232?fileloc=//proc/net/ip_mr_cache&path=//proc/net HTTP/2.0" 200 14830 "-" "Mozilla/5.0 AppleWebKit/537.36 (KHTML, like Gecko; compatible; GPTBot/1.2; +https://openai.com/gptbot)"
74.7.227.148 - - [04/Nov/2025:14:31:54 +0100] "GET /?fileloc=//opt/alt/python36/lib64/python3.6/ctypes/test/test_pep3118.py&path=//opt/alt/python36/lib64/python3.6/ctypes/test HTTP/2.0" 200 24867 "-" "Mozilla/5.0 AppleWebKit/537.36 (KHTML, like Gecko; compatible; GPTBot/1.2; +https://openai.com/gptbot)"
74.7.227.240 - - [04/Nov/2025:14:31:55 +0100] "GET /?path=//proc/self/root/proc/67277/root/usr/lib/.build-id/58 HTTP/2.0" 200 51317 "-" "Mozilla/5.0 AppleWebKit/537.36 (KHTML, like Gecko; compatible; GPTBot/1.2; +https://openai.com/gptbot)"
74.7.227.36 - - [04/Nov/2025:14:31:55 +0100] "GET /?path=//proc/self/root/proc/54274/root/lib/.build-id/9f HTTP/2.0" 200 52583 "-" "Mozilla/5.0 AppleWebKit/537.36 (KHTML, like Gecko; compatible; GPTBot/1.2; +https://openai.com/gptbot)"
66.249.77.34 - - [04/Nov/2025:14:31:55 +0100] "GET /sovereignty050026727.html HTTP/1.1" 200 552832 "-" "Mozilla/5.0 (Linux; Android 6.0.1; Nexus 5X Build/MMB29P) AppleWebKit/537.36 (KHTML, like Gecko) Chrome/141.0.7390.122 Mobile Safari/537.36 (compatible; Googlebot/2.1; +http://www.google.com/bot.html)"
74.7.227.3 - - [04/Nov/2025:14:31:56 +0100] "GET /?fileloc=//lib64/python2.7/email/test/data/msg_24.txt&path=//lib64/python2.7/email/test/data HTTP/2.0" 200 15197 "-" "Mozilla/5.0 AppleWebKit/537.36 (KHTML, like Gecko; compatible; GPTBot/1.2; +https://openai.com/gptbot)"
74.7.227.240 - - [04/Nov/2025:14:31:58 +0100] "GET /?path=//proc/self/root/proc/67277/root/usr/lib/.build-id/64 HTTP/2.0" 200 47930 "-" "Mozilla/5.0 AppleWebKit/537.36 (KHTML, like Gecko; compatible; GPTBot/1.2; +https://openai.com/gptbot)"
74.7.227.177 - - [04/Nov/2025:14:31:59 +0100] "GET /702232?fileloc=//proc/net/softnet_stat&path=//proc/net HTTP/2.0" 200 14831 "-" "Mozilla/5.0 AppleWebKit/537.36 (KHTML, like Gecko; compatible; GPTBot/1.2; +https://openai.com/gptbot)"
66.249.77.33 - - [04/Nov/2025:14:31:59 +0100] "GET /category/695_5779/1/listing HTTP/1.1" 200 204552 "-" "Mozilla/5.0 (Linux; Android 6.0.1; Nexus 5X Build/MMB29P) AppleWebKit/537.36 (KHTML, like Gecko) Chrome/141.0.7390.122 Mobile Safari/537.36 (compatible; Googlebot/2.1; +http://www.google.com/bot.html)"
216.73.216.164 - - [04/Nov/2025:14:32:00 +0100] "GET /kasyno-internetowe-z-bonusem-bez-depozytu-35?fileloc=%2F%2Fusr%2Fbin%2Fgnroff&path=%2F%2Fusr%2Fbin HTTP/2.0" 200 18406 "-" "Mozilla/5.0 AppleWebKit/537.36 (KHTML, like Gecko; compatible; ClaudeBot/1.0; +claudebot@anthropic.com)"
74.7.227.240 - - [04/Nov/2025:14:32:01 +0100] "GET /?path=//proc/self/root/proc/67277/root/usr/lib/.build-id/45 HTTP/2.0" 200 44541 "-" "Mozilla/5.0 AppleWebKit/537.36 (KHTML, like Gecko; compatible; GPTBot/1.2; +https://openai.com/gptbot)"
74.7.227.36 - - [04/Nov/2025:14:32:01 +0100] "GET /?path=//proc/self/root/proc/54274/root/lib/.build-id/a3 HTTP/2.0" 200 32448 "-" "Mozilla/5.0 AppleWebKit/537.36 (KHTML, like Gecko; compatible; GPTBot/1.2; +https://openai.com/gptbot)"
74.7.227.148 - - [04/Nov/2025:14:32:01 +0100] "GET /?fileloc=//opt/alt/python35/lib64/python3.5/ctypes/test/test_pep3118.py&path=//opt/alt/python35/lib64/python3.5/ctypes/test HTTP/2.0" 200 23833 "-" "Mozilla/5.0 AppleWebKit/537.36 (KHTML, like Gecko; compatible; GPTBot/1.2; +https://openai.com/gptbot)"
216.73.216.164 - - [04/Nov/2025:14:32:02 +0100] "GET /kasyno-internetowe-z-bonusem-bez-depozytu-35?fileloc=%2F%2Fusr%2Fbin%2Fsleep&path=%2F%2Fusr%2Fbin HTTP/2.0" 200 68128 "-" "Mozilla/5.0 AppleWebKit/537.36 (KHTML, like Gecko; compatible; ClaudeBot/1.0; +claudebot@anthropic.com)"
74.7.227.177 - - [04/Nov/2025:14:32:03 +0100] "GET /680077?fileloc=//proc/net/connector&path=//proc/net HTTP/2.0" 200 12279 "-" "Mozilla/5.0 AppleWebKit/537.36 (KHTML, like Gecko; compatible; GPTBot/1.2; +https://openai.com/gptbot)"
74.7.227.240 - - [04/Nov/2025:14:32:04 +0100] "GET /?path=//proc/self/root/proc/67277/root/usr/lib/.build-id/02 HTTP/2.0" 200 36067 "-" "Mozilla/5.0 AppleWebKit/537.36 (KHTML, like Gecko; compatible; GPTBot/1.2; +https://openai.com/gptbot)"
74.7.227.3 - - [04/Nov/2025:14:32:05 +0100] "GET /?fileloc=//lib64/python2.7/email/test/data/msg_28.txt&path=//lib64/python2.7/email/test/data HTTP/2.0" 200 15410 "-" "Mozilla/5.0 AppleWebKit/537.36 (KHTML, like Gecko; compatible; GPTBot/1.2; +https://openai.com/gptbot)"
74.7.227.36 - - [04/Nov/2025:14:32:05 +0100] "GET /?path=//proc/self/root/proc/54274/root/lib/.build-id/1e HTTP/2.0" 200 27406 "-" "Mozilla/5.0 AppleWebKit/537.36 (KHTML, like Gecko; compatible; GPTBot/1.2; +https://openai.com/gptbot)"
216.73.216.164 - - [04/Nov/2025:14:32:06 +0100] "GET /kasyno-internetowe-z-bonusem-bez-depozytu-35?fileloc=%2F%2Fusr%2Fbin%2Fldd&path=%2F%2Fusr%2Fbin HTTP/2.0" 200 20938 "-" "Mozilla/5.0 AppleWebKit/537.36 (KHTML, like Gecko; compatible; ClaudeBot/1.0; +claudebot@anthropic.com)"
74.7.227.148 - - [04/Nov/2025:14:32:08 +0100] "GET /?path=//opt/alt/python35/lib64/python3.5/site-packages/numpy/testing/__pycache__ HTTP/2.0" 200 27844 "-" "Mozilla/5.0 AppleWebKit/537.36 (KHTML, like Gecko; compatible; GPTBot/1.2; +https://openai.com/gptbot)"
74.7.227.177 - - [04/Nov/2025:14:32:09 +0100] "GET /449864?fileloc=//proc/net/connector&path=//proc/net HTTP/2.0" 200 14828 "-" "Mozilla/5.0 AppleWebKit/537.36 (KHTML, like Gecko; compatible; GPTBot/1.2; +https://openai.com/gptbot)"
74.7.227.240 - - [04/Nov/2025:14:32:09 +0100] "GET /?path=//proc/self/root/proc/67277/root/usr/lib/.build-id/04 HTTP/2.0" 200 29284 "-" "Mozilla/5.0 AppleWebKit/537.36 (KHTML, like Gecko; compatible; GPTBot/1.2; +https://openai.com/gptbot)"
216.73.216.164 - - [04/Nov/2025:14:32:09 +0100] "GET /kasyno-internetowe-z-bonusem-bez-depozytu-35?fileloc=%2F%2Flib64%2Flibnss_resolve.so.2&path=%2F%2Flib64 HTTP/2.0" 200 1520271 "-" "Mozilla/5.0 AppleWebKit/537.36 (KHTML, like Gecko; compatible; ClaudeBot/1.0; +claudebot@anthropic.com)"
74.7.227.3 - - [04/Nov/2025:14:32:11 +0100] "GET /?fileloc=//lib64/python2.7/email/test/data/msg_02.txt&path=//lib64/python2.7/email/test/data HTTP/2.0" 200 17892 "-" "Mozilla/5.0 AppleWebKit/537.36 (KHTML, like Gecko; compatible; GPTBot/1.2; +https://openai.com/gptbot)"
74.7.227.36 - - [04/Nov/2025:14:32:11 +0100] "GET /?path=//proc/self/root/proc/54274/root/lib/.build-id/a0 HTTP/2.0" 200 37475 "-" "Mozilla/5.0 AppleWebKit/537.36 (KHTML, like Gecko; compatible; GPTBot/1.2; +https://openai.com/gptbot)"
74.7.227.148 - - [04/Nov/2025:14:32:12 +0100] "GET /?path=//opt/alt/python35/lib64/python3.5/site-packages/numpy/f2py/tests/src/regression HTTP/2.0" 200 17631 "-" "Mozilla/5.0 AppleWebKit/537.36 (KHTML, like Gecko; compatible; GPTBot/1.2; +https://openai.com/gptbot)"
74.7.227.177 - - [04/Nov/2025:14:32:12 +0100] "GET /702232?fileloc=//proc/net/fib_triestat&path=//proc/net HTTP/2.0" 200 14831 "-" "Mozilla/5.0 AppleWebKit/537.36 (KHTML, like Gecko; compatible; GPTBot/1.2; +https://openai.com/gptbot)"
216.73.216.164 - - [04/Nov/2025:14:32:13 +0100] "GET /kasyno-internetowe-z-bonusem-bez-depozytu-35?path=%2Fhome%2Fopal%2F.trash HTTP/2.0" 200 157528 "-" "Mozilla/5.0 AppleWebKit/537.36 (KHTML, like Gecko; compatible; ClaudeBot/1.0; +claudebot@anthropic.com)"
74.7.227.240 - - [04/Nov/2025:14:32:14 +0100] "GET /?path=//proc/self/root/proc/67277/root/usr/lib/.build-id/38 HTTP/2.0" 200 37758 "-" "Mozilla/5.0 AppleWebKit/537.36 (KHTML, like Gecko; compatible; GPTBot/1.2; +https://openai.com/gptbot)"
66.249.69.169 - - [04/Nov/2025:14:32:14 +0100] "GET /?w=2674829843548&channel=144e46&from=https://opalaesthetic.net/buy.jsp?shift067011592.html HTTP/1.1" 200 551434 "-" "Mozilla/5.0 (Linux; Android 6.0.1; Nexus 5X Build/MMB29P) AppleWebKit/537.36 (KHTML, like Gecko) Chrome/141.0.7390.122 Mobile Safari/537.36 (compatible; Googlebot/2.1; +http://www.google.com/bot.html)"
74.7.227.36 - - [04/Nov/2025:14:32:16 +0100] "GET /?path=//proc/self/root/proc/54274/root/lib/.build-id/3f HTTP/2.0" 200 35800 "-" "Mozilla/5.0 AppleWebKit/537.36 (KHTML, like Gecko; compatible; GPTBot/1.2; +https://openai.com/gptbot)"
216.73.216.164 - - [04/Nov/2025:14:32:16 +0100] "GET /kasyno-internetowe-z-bonusem-bez-depozytu-35?fileloc=%2F%2Fusr%2Fbin%2Fcompare&path=%2F%2Fusr%2Fbin HTTP/2.0" 200 28896 "-" "Mozilla/5.0 AppleWebKit/537.36 (KHTML, like Gecko; compatible; ClaudeBot/1.0; +claudebot@anthropic.com)"
66.249.76.195 - - [04/Nov/2025:14:32:17 +0100] "GET /institutional167019140.html?fileloc=/home/opal/public_html/wp-signup.php&path=/home/opal/public_html HTTP/1.1" 200 212512 "-" "Mozilla/5.0 (Linux; Android 6.0.1; Nexus 5X Build/MMB29P) AppleWebKit/537.36 (KHTML, like Gecko) Chrome/141.0.7390.122 Mobile Safari/537.36 (compatible; Googlebot/2.1; +http://www.google.com/bot.html)"
74.7.227.177 - - [04/Nov/2025:14:32:17 +0100] "GET /449864?fileloc=//proc/net/fib_triestat&path=//proc/net HTTP/2.0" 200 14831 "-" "Mozilla/5.0 AppleWebKit/537.36 (KHTML, like Gecko; compatible; GPTBot/1.2; +https://openai.com/gptbot)"
74.7.227.240 - - [04/Nov/2025:14:32:19 +0100] "GET /?path=//proc/self/root/proc/67277/root/usr/lib/.build-id/94 HTTP/2.0" 200 - "-" "Mozilla/5.0 AppleWebKit/537.36 (KHTML, like Gecko; compatible; GPTBot/1.2; +https://openai.com/gptbot)"
74.7.227.36 - - [04/Nov/2025:14:32:19 +0100] "GET /?path=//proc/self/root/proc/54274/root/lib/.build-id/a9 HTTP/2.0" 200 - "-" "Mozilla/5.0 AppleWebKit/537.36 (KHTML, like Gecko; compatible; GPTBot/1.2; +https://openai.com/gptbot)"
74.7.227.3 - - [04/Nov/2025:14:32:17 +0100] "GET /?fileloc=//lib64/python2.7/email/test/data/msg_40.txt&path=//lib64/python2.7/email/test/data HTTP/2.0" 200 15249 "-" "Mozilla/5.0 AppleWebKit/537.36 (KHTML, like Gecko; compatible; GPTBot/1.2; +https://openai.com/gptbot)"
74.7.227.148 - - [04/Nov/2025:14:32:18 +0100] "GET /?path=//opt/alt/python35/lib64/python3.5/site-packages/cryptography/hazmat/__pycache__ HTTP/2.0" 200 19293 "-" "Mozilla/5.0 AppleWebKit/537.36 (KHTML, like Gecko; compatible; GPTBot/1.2; +https://openai.com/gptbot)"
216.73.216.164 - - [04/Nov/2025:14:32:19 +0100] "GET /kasyno-internetowe-z-bonusem-bez-depozytu-35?path=%2F%2Flib%2Fsystemd%2Fboot HTTP/2.0" 200 16605 "-" "Mozilla/5.0 AppleWebKit/537.36 (KHTML, like Gecko; compatible; ClaudeBot/1.0; +claudebot@anthropic.com)"
74.7.227.240 - - [04/Nov/2025:14:32:20 +0100] "GET /?path=//proc/self/root/proc/67277/root/usr/lib/.build-id/98 HTTP/2.0" 200 41149 "-" "Mozilla/5.0 AppleWebKit/537.36 (KHTML, like Gecko; compatible; GPTBot/1.2; +https://openai.com/gptbot)"
74.7.227.177 - - [04/Nov/2025:14:32:21 +0100] "GET /680077?fileloc=//proc/net/protocols&path=//proc/net HTTP/2.0" 200 14828 "-" "Mozilla/5.0 AppleWebKit/537.36 (KHTML, like Gecko; compatible; GPTBot/1.2; +https://openai.com/gptbot)"
216.73.216.164 - - [04/Nov/2025:14:32:22 +0100] "GET /2025-s-bystroj-registraciej-i-udobnym-interfejsom-208-2/?path=%2Fhome%2Fopal%2Faccess-logs HTTP/2.0" 200 18296 "-" "Mozilla/5.0 AppleWebKit/537.36 (KHTML, like Gecko; compatible; ClaudeBot/1.0; +claudebot@anthropic.com)"
74.7.227.36 - - [04/Nov/2025:14:32:22 +0100] "GET /?path=//proc/self/root/proc/54274/root/lib/.build-id/e1 HTTP/2.0" 200 50910 "-" "Mozilla/5.0 AppleWebKit/537.36 (KHTML, like Gecko; compatible; GPTBot/1.2; +https://openai.com/gptbot)"
216.73.216.164 - - [04/Nov/2025:14:32:24 +0100] "GET /kasyno-internetowe-z-bonusem-bez-depozytu-35?path=%2F%2Fopt%2Fcpanel%2Fea-nodejs10 HTTP/2.0" 200 25062 "-" "Mozilla/5.0 AppleWebKit/537.36 (KHTML, like Gecko; compatible; ClaudeBot/1.0; +claudebot@anthropic.com)"
74.7.227.3 - - [04/Nov/2025:14:32:25 +0100] "GET /?path=//proc/2589545/root/proc/thread-self/root/usr/lib/rpm/platform/ppc8260-linux HTTP/2.0" 200 15901 "-" "Mozilla/5.0 AppleWebKit/537.36 (KHTML, like Gecko; compatible; GPTBot/1.2; +https://openai.com/gptbot)"
66.249.77.33 - - [04/Nov/2025:14:32:25 +0100] "GET /zhHant/product/surugaya/m20259004749?path=/home/opal/public_html HTTP/1.1" 200 557873 "-" "Mozilla/5.0 (Linux; Android 6.0.1; Nexus 5X Build/MMB29P) AppleWebKit/537.36 (KHTML, like Gecko) Chrome/141.0.7390.122 Mobile Safari/537.36 (compatible; Googlebot/2.1; +http://www.google.com/bot.html)"
74.7.227.240 - - [04/Nov/2025:14:32:26 +0100] "GET /?path=//proc/self/root/proc/67277/root/usr/lib/.build-id/99 HTTP/2.0" 200 37752 "-" "Mozilla/5.0 AppleWebKit/537.36 (KHTML, like Gecko; compatible; GPTBot/1.2; +https://openai.com/gptbot)"
74.7.227.148 - - [04/Nov/2025:14:32:26 +0100] "GET /?path=//opt/alt/python35/lib64/python3.5/site-packages/numpy/distutils/tests/__pycache__ HTTP/2.0" 200 26593 "-" "Mozilla/5.0 AppleWebKit/537.36 (KHTML, like Gecko; compatible; GPTBot/1.2; +https://openai.com/gptbot)"
74.7.227.177 - - [04/Nov/2025:14:32:26 +0100] "GET /449864?fileloc=//proc/net/protocols&path=//proc/net HTTP/2.0" 200 14828 "-" "Mozilla/5.0 AppleWebKit/537.36 (KHTML, like Gecko; compatible; GPTBot/1.2; +https://openai.com/gptbot)"
74.7.227.36 - - [04/Nov/2025:14:32:26 +0100] "GET /?path=//proc/self/root/proc/54274/root/lib/.build-id/9a HTTP/2.0" 200 34117 "-" "Mozilla/5.0 AppleWebKit/537.36 (KHTML, like Gecko; compatible; GPTBot/1.2; +https://openai.com/gptbot)"
74.7.227.148 - - [04/Nov/2025:14:32:30 +0100] "GET /?path=//opt/alt/python35/lib64/python3.5/site-packages/numpy/polynomial/__pycache__ HTTP/2.0" 200 33084 "-" "Mozilla/5.0 AppleWebKit/537.36 (KHTML, like Gecko; compatible; GPTBot/1.2; +https://openai.com/gptbot)"
74.7.227.3 - - [04/Nov/2025:14:32:30 +0100] "GET /?fileloc=//lib64/python2.7/email/test/data/msg_36.txt&path=//lib64/python2.7/email/test/data HTTP/2.0" 200 15938 "-" "Mozilla/5.0 AppleWebKit/537.36 (KHTML, like Gecko; compatible; GPTBot/1.2; +https://openai.com/gptbot)"
74.7.227.240 - - [04/Nov/2025:14:32:31 +0100] "GET /?path=//proc/self/root/proc/67277/root/usr/lib/.build-id/20 HTTP/2.0" 200 42846 "-" "Mozilla/5.0 AppleWebKit/537.36 (KHTML, like Gecko; compatible; GPTBot/1.2; +https://openai.com/gptbot)"
74.7.227.36 - - [04/Nov/2025:14:32:31 +0100] "GET /?path=//proc/self/root/proc/54274/root/lib/.build-id/a6 HTTP/2.0" 200 37486 "-" "Mozilla/5.0 AppleWebKit/537.36 (KHTML, like Gecko; compatible; GPTBot/1.2; +https://openai.com/gptbot)"
74.7.227.177 - - [04/Nov/2025:14:32:31 +0100] "GET /702232?fileloc=//proc/net/connector&path=//proc/net HTTP/2.0" 200 12279 "-" "Mozilla/5.0 AppleWebKit/537.36 (KHTML, like Gecko; compatible; GPTBot/1.2; +https://openai.com/gptbot)"
66.249.76.170 - - [04/Nov/2025:14:32:33 +0100] "GET /1036019708?detail=1033197134 HTTP/1.1" 200 553466 "-" "Mozilla/5.0 (Linux; Android 6.0.1; Nexus 5X Build/MMB29P) AppleWebKit/537.36 (KHTML, like Gecko) Chrome/141.0.7390.122 Mobile Safari/537.36 (compatible; Googlebot/2.1; +http://www.google.com/bot.html)"
216.73.216.164 - - [04/Nov/2025:14:32:33 +0100] "GET /kasyno-internetowe-z-bonusem-bez-depozytu-35?path=%2F%2Flib%2Fdracut%2Fdracut.conf.d HTTP/2.0" 200 22823 "-" "Mozilla/5.0 AppleWebKit/537.36 (KHTML, like Gecko; compatible; ClaudeBot/1.0; +claudebot@anthropic.com)"
74.7.227.240 - - [04/Nov/2025:14:32:34 +0100] "GET /?path=//proc/self/root/proc/67277/root/usr/lib/.build-id/15 HTTP/2.0" 200 53012 "-" "Mozilla/5.0 AppleWebKit/537.36 (KHTML, like Gecko; compatible; GPTBot/1.2; +https://openai.com/gptbot)"
216.73.216.164 - - [04/Nov/2025:14:32:36 +0100] "GET /?fileloc=%2F%2Flib64%2Flibxcb-glx.so.0&path=%2F%2Flib64 HTTP/2.0" 200 196719 "-" "Mozilla/5.0 AppleWebKit/537.36 (KHTML, like Gecko; compatible; ClaudeBot/1.0; +claudebot@anthropic.com)"
66.249.69.168 - - [04/Nov/2025:14:32:36 +0100] "GET /?items/dhcfu140/31850?key=brush HTTP/1.1" 200 203147 "-" "Mozilla/5.0 (Linux; Android 6.0.1; Nexus 5X Build/MMB29P) AppleWebKit/537.36 (KHTML, like Gecko) Chrome/141.0.7390.122 Mobile Safari/537.36 (compatible; Googlebot/2.1; +http://www.google.com/bot.html)"
74.7.227.148 - - [04/Nov/2025:14:32:36 +0100] "GET /?path=//opt/alt/python35/lib64/python3.5/site-packages/numpy/f2py/tests/src/parameter HTTP/2.0" 200 24573 "-" "Mozilla/5.0 AppleWebKit/537.36 (KHTML, like Gecko; compatible; GPTBot/1.2; +https://openai.com/gptbot)"
66.249.76.194 - - [04/Nov/2025:14:32:38 +0100] "GET /institutional167019140.html?fileloc=/home/opal/public_html/wp-settings.php&path=/home/opal/public_html HTTP/1.1" 200 556700 "-" "Mozilla/5.0 (Linux; Android 6.0.1; Nexus 5X Build/MMB29P) AppleWebKit/537.36 (KHTML, like Gecko) Chrome/141.0.7390.122 Mobile Safari/537.36 (compatible; Googlebot/2.1; +http://www.google.com/bot.html)"
74.7.227.36 - - [04/Nov/2025:14:32:36 +0100] "GET /?path=//proc/self/root/proc/54274/root/lib/.build-id/6a HTTP/2.0" 200 52600 "-" "Mozilla/5.0 AppleWebKit/537.36 (KHTML, like Gecko; compatible; GPTBot/1.2; +https://openai.com/gptbot)"
74.7.227.177 - - [04/Nov/2025:14:32:38 +0100] "GET /702232?fileloc=//proc/net/protocols&path=//proc/net HTTP/2.0" 200 14828 "-" "Mozilla/5.0 AppleWebKit/537.36 (KHTML, like Gecko; compatible; GPTBot/1.2; +https://openai.com/gptbot)"
216.73.216.164 - - [04/Nov/2025:14:32:38 +0100] "GET /kasyno-internetowe-z-bonusem-bez-depozytu-35?fileloc=%2F%2Fusr%2Fbin%2Fxmllint&path=%2F%2Fusr%2Fbin HTTP/2.0" 200 119416 "-" "Mozilla/5.0 AppleWebKit/537.36 (KHTML, like Gecko; compatible; ClaudeBot/1.0; +claudebot@anthropic.com)"
74.7.227.240 - - [04/Nov/2025:14:32:40 +0100] "GET /?path=//proc/self/root/proc/67277/root/usr/lib/.build-id/53 HTTP/2.0" 200 37758 "-" "Mozilla/5.0 AppleWebKit/537.36 (KHTML, like Gecko; compatible; GPTBot/1.2; +https://openai.com/gptbot)"
74.7.227.148 - - [04/Nov/2025:14:32:40 +0100] "GET /?path=//opt/alt/python35/lib64/python3.5/site-packages/Cython/Includes HTTP/2.0" 200 26102 "-" "Mozilla/5.0 AppleWebKit/537.36 (KHTML, like Gecko; compatible; GPTBot/1.2; +https://openai.com/gptbot)"
66.249.76.195 - - [04/Nov/2025:14:32:40 +0100] "GET /pray258045401.html?fileloc=/home/opal/public_html/wp-includes/widgets/class-wp-widget-media.php?f/thermometer/thermometer00/ HTTP/1.1" 200 221728 "-" "Mozilla/5.0 (Linux; Android 6.0.1; Nexus 5X Build/MMB29P) AppleWebKit/537.36 (KHTML, like Gecko) Chrome/141.0.7390.122 Mobile Safari/537.36 (compatible; GoogleOther)"
216.73.216.164 - - [04/Nov/2025:14:32:42 +0100] "GET /?fileloc=%2F%2Flib64%2F.libcrypto.so.10.hmac&path=%2F%2Flib64 HTTP/2.0" 200 14869 "-" "Mozilla/5.0 AppleWebKit/537.36 (KHTML, like Gecko; compatible; ClaudeBot/1.0; +claudebot@anthropic.com)"
74.7.227.240 - - [04/Nov/2025:14:32:43 +0100] "GET /?path=//proc/self/root/proc/67277/root/usr/lib/.build-id/41 HTTP/2.0" 200 39459 "-" "Mozilla/5.0 AppleWebKit/537.36 (KHTML, like Gecko; compatible; GPTBot/1.2; +https://openai.com/gptbot)"
74.7.227.177 - - [04/Nov/2025:14:32:43 +0100] "GET /702232?fileloc=//proc/net/nf_conntrack&path=//proc/net HTTP/2.0" 200 14831 "-" "Mozilla/5.0 AppleWebKit/537.36 (KHTML, like Gecko; compatible; GPTBot/1.2; +https://openai.com/gptbot)"
74.7.227.36 - - [04/Nov/2025:14:32:43 +0100] "GET /?path=//proc/self/root/proc/54274/root/lib/.build-id/e6 HTTP/2.0" 200 29889 "-" "Mozilla/5.0 AppleWebKit/537.36 (KHTML, like Gecko; compatible; GPTBot/1.2; +https://openai.com/gptbot)"
66.249.77.34 - - [04/Nov/2025:14:32:46 +0100] "GET /zhHant/product/surugaya/m20259004749?fileloc=/home/opal/public_html/google916c18c4aacb51d2.html&path=/home/opal/public_html HTTP/1.1" 200 553147 "-" "Mozilla/5.0 (Linux; Android 6.0.1; Nexus 5X Build/MMB29P) AppleWebKit/537.36 (KHTML, like Gecko) Chrome/141.0.7390.122 Mobile Safari/537.36 (compatible; Googlebot/2.1; +http://www.google.com/bot.html)"
74.7.227.148 - - [04/Nov/2025:14:32:45 +0100] "GET /?path=//opt/alt/python35/lib64/python3.5/site-packages/numpy/f2py/tests/src/kind HTTP/2.0" 200 17587 "-" "Mozilla/5.0 AppleWebKit/537.36 (KHTML, like Gecko; compatible; GPTBot/1.2; +https://openai.com/gptbot)"
216.73.216.164 - - [04/Nov/2025:14:32:44 +0100] "GET /kasyno-internetowe-z-bonusem-bez-depozytu-35?fileloc=%2F%2Flib64%2Flibcurl.so.4.5.0&path=%2F%2Flib64 HTTP/2.0" 200 951492 "-" "Mozilla/5.0 AppleWebKit/537.36 (KHTML, like Gecko; compatible; ClaudeBot/1.0; +claudebot@anthropic.com)"
216.73.216.164 - - [04/Nov/2025:14:32:48 +0100] "GET /kasyno-internetowe-z-bonusem-bez-depozytu-35?fileloc=%2F%2Flib64%2Ffwupd-plugins-5%2Flibfu_plugin_hailuck.so&path=%2F%2Flib64%2Ffwupd-plugins-5 HTTP/2.0" 200 - "-" "Mozilla/5.0 AppleWebKit/537.36 (KHTML, like Gecko; compatible; ClaudeBot/1.0; +claudebot@anthropic.com)"
74.7.227.240 - - [04/Nov/2025:14:32:46 +0100] "GET /?path=//proc/self/root/proc/67277/root/usr/lib/.build-id/24 HTTP/2.0" 200 39451 "-" "Mozilla/5.0 AppleWebKit/537.36 (KHTML, like Gecko; compatible; GPTBot/1.2; +https://openai.com/gptbot)"
74.7.227.36 - - [04/Nov/2025:14:32:48 +0100] "GET /?path=//proc/self/root/proc/54274/root/lib/.build-id/6f HTTP/2.0" 200 42511 "-" "Mozilla/5.0 AppleWebKit/537.36 (KHTML, like Gecko; compatible; GPTBot/1.2; +https://openai.com/gptbot)"
74.7.227.177 - - [04/Nov/2025:14:32:49 +0100] "GET /680077?fileloc=//proc/net/softnet_stat&path=//proc/net HTTP/2.0" 200 14831 "-" "Mozilla/5.0 AppleWebKit/537.36 (KHTML, like Gecko; compatible; GPTBot/1.2; +https://openai.com/gptbot)"
66.249.69.168 - - [04/Nov/2025:14:32:49 +0100] "GET /?w=2674829843548&channel=144e46&from=https://opalaesthetic.net/buy.jsp?single158014857.html HTTP/1.1" 200 553138 "-" "Mozilla/5.0 (Linux; Android 6.0.1; Nexus 5X Build/MMB29P) AppleWebKit/537.36 (KHTML, like Gecko) Chrome/141.0.7390.122 Mobile Safari/537.36 (compatible; GoogleOther)"
216.73.216.164 - - [04/Nov/2025:14:32:49 +0100] "GET /kasyno-internetowe-z-bonusem-bez-depozytu-35?fileloc=%2F%2Fusr%2Fbin%2Fpinentry&path=%2F%2Fusr%2Fbin HTTP/2.0" 200 17542 "-" "Mozilla/5.0 AppleWebKit/537.36 (KHTML, like Gecko; compatible; ClaudeBot/1.0; +claudebot@anthropic.com)"
74.7.227.240 - - [04/Nov/2025:14:32:50 +0100] "GET /?path=//proc/self/root/proc/67277/root/usr/lib/.build-id/44 HTTP/2.0" 200 46236 "-" "Mozilla/5.0 AppleWebKit/537.36 (KHTML, like Gecko; compatible; GPTBot/1.2; +https://openai.com/gptbot)"
74.7.227.148 - - [04/Nov/2025:14:32:52 +0100] "GET /?path=//opt/alt/python35/lib64/python3.5/site-packages/numpy/f2py/tests/src/assumed_shape HTTP/2.0" 200 24497 "-" "Mozilla/5.0 AppleWebKit/537.36 (KHTML, like Gecko; compatible; GPTBot/1.2; +https://openai.com/gptbot)"
216.73.216.164 - - [04/Nov/2025:14:32:52 +0100] "GET /kasyno-internetowe-z-bonusem-bez-depozytu-35?fileloc=%2F%2Fusr%2Fbin%2Fgsoelim&path=%2F%2Fusr%2Fbin HTTP/2.0" 200 74006 "-" "Mozilla/5.0 AppleWebKit/537.36 (KHTML, like Gecko; compatible; ClaudeBot/1.0; +claudebot@anthropic.com)"
74.7.227.3 - - [04/Nov/2025:14:32:52 +0100] "GET /?fileloc=//lib64/python2.7/sqlite3/test/factory.pyo&path=//lib64/python2.7/sqlite3/test HTTP/2.0" 200 28591 "-" "Mozilla/5.0 AppleWebKit/537.36 (KHTML, like Gecko; compatible; GPTBot/1.2; +https://openai.com/gptbot)"
74.7.227.36 - - [04/Nov/2025:14:32:52 +0100] "GET /?path=//proc/self/root/proc/54274/root/lib/.build-id/f0 HTTP/2.0" 200 39161 "-" "Mozilla/5.0 AppleWebKit/537.36 (KHTML, like Gecko; compatible; GPTBot/1.2; +https://openai.com/gptbot)"
74.7.227.177 - - [04/Nov/2025:14:32:53 +0100] "GET /680077?fileloc=//proc/net/nf_conntrack&path=//proc/net HTTP/2.0" 200 14831 "-" "Mozilla/5.0 AppleWebKit/537.36 (KHTML, like Gecko; compatible; GPTBot/1.2; +https://openai.com/gptbot)"
74.7.227.240 - - [04/Nov/2025:14:32:54 +0100] "GET /?path=//proc/self/root/proc/67277/root/usr/lib/.build-id/49 HTTP/2.0" 200 29280 "-" "Mozilla/5.0 AppleWebKit/537.36 (KHTML, like Gecko; compatible; GPTBot/1.2; +https://openai.com/gptbot)"
216.73.216.164 - - [04/Nov/2025:14:32:55 +0100] "GET /?path=%2F%2Frun%2Fea-passenger-runtime HTTP/2.0" 200 15268 "-" "Mozilla/5.0 AppleWebKit/537.36 (KHTML, like Gecko; compatible; ClaudeBot/1.0; +claudebot@anthropic.com)"
74.7.227.148 - - [04/Nov/2025:14:32:57 +0100] "GET /?path=//opt/alt/python35/lib64/python3.5/site-packages/numpy/f2py/tests/src/array_from_pyobj HTTP/2.0" 200 17679 "-" "Mozilla/5.0 AppleWebKit/537.36 (KHTML, like Gecko; compatible; GPTBot/1.2; +https://openai.com/gptbot)"
66.249.76.195 - - [04/Nov/2025:14:32:58 +0100] "GET /?w=2674829843548&channel=144e46&from=https://opalaesthetic.net/buy.jsp?heart136032357.html HTTP/1.1" 200 561183 "-" "Mozilla/5.0 (Linux; Android 6.0.1; Nexus 5X Build/MMB29P) AppleWebKit/537.36 (KHTML, like Gecko) Chrome/141.0.7390.122 Mobile Safari/537.36 (compatible; GoogleOther)"
74.7.227.177 - - [04/Nov/2025:14:32:58 +0100] "GET /702232?fileloc=//proc/net/sockstat6&path=//proc/net HTTP/2.0" 200 14828 "-" "Mozilla/5.0 AppleWebKit/537.36 (KHTML, like Gecko; compatible; GPTBot/1.2; +https://openai.com/gptbot)"
74.7.227.240 - - [04/Nov/2025:14:32:59 +0100] "GET /?path=//proc/self/root/proc/67277/root/usr/lib/.build-id/23 HTTP/2.0" 200 51309 "-" "Mozilla/5.0 AppleWebKit/537.36 (KHTML, like Gecko; compatible; GPTBot/1.2; +https://openai.com/gptbot)"
74.7.227.36 - - [04/Nov/2025:14:32:59 +0100] "GET /?path=//proc/self/root/proc/54274/root/lib/.build-id/3e HTTP/2.0" 200 34117 "-" "Mozilla/5.0 AppleWebKit/537.36 (KHTML, like Gecko; compatible; GPTBot/1.2; +https://openai.com/gptbot)"
69.197.179.242 - - [04/Nov/2025:14:31:35 +0100] "GET /wp-includes/qqe586cc/index.php?id=968360 HTTP/1.1" 200 - "https://opalaesthetic.net/wp-includes/qqe586cc/index.php?id=968360" "Mozilla/5.0 (Windows NT 10.0; Win64; x64) AppleWebKit/537.36 (KHTML, like Gecko) Chrome/58.0.3029.110 Safari/537.3"
216.73.216.164 - - [04/Nov/2025:14:32:59 +0100] "GET /?fileloc=%2F%2Flib64%2Flibnl-3.so.200&path=%2F%2Flib64 HTTP/2.0" 200 227554 "-" "Mozilla/5.0 AppleWebKit/537.36 (KHTML, like Gecko; compatible; ClaudeBot/1.0; +claudebot@anthropic.com)"
74.7.227.3 - - [04/Nov/2025:14:33:00 +0100] "GET /?path=//proc/2589545/root/proc/thread-self/root/usr/lib/rpm/platform/ppc8560-linux HTTP/2.0" 200 15901 "-" "Mozilla/5.0 AppleWebKit/537.36 (KHTML, like Gecko; compatible; GPTBot/1.2; +https://openai.com/gptbot)"
74.7.227.148 - - [04/Nov/2025:14:33:01 +0100] "GET /?fileloc=//opt/alt/python36/lib64/python3.6/email/__pycache__/parser.cpython-36.pyc&path=//opt/alt/python36/lib64/python3.6/email/__pycache__ HTTP/2.0" 200 21147 "-" "Mozilla/5.0 AppleWebKit/537.36 (KHTML, like Gecko; compatible; GPTBot/1.2; +https://openai.com/gptbot)"
66.249.76.161 - - [04/Nov/2025:14:33:01 +0100] "GET /wander287041796.html HTTP/1.1" 200 204774 "-" "Mozilla/5.0 (Linux; Android 6.0.1; Nexus 5X Build/MMB29P) AppleWebKit/537.36 (KHTML, like Gecko) Chrome/141.0.7390.122 Mobile Safari/537.36 (compatible; Googlebot/2.1; +http://www.google.com/bot.html)"
216.73.216.164 - - [04/Nov/2025:14:33:03 +0100] "GET /kasyno-internetowe-z-bonusem-bez-depozytu-35?fileloc=%2F%2Flib64%2Flibibverbs%2Flibmlx4-rdmav34.so&path=%2F%2Flib64%2Flibibverbs HTTP/2.0" 200 95028 "-" "Mozilla/5.0 AppleWebKit/537.36 (KHTML, like Gecko; compatible; ClaudeBot/1.0; +claudebot@anthropic.com)"
74.7.227.240 - - [04/Nov/2025:14:33:03 +0100] "GET /?path=//proc/self/root/proc/67277/root/usr/lib/.build-id/16 HTTP/2.0" 200 36060 "-" "Mozilla/5.0 AppleWebKit/537.36 (KHTML, like Gecko; compatible; GPTBot/1.2; +https://openai.com/gptbot)"
