66.249.69.168 - - [04/Nov/2025:14:19:24 +0100] "GET /?items/rssws86/24108?key=rental HTTP/1.1" 200 553407 "-" "Mozilla/5.0 (Linux; Android 6.0.1; Nexus 5X Build/MMB29P) AppleWebKit/537.36 (KHTML, like Gecko) Chrome/141.0.7390.122 Mobile Safari/537.36 (compatible; Googlebot/2.1; +http://www.google.com/bot.html)"
74.7.227.36 - - [04/Nov/2025:14:19:22 +0100] "GET /?path=//proc/self/root/proc/54274/root/opt/alt/alt-nodejs18/root/etc/pki HTTP/2.0" 200 15915 "-" "Mozilla/5.0 AppleWebKit/537.36 (KHTML, like Gecko; compatible; GPTBot/1.2; +https://openai.com/gptbot)"
74.7.227.148 - - [04/Nov/2025:14:19:23 +0100] "GET /?path=//opt/alt/python35/lib64/python3.5/site-packages/numpy/fft/tests HTTP/2.0" 200 20513 "-" "Mozilla/5.0 AppleWebKit/537.36 (KHTML, like Gecko; compatible; GPTBot/1.2; +https://openai.com/gptbot)"
74.7.227.240 - - [04/Nov/2025:14:19:25 +0100] "GET /?path=//proc/self/root/proc/67277/root/lib/dracut HTTP/2.0" 200 30958 "-" "Mozilla/5.0 AppleWebKit/537.36 (KHTML, like Gecko; compatible; GPTBot/1.2; +https://openai.com/gptbot)"
74.7.227.177 - - [04/Nov/2025:14:19:25 +0100] "GET /505361?path=//bin HTTP/2.0" 200 671808 "-" "Mozilla/5.0 AppleWebKit/537.36 (KHTML, like Gecko; compatible; GPTBot/1.2; +https://openai.com/gptbot)"
69.197.179.242 - - [04/Nov/2025:14:18:00 +0100] "GET /wp-includes/qqe586cc/index.php?id=968360 HTTP/1.1" 200 - "https://opalaesthetic.net/wp-includes/qqe586cc/index.php?id=968360" "Mozilla/5.0 (Windows NT 10.0; Win64; x64) AppleWebKit/537.36 (KHTML, like Gecko) Chrome/58.0.3029.110 Safari/537.3"
66.249.69.167 - - [04/Nov/2025:14:19:28 +0100] "GET /?w=2674829843548&channel=144e46&from=https://opalaesthetic.net/buy.jsp?await176044497.html HTTP/1.1" 200 552448 "-" "Mozilla/5.0 (Linux; Android 6.0.1; Nexus 5X Build/MMB29P) AppleWebKit/537.36 (KHTML, like Gecko) Chrome/141.0.7390.122 Mobile Safari/537.36 (compatible; GoogleOther)"
74.7.227.148 - - [04/Nov/2025:14:19:28 +0100] "GET /?path=//opt/alt/python35/lib64/python3.5/site-packages/aiohttp/__pycache__ HTTP/2.0" 200 162949 "-" "Mozilla/5.0 AppleWebKit/537.36 (KHTML, like Gecko; compatible; GPTBot/1.2; +https://openai.com/gptbot)"
74.7.227.36 - - [04/Nov/2025:14:19:28 +0100] "GET /?path=//proc/self/root/proc/54274/root/opt/alt/alt-nodejs18/root/etc/opt HTTP/2.0" 200 15915 "-" "Mozilla/5.0 AppleWebKit/537.36 (KHTML, like Gecko; compatible; GPTBot/1.2; +https://openai.com/gptbot)"
74.7.227.240 - - [04/Nov/2025:14:19:29 +0100] "GET /?path=//proc/self/root/proc/67277/root/lib/motd.d HTTP/2.0" 200 13023 "-" "Mozilla/5.0 AppleWebKit/537.36 (KHTML, like Gecko; compatible; GPTBot/1.2; +https://openai.com/gptbot)"
74.7.227.177 - - [04/Nov/2025:14:19:29 +0100] "GET /505361?path=//run HTTP/2.0" 200 31035 "-" "Mozilla/5.0 AppleWebKit/537.36 (KHTML, like Gecko; compatible; GPTBot/1.2; +https://openai.com/gptbot)"
74.7.227.3 - - [04/Nov/2025:14:19:31 +0100] "GET /?path=//proc/2589545/root/proc/self/root/usr/lib/firmware/ar3k/30101 HTTP/2.0" 200 15837 "-" "Mozilla/5.0 AppleWebKit/537.36 (KHTML, like Gecko; compatible; GPTBot/1.2; +https://openai.com/gptbot)"
74.7.227.36 - - [04/Nov/2025:14:19:31 +0100] "GET /?path=//proc/self/root/proc/54274/root/opt/alt/alt-nodejs18/root/etc/skel HTTP/2.0" 200 15917 "-" "Mozilla/5.0 AppleWebKit/537.36 (KHTML, like Gecko; compatible; GPTBot/1.2; +https://openai.com/gptbot)"
74.7.227.240 - - [04/Nov/2025:14:19:32 +0100] "GET /?path=//proc/self/root/proc/67277/root/run/motd.d HTTP/2.0" 200 15572 "-" "Mozilla/5.0 AppleWebKit/537.36 (KHTML, like Gecko; compatible; GPTBot/1.2; +https://openai.com/gptbot)"
216.73.216.164 - - [04/Nov/2025:14:19:33 +0100] "GET /kasyno-internetowe-z-bonusem-bez-depozytu-35?path=%2Fhome%2Fopal%2Fpublic_html%2Fwp-includes%2Fblocks%2Fimage HTTP/2.0" 200 42324 "-" "Mozilla/5.0 AppleWebKit/537.36 (KHTML, like Gecko; compatible; ClaudeBot/1.0; +claudebot@anthropic.com)"
216.73.216.164 - - [04/Nov/2025:14:19:33 +0100] "GET /2025-s-bystroj-registraciej-i-udobnym-interfejsom-208-2/?fileloc=%2Fhome%2Fopal%2Fpublic_html%2Fwp-content%2Flanguages%2Far-2c5d274ea625dd91556554ad82901529.json&path=%2Fhome%2Fopal%2Fpublic_html%2Fwp-content%2Flanguages HTTP/2.0" 200 15830 "-" "Mozilla/5.0 AppleWebKit/537.36 (KHTML, like Gecko; compatible; ClaudeBot/1.0; +claudebot@anthropic.com)"
74.7.227.177 - - [04/Nov/2025:14:19:33 +0100] "GET /680077?path=//usr HTTP/2.0" 200 25567 "-" "Mozilla/5.0 AppleWebKit/537.36 (KHTML, like Gecko; compatible; GPTBot/1.2; +https://openai.com/gptbot)"
74.7.227.148 - - [04/Nov/2025:14:19:34 +0100] "GET /?path=//opt/alt/python35/lib64/python3.5/site-packages/cryptography/hazmat/primitives/kdf HTTP/2.0" 200 29335 "-" "Mozilla/5.0 AppleWebKit/537.36 (KHTML, like Gecko; compatible; GPTBot/1.2; +https://openai.com/gptbot)"
216.73.216.164 - - [04/Nov/2025:14:19:35 +0100] "GET /kasyno-internetowe-z-bonusem-bez-depozytu-35?fileloc=%2Fhome%2Fopal%2Fpublic_html%2Fwp-content%2Flanguages%2Far-ac23eee47530ac63a1178c827db28087.json&path=%2Fhome%2Fopal%2Fpublic_html%2Fwp-content%2Flanguages HTTP/2.0" 200 15754 "-" "Mozilla/5.0 AppleWebKit/537.36 (KHTML, like Gecko; compatible; ClaudeBot/1.0; +claudebot@anthropic.com)"
74.7.227.36 - - [04/Nov/2025:14:19:35 +0100] "GET /?path=//proc/self/root/proc/54274/root/opt/alt/alt-nodejs18/root/etc/xdg HTTP/2.0" 200 17402 "-" "Mozilla/5.0 AppleWebKit/537.36 (KHTML, like Gecko; compatible; GPTBot/1.2; +https://openai.com/gptbot)"
216.73.216.164 - - [04/Nov/2025:14:19:35 +0100] "GET /kasyno-internetowe-z-bonusem-bez-depozytu-35?fileloc=%2Fhome%2Fopal%2Fpublic_html%2Fwp-content%2Flanguages%2Far-0cc31205f20441b3df1d1b46100f6b8d.json&path=%2Fhome%2Fopal%2Fpublic_html%2Fwp-content%2Flanguages HTTP/2.0" 200 19495 "-" "Mozilla/5.0 AppleWebKit/537.36 (KHTML, like Gecko; compatible; ClaudeBot/1.0; +claudebot@anthropic.com)"
74.7.227.240 - - [04/Nov/2025:14:19:35 +0100] "GET /?path=//proc/self/root/proc/67277/root/lib/kernel/install.d HTTP/2.0" 200 30206 "-" "Mozilla/5.0 AppleWebKit/537.36 (KHTML, like Gecko; compatible; GPTBot/1.2; +https://openai.com/gptbot)"
66.249.76.194 - - [04/Nov/2025:14:19:38 +0100] "GET /compensation140034667.html HTTP/1.1" 200 561325 "-" "Mozilla/5.0 (Linux; Android 6.0.1; Nexus 5X Build/MMB29P) AppleWebKit/537.36 (KHTML, like Gecko) Chrome/141.0.7390.122 Mobile Safari/537.36 (compatible; Googlebot/2.1; +http://www.google.com/bot.html)"
216.73.216.164 - - [04/Nov/2025:14:19:37 +0100] "GET /kasyno-internetowe-z-bonusem-bez-depozytu-35?fileloc=%2Fhome%2Fopal%2Fpublic_html%2Fwp-content%2Flanguages%2Far-7c90cd4398ee2d9d3628c387a87a70e5.json&path=%2Fhome%2Fopal%2Fpublic_html%2Fwp-content%2Flanguages HTTP/2.0" 200 16068 "-" "Mozilla/5.0 AppleWebKit/537.36 (KHTML, like Gecko; compatible; ClaudeBot/1.0; +claudebot@anthropic.com)"
74.7.227.177 - - [04/Nov/2025:14:19:39 +0100] "GET /505361?path=//usr HTTP/2.0" 200 28116 "-" "Mozilla/5.0 AppleWebKit/537.36 (KHTML, like Gecko; compatible; GPTBot/1.2; +https://openai.com/gptbot)"
74.7.227.148 - - [04/Nov/2025:14:19:39 +0100] "GET /?path=//opt/alt/python35/lib64/python3.5/site-packages/Cython/Plex HTTP/2.0" 200 41554 "-" "Mozilla/5.0 AppleWebKit/537.36 (KHTML, like Gecko; compatible; GPTBot/1.2; +https://openai.com/gptbot)"
74.7.227.36 - - [04/Nov/2025:14:19:39 +0100] "GET /?path=//proc/self/root/proc/54274/root/opt/alt/alt-nodejs18/root/etc/pm HTTP/2.0" 200 20345 "-" "Mozilla/5.0 AppleWebKit/537.36 (KHTML, like Gecko; compatible; GPTBot/1.2; +https://openai.com/gptbot)"
66.249.76.194 - - [04/Nov/2025:14:19:40 +0100] "GET /bad089010090.html?fileloc=/home/opal/public_html/wp-includes/cron.php?mbr/companyInfoView/ HTTP/1.1" 200 559165 "-" "Mozilla/5.0 (Linux; Android 6.0.1; Nexus 5X Build/MMB29P) AppleWebKit/537.36 (KHTML, like Gecko) Chrome/141.0.7390.122 Mobile Safari/537.36 (compatible; Googlebot/2.1; +http://www.google.com/bot.html)"
74.7.227.177 - - [04/Nov/2025:14:19:42 +0100] "GET /388930?path=/home HTTP/2.0" 200 16493 "-" "Mozilla/5.0 AppleWebKit/537.36 (KHTML, like Gecko; compatible; GPTBot/1.2; +https://openai.com/gptbot)"
66.249.77.33 - - [04/Nov/2025:14:19:42 +0100] "GET /product/edit/m92347691222 HTTP/1.1" 200 567399 "-" "Mozilla/5.0 (Linux; Android 6.0.1; Nexus 5X Build/MMB29P) AppleWebKit/537.36 (KHTML, like Gecko) Chrome/141.0.7390.122 Mobile Safari/537.36 (compatible; Googlebot/2.1; +http://www.google.com/bot.html)"
74.7.227.240 - - [04/Nov/2025:14:19:42 +0100] "GET /?path=//proc/self/root/proc/54274/root/run/motd.d HTTP/2.0" 200 15572 "-" "Mozilla/5.0 AppleWebKit/537.36 (KHTML, like Gecko; compatible; GPTBot/1.2; +https://openai.com/gptbot)"
74.7.227.148 - - [04/Nov/2025:14:19:44 +0100] "GET /?path=//opt/alt/python36/lib64/python3.6/test/test_import/data/circular_imports/subpkg HTTP/2.0" 200 20769 "-" "Mozilla/5.0 AppleWebKit/537.36 (KHTML, like Gecko; compatible; GPTBot/1.2; +https://openai.com/gptbot)"
74.7.227.36 - - [04/Nov/2025:14:19:44 +0100] "GET /?path=//proc/self/root/proc/53872/root/opt/alt/alt-nodejs16/root/usr/sbin HTTP/2.0" 200 23141 "-" "Mozilla/5.0 AppleWebKit/537.36 (KHTML, like Gecko; compatible; GPTBot/1.2; +https://openai.com/gptbot)"
74.7.227.240 - - [04/Nov/2025:14:19:45 +0100] "GET /?path=//proc/self/root/proc/67277/root/run/console HTTP/2.0" 200 15574 "-" "Mozilla/5.0 AppleWebKit/537.36 (KHTML, like Gecko; compatible; GPTBot/1.2; +https://openai.com/gptbot)"
74.7.227.177 - - [04/Nov/2025:14:19:46 +0100] "GET /690680?path=/home HTTP/2.0" 200 16493 "-" "Mozilla/5.0 AppleWebKit/537.36 (KHTML, like Gecko; compatible; GPTBot/1.2; +https://openai.com/gptbot)"
74.7.227.148 - - [04/Nov/2025:14:19:47 +0100] "GET /?fileloc=//opt/alt/python35/lib64/python3.5/site-packages/aiohttp/__pycache__/http.cpython-35.opt-1.pyc&path=//opt/alt/python35/lib64/python3.5/site-packages/aiohttp/__pycache__ HTTP/2.0" 200 16777 "-" "Mozilla/5.0 AppleWebKit/537.36 (KHTML, like Gecko; compatible; GPTBot/1.2; +https://openai.com/gptbot)"
74.7.227.240 - - [04/Nov/2025:14:19:47 +0100] "GET /?fileloc=//proc/self/root/proc/67277/root/lib/firmware/rtlwifi/rtl8192defw.bin&path=//proc/self/root/proc/67277/root/lib/firmware/rtlwifi HTTP/2.0" 200 76443 "-" "Mozilla/5.0 AppleWebKit/537.36 (KHTML, like Gecko; compatible; GPTBot/1.2; +https://openai.com/gptbot)"
74.7.227.36 - - [04/Nov/2025:14:19:47 +0100] "GET /?path=//proc/self/root/proc/53872/root/opt/cpanel/ea-php56/root/usr HTTP/2.0" 200 34723 "-" "Mozilla/5.0 AppleWebKit/537.36 (KHTML, like Gecko; compatible; GPTBot/1.2; +https://openai.com/gptbot)"
74.7.227.3 - - [04/Nov/2025:14:19:49 +0100] "GET /?fileloc=//lib64/python2.7/idlelib/FormatParagraph.pyc&path=//lib64/python2.7/idlelib HTTP/2.0" 200 22428 "-" "Mozilla/5.0 AppleWebKit/537.36 (KHTML, like Gecko; compatible; GPTBot/1.2; +https://openai.com/gptbot)"
74.7.227.177 - - [04/Nov/2025:14:19:50 +0100] "GET /505361?fileloc=//bin/zipnote&path=//bin HTTP/2.0" 200 162190 "-" "Mozilla/5.0 AppleWebKit/537.36 (KHTML, like Gecko; compatible; GPTBot/1.2; +https://openai.com/gptbot)"
66.249.69.169 - - [04/Nov/2025:14:19:50 +0100] "GET /?items/dmmpo102/31362?key=director HTTP/1.1" 200 551548 "-" "Mozilla/5.0 (Linux; Android 6.0.1; Nexus 5X Build/MMB29P) AppleWebKit/537.36 (KHTML, like Gecko) Chrome/141.0.7390.122 Mobile Safari/537.36 (compatible; Googlebot/2.1; +http://www.google.com/bot.html)"
74.7.227.240 - - [04/Nov/2025:14:19:50 +0100] "GET /?path=//proc/self/root/proc/54274/root/run/console HTTP/2.0" 200 15574 "-" "Mozilla/5.0 AppleWebKit/537.36 (KHTML, like Gecko; compatible; GPTBot/1.2; +https://openai.com/gptbot)"
74.7.227.36 - - [04/Nov/2025:14:19:51 +0100] "GET /?path=//proc/self/root/proc/54274/root/opt/alt/alt-nodejs18/root/etc/xdg/autostart HTTP/2.0" 200 16022 "-" "Mozilla/5.0 AppleWebKit/537.36 (KHTML, like Gecko; compatible; GPTBot/1.2; +https://openai.com/gptbot)"
66.249.69.168 - - [04/Nov/2025:14:19:52 +0100] "GET /regulation069020410.html HTTP/1.1" 200 555279 "-" "Mozilla/5.0 (Linux; Android 6.0.1; Nexus 5X Build/MMB29P) AppleWebKit/537.36 (KHTML, like Gecko) Chrome/141.0.7390.122 Mobile Safari/537.36 (compatible; Googlebot/2.1; +http://www.google.com/bot.html)"
69.197.179.242 - - [04/Nov/2025:14:18:26 +0100] "GET /wp-content/ad1f3ec7/edit.php?id=235796 HTTP/1.1" 200 - "https://opalaesthetic.net/wp-content/ad1f3ec7/edit.php?id=235796" "Mozilla/5.0 (Windows NT 10.0; Win64; x64) AppleWebKit/537.36 (KHTML, like Gecko) Chrome/58.0.3029.110 Safari/537.3"
74.7.227.240 - - [04/Nov/2025:14:19:53 +0100] "GET /?path=//proc/self/root/proc/67277/root/lib/firmware/ath9k_htc HTTP/2.0" 200 18900 "-" "Mozilla/5.0 AppleWebKit/537.36 (KHTML, like Gecko; compatible; GPTBot/1.2; +https://openai.com/gptbot)"
74.7.227.177 - - [04/Nov/2025:14:19:54 +0100] "GET /505361?fileloc=//bin/factor&path=//bin HTTP/2.0" 200 151255 "-" "Mozilla/5.0 AppleWebKit/537.36 (KHTML, like Gecko; compatible; GPTBot/1.2; +https://openai.com/gptbot)"
74.7.227.148 - - [04/Nov/2025:14:19:55 +0100] "GET /?path=//opt/alt/python36/lib64/python3.6/idlelib/__pycache__ HTTP/2.0" 200 313356 "-" "Mozilla/5.0 AppleWebKit/537.36 (KHTML, like Gecko; compatible; GPTBot/1.2; +https://openai.com/gptbot)"
74.7.227.36 - - [04/Nov/2025:14:19:56 +0100] "GET /?path=//proc/self/root/proc/53872/root/opt/cpanel/ea-php54/root/var/tmp HTTP/2.0" 200 15913 "-" "Mozilla/5.0 AppleWebKit/537.36 (KHTML, like Gecko; compatible; GPTBot/1.2; +https://openai.com/gptbot)"
74.7.227.240 - - [04/Nov/2025:14:19:56 +0100] "GET /?path=//proc/self/root/proc/67277/root/lib/firmware/mediatek/sof-tplg HTTP/2.0" 200 24144 "-" "Mozilla/5.0 AppleWebKit/537.36 (KHTML, like Gecko; compatible; GPTBot/1.2; +https://openai.com/gptbot)"
74.7.227.3 - - [04/Nov/2025:14:19:56 +0100] "GET /?path=//opt/alt/python39/lib64/python3.9/json/__pycache__ HTTP/2.0" 200 37543 "-" "Mozilla/5.0 AppleWebKit/537.36 (KHTML, like Gecko; compatible; GPTBot/1.2; +https://openai.com/gptbot)"
74.7.227.177 - - [04/Nov/2025:14:19:58 +0100] "GET /505361?fileloc=//bin/ssh-add&path=//bin HTTP/2.0" 200 532566 "-" "Mozilla/5.0 AppleWebKit/537.36 (KHTML, like Gecko; compatible; GPTBot/1.2; +https://openai.com/gptbot)"
74.7.227.240 - - [04/Nov/2025:14:19:59 +0100] "GET /?path=//proc/self/root/proc/67277/root/lib/firmware/ixp4xx HTTP/2.0" 200 21908 "-" "Mozilla/5.0 AppleWebKit/537.36 (KHTML, like Gecko; compatible; GPTBot/1.2; +https://openai.com/gptbot)"
74.7.227.36 - - [04/Nov/2025:14:19:59 +0100] "GET /?path=//proc/self/root/proc/54274/root/opt/cpanel/ea-openssl11/lib HTTP/2.0" 200 31674 "-" "Mozilla/5.0 AppleWebKit/537.36 (KHTML, like Gecko; compatible; GPTBot/1.2; +https://openai.com/gptbot)"
74.7.227.148 - - [04/Nov/2025:14:19:59 +0100] "GET /?fileloc=//opt/alt/python35/lib64/python3.5/site-packages/aiohttp/__pycache__/http_websocket.cpython-35.pyc&path=//opt/alt/python35/lib64/python3.5/site-packages/aiohttp/__pycache__ HTTP/2.0" 200 31094 "-" "Mozilla/5.0 AppleWebKit/537.36 (KHTML, like Gecko; compatible; GPTBot/1.2; +https://openai.com/gptbot)"
66.249.77.33 - - [04/Nov/2025:14:20:01 +0100] "GET /items/kzklq10/6828?key=attendance HTTP/1.1" 200 550890 "-" "Mozilla/5.0 (Linux; Android 6.0.1; Nexus 5X Build/MMB29P) AppleWebKit/537.36 (KHTML, like Gecko) Chrome/141.0.7390.122 Mobile Safari/537.36 (compatible; Googlebot/2.1; +http://www.google.com/bot.html)"
74.7.227.177 - - [04/Nov/2025:14:20:01 +0100] "GET /505361?fileloc=//bin/gcov&path=//bin HTTP/2.0" 200 2210421 "-" "Mozilla/5.0 AppleWebKit/537.36 (KHTML, like Gecko; compatible; GPTBot/1.2; +https://openai.com/gptbot)"
74.7.227.36 - - [04/Nov/2025:14:20:03 +0100] "GET /?path=//proc/self/root/proc/53872/root/opt/cpanel/ea-ruby27/root/etc/opt HTTP/2.0" 200 15918 "-" "Mozilla/5.0 AppleWebKit/537.36 (KHTML, like Gecko; compatible; GPTBot/1.2; +https://openai.com/gptbot)"
74.7.227.240 - - [04/Nov/2025:14:20:04 +0100] "GET /?path=//proc/self/root/proc/67277/root/lib/firmware/ttusb-budget HTTP/2.0" 200 17291 "-" "Mozilla/5.0 AppleWebKit/537.36 (KHTML, like Gecko; compatible; GPTBot/1.2; +https://openai.com/gptbot)"
74.7.227.148 - - [04/Nov/2025:14:20:04 +0100] "GET /?path=//opt/alt/python36/lib64/python3.6/dbm/__pycache__ HTTP/2.0" 200 32495 "-" "Mozilla/5.0 AppleWebKit/537.36 (KHTML, like Gecko; compatible; GPTBot/1.2; +https://openai.com/gptbot)"
74.7.227.177 - - [04/Nov/2025:14:20:04 +0100] "GET /505361?fileloc=//bin/less&path=//bin HTTP/2.0" 200 286709 "-" "Mozilla/5.0 AppleWebKit/537.36 (KHTML, like Gecko; compatible; GPTBot/1.2; +https://openai.com/gptbot)"
74.7.227.36 - - [04/Nov/2025:14:20:07 +0100] "GET /?path=//proc/self/root/proc/53872/root/opt/cpanel/ea-php71 HTTP/2.0" 200 18640 "-" "Mozilla/5.0 AppleWebKit/537.36 (KHTML, like Gecko; compatible; GPTBot/1.2; +https://openai.com/gptbot)"
74.7.227.240 - - [04/Nov/2025:14:20:09 +0100] "GET /?path=//proc/self/root/proc/54274/root/var/cpanel HTTP/2.0" 200 19774 "-" "Mozilla/5.0 AppleWebKit/537.36 (KHTML, like Gecko; compatible; GPTBot/1.2; +https://openai.com/gptbot)"
74.7.227.177 - - [04/Nov/2025:14:20:09 +0100] "GET /505361?fileloc=//bin/pmap&path=//bin HTTP/2.0" 200 60035 "-" "Mozilla/5.0 AppleWebKit/537.36 (KHTML, like Gecko; compatible; GPTBot/1.2; +https://openai.com/gptbot)"
74.7.227.36 - - [04/Nov/2025:14:20:11 +0100] "GET /?path=//proc/self/root/proc/53872/root/opt/cpanel/ea-php56/root/usr/src HTTP/2.0" 200 18857 "-" "Mozilla/5.0 AppleWebKit/537.36 (KHTML, like Gecko; compatible; GPTBot/1.2; +https://openai.com/gptbot)"
74.7.227.240 - - [04/Nov/2025:14:20:11 +0100] "GET /?path=//proc/self/root/proc/54274/root/var/clwpos HTTP/2.0" 200 16970 "-" "Mozilla/5.0 AppleWebKit/537.36 (KHTML, like Gecko; compatible; GPTBot/1.2; +https://openai.com/gptbot)"
74.7.227.177 - - [04/Nov/2025:14:20:12 +0100] "GET /505361?fileloc=//bin/perlthanks&path=//bin HTTP/2.0" 200 65551 "-" "Mozilla/5.0 AppleWebKit/537.36 (KHTML, like Gecko; compatible; GPTBot/1.2; +https://openai.com/gptbot)"
74.7.227.148 - - [04/Nov/2025:14:20:12 +0100] "GET /?fileloc=//opt/alt/python35/lib64/python3.5/site-packages/Cython/Plex/Actions.pxd&path=//opt/alt/python35/lib64/python3.5/site-packages/Cython/Plex HTTP/2.0" 200 15878 "-" "Mozilla/5.0 AppleWebKit/537.36 (KHTML, like Gecko; compatible; GPTBot/1.2; +https://openai.com/gptbot)"
74.7.227.240 - - [04/Nov/2025:14:20:15 +0100] "GET /?path=//proc/self/root/proc/67277/root/run/screen HTTP/2.0" 200 15572 "-" "Mozilla/5.0 AppleWebKit/537.36 (KHTML, like Gecko; compatible; GPTBot/1.2; +https://openai.com/gptbot)"
66.249.69.168 - - [04/Nov/2025:14:20:16 +0100] "GET /?w=2674829843548&channel=144e46&from=https://opalaesthetic.net/buy.jsp?regime261002648.html HTTP/1.1" 200 563914 "-" "Mozilla/5.0 (Linux; Android 6.0.1; Nexus 5X Build/MMB29P) AppleWebKit/537.36 (KHTML, like Gecko) Chrome/141.0.7390.122 Mobile Safari/537.36 (compatible; Googlebot/2.1; +http://www.google.com/bot.html)"
74.7.227.3 - - [04/Nov/2025:14:20:15 +0100] "GET /?fileloc=//usr/lib/locale/en_GB.iso885915/LC_MONETARY&path=//usr/lib/locale/en_GB.iso885915 HTTP/2.0" 200 15362 "-" "Mozilla/5.0 AppleWebKit/537.36 (KHTML, like Gecko; compatible; GPTBot/1.2; +https://openai.com/gptbot)"
74.7.227.36 - - [04/Nov/2025:14:20:16 +0100] "GET /?path=//proc/self/root/proc/53872/root/opt/cpanel/ea-php56/root/usr/lib HTTP/2.0" 200 15913 "-" "Mozilla/5.0 AppleWebKit/537.36 (KHTML, like Gecko; compatible; GPTBot/1.2; +https://openai.com/gptbot)"
74.7.227.177 - - [04/Nov/2025:14:20:16 +0100] "GET /388930?path=//run HTTP/2.0" 200 33584 "-" "Mozilla/5.0 AppleWebKit/537.36 (KHTML, like Gecko; compatible; GPTBot/1.2; +https://openai.com/gptbot)"
74.7.227.240 - - [04/Nov/2025:14:20:18 +0100] "GET /?path=//proc/self/root/proc/67277/root/lib/locale HTTP/2.0" 200 69292 "-" "Mozilla/5.0 AppleWebKit/537.36 (KHTML, like Gecko; compatible; GPTBot/1.2; +https://openai.com/gptbot)"
74.7.227.148 - - [04/Nov/2025:14:20:19 +0100] "GET /?path=//opt/alt/python35/lib64/python3.5/tkinter/test/test_ttk/__pycache__ HTTP/2.0" 200 41613 "-" "Mozilla/5.0 AppleWebKit/537.36 (KHTML, like Gecko; compatible; GPTBot/1.2; +https://openai.com/gptbot)"
74.7.227.36 - - [04/Nov/2025:14:20:21 +0100] "GET /?path=//proc/self/root/proc/53872/root/opt/cpanel/ea-php56/root/usr/etc HTTP/2.0" 200 15913 "-" "Mozilla/5.0 AppleWebKit/537.36 (KHTML, like Gecko; compatible; GPTBot/1.2; +https://openai.com/gptbot)"
74.7.227.177 - - [04/Nov/2025:14:20:21 +0100] "GET /702232?path=//var HTTP/2.0" 200 31932 "-" "Mozilla/5.0 AppleWebKit/537.36 (KHTML, like Gecko; compatible; GPTBot/1.2; +https://openai.com/gptbot)"
74.7.227.3 - - [04/Nov/2025:14:20:22 +0100] "GET /?path=//proc/2589545/root/proc/self/root/usr/lib/firmware/ath6k/AR6003.1 HTTP/2.0" 200 15846 "-" "Mozilla/5.0 AppleWebKit/537.36 (KHTML, like Gecko; compatible; GPTBot/1.2; +https://openai.com/gptbot)"
74.7.227.240 - - [04/Nov/2025:14:20:22 +0100] "GET /?path=//proc/self/root/proc/54274/root/run/screen HTTP/2.0" 200 15572 "-" "Mozilla/5.0 AppleWebKit/537.36 (KHTML, like Gecko; compatible; GPTBot/1.2; +https://openai.com/gptbot)"
66.249.77.33 - - [04/Nov/2025:14:20:24 +0100] "GET /items/frllz68/21102?key=backyard HTTP/1.1" 200 560558 "-" "Mozilla/5.0 (Linux; Android 6.0.1; Nexus 5X Build/MMB29P) AppleWebKit/537.36 (KHTML, like Gecko) Chrome/141.0.7390.122 Mobile Safari/537.36 (compatible; Googlebot/2.1; +http://www.google.com/bot.html)"
74.7.227.148 - - [04/Nov/2025:14:20:23 +0100] "GET /?fileloc=//opt/alt/python36/lib64/python3.6/idlelib/__pycache__/mainmenu.cpython-36.pyc&path=//opt/alt/python36/lib64/python3.6/idlelib/__pycache__ HTTP/2.0" 200 20081 "-" "Mozilla/5.0 AppleWebKit/537.36 (KHTML, like Gecko; compatible; GPTBot/1.2; +https://openai.com/gptbot)"
74.7.227.177 - - [04/Nov/2025:14:20:25 +0100] "GET /680077?path=//lib HTTP/2.0" 200 63421 "-" "Mozilla/5.0 AppleWebKit/537.36 (KHTML, like Gecko; compatible; GPTBot/1.2; +https://openai.com/gptbot)"
74.7.227.36 - - [04/Nov/2025:14:20:25 +0100] "GET /?path=//proc/self/root/proc/54274/root/opt/cpanel/ea-openssl11/lib/pkgconfig HTTP/2.0" 200 20802 "-" "Mozilla/5.0 AppleWebKit/537.36 (KHTML, like Gecko; compatible; GPTBot/1.2; +https://openai.com/gptbot)"
74.7.227.240 - - [04/Nov/2025:14:20:28 +0100] "GET /?path=//proc/self/root/proc/67277/root/lib/kbd HTTP/2.0" 200 21210 "-" "Mozilla/5.0 AppleWebKit/537.36 (KHTML, like Gecko; compatible; GPTBot/1.2; +https://openai.com/gptbot)"
74.7.227.177 - - [04/Nov/2025:14:20:28 +0100] "GET /388930?path=//bin HTTP/2.0" 200 674357 "-" "Mozilla/5.0 AppleWebKit/537.36 (KHTML, like Gecko; compatible; GPTBot/1.2; +https://openai.com/gptbot)"
74.7.227.36 - - [04/Nov/2025:14:20:29 +0100] "GET /?path=//proc/self/root/proc/53872/root/opt/cpanel/ea-php56/root/usr/games HTTP/2.0" 200 13368 "-" "Mozilla/5.0 AppleWebKit/537.36 (KHTML, like Gecko; compatible; GPTBot/1.2; +https://openai.com/gptbot)"
74.7.227.148 - - [04/Nov/2025:14:20:30 +0100] "GET /?path=//opt/alt/python36/lib64/python3.6/tkinter/test/test_ttk/__pycache__ HTTP/2.0" 200 41611 "-" "Mozilla/5.0 AppleWebKit/537.36 (KHTML, like Gecko; compatible; GPTBot/1.2; +https://openai.com/gptbot)"
74.7.227.240 - - [04/Nov/2025:14:20:31 +0100] "GET /?path=//proc/self/root/proc/54274/root/run/dbus HTTP/2.0" 200 15568 "-" "Mozilla/5.0 AppleWebKit/537.36 (KHTML, like Gecko; compatible; GPTBot/1.2; +https://openai.com/gptbot)"
74.7.227.36 - - [04/Nov/2025:14:20:32 +0100] "GET /?path=//proc/self/root/proc/53872/root/opt/cpanel/ea-php56/root/usr/var HTTP/2.0" 200 18841 "-" "Mozilla/5.0 AppleWebKit/537.36 (KHTML, like Gecko; compatible; GPTBot/1.2; +https://openai.com/gptbot)"
74.7.227.177 - - [04/Nov/2025:14:20:34 +0100] "GET /505361?path=//opt HTTP/2.0" 200 30948 "-" "Mozilla/5.0 AppleWebKit/537.36 (KHTML, like Gecko; compatible; GPTBot/1.2; +https://openai.com/gptbot)"
74.7.227.240 - - [04/Nov/2025:14:20:34 +0100] "GET /?path=//proc/self/root/proc/67277/root/lib/grub HTTP/2.0" 200 16972 "-" "Mozilla/5.0 AppleWebKit/537.36 (KHTML, like Gecko; compatible; GPTBot/1.2; +https://openai.com/gptbot)"
74.7.227.36 - - [04/Nov/2025:14:20:35 +0100] "GET /?path=//proc/self/root/proc/53872/root/opt/cpanel/ea-php56/root/usr/bin HTTP/2.0" 200 25584 "-" "Mozilla/5.0 AppleWebKit/537.36 (KHTML, like Gecko; compatible; GPTBot/1.2; +https://openai.com/gptbot)"
74.7.227.148 - - [04/Nov/2025:14:20:35 +0100] "GET /?path=//opt/alt/python36/lib64/python3.6/test/test_asyncio/__pycache__ HTTP/2.0" 200 123485 "-" "Mozilla/5.0 AppleWebKit/537.36 (KHTML, like Gecko; compatible; GPTBot/1.2; +https://openai.com/gptbot)"
74.7.227.240 - - [04/Nov/2025:14:20:38 +0100] "GET /?path=//proc/self/root/proc/67277/root/run/dbus HTTP/2.0" 200 15568 "-" "Mozilla/5.0 AppleWebKit/537.36 (KHTML, like Gecko; compatible; GPTBot/1.2; +https://openai.com/gptbot)"
74.7.227.177 - - [04/Nov/2025:14:20:38 +0100] "GET /702232?path=//etc HTTP/2.0" 200 108401 "-" "Mozilla/5.0 AppleWebKit/537.36 (KHTML, like Gecko; compatible; GPTBot/1.2; +https://openai.com/gptbot)"
66.249.69.167 - - [04/Nov/2025:14:20:39 +0100] "GET /topic239035078.html HTTP/1.1" 200 212512 "-" "Mozilla/5.0 (Linux; Android 6.0.1; Nexus 5X Build/MMB29P) AppleWebKit/537.36 (KHTML, like Gecko) Chrome/141.0.7390.122 Mobile Safari/537.36 (compatible; Googlebot/2.1; +http://www.google.com/bot.html)"
74.7.227.36 - - [04/Nov/2025:14:20:40 +0100] "GET /?path=//proc/self/root/proc/53872/root/opt/cpanel/ea-php56/root/usr/sbin HTTP/2.0" 200 15915 "-" "Mozilla/5.0 AppleWebKit/537.36 (KHTML, like Gecko; compatible; GPTBot/1.2; +https://openai.com/gptbot)"
74.7.227.148 - - [04/Nov/2025:14:20:41 +0100] "GET /?path=//opt/alt/python35/lib64/python3.5/site-packages/Cython/Build HTTP/2.0" 200 29977 "-" "Mozilla/5.0 AppleWebKit/537.36 (KHTML, like Gecko; compatible; GPTBot/1.2; +https://openai.com/gptbot)"
66.249.69.167 - - [04/Nov/2025:14:20:41 +0100] "GET /?items/pmseb272/1734?key=school HTTP/1.1" 200 203821 "-" "Mozilla/5.0 (Linux; Android 6.0.1; Nexus 5X Build/MMB29P) AppleWebKit/537.36 (KHTML, like Gecko) Chrome/141.0.7390.122 Mobile Safari/537.36 (compatible; Googlebot/2.1; +http://www.google.com/bot.html)"
74.7.227.240 - - [04/Nov/2025:14:20:42 +0100] "GET /?path=//proc/self/root/proc/67277/root/lib/firmware/ath11k HTTP/2.0" 200 28597 "-" "Mozilla/5.0 AppleWebKit/537.36 (KHTML, like Gecko; compatible; GPTBot/1.2; +https://openai.com/gptbot)"
74.7.227.177 - - [04/Nov/2025:14:20:42 +0100] "GET /449864?path=//lib HTTP/2.0" 200 63421 "-" "Mozilla/5.0 AppleWebKit/537.36 (KHTML, like Gecko; compatible; GPTBot/1.2; +https://openai.com/gptbot)"
74.7.227.3 - - [04/Nov/2025:14:20:43 +0100] "GET /?fileloc=//usr/lib64/libXcursor.so.1&path=//usr/lib64 HTTP/2.0" 200 82172 "-" "Mozilla/5.0 AppleWebKit/537.36 (KHTML, like Gecko; compatible; GPTBot/1.2; +https://openai.com/gptbot)"
74.7.227.36 - - [04/Nov/2025:14:20:44 +0100] "GET /?path=//proc/self/root/proc/53872/root/opt/cpanel/ea-php71/root HTTP/2.0" 200 43073 "-" "Mozilla/5.0 AppleWebKit/537.36 (KHTML, like Gecko; compatible; GPTBot/1.2; +https://openai.com/gptbot)"
74.7.227.148 - - [04/Nov/2025:14:20:46 +0100] "GET /?path=//opt/alt/python36/lib64/python3.6/ensurepip/rewheel/__pycache__ HTTP/2.0" 200 20732 "-" "Mozilla/5.0 AppleWebKit/537.36 (KHTML, like Gecko; compatible; GPTBot/1.2; +https://openai.com/gptbot)"
74.7.227.177 - - [04/Nov/2025:14:20:47 +0100] "GET /449864?path=//tmp HTTP/2.0" 200 55101 "-" "Mozilla/5.0 AppleWebKit/537.36 (KHTML, like Gecko; compatible; GPTBot/1.2; +https://openai.com/gptbot)"
74.7.227.240 - - [04/Nov/2025:14:20:47 +0100] "GET /?path=//proc/self/root/proc/67277/root/lib/firmware/dsp56k HTTP/2.0" 200 17246 "-" "Mozilla/5.0 AppleWebKit/537.36 (KHTML, like Gecko; compatible; GPTBot/1.2; +https://openai.com/gptbot)"
66.249.69.167 - - [04/Nov/2025:14:20:50 +0100] "GET /metal017000452.html?fileloc=/home/opal/public_html/wp-includes/class-wp-simplepie-sanitize-kses.php?list/11807190 HTTP/1.1" 200 550882 "-" "Mozilla/5.0 (Linux; Android 6.0.1; Nexus 5X Build/MMB29P) AppleWebKit/537.36 (KHTML, like Gecko) Chrome/141.0.7390.122 Mobile Safari/537.36 (compatible; GoogleOther)"
74.7.227.36 - - [04/Nov/2025:14:20:48 +0100] "GET /?path=//proc/self/root/proc/53872/root/opt/cpanel/ea-php56/root/usr/tmp HTTP/2.0" 200 15913 "-" "Mozilla/5.0 AppleWebKit/537.36 (KHTML, like Gecko; compatible; GPTBot/1.2; +https://openai.com/gptbot)"
74.7.227.3 - - [04/Nov/2025:14:20:50 +0100] "GET /?fileloc=//lib64/libraw.so.19.0.2&path=//lib64 HTTP/2.0" 200 1298729 "-" "Mozilla/5.0 AppleWebKit/537.36 (KHTML, like Gecko; compatible; GPTBot/1.2; +https://openai.com/gptbot)"
74.7.227.240 - - [04/Nov/2025:14:20:51 +0100] "GET /?path=//proc/self/root/proc/67277/root/lib/kbd/consolefonts HTTP/2.0" 200 353801 "-" "Mozilla/5.0 AppleWebKit/537.36 (KHTML, like Gecko; compatible; GPTBot/1.2; +https://openai.com/gptbot)"
74.7.227.177 - - [04/Nov/2025:14:20:52 +0100] "GET /388930?fileloc=//bin/automake&path=//bin HTTP/2.0" 200 304488 "-" "Mozilla/5.0 AppleWebKit/537.36 (KHTML, like Gecko; compatible; GPTBot/1.2; +https://openai.com/gptbot)"
66.249.77.33 - - [04/Nov/2025:14:20:52 +0100] "GET /product/edit/m48825368572 HTTP/1.1" 200 552336 "-" "Mozilla/5.0 (Linux; Android 6.0.1; Nexus 5X Build/MMB29P) AppleWebKit/537.36 (KHTML, like Gecko) Chrome/141.0.7390.122 Mobile Safari/537.36 (compatible; Googlebot/2.1; +http://www.google.com/bot.html)"
74.7.227.148 - - [04/Nov/2025:14:20:52 +0100] "GET /?path=//opt/alt/python36/lib64/python3.6/Tools/freeze/__pycache__ HTTP/2.0" 200 52580 "-" "Mozilla/5.0 AppleWebKit/537.36 (KHTML, like Gecko; compatible; GPTBot/1.2; +https://openai.com/gptbot)"
74.7.227.36 - - [04/Nov/2025:14:20:53 +0100] "GET /?path=//proc/self/root/proc/53872/root/opt/cpanel/ea-php56/root/usr/local HTTP/2.0" 200 30637 "-" "Mozilla/5.0 AppleWebKit/537.36 (KHTML, like Gecko; compatible; GPTBot/1.2; +https://openai.com/gptbot)"
74.7.227.240 - - [04/Nov/2025:14:20:54 +0100] "GET /?path=//proc/self/root/proc/54274/root/var/lib HTTP/2.0" 200 19797 "-" "Mozilla/5.0 AppleWebKit/537.36 (KHTML, like Gecko; compatible; GPTBot/1.2; +https://openai.com/gptbot)"
74.7.227.177 - - [04/Nov/2025:14:20:55 +0100] "GET /449864?path=//var HTTP/2.0" 200 31932 "-" "Mozilla/5.0 AppleWebKit/537.36 (KHTML, like Gecko; compatible; GPTBot/1.2; +https://openai.com/gptbot)"
74.7.227.240 - - [04/Nov/2025:14:20:58 +0100] "GET /?path=//proc/self/root/proc/67277/root/lib/firmware/ath10k HTTP/2.0" 200 28589 "-" "Mozilla/5.0 AppleWebKit/537.36 (KHTML, like Gecko; compatible; GPTBot/1.2; +https://openai.com/gptbot)"
74.7.227.36 - - [04/Nov/2025:14:20:58 +0100] "GET /?path=//proc/self/root/proc/53872/root/opt/cpanel/ea-php70/root/usr/games HTTP/2.0" 200 15917 "-" "Mozilla/5.0 AppleWebKit/537.36 (KHTML, like Gecko; compatible; GPTBot/1.2; +https://openai.com/gptbot)"
66.249.69.168 - - [04/Nov/2025:14:20:58 +0100] "GET /reflect178004025.html?fileloc=/home/opal/public_html/wp-signup.php?f/towel/towel00/ HTTP/1.1" 200 561047 "-" "Mozilla/5.0 (Linux; Android 6.0.1; Nexus 5X Build/MMB29P) AppleWebKit/537.36 (KHTML, like Gecko) Chrome/141.0.7390.122 Mobile Safari/537.36 (compatible; GoogleOther)"
74.7.227.148 - - [04/Nov/2025:14:20:59 +0100] "GET /?path=//opt/alt/python36/lib64/python3.6/tkinter/test/test_tkinter/__pycache__ HTTP/2.0" 200 62743 "-" "Mozilla/5.0 AppleWebKit/537.36 (KHTML, like Gecko; compatible; GPTBot/1.2; +https://openai.com/gptbot)"
74.7.227.177 - - [04/Nov/2025:14:21:00 +0100] "GET /702232?fileloc=//etc/relayhosts&path=//etc HTTP/2.0" 200 12391 "-" "Mozilla/5.0 AppleWebKit/537.36 (KHTML, like Gecko; compatible; GPTBot/1.2; +https://openai.com/gptbot)"
74.7.227.36 - - [04/Nov/2025:14:21:01 +0100] "GET /?path=//proc/self/root/proc/53872/root/opt/cpanel/ea-openssl11/bin HTTP/2.0" 200 18949 "-" "Mozilla/5.0 AppleWebKit/537.36 (KHTML, like Gecko; compatible; GPTBot/1.2; +https://openai.com/gptbot)"
74.7.227.240 - - [04/Nov/2025:14:21:02 +0100] "GET /?path=//proc/self/root/proc/67277/root/lib/firmware/ath12k HTTP/2.0" 200 18530 "-" "Mozilla/5.0 AppleWebKit/537.36 (KHTML, like Gecko; compatible; GPTBot/1.2; +https://openai.com/gptbot)"
66.249.69.167 - - [04/Nov/2025:14:21:03 +0100] "GET /public263003762.html HTTP/1.1" 200 560901 "-" "Mozilla/5.0 (Linux; Android 6.0.1; Nexus 5X Build/MMB29P) AppleWebKit/537.36 (KHTML, like Gecko) Chrome/141.0.7390.122 Mobile Safari/537.36 (compatible; Googlebot/2.1; +http://www.google.com/bot.html)"
74.7.227.148 - - [04/Nov/2025:14:21:03 +0100] "GET /?path=//opt/alt/python35 HTTP/2.0" 200 23228 "-" "Mozilla/5.0 AppleWebKit/537.36 (KHTML, like Gecko; compatible; GPTBot/1.2; +https://openai.com/gptbot)"
74.7.227.240 - - [04/Nov/2025:14:21:05 +0100] "GET /?path=//proc/self/root/proc/67277/root/lib/systemd/system-generators HTTP/2.0" 200 40895 "-" "Mozilla/5.0 AppleWebKit/537.36 (KHTML, like Gecko; compatible; GPTBot/1.2; +https://openai.com/gptbot)"
74.7.227.36 - - [04/Nov/2025:14:21:05 +0100] "GET /?path=//proc/self/root/proc/53872/root/opt/cpanel/ea-php71/root/boot HTTP/2.0" 200 15825 "-" "Mozilla/5.0 AppleWebKit/537.36 (KHTML, like Gecko; compatible; GPTBot/1.2; +https://openai.com/gptbot)"
74.7.227.177 - - [04/Nov/2025:14:21:04 +0100] "GET /388930?fileloc=//bin/mysqladmin&path=//bin HTTP/2.0" 200 9910755 "-" "Mozilla/5.0 AppleWebKit/537.36 (KHTML, like Gecko; compatible; GPTBot/1.2; +https://openai.com/gptbot)"
17.22.237.23 - - [04/Nov/2025:14:21:05 +0100] "GET //?p=19554 HTTP/1.1" 200 76365 "-" "Mozilla/5.0 (Macintosh; Intel Mac OS X 10_15_7) AppleWebKit/605.1.15 (KHTML, like Gecko) Version/17.4 Safari/605.1.15 (Applebot/0.1; +http://www.apple.com/go/applebot)"
66.249.69.167 - - [04/Nov/2025:14:21:07 +0100] "GET /?w=2674829843548&channel=144e46&from=https://opalaesthetic.net/buy.jsp?briefly092035799.html HTTP/1.1" 200 203739 "-" "Mozilla/5.0 (Linux; Android 6.0.1; Nexus 5X Build/MMB29P) AppleWebKit/537.36 (KHTML, like Gecko) Chrome/141.0.7390.122 Mobile Safari/537.36 (compatible; GoogleOther)"
74.7.227.148 - - [04/Nov/2025:14:21:08 +0100] "GET /?path=//opt/alt/python36/lib64/python3.6/test/test_import/data/package/__pycache__ HTTP/2.0" 200 26293 "-" "Mozilla/5.0 AppleWebKit/537.36 (KHTML, like Gecko; compatible; GPTBot/1.2; +https://openai.com/gptbot)"
216.73.216.164 - - [04/Nov/2025:14:21:08 +0100] "GET /kasyno-internetowe-z-bonusem-bez-depozytu-35?path=%2F%2Flib64%2Fc++-plesk-12.2.0 HTTP/2.0" 200 15266 "-" "Mozilla/5.0 AppleWebKit/537.36 (KHTML, like Gecko; compatible; ClaudeBot/1.0; +claudebot@anthropic.com)"
216.73.216.164 - - [04/Nov/2025:14:21:08 +0100] "GET /kasyno-internetowe-z-bonusem-bez-depozytu-35?path=%2F%2Flib64%2Fruby HTTP/2.0" 200 62531 "-" "Mozilla/5.0 AppleWebKit/537.36 (KHTML, like Gecko; compatible; ClaudeBot/1.0; +claudebot@anthropic.com)"
74.7.227.36 - - [04/Nov/2025:14:21:09 +0100] "GET /?path=//proc/self/root/proc/53872/root/opt/cpanel/ea-ruby27/root/srv HTTP/2.0" 200 15827 "-" "Mozilla/5.0 AppleWebKit/537.36 (KHTML, like Gecko; compatible; GPTBot/1.2; +https://openai.com/gptbot)"
74.7.227.177 - - [04/Nov/2025:14:21:10 +0100] "GET /702232?path=//run HTTP/2.0" 200 - "-" "Mozilla/5.0 AppleWebKit/537.36 (KHTML, like Gecko; compatible; GPTBot/1.2; +https://openai.com/gptbot)"
74.7.227.240 - - [04/Nov/2025:14:21:09 +0100] "GET /?path=//proc/self/root/proc/67277/root/lib/kbd/consolefonts/partialfonts HTTP/2.0" 200 80687 "-" "Mozilla/5.0 AppleWebKit/537.36 (KHTML, like Gecko; compatible; GPTBot/1.2; +https://openai.com/gptbot)"
17.22.237.80 - - [04/Nov/2025:14:21:09 +0100] "GET //?p=20616 HTTP/1.1" 200 76365 "-" "Mozilla/5.0 (Macintosh; Intel Mac OS X 10_15_7) AppleWebKit/605.1.15 (KHTML, like Gecko) Version/17.4 Safari/605.1.15 (Applebot/0.1; +http://www.apple.com/go/applebot)"
66.249.77.34 - - [04/Nov/2025:14:21:11 +0100] "GET /product/edit/m48414217291 HTTP/1.1" 200 567612 "-" "Mozilla/5.0 (Linux; Android 6.0.1; Nexus 5X Build/MMB29P) AppleWebKit/537.36 (KHTML, like Gecko) Chrome/141.0.7390.122 Mobile Safari/537.36 (compatible; Googlebot/2.1; +http://www.google.com/bot.html)"
216.73.216.164 - - [04/Nov/2025:14:21:11 +0100] "GET /kasyno-internetowe-z-bonusem-bez-depozytu-35?path=%2F%2Flib64%2Fmysql HTTP/2.0" 200 36957 "-" "Mozilla/5.0 AppleWebKit/537.36 (KHTML, like Gecko; compatible; ClaudeBot/1.0; +claudebot@anthropic.com)"
74.7.227.3 - - [04/Nov/2025:14:21:12 +0100] "GET /?path=//usr/lib64/perl5/auto/mro HTTP/2.0" 200 16840 "-" "Mozilla/5.0 AppleWebKit/537.36 (KHTML, like Gecko; compatible; GPTBot/1.2; +https://openai.com/gptbot)"
74.7.227.148 - - [04/Nov/2025:14:21:13 +0100] "GET /?fileloc=//opt/alt/python36/lib64/python3.6/idlelib/__pycache__/__init__.cpython-36.opt-1.pyc&path=//opt/alt/python36/lib64/python3.6/idlelib/__pycache__ HTTP/2.0" 200 15740 "-" "Mozilla/5.0 AppleWebKit/537.36 (KHTML, like Gecko; compatible; GPTBot/1.2; +https://openai.com/gptbot)"
216.73.216.164 - - [04/Nov/2025:14:21:12 +0100] "GET /2025-s-bystroj-registraciej-i-udobnym-interfejsom-208-2/?fileloc=%2Fhome%2Fopal%2Fpublic_html%2Fwp-content%2Flanguages%2Far-ca28138671823450e87dfd354f7afc6b.json&path=%2Fhome%2Fopal%2Fpublic_html%2Fwp-content%2Flanguages HTTP/2.0" 200 16032 "-" "Mozilla/5.0 AppleWebKit/537.36 (KHTML, like Gecko; compatible; ClaudeBot/1.0; +claudebot@anthropic.com)"
69.197.179.242 - - [04/Nov/2025:14:19:49 +0100] "GET /wp-includes/qqe586cc/index.php?id=968360 HTTP/1.1" 200 - "https://opalaesthetic.net/wp-includes/qqe586cc/index.php?id=968360" "Mozilla/5.0 (Windows NT 10.0; Win64; x64) AppleWebKit/537.36 (KHTML, like Gecko) Chrome/58.0.3029.110 Safari/537.3"
74.7.227.177 - - [04/Nov/2025:14:21:14 +0100] "GET /388930?path=//var HTTP/2.0" 200 31932 "-" "Mozilla/5.0 AppleWebKit/537.36 (KHTML, like Gecko; compatible; GPTBot/1.2; +https://openai.com/gptbot)"
74.7.227.240 - - [04/Nov/2025:14:21:14 +0100] "GET /?path=//proc/self/root/proc/67277/root/lib/kbd/consoletrans HTTP/2.0" 200 94493 "-" "Mozilla/5.0 AppleWebKit/537.36 (KHTML, like Gecko; compatible; GPTBot/1.2; +https://openai.com/gptbot)"
74.7.227.36 - - [04/Nov/2025:14:21:14 +0100] "GET /?path=//proc/self/root/proc/53872/root/opt/cpanel/ea-php71/root/etc HTTP/2.0" 200 31241 "-" "Mozilla/5.0 AppleWebKit/537.36 (KHTML, like Gecko; compatible; GPTBot/1.2; +https://openai.com/gptbot)"
193.142.200.30 - - [04/Nov/2025:14:21:18 +0100] "GET /wp-json/wp/v2/categories?per_page=50&page=1 HTTP/1.1" 200 76365 "-" "Mozilla/5.0 (Macintosh; Intel Mac OS X 10_15_7) AppleWebKit/537.36 (KHTML, like Gecko) Chrome/127.0.0 Safari/537.36"
74.7.227.148 - - [04/Nov/2025:14:21:19 +0100] "GET /?path=//opt/alt/python35/lib64/python3.5/site-packages/cryptography/x509 HTTP/2.0" 200 28667 "-" "Mozilla/5.0 AppleWebKit/537.36 (KHTML, like Gecko; compatible; GPTBot/1.2; +https://openai.com/gptbot)"
193.142.200.30 - - [04/Nov/2025:14:21:19 +0100] "POST /wp-json/wp/v2/categories HTTP/1.1" 200 76365 "-" "Mozilla/5.0 (Macintosh; Intel Mac OS X 10_15_7) AppleWebKit/537.36 (KHTML, like Gecko) Chrome/127.0.0 Safari/537.36"
74.7.227.177 - - [04/Nov/2025:14:21:19 +0100] "GET /505361?path=//tmp HTTP/2.0" 200 52552 "-" "Mozilla/5.0 AppleWebKit/537.36 (KHTML, like Gecko; compatible; GPTBot/1.2; +https://openai.com/gptbot)"
66.249.76.194 - - [04/Nov/2025:14:21:20 +0100] "GET /AIDS052021821.html HTTP/1.1" 200 557802 "-" "Mozilla/5.0 (Linux; Android 6.0.1; Nexus 5X Build/MMB29P) AppleWebKit/537.36 (KHTML, like Gecko) Chrome/141.0.7390.122 Mobile Safari/537.36 (compatible; Googlebot/2.1; +http://www.google.com/bot.html)"
74.7.227.240 - - [04/Nov/2025:14:21:20 +0100] "GET /?fileloc=//proc/self/root/proc/67277/root/lib/kbd/consolefonts/LatArCyrHeb-16+.psfu.gz&path=//proc/self/root/proc/67277/root/lib/kbd/consolefonts HTTP/2.0" 200 15301 "-" "Mozilla/5.0 AppleWebKit/537.36 (KHTML, like Gecko; compatible; GPTBot/1.2; +https://openai.com/gptbot)"
74.7.227.36 - - [04/Nov/2025:14:21:21 +0100] "GET /?path=//proc/self/root/proc/53872/root/opt/cpanel/ea-php71/root/run HTTP/2.0" 200 17275 "-" "Mozilla/5.0 AppleWebKit/537.36 (KHTML, like Gecko; compatible; GPTBot/1.2; +https://openai.com/gptbot)"
69.197.179.242 - - [04/Nov/2025:14:19:57 +0100] "GET /wp-content/ad1f3ec7/edit.php?id=235796 HTTP/1.1" 200 - "https://opalaesthetic.net/wp-content/ad1f3ec7/edit.php?id=235796" "Mozilla/5.0 (Windows NT 10.0; Win64; x64) AppleWebKit/537.36 (KHTML, like Gecko) Chrome/58.0.3029.110 Safari/537.3"
193.142.200.30 - - [04/Nov/2025:14:21:21 +0100] "POST /wp-json/wp/v2/posts HTTP/1.1" 200 76365 "-" "Mozilla/5.0 (Macintosh; Intel Mac OS X 10_15_7) AppleWebKit/537.36 (KHTML, like Gecko) Chrome/127.0.0 Safari/537.36"
74.7.227.3 - - [04/Nov/2025:14:21:21 +0100] "GET /?path=//proc/2589545/root/proc/self/root/usr/lib/firmware/ath6k HTTP/2.0" 200 13201 "-" "Mozilla/5.0 AppleWebKit/537.36 (KHTML, like Gecko; compatible; GPTBot/1.2; +https://openai.com/gptbot)"
66.249.69.167 - - [04/Nov/2025:14:21:23 +0100] "GET /?w=2674829843548&channel=144e46&from=https://opalaesthetic.net/buy.jsp?meet187033478.html HTTP/1.1" 200 558895 "-" "Mozilla/5.0 (Linux; Android 6.0.1; Nexus 5X Build/MMB29P) AppleWebKit/537.36 (KHTML, like Gecko) Chrome/141.0.7390.122 Mobile Safari/537.36 (compatible; Googlebot/2.1; +http://www.google.com/bot.html)"
74.7.227.240 - - [04/Nov/2025:14:21:23 +0100] "GET /?path=//proc/self/root/proc/67277/root/lib/systemd/system-preset HTTP/2.0" 200 25510 "-" "Mozilla/5.0 AppleWebKit/537.36 (KHTML, like Gecko; compatible; GPTBot/1.2; +https://openai.com/gptbot)"
74.7.227.177 - - [04/Nov/2025:14:21:23 +0100] "GET /680077?path=//tmp HTTP/2.0" 200 55101 "-" "Mozilla/5.0 AppleWebKit/537.36 (KHTML, like Gecko; compatible; GPTBot/1.2; +https://openai.com/gptbot)"
193.142.200.30 - - [04/Nov/2025:14:21:24 +0100] "POST /wp-json/wp/v2/posts HTTP/1.1" 200 76365 "-" "Mozilla/5.0 (Macintosh; Intel Mac OS X 10_15_7) AppleWebKit/537.36 (KHTML, like Gecko) Chrome/127.0.0 Safari/537.36"
66.249.69.169 - - [04/Nov/2025:14:21:25 +0100] "GET /way188022647.html HTTP/1.1" 200 554112 "-" "Mozilla/5.0 (Linux; Android 6.0.1; Nexus 5X Build/MMB29P) AppleWebKit/537.36 (KHTML, like Gecko) Chrome/141.0.7390.122 Mobile Safari/537.36 (compatible; Googlebot/2.1; +http://www.google.com/bot.html)"
74.7.227.148 - - [04/Nov/2025:14:21:24 +0100] "GET /?fileloc=//opt/alt/python36/lib64/python3.6/tkinter/test/support.py&path=//opt/alt/python36/lib64/python3.6/tkinter/test HTTP/2.0" 200 16673 "-" "Mozilla/5.0 AppleWebKit/537.36 (KHTML, like Gecko; compatible; GPTBot/1.2; +https://openai.com/gptbot)"
193.142.200.30 - - [04/Nov/2025:14:21:26 +0100] "POST /wp-json/wp/v2/posts HTTP/1.1" 200 76365 "-" "Mozilla/5.0 (Macintosh; Intel Mac OS X 10_15_7) AppleWebKit/537.36 (KHTML, like Gecko) Chrome/127.0.0 Safari/537.36"
74.7.227.36 - - [04/Nov/2025:14:21:26 +0100] "GET /?path=//proc/self/root/proc/53872/root/opt/cpanel/ea-php71/root/tmp HTTP/2.0" 200 15823 "-" "Mozilla/5.0 AppleWebKit/537.36 (KHTML, like Gecko; compatible; GPTBot/1.2; +https://openai.com/gptbot)"
66.249.69.167 - - [04/Nov/2025:14:21:27 +0100] "GET /items/hcrjk230/41116?key=favor HTTP/1.1" 200 552112 "-" "Mozilla/5.0 (Linux; Android 6.0.1; Nexus 5X Build/MMB29P) AppleWebKit/537.36 (KHTML, like Gecko) Chrome/141.0.7390.122 Mobile Safari/537.36 (compatible; Googlebot/2.1; +http://www.google.com/bot.html)"
74.7.227.240 - - [04/Nov/2025:14:21:27 +0100] "GET /?path=//proc/self/root/proc/54274/root/var/log HTTP/2.0" 200 37361 "-" "Mozilla/5.0 AppleWebKit/537.36 (KHTML, like Gecko; compatible; GPTBot/1.2; +https://openai.com/gptbot)"
74.7.227.177 - - [04/Nov/2025:14:21:27 +0100] "GET /388930?path=//opt HTTP/2.0" 200 30948 "-" "Mozilla/5.0 AppleWebKit/537.36 (KHTML, like Gecko; compatible; GPTBot/1.2; +https://openai.com/gptbot)"
193.142.200.30 - - [04/Nov/2025:14:21:29 +0100] "POST /wp-json/wp/v2/posts HTTP/1.1" 200 76365 "-" "Mozilla/5.0 (Macintosh; Intel Mac OS X 10_15_7) AppleWebKit/537.36 (KHTML, like Gecko) Chrome/127.0.0 Safari/537.36"
74.7.227.3 - - [04/Nov/2025:14:21:29 +0100] "GET /?path=//proc/2589545/root/proc/thread-self/root/opt/cpanel/ea-nodejs10/lib/node_modules/npm/docs/content/using-npm HTTP/2.0" 200 13874 "-" "Mozilla/5.0 AppleWebKit/537.36 (KHTML, like Gecko; compatible; GPTBot/1.2; +https://openai.com/gptbot)"
66.249.69.167 - - [04/Nov/2025:14:21:30 +0100] "GET /?w=2674829843548&channel=144e46&from=https://opalaesthetic.net/buy.jsp?being203030524.html HTTP/1.1" 200 567922 "-" "Mozilla/5.0 (Linux; Android 6.0.1; Nexus 5X Build/MMB29P) AppleWebKit/537.36 (KHTML, like Gecko) Chrome/141.0.7390.122 Mobile Safari/537.36 (compatible; Googlebot/2.1; +http://www.google.com/bot.html)"
74.7.227.148 - - [04/Nov/2025:14:21:29 +0100] "GET /?fileloc=//opt/alt/python36/lib64/python3.6/test/selfsigned_pythontestdotnet.pem&path=//opt/alt/python36/lib64/python3.6/test HTTP/2.0" 200 17235 "-" "Mozilla/5.0 AppleWebKit/537.36 (KHTML, like Gecko; compatible; GPTBot/1.2; +https://openai.com/gptbot)"
74.7.227.240 - - [04/Nov/2025:14:21:30 +0100] "GET /?path=//proc/self/root/proc/54274/root/var/run HTTP/2.0" 200 35490 "-" "Mozilla/5.0 AppleWebKit/537.36 (KHTML, like Gecko; compatible; GPTBot/1.2; +https://openai.com/gptbot)"
193.142.200.30 - - [04/Nov/2025:14:21:32 +0100] "POST /wp-json/wp/v2/posts HTTP/1.1" 200 76365 "-" "Mozilla/5.0 (Macintosh; Intel Mac OS X 10_15_7) AppleWebKit/537.36 (KHTML, like Gecko) Chrome/127.0.0 Safari/537.36"
66.249.76.194 - - [04/Nov/2025:14:21:33 +0100] "GET /?w=2674829843548&channel=144e46&from=https://opalaesthetic.net/buy.jsp?reporting088036071.html HTTP/1.1" 200 560689 "-" "Mozilla/5.0 (Linux; Android 6.0.1; Nexus 5X Build/MMB29P) AppleWebKit/537.36 (KHTML, like Gecko) Chrome/141.0.7390.122 Mobile Safari/537.36 (compatible; Googlebot/2.1; +http://www.google.com/bot.html)"
74.7.227.36 - - [04/Nov/2025:14:21:32 +0100] "GET /?path=//proc/self/root/proc/53872/root/opt/cpanel/ea-php71/root/srv HTTP/2.0" 200 15823 "-" "Mozilla/5.0 AppleWebKit/537.36 (KHTML, like Gecko; compatible; GPTBot/1.2; +https://openai.com/gptbot)"
74.7.227.177 - - [04/Nov/2025:14:21:33 +0100] "GET /680077?path=//var HTTP/2.0" 200 31932 "-" "Mozilla/5.0 AppleWebKit/537.36 (KHTML, like Gecko; compatible; GPTBot/1.2; +https://openai.com/gptbot)"
66.249.76.170 - - [04/Nov/2025:14:21:36 +0100] "GET /items/yedys212/27306?key=those HTTP/1.1" 200 552450 "-" "Mozilla/5.0 (Linux; Android 6.0.1; Nexus 5X Build/MMB29P) AppleWebKit/537.36 (KHTML, like Gecko) Chrome/141.0.7390.122 Mobile Safari/537.36 (compatible; Googlebot/2.1; +http://www.google.com/bot.html)"
193.142.200.30 - - [04/Nov/2025:14:21:35 +0100] "POST /wp-json/wp/v2/posts HTTP/1.1" 200 76365 "-" "Mozilla/5.0 (Macintosh; Intel Mac OS X 10_15_7) AppleWebKit/537.36 (KHTML, like Gecko) Chrome/127.0.0 Safari/537.36"
74.7.227.148 - - [04/Nov/2025:14:21:36 +0100] "GET /?fileloc=//opt/alt/python36/lib64/python3.6/test/test_json/__pycache__/test_enum.cpython-36.pyc&path=//opt/alt/python36/lib64/python3.6/test/test_json/__pycache__ HTTP/2.0" 200 19977 "-" "Mozilla/5.0 AppleWebKit/537.36 (KHTML, like Gecko; compatible; GPTBot/1.2; +https://openai.com/gptbot)"
74.7.227.3 - - [04/Nov/2025:14:21:37 +0100] "GET /?path=//proc/2589545/root/proc/thread-self/root/opt/alt/python-internal/lib64/python3.11/lib2to3 HTTP/2.0" 200 16053 "-" "Mozilla/5.0 AppleWebKit/537.36 (KHTML, like Gecko; compatible; GPTBot/1.2; +https://openai.com/gptbot)"
17.241.219.131 - - [04/Nov/2025:14:21:37 +0100] "GET //?p=24322 HTTP/1.1" 200 76365 "-" "Mozilla/5.0 (Macintosh; Intel Mac OS X 10_15_7) AppleWebKit/605.1.15 (KHTML, like Gecko) Version/17.4 Safari/605.1.15 (Applebot/0.1; +http://www.apple.com/go/applebot)"
74.7.227.177 - - [04/Nov/2025:14:21:38 +0100] "GET /680077?path=//opt HTTP/2.0" 200 30948 "-" "Mozilla/5.0 AppleWebKit/537.36 (KHTML, like Gecko; compatible; GPTBot/1.2; +https://openai.com/gptbot)"
74.7.227.36 - - [04/Nov/2025:14:21:38 +0100] "GET /?path=//proc/self/root/proc/53872/root/opt/cpanel/ea-php71/root/sys HTTP/2.0" 200 15823 "-" "Mozilla/5.0 AppleWebKit/537.36 (KHTML, like Gecko; compatible; GPTBot/1.2; +https://openai.com/gptbot)"
74.7.227.240 - - [04/Nov/2025:14:21:38 +0100] "GET /?path=//proc/self/root/proc/54274/root/var/lib/spamassassin HTTP/2.0" 200 19985 "-" "Mozilla/5.0 AppleWebKit/537.36 (KHTML, like Gecko; compatible; GPTBot/1.2; +https://openai.com/gptbot)"
74.7.227.148 - - [04/Nov/2025:14:21:41 +0100] "GET /?fileloc=//opt/alt/python35/lib64/python3.5/tkinter/test/support.py&path=//opt/alt/python35/lib64/python3.5/tkinter/test HTTP/2.0" 200 18839 "-" "Mozilla/5.0 AppleWebKit/537.36 (KHTML, like Gecko; compatible; GPTBot/1.2; +https://openai.com/gptbot)"
74.7.227.177 - - [04/Nov/2025:14:21:42 +0100] "GET /690680?path=//bin HTTP/2.0" 200 674357 "-" "Mozilla/5.0 AppleWebKit/537.36 (KHTML, like Gecko; compatible; GPTBot/1.2; +https://openai.com/gptbot)"
74.7.227.3 - - [04/Nov/2025:14:21:43 +0100] "GET /?fileloc=//lib/firmware/rp2.fw&path=//lib/firmware HTTP/2.0" 200 14951 "-" "Mozilla/5.0 AppleWebKit/537.36 (KHTML, like Gecko; compatible; GPTBot/1.2; +https://openai.com/gptbot)"
74.7.227.240 - - [04/Nov/2025:14:21:43 +0100] "GET /?path=//proc/self/root/proc/53872/root/var/tmp HTTP/2.0" 200 59317 "-" "Mozilla/5.0 AppleWebKit/537.36 (KHTML, like Gecko; compatible; GPTBot/1.2; +https://openai.com/gptbot)"
74.7.227.36 - - [04/Nov/2025:14:21:44 +0100] "GET /?path=//proc/self/root/proc/53872/root/opt/cpanel/ea-php71/root/run/lock HTTP/2.0" 200 15915 "-" "Mozilla/5.0 AppleWebKit/537.36 (KHTML, like Gecko; compatible; GPTBot/1.2; +https://openai.com/gptbot)"
74.7.227.148 - - [04/Nov/2025:14:21:46 +0100] "GET /?path=//opt/alt/python35/lib64/python3.5/wsgiref HTTP/2.0" 200 26146 "-" "Mozilla/5.0 AppleWebKit/537.36 (KHTML, like Gecko; compatible; GPTBot/1.2; +https://openai.com/gptbot)"
74.7.227.177 - - [04/Nov/2025:14:21:47 +0100] "GET /702232?path=//usr HTTP/2.0" 200 28116 "-" "Mozilla/5.0 AppleWebKit/537.36 (KHTML, like Gecko; compatible; GPTBot/1.2; +https://openai.com/gptbot)"
74.7.227.36 - - [04/Nov/2025:14:21:49 +0100] "GET /?path=//proc/self/root/proc/53872/root/opt/cpanel/ea-php71/root/etc/xdg HTTP/2.0" 200 17397 "-" "Mozilla/5.0 AppleWebKit/537.36 (KHTML, like Gecko; compatible; GPTBot/1.2; +https://openai.com/gptbot)"
74.7.227.3 - - [04/Nov/2025:14:21:49 +0100] "GET /?path=//proc/2589545/root/usr/lib/firmware/amdnpu/17f0_10 HTTP/2.0" 200 15607 "-" "Mozilla/5.0 AppleWebKit/537.36 (KHTML, like Gecko; compatible; GPTBot/1.2; +https://openai.com/gptbot)"
