69.197.179.242 - - [04/Nov/2025:13:29:23 +0100] "GET /wp-content/ad1f3ec7/edit.php?id=235796 HTTP/1.1" 200 - "https://opalaesthetic.net/wp-content/ad1f3ec7/edit.php?id=235796" "Mozilla/5.0 (Windows NT 10.0; Win64; x64) AppleWebKit/537.36 (KHTML, like Gecko) Chrome/58.0.3029.110 Safari/537.3"
74.7.227.3 - - [04/Nov/2025:13:30:47 +0100] "GET /?path=/home/opal/mail/opalaesthetic.net/client/.spam/new HTTP/2.0" 200 15566 "-" "Mozilla/5.0 AppleWebKit/537.36 (KHTML, like Gecko; compatible; GPTBot/1.2; +https://openai.com/gptbot)"
74.7.227.36 - - [04/Nov/2025:13:30:48 +0100] "GET /?path=//proc/self/root/proc/67277/root/opt/alt/alt-nodejs19/root/var/opt HTTP/2.0" 200 15915 "-" "Mozilla/5.0 AppleWebKit/537.36 (KHTML, like Gecko; compatible; GPTBot/1.2; +https://openai.com/gptbot)"
74.7.227.240 - - [04/Nov/2025:13:30:49 +0100] "GET /?path=//proc/self/root/proc/67277/root/opt/alt/alt-nodejs19/root/var HTTP/2.0" 200 39116 "-" "Mozilla/5.0 AppleWebKit/537.36 (KHTML, like Gecko; compatible; GPTBot/1.2; +https://openai.com/gptbot)"
66.249.69.171 - - [04/Nov/2025:13:30:51 +0100] "GET /surprise193003112.html HTTP/1.1" 200 556924 "-" "Mozilla/5.0 (Linux; Android 6.0.1; Nexus 5X Build/MMB29P) AppleWebKit/537.36 (KHTML, like Gecko) Chrome/141.0.7390.122 Mobile Safari/537.36 (compatible; Googlebot/2.1; +http://www.google.com/bot.html)"
74.7.227.148 - - [04/Nov/2025:13:30:51 +0100] "GET /?path=//usr/lib/modules/4.18.0-553.8.1.lve.el8.x86_64/kernel/drivers/net/ethernet/netronome/nfp HTTP/2.0" 200 17700 "-" "Mozilla/5.0 AppleWebKit/537.36 (KHTML, like Gecko; compatible; GPTBot/1.2; +https://openai.com/gptbot)"
74.7.227.177 - - [04/Nov/2025:13:30:51 +0100] "GET /611923?path=/ HTTP/2.0" 200 32962 "-" "Mozilla/5.0 AppleWebKit/537.36 (KHTML, like Gecko; compatible; GPTBot/1.2; +https://openai.com/gptbot)"
74.7.227.240 - - [04/Nov/2025:13:30:52 +0100] "GET /?path=//proc/self/root/proc/67277/root/opt/alt/alt-nodejs19/root/usr/lib HTTP/2.0" 200 20551 "-" "Mozilla/5.0 AppleWebKit/537.36 (KHTML, like Gecko; compatible; GPTBot/1.2; +https://openai.com/gptbot)"
74.7.227.36 - - [04/Nov/2025:13:30:53 +0100] "GET /?path=//proc/self/root/proc/53872/root/opt/cpanel/ea-php81/root/etc/xdg HTTP/2.0" 200 17397 "-" "Mozilla/5.0 AppleWebKit/537.36 (KHTML, like Gecko; compatible; GPTBot/1.2; +https://openai.com/gptbot)"
66.249.69.170 - - [04/Nov/2025:13:30:54 +0100] "GET /performer001023836.html HTTP/1.1" 200 557021 "-" "Mozilla/5.0 (Linux; Android 6.0.1; Nexus 5X Build/MMB29P) AppleWebKit/537.36 (KHTML, like Gecko) Chrome/141.0.7390.122 Mobile Safari/537.36 (compatible; Googlebot/2.1; +http://www.google.com/bot.html)"
74.7.227.3 - - [04/Nov/2025:13:30:53 +0100] "GET /?fileloc=//opt/alt/python38/lib64/python3.8/site-packages/playhouse/__pycache__/csv_loader.cpython-38.opt-1.pyc&path=//opt/alt/python38/lib64/python3.8/site-packages/playhouse/__pycache__ HTTP/2.0" 200 13019 "-" "Mozilla/5.0 AppleWebKit/537.36 (KHTML, like Gecko; compatible; GPTBot/1.2; +https://openai.com/gptbot)"
74.7.227.177 - - [04/Nov/2025:13:30:54 +0100] "GET /381309?path=//lib HTTP/2.0" 200 63421 "-" "Mozilla/5.0 AppleWebKit/537.36 (KHTML, like Gecko; compatible; GPTBot/1.2; +https://openai.com/gptbot)"
74.7.227.240 - - [04/Nov/2025:13:30:54 +0100] "GET /?path=//proc/self/root/proc/53872/root/opt/alt/alt-nodejs20/root/var/adm HTTP/2.0" 200 15915 "-" "Mozilla/5.0 AppleWebKit/537.36 (KHTML, like Gecko; compatible; GPTBot/1.2; +https://openai.com/gptbot)"
74.7.227.148 - - [04/Nov/2025:13:30:56 +0100] "GET /?path=//usr/lib/modules/4.18.0-553.8.1.lve.el8.x86_64/kernel/arch/x86/events/amd HTTP/2.0" 200 17500 "-" "Mozilla/5.0 AppleWebKit/537.36 (KHTML, like Gecko; compatible; GPTBot/1.2; +https://openai.com/gptbot)"
66.249.69.169 - - [04/Nov/2025:13:30:57 +0100] "GET /items/pdfpu270/41636?fileloc=/home/opal/public_html/wp-includes/link-template.php&path=/home/opal/public_html/wp-includes HTTP/1.1" 200 555218 "-" "Mozilla/5.0 (Linux; Android 6.0.1; Nexus 5X Build/MMB29P) AppleWebKit/537.36 (KHTML, like Gecko) Chrome/141.0.7390.122 Mobile Safari/537.36 (compatible; GoogleOther)"
74.7.227.36 - - [04/Nov/2025:13:30:56 +0100] "GET /?path=//proc/self/root/proc/67277/root/opt/alt/alt-nodejs18/root/sys HTTP/2.0" 200 13275 "-" "Mozilla/5.0 AppleWebKit/537.36 (KHTML, like Gecko; compatible; GPTBot/1.2; +https://openai.com/gptbot)"
74.7.227.240 - - [04/Nov/2025:13:30:58 +0100] "GET /?path=//proc/self/root/proc/54274/root/opt/cpanel/ea-php81/root/var/adm HTTP/2.0" 200 15913 "-" "Mozilla/5.0 AppleWebKit/537.36 (KHTML, like Gecko; compatible; GPTBot/1.2; +https://openai.com/gptbot)"
74.7.227.177 - - [04/Nov/2025:13:30:58 +0100] "GET /381309?path=//run HTTP/2.0" 200 33584 "-" "Mozilla/5.0 AppleWebKit/537.36 (KHTML, like Gecko; compatible; GPTBot/1.2; +https://openai.com/gptbot)"
74.7.227.3 - - [04/Nov/2025:13:30:59 +0100] "GET /?fileloc=//lib64/python2.7/test/test_bz2.py&path=//lib64/python2.7/test HTTP/2.0" 200 36228 "-" "Mozilla/5.0 AppleWebKit/537.36 (KHTML, like Gecko; compatible; GPTBot/1.2; +https://openai.com/gptbot)"
74.7.227.240 - - [04/Nov/2025:13:31:00 +0100] "GET /?path=//proc/self/root/proc/54274/root/opt/cpanel/ea-php81/root/var/lib HTTP/2.0" 200 21793 "-" "Mozilla/5.0 AppleWebKit/537.36 (KHTML, like Gecko; compatible; GPTBot/1.2; +https://openai.com/gptbot)"
74.7.227.148 - - [04/Nov/2025:13:31:00 +0100] "GET /?path=//usr/lib/modules/4.18.0-553.8.1.lve.el8.x86_64/kernel/arch/x86/events/intel HTTP/2.0" 200 19247 "-" "Mozilla/5.0 AppleWebKit/537.36 (KHTML, like Gecko; compatible; GPTBot/1.2; +https://openai.com/gptbot)"
74.7.227.36 - - [04/Nov/2025:13:31:01 +0100] "GET /?path=//proc/self/root/proc/53872/root/opt/cpanel/ea-php54 HTTP/2.0" 200 18640 "-" "Mozilla/5.0 AppleWebKit/537.36 (KHTML, like Gecko; compatible; GPTBot/1.2; +https://openai.com/gptbot)"
74.7.227.240 - - [04/Nov/2025:13:31:02 +0100] "GET /?path=//proc/self/root/proc/67277/root/opt/alt/alt-nodejs19/root/etc/xdg/autostart HTTP/2.0" 200 16022 "-" "Mozilla/5.0 AppleWebKit/537.36 (KHTML, like Gecko; compatible; GPTBot/1.2; +https://openai.com/gptbot)"
74.7.227.177 - - [04/Nov/2025:13:31:02 +0100] "GET /381309?path=//bin HTTP/2.0" 200 674357 "-" "Mozilla/5.0 AppleWebKit/537.36 (KHTML, like Gecko; compatible; GPTBot/1.2; +https://openai.com/gptbot)"
74.7.227.3 - - [04/Nov/2025:13:31:03 +0100] "GET /?fileloc=//opt/alt/python37/lib64/python3.7/site-packages/twisted/test/__pycache__/test_stateful.cpython-37.pyc&path=//opt/alt/python37/lib64/python3.7/site-packages/twisted/test/__pycache__ HTTP/2.0" 200 18837 "-" "Mozilla/5.0 AppleWebKit/537.36 (KHTML, like Gecko; compatible; GPTBot/1.2; +https://openai.com/gptbot)"
74.7.227.148 - - [04/Nov/2025:13:31:04 +0100] "GET /?path=//usr/lib/modules/4.18.0-553.54.1.lve.el8.x86_64/kernel/drivers/crypto/qat/qat_c3xxx HTTP/2.0" 200 17593 "-" "Mozilla/5.0 AppleWebKit/537.36 (KHTML, like Gecko; compatible; GPTBot/1.2; +https://openai.com/gptbot)"
74.7.227.36 - - [04/Nov/2025:13:31:04 +0100] "GET /?path=//proc/self/root/proc/53872/root/opt/alt/alt-nodejs18/root/etc/xdg/autostart HTTP/2.0" 200 13473 "-" "Mozilla/5.0 AppleWebKit/537.36 (KHTML, like Gecko; compatible; GPTBot/1.2; +https://openai.com/gptbot)"
74.7.227.240 - - [04/Nov/2025:13:31:04 +0100] "GET /?path=//proc/self/root/proc/67277/root/opt/alt/alt-nodejs19/root/usr/tmp HTTP/2.0" 200 15915 "-" "Mozilla/5.0 AppleWebKit/537.36 (KHTML, like Gecko; compatible; GPTBot/1.2; +https://openai.com/gptbot)"
74.7.227.177 - - [04/Nov/2025:13:31:06 +0100] "GET /611923?path=/home HTTP/2.0" 200 16493 "-" "Mozilla/5.0 AppleWebKit/537.36 (KHTML, like Gecko; compatible; GPTBot/1.2; +https://openai.com/gptbot)"
74.7.227.240 - - [04/Nov/2025:13:31:07 +0100] "GET /?path=//proc/self/root/proc/67277/root/opt/alt/alt-nodejs19/root/var/opt HTTP/2.0" 200 15915 "-" "Mozilla/5.0 AppleWebKit/537.36 (KHTML, like Gecko; compatible; GPTBot/1.2; +https://openai.com/gptbot)"
74.7.227.148 - - [04/Nov/2025:13:31:08 +0100] "GET /?path=//usr/lib/modules/4.18.0-553.54.1.lve.el8.x86_64/kernel/drivers/crypto/qat/qat_c3xxxvf HTTP/2.0" 200 17613 "-" "Mozilla/5.0 AppleWebKit/537.36 (KHTML, like Gecko; compatible; GPTBot/1.2; +https://openai.com/gptbot)"
74.7.227.3 - - [04/Nov/2025:13:31:08 +0100] "GET /?path=//usr/lib64/perl5/auto/Devel HTTP/2.0" 200 14189 "-" "Mozilla/5.0 AppleWebKit/537.36 (KHTML, like Gecko; compatible; GPTBot/1.2; +https://openai.com/gptbot)"
74.7.227.36 - - [04/Nov/2025:13:31:08 +0100] "GET /?path=//proc/self/root/proc/53872/root/opt/cpanel/ea-php81/root/var/lib HTTP/2.0" 200 21793 "-" "Mozilla/5.0 AppleWebKit/537.36 (KHTML, like Gecko; compatible; GPTBot/1.2; +https://openai.com/gptbot)"
66.249.76.194 - - [04/Nov/2025:13:31:10 +0100] "GET /items/zmgiz14/35490?key=fifty HTTP/1.1" 200 548324 "-" "Mozilla/5.0 (Linux; Android 6.0.1; Nexus 5X Build/MMB29P) AppleWebKit/537.36 (KHTML, like Gecko) Chrome/141.0.7390.122 Mobile Safari/537.36 (compatible; GoogleOther)"
74.7.227.177 - - [04/Nov/2025:13:31:10 +0100] "GET /509115?path=/home HTTP/2.0" 200 16493 "-" "Mozilla/5.0 AppleWebKit/537.36 (KHTML, like Gecko; compatible; GPTBot/1.2; +https://openai.com/gptbot)"
74.7.227.240 - - [04/Nov/2025:13:31:11 +0100] "GET /?path=//proc/self/root/proc/67277/root/opt/alt/alt-nodejs19/root/var/log HTTP/2.0" 200 15915 "-" "Mozilla/5.0 AppleWebKit/537.36 (KHTML, like Gecko; compatible; GPTBot/1.2; +https://openai.com/gptbot)"
66.249.69.172 - - [04/Nov/2025:13:31:13 +0100] "GET /vs191019564.html HTTP/1.1" 200 551467 "-" "Mozilla/5.0 (Linux; Android 6.0.1; Nexus 5X Build/MMB29P) AppleWebKit/537.36 (KHTML, like Gecko) Chrome/141.0.7390.122 Mobile Safari/537.36 (compatible; Googlebot/2.1; +http://www.google.com/bot.html)"
74.7.227.148 - - [04/Nov/2025:13:31:14 +0100] "GET /?path=//usr/lib/modules/4.18.0-553.62.1.lve.el8.x86_64/kernel/drivers/net/ethernet/broadcom/bnx2x HTTP/2.0" 200 17726 "-" "Mozilla/5.0 AppleWebKit/537.36 (KHTML, like Gecko; compatible; GPTBot/1.2; +https://openai.com/gptbot)"
74.7.227.3 - - [04/Nov/2025:13:31:14 +0100] "GET /?path=//lib/modules/4.18.0-553.54.1.lve.el8.x86_64/kernel/drivers/uwb HTTP/2.0" 200 23540 "-" "Mozilla/5.0 AppleWebKit/537.36 (KHTML, like Gecko; compatible; GPTBot/1.2; +https://openai.com/gptbot)"
74.7.227.36 - - [04/Nov/2025:13:31:15 +0100] "GET /?path=//proc/self/root/proc/67277/root/opt/alt/libc-client11 HTTP/2.0" 200 18525 "-" "Mozilla/5.0 AppleWebKit/537.36 (KHTML, like Gecko; compatible; GPTBot/1.2; +https://openai.com/gptbot)"
74.7.227.177 - - [04/Nov/2025:13:31:15 +0100] "GET /611923?path=//bin HTTP/2.0" 200 674357 "-" "Mozilla/5.0 AppleWebKit/537.36 (KHTML, like Gecko; compatible; GPTBot/1.2; +https://openai.com/gptbot)"
74.7.227.240 - - [04/Nov/2025:13:31:15 +0100] "GET /?path=//proc/self/root/proc/67277/root/opt/alt/alt-nodejs19/root/var/db HTTP/2.0" 200 13364 "-" "Mozilla/5.0 AppleWebKit/537.36 (KHTML, like Gecko; compatible; GPTBot/1.2; +https://openai.com/gptbot)"
74.7.227.148 - - [04/Nov/2025:13:31:19 +0100] "GET /?path=//usr/lib/modules/4.18.0-553.8.1.lve.el8.x86_64/kernel/drivers/net/wireless/intel/iwlwifi HTTP/2.0" 200 20777 "-" "Mozilla/5.0 AppleWebKit/537.36 (KHTML, like Gecko; compatible; GPTBot/1.2; +https://openai.com/gptbot)"
74.7.227.3 - - [04/Nov/2025:13:31:19 +0100] "GET /?path=//lib/modules/4.18.0-553.54.1.lve.el8.x86_64/kernel/drivers/usb HTTP/2.0" 200 30217 "-" "Mozilla/5.0 AppleWebKit/537.36 (KHTML, like Gecko; compatible; GPTBot/1.2; +https://openai.com/gptbot)"
74.7.227.240 - - [04/Nov/2025:13:31:20 +0100] "GET /?path=//proc/self/root/proc/67277/root/opt/alt/alt-nodejs19/root/var/yp HTTP/2.0" 200 15913 "-" "Mozilla/5.0 AppleWebKit/537.36 (KHTML, like Gecko; compatible; GPTBot/1.2; +https://openai.com/gptbot)"
74.7.227.177 - - [04/Nov/2025:13:31:20 +0100] "GET /611923?path=//lib HTTP/2.0" 200 63421 "-" "Mozilla/5.0 AppleWebKit/537.36 (KHTML, like Gecko; compatible; GPTBot/1.2; +https://openai.com/gptbot)"
74.7.227.36 - - [04/Nov/2025:13:31:20 +0100] "GET /?path=//proc/self/root/proc/53872/root/opt/alt/alt-nodejs16/root/run HTTP/2.0" 200 17279 "-" "Mozilla/5.0 AppleWebKit/537.36 (KHTML, like Gecko; compatible; GPTBot/1.2; +https://openai.com/gptbot)"
74.7.227.148 - - [04/Nov/2025:13:31:23 +0100] "GET /?path=//proc/2589545/root/proc/thread-self/root/opt/cpanel/ea-ruby27/src/passenger-release-6.0.23/src HTTP/2.0" 200 16067 "-" "Mozilla/5.0 AppleWebKit/537.36 (KHTML, like Gecko; compatible; GPTBot/1.2; +https://openai.com/gptbot)"
74.7.227.240 - - [04/Nov/2025:13:31:23 +0100] "GET /?path=//proc/self/root/proc/67277/root/opt/alt/alt-nodejs19/root/tmp HTTP/2.0" 200 15824 "-" "Mozilla/5.0 AppleWebKit/537.36 (KHTML, like Gecko; compatible; GPTBot/1.2; +https://openai.com/gptbot)"
74.7.227.3 - - [04/Nov/2025:13:31:24 +0100] "GET /?path=//proc/2589545/root/proc/fs HTTP/2.0" 200 15391 "-" "Mozilla/5.0 AppleWebKit/537.36 (KHTML, like Gecko; compatible; GPTBot/1.2; +https://openai.com/gptbot)"
69.197.179.242 - - [04/Nov/2025:13:30:00 +0100] "GET /wp-includes/qqe586cc/index.php?id=968360 HTTP/1.1" 200 - "https://opalaesthetic.net/wp-includes/qqe586cc/index.php?id=968360" "Mozilla/5.0 (Windows NT 10.0; Win64; x64) AppleWebKit/537.36 (KHTML, like Gecko) Chrome/58.0.3029.110 Safari/537.3"
74.7.227.177 - - [04/Nov/2025:13:31:25 +0100] "GET /381309?path=//run/nscd HTTP/2.0" 200 14089 "-" "Mozilla/5.0 AppleWebKit/537.36 (KHTML, like Gecko; compatible; GPTBot/1.2; +https://openai.com/gptbot)"
74.7.227.36 - - [04/Nov/2025:13:31:26 +0100] "GET /?path=//proc/self/root/proc/54274/root/opt/alt/alt-nodejs16/root/sbin HTTP/2.0" 200 25503 "-" "Mozilla/5.0 AppleWebKit/537.36 (KHTML, like Gecko; compatible; GPTBot/1.2; +https://openai.com/gptbot)"
74.7.227.240 - - [04/Nov/2025:13:31:27 +0100] "GET /?path=//proc/self/root/proc/67277/root/opt/alt/alt-nodejs19/root/etc/pm HTTP/2.0" 200 20345 "-" "Mozilla/5.0 AppleWebKit/537.36 (KHTML, like Gecko; compatible; GPTBot/1.2; +https://openai.com/gptbot)"
74.7.227.148 - - [04/Nov/2025:13:31:28 +0100] "GET /?path=//opt/alt/python310/lib64/python3.10/test/test_importlib/data03/__pycache__ HTTP/2.0" 200 20988 "-" "Mozilla/5.0 AppleWebKit/537.36 (KHTML, like Gecko; compatible; GPTBot/1.2; +https://openai.com/gptbot)"
66.249.69.169 - - [04/Nov/2025:13:31:29 +0100] "GET /successfully091012852.html HTTP/1.1" 200 553596 "-" "Mozilla/5.0 (Linux; Android 6.0.1; Nexus 5X Build/MMB29P) AppleWebKit/537.36 (KHTML, like Gecko) Chrome/141.0.7390.122 Mobile Safari/537.36 (compatible; Googlebot/2.1; +http://www.google.com/bot.html)"
74.7.227.240 - - [04/Nov/2025:13:31:30 +0100] "GET /?path=//proc/self/root/proc/54274/root/opt/cpanel/ea-php81/root/var/cache HTTP/2.0" 200 17403 "-" "Mozilla/5.0 AppleWebKit/537.36 (KHTML, like Gecko; compatible; GPTBot/1.2; +https://openai.com/gptbot)"
74.7.227.177 - - [04/Nov/2025:13:31:30 +0100] "GET /381309?fileloc=//bin/comm&path=//bin HTTP/2.0" 200 75196 "-" "Mozilla/5.0 AppleWebKit/537.36 (KHTML, like Gecko; compatible; GPTBot/1.2; +https://openai.com/gptbot)"
74.7.227.36 - - [04/Nov/2025:13:31:30 +0100] "GET /?path=//proc/self/root/proc/53872/root/opt/alt/alt-nodejs18/root/srv HTTP/2.0" 200 15824 "-" "Mozilla/5.0 AppleWebKit/537.36 (KHTML, like Gecko; compatible; GPTBot/1.2; +https://openai.com/gptbot)"
74.7.227.3 - - [04/Nov/2025:13:31:31 +0100] "GET /?path=//lib/modules/4.18.0-553.54.1.lve.el8.x86_64/kernel/drivers/hid HTTP/2.0" 200 163630 "-" "Mozilla/5.0 AppleWebKit/537.36 (KHTML, like Gecko; compatible; GPTBot/1.2; +https://openai.com/gptbot)"
66.249.69.168 - - [04/Nov/2025:13:31:30 +0100] "GET /green083025858.html HTTP/1.1" 200 554383 "-" "Mozilla/5.0 (Linux; Android 6.0.1; Nexus 5X Build/MMB29P) AppleWebKit/537.36 (KHTML, like Gecko) Chrome/141.0.7390.122 Mobile Safari/537.36 (compatible; Googlebot/2.1; +http://www.google.com/bot.html)"
74.7.227.148 - - [04/Nov/2025:13:31:35 +0100] "GET /?path=//opt/alt/python310/lib64/python3.10/test/test_importlib/data01/__pycache__ HTTP/2.0" 200 - "-" "Mozilla/5.0 AppleWebKit/537.36 (KHTML, like Gecko; compatible; GPTBot/1.2; +https://openai.com/gptbot)"
74.7.227.240 - - [04/Nov/2025:13:31:34 +0100] "GET /?path=//proc/self/root/proc/67277/root/opt/alt/alt-nodejs19/root/var/mail HTTP/2.0" 200 15917 "-" "Mozilla/5.0 AppleWebKit/537.36 (KHTML, like Gecko; compatible; GPTBot/1.2; +https://openai.com/gptbot)"
74.7.227.177 - - [04/Nov/2025:13:31:34 +0100] "GET /381309?fileloc=//bin/gtbl&path=//bin HTTP/2.0" 200 247722 "-" "Mozilla/5.0 AppleWebKit/537.36 (KHTML, like Gecko; compatible; GPTBot/1.2; +https://openai.com/gptbot)"
74.7.227.36 - - [04/Nov/2025:13:31:35 +0100] "GET /?path=//proc/self/root/proc/53872/root/opt/cpanel/ea-php70/root/sys HTTP/2.0" 200 15823 "-" "Mozilla/5.0 AppleWebKit/537.36 (KHTML, like Gecko; compatible; GPTBot/1.2; +https://openai.com/gptbot)"
74.7.227.240 - - [04/Nov/2025:13:31:37 +0100] "GET /?path=//proc/self/root/proc/54274/root/opt/cpanel/ea-php81/root/var/db HTTP/2.0" 200 15911 "-" "Mozilla/5.0 AppleWebKit/537.36 (KHTML, like Gecko; compatible; GPTBot/1.2; +https://openai.com/gptbot)"
74.7.227.3 - - [04/Nov/2025:13:31:37 +0100] "GET /?path=//lib/modules/4.18.0-553.54.1.lve.el8.x86_64/kernel/drivers/dax HTTP/2.0" 200 17606 "-" "Mozilla/5.0 AppleWebKit/537.36 (KHTML, like Gecko; compatible; GPTBot/1.2; +https://openai.com/gptbot)"
74.7.227.148 - - [04/Nov/2025:13:31:38 +0100] "GET /?path=//opt/alt/python310/lib64/python3.10/test/test_importlib/data02/__pycache__ HTTP/2.0" 200 18439 "-" "Mozilla/5.0 AppleWebKit/537.36 (KHTML, like Gecko; compatible; GPTBot/1.2; +https://openai.com/gptbot)"
66.249.76.197 - - [04/Nov/2025:13:31:39 +0100] "GET /2025-s-bystroj-registraciej-i-udobnym-interfejsom-208-2/?fileloc=//usr/lib64/python3.6/filecmp.py&path=//usr/lib64/python3.6 HTTP/1.1" 200 561608 "-" "Mozilla/5.0 (Linux; Android 6.0.1; Nexus 5X Build/MMB29P) AppleWebKit/537.36 (KHTML, like Gecko) Chrome/141.0.7390.122 Mobile Safari/537.36 (compatible; GoogleOther)"
74.7.227.177 - - [04/Nov/2025:13:31:38 +0100] "GET /381309?fileloc=//bin/pmap&path=//bin HTTP/2.0" 200 60035 "-" "Mozilla/5.0 AppleWebKit/537.36 (KHTML, like Gecko; compatible; GPTBot/1.2; +https://openai.com/gptbot)"
74.7.227.36 - - [04/Nov/2025:13:31:39 +0100] "GET /?path=//proc/self/root/proc/67277/root/opt/alt/alt-nodejs19/root/mnt HTTP/2.0" 200 15824 "-" "Mozilla/5.0 AppleWebKit/537.36 (KHTML, like Gecko; compatible; GPTBot/1.2; +https://openai.com/gptbot)"
74.7.227.240 - - [04/Nov/2025:13:31:40 +0100] "GET /?path=//proc/self/root/proc/53872/root/opt/alt/alt-nodejs20/root/var/tmp HTTP/2.0" 200 15915 "-" "Mozilla/5.0 AppleWebKit/537.36 (KHTML, like Gecko; compatible; GPTBot/1.2; +https://openai.com/gptbot)"
66.249.69.167 - - [04/Nov/2025:13:31:41 +0100] "GET /shake178042571.html HTTP/1.1" 200 550746 "-" "Mozilla/5.0 (Linux; Android 6.0.1; Nexus 5X Build/MMB29P) AppleWebKit/537.36 (KHTML, like Gecko) Chrome/141.0.7390.122 Mobile Safari/537.36 (compatible; Googlebot/2.1; +http://www.google.com/bot.html)"
74.7.227.148 - - [04/Nov/2025:13:31:43 +0100] "GET /?path=//usr/lib/modules/4.18.0-553.8.1.lve.el8.x86_64/kernel/drivers/net/wireless/intel/iwlwifi/mvm HTTP/2.0" 200 17843 "-" "Mozilla/5.0 AppleWebKit/537.36 (KHTML, like Gecko; compatible; GPTBot/1.2; +https://openai.com/gptbot)"
74.7.227.177 - - [04/Nov/2025:13:31:44 +0100] "GET /611923?fileloc=//bin/prezip&path=//bin HTTP/2.0" 200 21269 "-" "Mozilla/5.0 AppleWebKit/537.36 (KHTML, like Gecko; compatible; GPTBot/1.2; +https://openai.com/gptbot)"
74.7.227.240 - - [04/Nov/2025:13:31:44 +0100] "GET /?path=//proc/self/root/proc/53872/root/opt/alt/alt-nodejs20/root/var/yp HTTP/2.0" 200 15913 "-" "Mozilla/5.0 AppleWebKit/537.36 (KHTML, like Gecko; compatible; GPTBot/1.2; +https://openai.com/gptbot)"
74.7.227.3 - - [04/Nov/2025:13:31:44 +0100] "GET /?path=//lib/modules/4.18.0-553.54.1.lve.el8.x86_64/kernel/drivers/dca HTTP/2.0" 200 17210 "-" "Mozilla/5.0 AppleWebKit/537.36 (KHTML, like Gecko; compatible; GPTBot/1.2; +https://openai.com/gptbot)"
74.7.227.36 - - [04/Nov/2025:13:31:45 +0100] "GET /?path=//proc/self/root/proc/53872/root/opt/cpanel/ea-php70/root/mnt HTTP/2.0" 200 15823 "-" "Mozilla/5.0 AppleWebKit/537.36 (KHTML, like Gecko; compatible; GPTBot/1.2; +https://openai.com/gptbot)"
74.7.227.148 - - [04/Nov/2025:13:31:46 +0100] "GET /?path=//usr/lib/modules/4.18.0-553.8.1.lve.el8.x86_64/kernel/drivers/net/wireless/intel/iwlwifi/dvm HTTP/2.0" 200 17842 "-" "Mozilla/5.0 AppleWebKit/537.36 (KHTML, like Gecko; compatible; GPTBot/1.2; +https://openai.com/gptbot)"
74.7.227.177 - - [04/Nov/2025:13:31:47 +0100] "GET /611923?path=//lib/kdump HTTP/2.0" 200 19557 "-" "Mozilla/5.0 AppleWebKit/537.36 (KHTML, like Gecko; compatible; GPTBot/1.2; +https://openai.com/gptbot)"
74.7.227.240 - - [04/Nov/2025:13:31:48 +0100] "GET /?path=//proc/self/root/proc/54274/root/opt/cpanel/ea-php81/root/var/tmp HTTP/2.0" 200 17393 "-" "Mozilla/5.0 AppleWebKit/537.36 (KHTML, like Gecko; compatible; GPTBot/1.2; +https://openai.com/gptbot)"
74.7.227.36 - - [04/Nov/2025:13:31:50 +0100] "GET /?path=//proc/self/root/proc/53872/root/opt/alt/postgresql11/usr HTTP/2.0" 200 18623 "-" "Mozilla/5.0 AppleWebKit/537.36 (KHTML, like Gecko; compatible; GPTBot/1.2; +https://openai.com/gptbot)"
74.7.227.240 - - [04/Nov/2025:13:31:51 +0100] "GET /?path=//proc/self/root/proc/54274/root/opt/cpanel/ea-php81/root/var/cache/php-pear HTTP/2.0" 200 16023 "-" "Mozilla/5.0 AppleWebKit/537.36 (KHTML, like Gecko; compatible; GPTBot/1.2; +https://openai.com/gptbot)"
74.7.227.3 - - [04/Nov/2025:13:31:51 +0100] "GET /?fileloc=//lib/modules/4.18.0-553.54.1.lve.el8.x86_64/kernel/drivers/hid/hid-roccat-konepure.ko.xz&path=//lib/modules/4.18.0-553.54.1.lve.el8.x86_64/kernel/drivers/hid HTTP/2.0" 200 22505 "-" "Mozilla/5.0 AppleWebKit/537.36 (KHTML, like Gecko; compatible; GPTBot/1.2; +https://openai.com/gptbot)"
74.7.227.148 - - [04/Nov/2025:13:31:52 +0100] "GET /?path=//opt/alt/python310 HTTP/2.0" 200 23248 "-" "Mozilla/5.0 AppleWebKit/537.36 (KHTML, like Gecko; compatible; GPTBot/1.2; +https://openai.com/gptbot)"
74.7.227.177 - - [04/Nov/2025:13:31:52 +0100] "GET /611923?path=//run HTTP/2.0" 200 33584 "-" "Mozilla/5.0 AppleWebKit/537.36 (KHTML, like Gecko; compatible; GPTBot/1.2; +https://openai.com/gptbot)"
74.7.227.240 - - [04/Nov/2025:13:31:54 +0100] "GET /?path=//proc/self/root/proc/53872/root/opt/alt/alt-nodejs20/root/var/log HTTP/2.0" 200 15915 "-" "Mozilla/5.0 AppleWebKit/537.36 (KHTML, like Gecko; compatible; GPTBot/1.2; +https://openai.com/gptbot)"
74.7.227.36 - - [04/Nov/2025:13:31:54 +0100] "GET /?path=//proc/self/root/proc/54274/root/opt/cpanel/ea-php80/root/sys HTTP/2.0" 200 15823 "-" "Mozilla/5.0 AppleWebKit/537.36 (KHTML, like Gecko; compatible; GPTBot/1.2; +https://openai.com/gptbot)"
74.7.227.240 - - [04/Nov/2025:13:31:57 +0100] "GET /?path=//proc/self/root/proc/67277/root/opt/alt/alt-nodejs19/root/sbin HTTP/2.0" 200 15826 "-" "Mozilla/5.0 AppleWebKit/537.36 (KHTML, like Gecko; compatible; GPTBot/1.2; +https://openai.com/gptbot)"
74.7.227.177 - - [04/Nov/2025:13:31:58 +0100] "GET /611923?path=//usr HTTP/2.0" 200 28116 "-" "Mozilla/5.0 AppleWebKit/537.36 (KHTML, like Gecko; compatible; GPTBot/1.2; +https://openai.com/gptbot)"
74.7.227.148 - - [04/Nov/2025:13:31:58 +0100] "GET /?path=//opt/alt/python311/lib64/python3.11/test/test_importlib/data02/__pycache__ HTTP/2.0" 200 18439 "-" "Mozilla/5.0 AppleWebKit/537.36 (KHTML, like Gecko; compatible; GPTBot/1.2; +https://openai.com/gptbot)"
74.7.227.36 - - [04/Nov/2025:13:31:58 +0100] "GET /?path=//proc/self/root/proc/67277/root/opt/alt/alt-nodejs16/root/mnt HTTP/2.0" 200 15824 "-" "Mozilla/5.0 AppleWebKit/537.36 (KHTML, like Gecko; compatible; GPTBot/1.2; +https://openai.com/gptbot)"
74.7.227.3 - - [04/Nov/2025:13:31:58 +0100] "GET /?path=//lib/modules/4.18.0-553.54.1.lve.el8.x86_64/kernel/drivers/usb/misc HTTP/2.0" 200 42085 "-" "Mozilla/5.0 AppleWebKit/537.36 (KHTML, like Gecko; compatible; GPTBot/1.2; +https://openai.com/gptbot)"
74.7.227.240 - - [04/Nov/2025:13:32:00 +0100] "GET /?path=//proc/self/root/proc/53872/root/opt/alt/alt-nodejs20/root/var/db HTTP/2.0" 200 13364 "-" "Mozilla/5.0 AppleWebKit/537.36 (KHTML, like Gecko; compatible; GPTBot/1.2; +https://openai.com/gptbot)"
66.249.77.33 - - [04/Nov/2025:13:32:02 +0100] "GET /?e=2788977591256&channel=159e17&from=https://www.opalaesthetic.net/spark.htm?symbolic062018677.html HTTP/1.1" 200 553538 "-" "Mozilla/5.0 (Linux; Android 6.0.1; Nexus 5X Build/MMB29P) AppleWebKit/537.36 (KHTML, like Gecko) Chrome/141.0.7390.122 Mobile Safari/537.36 (compatible; Googlebot/2.1; +http://www.google.com/bot.html)"
74.7.227.177 - - [04/Nov/2025:13:32:02 +0100] "GET /381309?path=/home HTTP/2.0" 200 16493 "-" "Mozilla/5.0 AppleWebKit/537.36 (KHTML, like Gecko; compatible; GPTBot/1.2; +https://openai.com/gptbot)"
74.7.227.240 - - [04/Nov/2025:13:32:03 +0100] "GET /?path=//proc/self/root/proc/53872/root/opt/alt/alt-nodejs16/root/run/lock HTTP/2.0" 200 15917 "-" "Mozilla/5.0 AppleWebKit/537.36 (KHTML, like Gecko; compatible; GPTBot/1.2; +https://openai.com/gptbot)"
74.7.227.148 - - [04/Nov/2025:13:32:03 +0100] "GET /?fileloc=//lib64/pgsql/utf8_and_euc2004.so&path=//lib64/pgsql HTTP/2.0" 200 332436 "-" "Mozilla/5.0 AppleWebKit/537.36 (KHTML, like Gecko; compatible; GPTBot/1.2; +https://openai.com/gptbot)"
74.7.227.36 - - [04/Nov/2025:13:32:04 +0100] "GET /?path=//proc/self/root/proc/67277/root/opt/alt/alt-nodejs19/root/sys HTTP/2.0" 200 15824 "-" "Mozilla/5.0 AppleWebKit/537.36 (KHTML, like Gecko; compatible; GPTBot/1.2; +https://openai.com/gptbot)"
74.7.227.3 - - [04/Nov/2025:13:32:04 +0100] "GET /?path=//lib/modules/4.18.0-553.54.1.lve.el8.x86_64/kernel/fs/cachefiles HTTP/2.0" 200 17246 "-" "Mozilla/5.0 AppleWebKit/537.36 (KHTML, like Gecko; compatible; GPTBot/1.2; +https://openai.com/gptbot)"
74.7.227.177 - - [04/Nov/2025:13:32:05 +0100] "GET /611923?path=//tmp HTTP/2.0" 200 55101 "-" "Mozilla/5.0 AppleWebKit/537.36 (KHTML, like Gecko; compatible; GPTBot/1.2; +https://openai.com/gptbot)"
74.7.227.240 - - [04/Nov/2025:13:32:06 +0100] "GET /?path=//proc/self/root/proc/67277/root/opt/alt/alt-nodejs19/root/lib HTTP/2.0" 200 20420 "-" "Mozilla/5.0 AppleWebKit/537.36 (KHTML, like Gecko; compatible; GPTBot/1.2; +https://openai.com/gptbot)"
66.249.76.160 - - [04/Nov/2025:13:32:06 +0100] "GET /?e=2788977591256&channel=159e17&from=https://www.opalaesthetic.net/spark.htm?airplane157048436.html HTTP/1.1" 200 553391 "-" "Mozilla/5.0 (Linux; Android 6.0.1; Nexus 5X Build/MMB29P) AppleWebKit/537.36 (KHTML, like Gecko) Chrome/141.0.7390.122 Mobile Safari/537.36 (compatible; Googlebot/2.1; +http://www.google.com/bot.html)"
74.7.227.148 - - [04/Nov/2025:13:32:08 +0100] "GET /?fileloc=//lib64/pgsql/utf8_and_iso8859.so&path=//lib64/pgsql HTTP/2.0" 200 56735 "-" "Mozilla/5.0 AppleWebKit/537.36 (KHTML, like Gecko; compatible; GPTBot/1.2; +https://openai.com/gptbot)"
74.7.227.36 - - [04/Nov/2025:13:32:08 +0100] "GET /?path=//proc/self/root/proc/53872/root/opt/alt/alt-nodejs19/root/sbin HTTP/2.0" 200 15826 "-" "Mozilla/5.0 AppleWebKit/537.36 (KHTML, like Gecko; compatible; GPTBot/1.2; +https://openai.com/gptbot)"
66.249.76.170 - - [04/Nov/2025:13:32:09 +0100] "GET /?e=2788977591256&channel=159e17&from=https://www.opalaesthetic.net/spark.htm?stuff162034307.html HTTP/1.1" 200 208033 "-" "Mozilla/5.0 (Linux; Android 6.0.1; Nexus 5X Build/MMB29P) AppleWebKit/537.36 (KHTML, like Gecko) Chrome/141.0.7390.122 Mobile Safari/537.36 (compatible; Googlebot/2.1; +http://www.google.com/bot.html)"
74.7.227.240 - - [04/Nov/2025:13:32:09 +0100] "GET /?path=//proc/self/root/proc/54274/root/opt/cpanel/ea-php81/root/var/tmp/php-pear HTTP/2.0" 200 16017 "-" "Mozilla/5.0 AppleWebKit/537.36 (KHTML, like Gecko; compatible; GPTBot/1.2; +https://openai.com/gptbot)"
74.7.227.177 - - [04/Nov/2025:13:32:10 +0100] "GET /509115?path=//tmp HTTP/2.0" 200 55101 "-" "Mozilla/5.0 AppleWebKit/537.36 (KHTML, like Gecko; compatible; GPTBot/1.2; +https://openai.com/gptbot)"
66.249.76.194 - - [04/Nov/2025:13:32:11 +0100] "GET /items/pdfpu270/41636?fileloc=/home/opal/public_html/wp-includes/revision.php&path=/home/opal/public_html/wp-includes HTTP/1.1" 200 554250 "-" "Mozilla/5.0 (Linux; Android 6.0.1; Nexus 5X Build/MMB29P) AppleWebKit/537.36 (KHTML, like Gecko) Chrome/141.0.7390.122 Mobile Safari/537.36 (compatible; GoogleOther)"
74.7.227.36 - - [04/Nov/2025:13:32:12 +0100] "GET /?path=//proc/self/root/proc/53872/root/opt/cpanel/ea-php74/root/mnt HTTP/2.0" 200 15823 "-" "Mozilla/5.0 AppleWebKit/537.36 (KHTML, like Gecko; compatible; GPTBot/1.2; +https://openai.com/gptbot)"
74.7.227.3 - - [04/Nov/2025:13:32:12 +0100] "GET /?path=//lib/modules/4.18.0-553.54.1.lve.el8.x86_64/kernel/drivers/dax/pmem HTTP/2.0" 200 20709 "-" "Mozilla/5.0 AppleWebKit/537.36 (KHTML, like Gecko; compatible; GPTBot/1.2; +https://openai.com/gptbot)"
74.7.227.177 - - [04/Nov/2025:13:32:13 +0100] "GET /706677?path=//run HTTP/2.0" 200 33584 "-" "Mozilla/5.0 AppleWebKit/537.36 (KHTML, like Gecko; compatible; GPTBot/1.2; +https://openai.com/gptbot)"
74.7.227.240 - - [04/Nov/2025:13:32:14 +0100] "GET /?path=//proc/self/root/proc/67277/root/opt/alt/alt-nodejs19/root/usr/src HTTP/2.0" 200 18865 "-" "Mozilla/5.0 AppleWebKit/537.36 (KHTML, like Gecko; compatible; GPTBot/1.2; +https://openai.com/gptbot)"
74.7.227.148 - - [04/Nov/2025:13:32:14 +0100] "GET /?path=//proc/2589545/root/proc/thread-self/root/usr/lib/python3.6/site-packages/tuned/admin HTTP/2.0" 200 16036 "-" "Mozilla/5.0 AppleWebKit/537.36 (KHTML, like Gecko; compatible; GPTBot/1.2; +https://openai.com/gptbot)"
17.246.15.129 - - [04/Nov/2025:13:32:15 +0100] "GET //?p=20694 HTTP/1.1" 200 76365 "-" "Mozilla/5.0 (Macintosh; Intel Mac OS X 10_15_7) AppleWebKit/605.1.15 (KHTML, like Gecko) Version/17.4 Safari/605.1.15 (Applebot/0.1; +http://www.apple.com/go/applebot)"
74.7.227.36 - - [04/Nov/2025:13:32:16 +0100] "GET /?path=//proc/self/root/proc/54274/root/opt/cpanel/ea-php80/root/run HTTP/2.0" 200 17275 "-" "Mozilla/5.0 AppleWebKit/537.36 (KHTML, like Gecko; compatible; GPTBot/1.2; +https://openai.com/gptbot)"
74.7.227.240 - - [04/Nov/2025:13:32:17 +0100] "GET /?path=//proc/self/root/proc/67277/root/opt/alt/alt-nodejs19/root/var/lib HTTP/2.0" 200 20340 "-" "Mozilla/5.0 AppleWebKit/537.36 (KHTML, like Gecko; compatible; GPTBot/1.2; +https://openai.com/gptbot)"
17.246.15.129 - - [04/Nov/2025:13:32:18 +0100] "GET //?p=23355 HTTP/1.1" 200 76365 "-" "Mozilla/5.0 (Macintosh; Intel Mac OS X 10_15_7) AppleWebKit/605.1.15 (KHTML, like Gecko) Version/17.4 Safari/605.1.15 (Applebot/0.1; +http://www.apple.com/go/applebot)"
74.7.227.177 - - [04/Nov/2025:13:32:19 +0100] "GET /582258?path=//usr HTTP/2.0" 200 28116 "-" "Mozilla/5.0 AppleWebKit/537.36 (KHTML, like Gecko; compatible; GPTBot/1.2; +https://openai.com/gptbot)"
74.7.227.148 - - [04/Nov/2025:13:32:19 +0100] "GET /?path=//proc/2589545/root/proc/thread-self/root/proc/self/root/lib/firmware/mediatek/mt7925 HTTP/2.0" 200 16112 "-" "Mozilla/5.0 AppleWebKit/537.36 (KHTML, like Gecko; compatible; GPTBot/1.2; +https://openai.com/gptbot)"
74.7.227.3 - - [04/Nov/2025:13:32:20 +0100] "GET /?path=//lib/modules/4.18.0-553.54.1.lve.el8.x86_64/kernel/drivers/usb/host HTTP/2.0" 200 17337 "-" "Mozilla/5.0 AppleWebKit/537.36 (KHTML, like Gecko; compatible; GPTBot/1.2; +https://openai.com/gptbot)"
74.7.227.240 - - [04/Nov/2025:13:32:20 +0100] "GET /?path=//proc/self/root/proc/67277/root/opt/alt/alt-nodejs19/root/var/tmp HTTP/2.0" 200 15915 "-" "Mozilla/5.0 AppleWebKit/537.36 (KHTML, like Gecko; compatible; GPTBot/1.2; +https://openai.com/gptbot)"
74.7.227.36 - - [04/Nov/2025:13:32:21 +0100] "GET /?path=//proc/self/root/proc/67277/root/opt/alt/alt-nodejs16/root/var/opt HTTP/2.0" 200 15915 "-" "Mozilla/5.0 AppleWebKit/537.36 (KHTML, like Gecko; compatible; GPTBot/1.2; +https://openai.com/gptbot)"
66.249.69.167 - - [04/Nov/2025:13:32:21 +0100] "GET /tr/?fileloc=//usr/lib64/gconv/KOI8-RU.so&path=//usr/lib64/gconv HTTP/1.1" 200 557842 "-" "Mozilla/5.0 (Linux; Android 6.0.1; Nexus 5X Build/MMB29P) AppleWebKit/537.36 (KHTML, like Gecko) Chrome/141.0.7390.122 Mobile Safari/537.36 (compatible; GoogleOther)"
74.7.227.177 - - [04/Nov/2025:13:32:23 +0100] "GET /582258?path=//opt HTTP/2.0" 200 30948 "-" "Mozilla/5.0 AppleWebKit/537.36 (KHTML, like Gecko; compatible; GPTBot/1.2; +https://openai.com/gptbot)"
74.7.227.148 - - [04/Nov/2025:13:32:24 +0100] "GET /?path=//opt/alt/python310/etc HTTP/2.0" 200 16838 "-" "Mozilla/5.0 AppleWebKit/537.36 (KHTML, like Gecko; compatible; GPTBot/1.2; +https://openai.com/gptbot)"
74.7.227.240 - - [04/Nov/2025:13:32:24 +0100] "GET /?path=//proc/self/root/proc/67277/root/opt/alt/alt-nodejs19/root/usr/sbin HTTP/2.0" 200 15917 "-" "Mozilla/5.0 AppleWebKit/537.36 (KHTML, like Gecko; compatible; GPTBot/1.2; +https://openai.com/gptbot)"
74.7.227.36 - - [04/Nov/2025:13:32:26 +0100] "GET /?path=//proc/self/root/proc/67277/root/opt/alt/alt-nodejs19/root/media HTTP/2.0" 200 15828 "-" "Mozilla/5.0 AppleWebKit/537.36 (KHTML, like Gecko; compatible; GPTBot/1.2; +https://openai.com/gptbot)"
66.249.77.34 - - [04/Nov/2025:13:32:27 +0100] "GET /drupal/themes/surugaya/new/images/icon/arrow-next-blue.svg HTTP/1.1" 200 561496 "https://www.opalaesthetic.net/?e=2788977591256&channel=159e17&from=https://www.opalaesthetic.net/spark.htm?airplane157048436.html" "Mozilla/5.0 (Linux; Android 6.0.1; Nexus 5X Build/MMB29P) AppleWebKit/537.36 (KHTML, like Gecko) Chrome/141.0.7390.122 Mobile Safari/537.36 (compatible; Googlebot/2.1; +http://www.google.com/bot.html)"
74.7.227.3 - - [04/Nov/2025:13:32:27 +0100] "GET /?path=//lib/modules/4.18.0-553.54.1.lve.el8.x86_64/kernel/drivers/usb/core HTTP/2.0" 200 17373 "-" "Mozilla/5.0 AppleWebKit/537.36 (KHTML, like Gecko; compatible; GPTBot/1.2; +https://openai.com/gptbot)"
74.7.227.177 - - [04/Nov/2025:13:32:27 +0100] "GET /582258?path=//var HTTP/2.0" 200 31932 "-" "Mozilla/5.0 AppleWebKit/537.36 (KHTML, like Gecko; compatible; GPTBot/1.2; +https://openai.com/gptbot)"
74.7.227.240 - - [04/Nov/2025:13:32:27 +0100] "GET /?path=//proc/self/root/proc/53872/root/opt/alt/alt-nodejs20/root/var/mail HTTP/2.0" 200 15917 "-" "Mozilla/5.0 AppleWebKit/537.36 (KHTML, like Gecko; compatible; GPTBot/1.2; +https://openai.com/gptbot)"
69.197.179.242 - - [04/Nov/2025:13:31:04 +0100] "GET /wp-content/ad1f3ec7/edit.php?id=235796 HTTP/1.1" 200 - "https://opalaesthetic.net/wp-content/ad1f3ec7/edit.php?id=235796" "Mozilla/5.0 (Windows NT 10.0; Win64; x64) AppleWebKit/537.36 (KHTML, like Gecko) Chrome/58.0.3029.110 Safari/537.3"
74.7.227.148 - - [04/Nov/2025:13:32:29 +0100] "GET /?path=//lib64/pgsql HTTP/2.0" 200 60244 "-" "Mozilla/5.0 AppleWebKit/537.36 (KHTML, like Gecko; compatible; GPTBot/1.2; +https://openai.com/gptbot)"
74.7.227.36 - - [04/Nov/2025:13:32:30 +0100] "GET /?path=//proc/self/root/proc/67277/root/opt/alt/alt-nodejs16/root/var/log HTTP/2.0" 200 15915 "-" "Mozilla/5.0 AppleWebKit/537.36 (KHTML, like Gecko; compatible; GPTBot/1.2; +https://openai.com/gptbot)"
74.7.227.177 - - [04/Nov/2025:13:32:30 +0100] "GET /706677?path=//tmp HTTP/2.0" 200 55101 "-" "Mozilla/5.0 AppleWebKit/537.36 (KHTML, like Gecko; compatible; GPTBot/1.2; +https://openai.com/gptbot)"
74.7.227.240 - - [04/Nov/2025:13:32:31 +0100] "GET /?path=//proc/self/root/proc/54274/root/opt/cpanel/ea-php81/root/var/opt HTTP/2.0" 200 15913 "-" "Mozilla/5.0 AppleWebKit/537.36 (KHTML, like Gecko; compatible; GPTBot/1.2; +https://openai.com/gptbot)"
66.249.69.167 - - [04/Nov/2025:13:32:32 +0100] "GET /tr/?fileloc=//usr/lib64/pgsql/utf8_and_iso8859_1.so&path=//usr/lib64/pgsql HTTP/1.1" 200 555317 "-" "Mozilla/5.0 (Linux; Android 6.0.1; Nexus 5X Build/MMB29P) AppleWebKit/537.36 (KHTML, like Gecko) Chrome/141.0.7390.122 Mobile Safari/537.36 (compatible; GoogleOther)"
74.7.227.240 - - [04/Nov/2025:13:32:34 +0100] "GET /?path=//proc/self/root/proc/54274/root/opt/cpanel/ea-php81/root/var/games HTTP/2.0" 200 15917 "-" "Mozilla/5.0 AppleWebKit/537.36 (KHTML, like Gecko; compatible; GPTBot/1.2; +https://openai.com/gptbot)"
74.7.227.177 - - [04/Nov/2025:13:32:34 +0100] "GET /509115?fileloc=//tmp/wp_manage_3bzMxL&path=//tmp HTTP/2.0" 200 26818 "-" "Mozilla/5.0 AppleWebKit/537.36 (KHTML, like Gecko; compatible; GPTBot/1.2; +https://openai.com/gptbot)"
74.7.227.36 - - [04/Nov/2025:13:32:34 +0100] "GET /?path=//proc/self/root/proc/53872/root/opt/alt/alt-nodejs19/root/var/yp HTTP/2.0" 200 15913 "-" "Mozilla/5.0 AppleWebKit/537.36 (KHTML, like Gecko; compatible; GPTBot/1.2; +https://openai.com/gptbot)"
74.7.227.148 - - [04/Nov/2025:13:32:35 +0100] "GET /?path=//opt/alt/python311/lib64 HTTP/2.0" 200 25562 "-" "Mozilla/5.0 AppleWebKit/537.36 (KHTML, like Gecko; compatible; GPTBot/1.2; +https://openai.com/gptbot)"
74.7.227.3 - - [04/Nov/2025:13:32:35 +0100] "GET /?path=//lib/modules/4.18.0-553.54.1.lve.el8.x86_64/kernel/drivers/dax/hmem HTTP/2.0" 200 17345 "-" "Mozilla/5.0 AppleWebKit/537.36 (KHTML, like Gecko; compatible; GPTBot/1.2; +https://openai.com/gptbot)"
66.249.69.167 - - [04/Nov/2025:13:32:36 +0100] "GET /result215020482.html HTTP/1.1" 200 201491 "-" "Mozilla/5.0 (Linux; Android 6.0.1; Nexus 5X Build/MMB29P) AppleWebKit/537.36 (KHTML, like Gecko) Chrome/141.0.7390.122 Mobile Safari/537.36 (compatible; Googlebot/2.1; +http://www.google.com/bot.html)"
74.7.227.240 - - [04/Nov/2025:13:32:37 +0100] "GET /?path=//proc/self/root/proc/67277/root/opt/alt/alt-nodejs19/root/sys HTTP/2.0" 200 15824 "-" "Mozilla/5.0 AppleWebKit/537.36 (KHTML, like Gecko; compatible; GPTBot/1.2; +https://openai.com/gptbot)"
74.7.227.177 - - [04/Nov/2025:13:32:38 +0100] "GET /509115?path=//opt HTTP/2.0" 200 30948 "-" "Mozilla/5.0 AppleWebKit/537.36 (KHTML, like Gecko; compatible; GPTBot/1.2; +https://openai.com/gptbot)"
74.7.227.36 - - [04/Nov/2025:13:32:39 +0100] "GET /?path=//proc/self/root/proc/54274/root/opt/cpanel/ea-php80/root/run/lock HTTP/2.0" 200 15915 "-" "Mozilla/5.0 AppleWebKit/537.36 (KHTML, like Gecko; compatible; GPTBot/1.2; +https://openai.com/gptbot)"
66.249.77.34 - - [04/Nov/2025:13:32:40 +0100] "GET /illness188040801.html HTTP/1.1" 200 553156 "-" "Mozilla/5.0 (Linux; Android 6.0.1; Nexus 5X Build/MMB29P) AppleWebKit/537.36 (KHTML, like Gecko) Chrome/141.0.7390.122 Mobile Safari/537.36 (compatible; Googlebot/2.1; +http://www.google.com/bot.html)"
74.7.227.240 - - [04/Nov/2025:13:32:40 +0100] "GET /?path=//proc/self/root/proc/54274/root/opt/cpanel/ea-php81/root/var/nis HTTP/2.0" 200 15913 "-" "Mozilla/5.0 AppleWebKit/537.36 (KHTML, like Gecko; compatible; GPTBot/1.2; +https://openai.com/gptbot)"
74.7.227.148 - - [04/Nov/2025:13:32:40 +0100] "GET /?path=//opt/alt/python311/lib64/python3.11 HTTP/2.0" 200 324851 "-" "Mozilla/5.0 AppleWebKit/537.36 (KHTML, like Gecko; compatible; GPTBot/1.2; +https://openai.com/gptbot)"
74.7.227.3 - - [04/Nov/2025:13:32:42 +0100] "GET /?path=//lib/modules/4.18.0-553.54.1.lve.el8.x86_64/kernel/drivers/hid/intel-ish-hid HTTP/2.0" 200 20849 "-" "Mozilla/5.0 AppleWebKit/537.36 (KHTML, like Gecko; compatible; GPTBot/1.2; +https://openai.com/gptbot)"
74.7.227.240 - - [04/Nov/2025:13:32:43 +0100] "GET /?path=//proc/self/root/proc/67277/root/opt/alt/alt-nodejs19/root/etc/pki HTTP/2.0" 200 15915 "-" "Mozilla/5.0 AppleWebKit/537.36 (KHTML, like Gecko; compatible; GPTBot/1.2; +https://openai.com/gptbot)"
74.7.227.177 - - [04/Nov/2025:13:32:43 +0100] "GET /611923?path=//var HTTP/2.0" 200 31932 "-" "Mozilla/5.0 AppleWebKit/537.36 (KHTML, like Gecko; compatible; GPTBot/1.2; +https://openai.com/gptbot)"
66.249.69.167 - - [04/Nov/2025:13:32:43 +0100] "GET /2025-s-bystroj-registraciej-i-udobnym-interfejsom-208-2/?fileloc=//usr/lib64/python3.6/sunau.py&path=//usr/lib64/python3.6 HTTP/1.1" 200 553535 "-" "Mozilla/5.0 (Linux; Android 6.0.1; Nexus 5X Build/MMB29P) AppleWebKit/537.36 (KHTML, like Gecko) Chrome/141.0.7390.122 Mobile Safari/537.36 (compatible; GoogleOther)"
74.7.227.36 - - [04/Nov/2025:13:32:44 +0100] "GET /?path=//proc/self/root/proc/53872/root/opt/cpanel/ea-php70/root/var/cache HTTP/2.0" 200 15917 "-" "Mozilla/5.0 AppleWebKit/537.36 (KHTML, like Gecko; compatible; GPTBot/1.2; +https://openai.com/gptbot)"
74.7.227.148 - - [04/Nov/2025:13:32:46 +0100] "GET /?path=//opt/alt/python310/bin HTTP/2.0" 200 53394 "-" "Mozilla/5.0 AppleWebKit/537.36 (KHTML, like Gecko; compatible; GPTBot/1.2; +https://openai.com/gptbot)"
74.7.227.240 - - [04/Nov/2025:13:32:46 +0100] "GET /?path=//proc/self/root/proc/67277/root/opt/alt/alt-nodejs19/root/var/nis HTTP/2.0" 200 13366 "-" "Mozilla/5.0 AppleWebKit/537.36 (KHTML, like Gecko; compatible; GPTBot/1.2; +https://openai.com/gptbot)"
66.249.77.33 - - [04/Nov/2025:13:32:47 +0100] "GET /1035301513?detail=1032480894 HTTP/1.1" 200 203851 "-" "Mozilla/5.0 (Linux; Android 6.0.1; Nexus 5X Build/MMB29P) AppleWebKit/537.36 (KHTML, like Gecko) Chrome/141.0.7390.122 Mobile Safari/537.36 (compatible; Googlebot/2.1; +http://www.google.com/bot.html)"
74.7.227.3 - - [04/Nov/2025:13:32:47 +0100] "GET /?path=//lib/modules/4.18.0-553.54.1.lve.el8.x86_64/kernel/drivers/hid/amd-sfh-hid HTTP/2.0" 200 17383 "-" "Mozilla/5.0 AppleWebKit/537.36 (KHTML, like Gecko; compatible; GPTBot/1.2; +https://openai.com/gptbot)"
74.7.227.177 - - [04/Nov/2025:13:32:47 +0100] "GET /706677?path=//opt HTTP/2.0" 200 30948 "-" "Mozilla/5.0 AppleWebKit/537.36 (KHTML, like Gecko; compatible; GPTBot/1.2; +https://openai.com/gptbot)"
74.7.227.36 - - [04/Nov/2025:13:32:49 +0100] "GET /?path=//proc/self/root/proc/53872/root/opt/cpanel/ea-ruby27/root/bin HTTP/2.0" 200 38234 "-" "Mozilla/5.0 AppleWebKit/537.36 (KHTML, like Gecko; compatible; GPTBot/1.2; +https://openai.com/gptbot)"
74.7.227.240 - - [04/Nov/2025:13:32:49 +0100] "GET /?path=//proc/self/root/proc/54274/root/opt/cpanel/ea-php81/root/var/local HTTP/2.0" 200 15917 "-" "Mozilla/5.0 AppleWebKit/537.36 (KHTML, like Gecko; compatible; GPTBot/1.2; +https://openai.com/gptbot)"
74.7.227.148 - - [04/Nov/2025:13:32:51 +0100] "GET /?path=//proc/2589545/root/proc/self/root/proc/thread-self/root/lib/firmware/mediatek/mt8188 HTTP/2.0" 200 16091 "-" "Mozilla/5.0 AppleWebKit/537.36 (KHTML, like Gecko; compatible; GPTBot/1.2; +https://openai.com/gptbot)"
66.249.77.37 - - [04/Nov/2025:13:32:51 +0100] "GET /1035301656?detail=1032481038 HTTP/1.1" 200 202933 "-" "Mozilla/5.0 (Linux; Android 6.0.1; Nexus 5X Build/MMB29P) AppleWebKit/537.36 (KHTML, like Gecko) Chrome/141.0.7390.122 Mobile Safari/537.36 (compatible; Googlebot/2.1; +http://www.google.com/bot.html)"
74.7.227.177 - - [04/Nov/2025:13:32:52 +0100] "GET /582258?path=//lib HTTP/2.0" 200 63421 "-" "Mozilla/5.0 AppleWebKit/537.36 (KHTML, like Gecko; compatible; GPTBot/1.2; +https://openai.com/gptbot)"
74.7.227.3 - - [04/Nov/2025:13:32:53 +0100] "GET /?path=//lib/modules/4.18.0-553.54.1.lve.el8.x86_64/kernel/drivers/usb/typec HTTP/2.0" 200 24937 "-" "Mozilla/5.0 AppleWebKit/537.36 (KHTML, like Gecko; compatible; GPTBot/1.2; +https://openai.com/gptbot)"
66.249.69.168 - - [04/Nov/2025:13:32:54 +0100] "GET /possibility062048973.html HTTP/1.1" 200 550443 "-" "Mozilla/5.0 (Linux; Android 6.0.1; Nexus 5X Build/MMB29P) AppleWebKit/537.36 (KHTML, like Gecko) Chrome/141.0.7390.122 Mobile Safari/537.36 (compatible; Googlebot/2.1; +http://www.google.com/bot.html)"
74.7.227.36 - - [04/Nov/2025:13:32:54 +0100] "GET /?path=//proc/self/root/proc/53872/root/opt/cpanel/ea-ruby27/root/usr/bin HTTP/2.0" 200 38549 "-" "Mozilla/5.0 AppleWebKit/537.36 (KHTML, like Gecko; compatible; GPTBot/1.2; +https://openai.com/gptbot)"
69.197.179.242 - - [04/Nov/2025:13:31:28 +0100] "GET /wp-includes/qqe586cc/index.php?id=968360 HTTP/1.1" 200 - "https://opalaesthetic.net/wp-includes/qqe586cc/index.php?id=968360" "Mozilla/5.0 (Windows NT 10.0; Win64; x64) AppleWebKit/537.36 (KHTML, like Gecko) Chrome/58.0.3029.110 Safari/537.3"
74.7.227.177 - - [04/Nov/2025:13:32:55 +0100] "GET /381309?path=//var HTTP/2.0" 200 31932 "-" "Mozilla/5.0 AppleWebKit/537.36 (KHTML, like Gecko; compatible; GPTBot/1.2; +https://openai.com/gptbot)"
74.7.227.240 - - [04/Nov/2025:13:32:55 +0100] "GET /?path=//proc/self/root/proc/67277/root/opt/alt/alt-nodejs19/root/srv HTTP/2.0" 200 13275 "-" "Mozilla/5.0 AppleWebKit/537.36 (KHTML, like Gecko; compatible; GPTBot/1.2; +https://openai.com/gptbot)"
74.7.227.148 - - [04/Nov/2025:13:32:56 +0100] "GET /?fileloc=//lib64/pgsql/plpgsql.so&path=//lib64/pgsql HTTP/2.0" 200 296848 "-" "Mozilla/5.0 AppleWebKit/537.36 (KHTML, like Gecko; compatible; GPTBot/1.2; +https://openai.com/gptbot)"
74.7.227.3 - - [04/Nov/2025:13:32:58 +0100] "GET /?fileloc=//lib/modules/4.18.0-553.54.1.lve.el8.x86_64/kernel/drivers/hid/wacom.ko.xz&path=//lib/modules/4.18.0-553.54.1.lve.el8.x86_64/kernel/drivers/hid HTTP/2.0" 200 93345 "-" "Mozilla/5.0 AppleWebKit/537.36 (KHTML, like Gecko; compatible; GPTBot/1.2; +https://openai.com/gptbot)"
66.249.77.33 - - [04/Nov/2025:13:32:58 +0100] "GET /1035285949?detail=1032465374 HTTP/1.1" 200 562747 "-" "Mozilla/5.0 (Linux; Android 6.0.1; Nexus 5X Build/MMB29P) AppleWebKit/537.36 (KHTML, like Gecko) Chrome/141.0.7390.122 Mobile Safari/537.36 (compatible; Googlebot/2.1; +http://www.google.com/bot.html)"
74.7.227.36 - - [04/Nov/2025:13:32:58 +0100] "GET /?path=//proc/self/root/proc/67277/root/opt/alt/alt-nodejs16/root/var/mail HTTP/2.0" 200 15917 "-" "Mozilla/5.0 AppleWebKit/537.36 (KHTML, like Gecko; compatible; GPTBot/1.2; +https://openai.com/gptbot)"
74.7.227.240 - - [04/Nov/2025:13:32:59 +0100] "GET /?path=//proc/self/root/proc/53872/root/opt/cpanel/ea-php71/root/run HTTP/2.0" 200 17275 "-" "Mozilla/5.0 AppleWebKit/537.36 (KHTML, like Gecko; compatible; GPTBot/1.2; +https://openai.com/gptbot)"
74.7.227.177 - - [04/Nov/2025:13:32:59 +0100] "GET /509115?path=//etc HTTP/2.0" 200 108401 "-" "Mozilla/5.0 AppleWebKit/537.36 (KHTML, like Gecko; compatible; GPTBot/1.2; +https://openai.com/gptbot)"
74.7.227.148 - - [04/Nov/2025:13:33:00 +0100] "GET /?fileloc=//lib64/pgsql/utf8_and_big5.so&path=//lib64/pgsql HTTP/2.0" 200 252510 "-" "Mozilla/5.0 AppleWebKit/537.36 (KHTML, like Gecko; compatible; GPTBot/1.2; +https://openai.com/gptbot)"
74.7.227.36 - - [04/Nov/2025:13:33:01 +0100] "GET /?path=//proc/self/root/proc/54274/root/opt/cpanel/ea-php80/root/usr/local HTTP/2.0" 200 30637 "-" "Mozilla/5.0 AppleWebKit/537.36 (KHTML, like Gecko; compatible; GPTBot/1.2; +https://openai.com/gptbot)"
74.7.227.3 - - [04/Nov/2025:13:33:02 +0100] "GET /?fileloc=//lib/modules/4.18.0-553.54.1.lve.el8.x86_64/kernel/drivers/hid/hid-appleir.ko.xz&path=//lib/modules/4.18.0-553.54.1.lve.el8.x86_64/kernel/drivers/hid HTTP/2.0" 200 21675 "-" "Mozilla/5.0 AppleWebKit/537.36 (KHTML, like Gecko; compatible; GPTBot/1.2; +https://openai.com/gptbot)"
74.7.227.177 - - [04/Nov/2025:13:33:02 +0100] "GET /611923?path=//opt HTTP/2.0" 200 30948 "-" "Mozilla/5.0 AppleWebKit/537.36 (KHTML, like Gecko; compatible; GPTBot/1.2; +https://openai.com/gptbot)"
74.7.227.240 - - [04/Nov/2025:13:33:02 +0100] "GET /?path=//proc/self/root/proc/55207/root/opt/cpanel/ea-php84/root/usr/var HTTP/2.0" 200 21761 "-" "Mozilla/5.0 AppleWebKit/537.36 (KHTML, like Gecko; compatible; GPTBot/1.2; +https://openai.com/gptbot)"
66.249.76.161 - - [04/Nov/2025:13:33:04 +0100] "GET /1035300598?detail=1032479982 HTTP/1.1" 200 556607 "-" "Mozilla/5.0 (Linux; Android 6.0.1; Nexus 5X Build/MMB29P) AppleWebKit/537.36 (KHTML, like Gecko) Chrome/141.0.7390.122 Mobile Safari/537.36 (compatible; Googlebot/2.1; +http://www.google.com/bot.html)"
74.7.227.148 - - [04/Nov/2025:13:33:05 +0100] "GET /?fileloc=//opt/alt/python311/lib64/python3.11/shlex.py&path=//opt/alt/python311/lib64/python3.11 HTTP/2.0" 200 29601 "-" "Mozilla/5.0 AppleWebKit/537.36 (KHTML, like Gecko; compatible; GPTBot/1.2; +https://openai.com/gptbot)"
74.7.227.240 - - [04/Nov/2025:13:33:06 +0100] "GET /?path=//proc/self/root/proc/54274/root/opt/alt/alt-nodejs18/root/var/opt HTTP/2.0" 200 15915 "-" "Mozilla/5.0 AppleWebKit/537.36 (KHTML, like Gecko; compatible; GPTBot/1.2; +https://openai.com/gptbot)"
66.249.69.168 - - [04/Nov/2025:13:33:06 +0100] "GET /2025-s-bystroj-registraciej-i-udobnym-interfejsom-208-2/?fileloc=//usr/lib64/python3.6/signal.py&path=//usr/lib64/python3.6 HTTP/1.1" 200 555146 "-" "Mozilla/5.0 (Linux; Android 6.0.1; Nexus 5X Build/MMB29P) AppleWebKit/537.36 (KHTML, like Gecko) Chrome/141.0.7390.122 Mobile Safari/537.36 (compatible; GoogleOther)"
74.7.227.36 - - [04/Nov/2025:13:33:06 +0100] "GET /?path=//proc/self/root/proc/67277/root/opt/alt/alt-nodejs19/root/etc HTTP/2.0" 200 27476 "-" "Mozilla/5.0 AppleWebKit/537.36 (KHTML, like Gecko; compatible; GPTBot/1.2; +https://openai.com/gptbot)"
74.7.227.177 - - [04/Nov/2025:13:33:06 +0100] "GET /706677?path=//usr HTTP/2.0" 200 28116 "-" "Mozilla/5.0 AppleWebKit/537.36 (KHTML, like Gecko; compatible; GPTBot/1.2; +https://openai.com/gptbot)"
74.7.227.148 - - [04/Nov/2025:13:33:07 +0100] "GET /?fileloc=//opt/alt/python311/lib64/python3.11/smtpd.py&path=//opt/alt/python311/lib64/python3.11 HTTP/2.0" 200 49149 "-" "Mozilla/5.0 AppleWebKit/537.36 (KHTML, like Gecko; compatible; GPTBot/1.2; +https://openai.com/gptbot)"
74.7.227.3 - - [04/Nov/2025:13:33:08 +0100] "GET /?path=//lib/modules/4.18.0-553.54.1.lve.el8.x86_64/kernel/drivers/usb/class HTTP/2.0" 200 22312 "-" "Mozilla/5.0 AppleWebKit/537.36 (KHTML, like Gecko; compatible; GPTBot/1.2; +https://openai.com/gptbot)"
74.7.227.240 - - [04/Nov/2025:13:33:10 +0100] "GET /?path=//proc/self/root/proc/53872/root/opt/cpanel/ea-php54/root/media HTTP/2.0" 200 15827 "-" "Mozilla/5.0 AppleWebKit/537.36 (KHTML, like Gecko; compatible; GPTBot/1.2; +https://openai.com/gptbot)"
74.7.227.36 - - [04/Nov/2025:13:33:10 +0100] "GET /?path=//proc/self/root/proc/54274/root/opt/cpanel/ea-php55 HTTP/2.0" 200 18640 "-" "Mozilla/5.0 AppleWebKit/537.36 (KHTML, like Gecko; compatible; GPTBot/1.2; +https://openai.com/gptbot)"
74.7.227.177 - - [04/Nov/2025:13:33:11 +0100] "GET /381309?path=//etc HTTP/2.0" 200 108401 "-" "Mozilla/5.0 AppleWebKit/537.36 (KHTML, like Gecko; compatible; GPTBot/1.2; +https://openai.com/gptbot)"
66.249.77.35 - - [04/Nov/2025:13:33:12 +0100] "GET /1035291309?detail=1032470718 HTTP/1.1" 200 559676 "-" "Mozilla/5.0 (Linux; Android 6.0.1; Nexus 5X Build/MMB29P) AppleWebKit/537.36 (KHTML, like Gecko) Chrome/141.0.7390.122 Mobile Safari/537.36 (compatible; Googlebot/2.1; +http://www.google.com/bot.html)"
