66.249.76.197 - - [04/Nov/2025:13:58:44 +0100] "GET /deserve209005598.html HTTP/1.1" 200 555249 "-" "Mozilla/5.0 (Linux; Android 6.0.1; Nexus 5X Build/MMB29P) AppleWebKit/537.36 (KHTML, like Gecko) Chrome/141.0.7390.122 Mobile Safari/537.36 (compatible; Googlebot/2.1; +http://www.google.com/bot.html)"
74.7.227.177 - - [04/Nov/2025:13:58:44 +0100] "GET /541666?path=//home HTTP/2.0" 200 16497 "-" "Mozilla/5.0 AppleWebKit/537.36 (KHTML, like Gecko; compatible; GPTBot/1.2; +https://openai.com/gptbot)"
74.7.227.148 - - [04/Nov/2025:13:58:46 +0100] "GET /?fileloc=//opt/alt/python36/lib64/python3.6/test/support/__pycache__/script_helper.cpython-36.pyc&path=//opt/alt/python36/lib64/python3.6/test/support/__pycache__ HTTP/2.0" 200 22577 "-" "Mozilla/5.0 AppleWebKit/537.36 (KHTML, like Gecko; compatible; GPTBot/1.2; +https://openai.com/gptbot)"
66.249.69.167 - - [04/Nov/2025:13:58:47 +0100] "GET /gender131003614.html HTTP/1.1" 200 554952 "-" "Mozilla/5.0 (Linux; Android 6.0.1; Nexus 5X Build/MMB29P) AppleWebKit/537.36 (KHTML, like Gecko) Chrome/141.0.7390.122 Mobile Safari/537.36 (compatible; Googlebot/2.1; +http://www.google.com/bot.html)"
74.7.227.177 - - [04/Nov/2025:13:58:47 +0100] "GET /421035?fileloc=//proc/net/nf_conntrack_expect&path=//proc/net HTTP/2.0" 200 14838 "-" "Mozilla/5.0 AppleWebKit/537.36 (KHTML, like Gecko; compatible; GPTBot/1.2; +https://openai.com/gptbot)"
74.7.227.36 - - [04/Nov/2025:13:58:47 +0100] "GET /?path=//proc/self/root/proc/54274/root/opt/cpanel/ea-php83/root/var/cache HTTP/2.0" 200 14854 "-" "Mozilla/5.0 AppleWebKit/537.36 (KHTML, like Gecko; compatible; GPTBot/1.2; +https://openai.com/gptbot)"
66.249.76.194 - - [04/Nov/2025:13:58:49 +0100] "GET /?w=2674829843548&channel=144e46&from=https://opalaesthetic.net/buy.jsp?decision288023961.html HTTP/1.1" 200 554651 "-" "Mozilla/5.0 (Linux; Android 6.0.1; Nexus 5X Build/MMB29P) AppleWebKit/537.36 (KHTML, like Gecko) Chrome/141.0.7390.122 Mobile Safari/537.36 (compatible; Googlebot/2.1; +http://www.google.com/bot.html)"
74.7.227.240 - - [04/Nov/2025:13:58:48 +0100] "GET /?fileloc=//proc/self/root/proc/67277/root/bin/mysql&path=//proc/self/root/proc/67277/root/bin HTTP/2.0" 200 10394940 "-" "Mozilla/5.0 AppleWebKit/537.36 (KHTML, like Gecko; compatible; GPTBot/1.2; +https://openai.com/gptbot)"
74.7.227.148 - - [04/Nov/2025:13:58:50 +0100] "GET /?fileloc=//opt/alt/python36/lib64/python3.6/test/support/__pycache__/testresult.cpython-36.pyc&path=//opt/alt/python36/lib64/python3.6/test/support/__pycache__ HTTP/2.0" 200 23848 "-" "Mozilla/5.0 AppleWebKit/537.36 (KHTML, like Gecko; compatible; GPTBot/1.2; +https://openai.com/gptbot)"
66.249.76.196 - - [04/Nov/2025:13:58:51 +0100] "GET /football232022587.html HTTP/1.1" 200 562362 "-" "Mozilla/5.0 (Linux; Android 6.0.1; Nexus 5X Build/MMB29P) AppleWebKit/537.36 (KHTML, like Gecko) Chrome/141.0.7390.122 Mobile Safari/537.36 (compatible; Googlebot/2.1; +http://www.google.com/bot.html)"
74.7.227.177 - - [04/Nov/2025:13:58:51 +0100] "GET /461337?path=//proc/net/stat HTTP/2.0" 200 15278 "-" "Mozilla/5.0 AppleWebKit/537.36 (KHTML, like Gecko; compatible; GPTBot/1.2; +https://openai.com/gptbot)"
74.7.227.36 - - [04/Nov/2025:13:58:52 +0100] "GET /?path=//proc/self/root/proc/54274/root/opt/cpanel/ea-php83/root/var/spool HTTP/2.0" 200 18853 "-" "Mozilla/5.0 AppleWebKit/537.36 (KHTML, like Gecko; compatible; GPTBot/1.2; +https://openai.com/gptbot)"
74.7.227.240 - - [04/Nov/2025:13:58:52 +0100] "GET /?fileloc=//proc/self/root/proc/67277/root/bin/xsltproc&path=//proc/self/root/proc/67277/root/bin HTTP/2.0" 200 53234 "-" "Mozilla/5.0 AppleWebKit/537.36 (KHTML, like Gecko; compatible; GPTBot/1.2; +https://openai.com/gptbot)"
66.249.69.173 - - [04/Nov/2025:13:58:54 +0100] "GET /activist212013227.html?fileloc=/home/opal/public_html/wp-cron.php&path=/home/opal/public_html HTTP/1.1" 200 550550 "-" "Mozilla/5.0 (Linux; Android 6.0.1; Nexus 5X Build/MMB29P) AppleWebKit/537.36 (KHTML, like Gecko) Chrome/141.0.7390.122 Mobile Safari/537.36 (compatible; GoogleOther)"
74.7.227.148 - - [04/Nov/2025:13:58:54 +0100] "GET /?path=//opt/alt/python35/lib64/python3.5/turtledemo HTTP/2.0" 200 51147 "-" "Mozilla/5.0 AppleWebKit/537.36 (KHTML, like Gecko; compatible; GPTBot/1.2; +https://openai.com/gptbot)"
74.7.227.177 - - [04/Nov/2025:13:58:55 +0100] "GET /461337?fileloc=//proc/net/nf_conntrack_expect&path=//proc/net HTTP/2.0" 200 14838 "-" "Mozilla/5.0 AppleWebKit/537.36 (KHTML, like Gecko; compatible; GPTBot/1.2; +https://openai.com/gptbot)"
74.7.227.36 - - [04/Nov/2025:13:58:56 +0100] "GET /?path=//proc/self/root/proc/54274/root/opt/cpanel/ea-php83/root/etc/pki HTTP/2.0" 200 15913 "-" "Mozilla/5.0 AppleWebKit/537.36 (KHTML, like Gecko; compatible; GPTBot/1.2; +https://openai.com/gptbot)"
74.7.227.240 - - [04/Nov/2025:13:58:57 +0100] "GET /?fileloc=//proc/self/root/proc/67277/root/bin/captoinfo&path=//proc/self/root/proc/67277/root/bin HTTP/2.0" 200 140889 "-" "Mozilla/5.0 AppleWebKit/537.36 (KHTML, like Gecko; compatible; GPTBot/1.2; +https://openai.com/gptbot)"
74.7.227.148 - - [04/Nov/2025:13:58:57 +0100] "GET /?path=//opt/alt/python36/lib64/python3.6/concurrent/futures HTTP/2.0" 200 23335 "-" "Mozilla/5.0 AppleWebKit/537.36 (KHTML, like Gecko; compatible; GPTBot/1.2; +https://openai.com/gptbot)"
66.249.69.168 - - [04/Nov/2025:13:58:57 +0100] "GET /?w=2674829843548&channel=144e46&from=https://opalaesthetic.net/buy.jsp?beg206041753.html HTTP/1.1" 200 554146 "-" "Mozilla/5.0 (Linux; Android 6.0.1; Nexus 5X Build/MMB29P) AppleWebKit/537.36 (KHTML, like Gecko) Chrome/141.0.7390.122 Mobile Safari/537.36 (compatible; Googlebot/2.1; +http://www.google.com/bot.html)"
74.7.227.177 - - [04/Nov/2025:13:59:00 +0100] "GET /461337?fileloc=//proc/net/icmp&path=//proc/net HTTP/2.0" 200 14823 "-" "Mozilla/5.0 AppleWebKit/537.36 (KHTML, like Gecko; compatible; GPTBot/1.2; +https://openai.com/gptbot)"
74.7.227.36 - - [04/Nov/2025:13:59:00 +0100] "GET /?path=//proc/self/root/proc/54274/root/opt/cpanel/ea-php83/root/sys HTTP/2.0" 200 15823 "-" "Mozilla/5.0 AppleWebKit/537.36 (KHTML, like Gecko; compatible; GPTBot/1.2; +https://openai.com/gptbot)"
74.7.227.3 - - [04/Nov/2025:13:59:00 +0100] "GET /?fileloc=//bin/col&path=//bin HTTP/2.0" 200 54025 "-" "Mozilla/5.0 AppleWebKit/537.36 (KHTML, like Gecko; compatible; GPTBot/1.2; +https://openai.com/gptbot)"
66.249.69.169 - - [04/Nov/2025:13:59:01 +0100] "GET /managing185032892.html HTTP/1.1" 200 556637 "-" "Mozilla/5.0 (Linux; Android 6.0.1; Nexus 5X Build/MMB29P) AppleWebKit/537.36 (KHTML, like Gecko) Chrome/141.0.7390.122 Mobile Safari/537.36 (compatible; Googlebot/2.1; +http://www.google.com/bot.html)"
74.7.227.240 - - [04/Nov/2025:13:59:00 +0100] "GET /?path=//proc/self/root/proc/53872/root/var/log/alt-php82-newrelic HTTP/2.0" 200 15665 "-" "Mozilla/5.0 AppleWebKit/537.36 (KHTML, like Gecko; compatible; GPTBot/1.2; +https://openai.com/gptbot)"
74.7.227.148 - - [04/Nov/2025:13:59:02 +0100] "GET /?path=//opt/alt/python36/lib64/python3.6/test/imghdrdata HTTP/2.0" 200 35961 "-" "Mozilla/5.0 AppleWebKit/537.36 (KHTML, like Gecko; compatible; GPTBot/1.2; +https://openai.com/gptbot)"
74.7.227.177 - - [04/Nov/2025:13:59:03 +0100] "GET /689076?fileloc=//proc/net/nf_conntrack_expect&path=//proc/net HTTP/2.0" 200 14838 "-" "Mozilla/5.0 AppleWebKit/537.36 (KHTML, like Gecko; compatible; GPTBot/1.2; +https://openai.com/gptbot)"
66.249.69.167 - - [04/Nov/2025:13:59:04 +0100] "GET /active052001545.html HTTP/1.1" 200 560499 "-" "Mozilla/5.0 (Linux; Android 6.0.1; Nexus 5X Build/MMB29P) AppleWebKit/537.36 (KHTML, like Gecko) Chrome/141.0.7390.122 Mobile Safari/537.36 (compatible; Googlebot/2.1; +http://www.google.com/bot.html)"
74.7.227.240 - - [04/Nov/2025:13:59:05 +0100] "GET /?fileloc=//proc/self/root/proc/67277/root/bin/compare&path=//proc/self/root/proc/67277/root/bin HTTP/2.0" 200 29190 "-" "Mozilla/5.0 AppleWebKit/537.36 (KHTML, like Gecko; compatible; GPTBot/1.2; +https://openai.com/gptbot)"
66.249.69.169 - - [04/Nov/2025:13:59:06 +0100] "GET /nearly062048973.html?path=/home/opal/public_html/images/images HTTP/1.1" 200 550165 "-" "Mozilla/5.0 (Linux; Android 6.0.1; Nexus 5X Build/MMB29P) AppleWebKit/537.36 (KHTML, like Gecko) Chrome/141.0.7390.122 Mobile Safari/537.36 (compatible; Googlebot/2.1; +http://www.google.com/bot.html)"
74.7.227.36 - - [04/Nov/2025:13:59:05 +0100] "GET /?path=//proc/self/root/proc/54274/root/opt/cpanel/ea-php83/root/var/cache/php-pear HTTP/2.0" 200 16023 "-" "Mozilla/5.0 AppleWebKit/537.36 (KHTML, like Gecko; compatible; GPTBot/1.2; +https://openai.com/gptbot)"
74.7.227.148 - - [04/Nov/2025:13:59:07 +0100] "GET /?path=//opt/alt/python35/lib64/python3.5/concurrent/futures HTTP/2.0" 200 - "-" "Mozilla/5.0 AppleWebKit/537.36 (KHTML, like Gecko; compatible; GPTBot/1.2; +https://openai.com/gptbot)"
74.7.227.177 - - [04/Nov/2025:13:59:07 +0100] "GET /689076?fileloc=//proc/net/softnet_stat&path=//proc/net HTTP/2.0" 200 14831 "-" "Mozilla/5.0 AppleWebKit/537.36 (KHTML, like Gecko; compatible; GPTBot/1.2; +https://openai.com/gptbot)"
74.7.227.3 - - [04/Nov/2025:13:59:08 +0100] "GET /?fileloc=//usr/lib64/libssh.so.4&path=//usr/lib64 HTTP/2.0" 200 744500 "-" "Mozilla/5.0 AppleWebKit/537.36 (KHTML, like Gecko; compatible; GPTBot/1.2; +https://openai.com/gptbot)"
74.7.227.240 - - [04/Nov/2025:13:59:09 +0100] "GET /?path=//proc/self/root/proc/53872/root/var/log/alt-php83-newrelic HTTP/2.0" 200 15665 "-" "Mozilla/5.0 AppleWebKit/537.36 (KHTML, like Gecko; compatible; GPTBot/1.2; +https://openai.com/gptbot)"
74.7.227.148 - - [04/Nov/2025:13:59:10 +0100] "GET /?path=//opt/alt/python36/lib64/python3.6/importlib/__pycache__ HTTP/2.0" 200 45542 "-" "Mozilla/5.0 AppleWebKit/537.36 (KHTML, like Gecko; compatible; GPTBot/1.2; +https://openai.com/gptbot)"
74.7.227.36 - - [04/Nov/2025:13:59:10 +0100] "GET /?path=//proc/self/root/proc/54274/root/opt/cpanel/ea-php83/root/media HTTP/2.0" 200 15827 "-" "Mozilla/5.0 AppleWebKit/537.36 (KHTML, like Gecko; compatible; GPTBot/1.2; +https://openai.com/gptbot)"
74.7.227.177 - - [04/Nov/2025:13:59:11 +0100] "GET /461337?fileloc=//proc/net/mcfilter6&path=//proc/net HTTP/2.0" 200 14828 "-" "Mozilla/5.0 AppleWebKit/537.36 (KHTML, like Gecko; compatible; GPTBot/1.2; +https://openai.com/gptbot)"
74.7.227.240 - - [04/Nov/2025:13:59:12 +0100] "GET /?path=//proc/self/root/proc/53872/root/var/log/alt-php53-newrelic HTTP/2.0" 200 15665 "-" "Mozilla/5.0 AppleWebKit/537.36 (KHTML, like Gecko; compatible; GPTBot/1.2; +https://openai.com/gptbot)"
66.249.69.171 - - [04/Nov/2025:13:59:12 +0100] "GET /cool011010008.html?fileloc=/home/opal/public_html/wp-admin/contribute.php?f/footwear/slipper00/ HTTP/1.1" 200 551064 "-" "Mozilla/5.0 (Linux; Android 6.0.1; Nexus 5X Build/MMB29P) AppleWebKit/537.36 (KHTML, like Gecko) Chrome/141.0.7390.122 Mobile Safari/537.36 (compatible; GoogleOther)"
74.7.227.36 - - [04/Nov/2025:13:59:14 +0100] "GET /?path=//proc/self/root/proc/53872/root/opt/alt/alt-nodejs20/root/etc/pm HTTP/2.0" 200 20345 "-" "Mozilla/5.0 AppleWebKit/537.36 (KHTML, like Gecko; compatible; GPTBot/1.2; +https://openai.com/gptbot)"
74.7.227.3 - - [04/Nov/2025:13:59:14 +0100] "GET /?fileloc=//bin/cut&path=//bin HTTP/2.0" 200 87437 "-" "Mozilla/5.0 AppleWebKit/537.36 (KHTML, like Gecko; compatible; GPTBot/1.2; +https://openai.com/gptbot)"
148.72.248.215 - - [04/Nov/2025:13:59:14 +0100] "POST /xmlrpc.php HTTP/2.0" 403 73816 "-" "Mozilla/5.0 (compatible; MSIE 9.0; Windows NT 6.2; WOW64; Trident/7.0)"
66.249.69.170 - - [04/Nov/2025:13:59:14 +0100] "GET /rebuild105009800.html HTTP/1.1" 200 566677 "-" "Mozilla/5.0 (Linux; Android 6.0.1; Nexus 5X Build/MMB29P) AppleWebKit/537.36 (KHTML, like Gecko) Chrome/141.0.7390.122 Mobile Safari/537.36 (compatible; Googlebot/2.1; +http://www.google.com/bot.html)"
74.7.227.240 - - [04/Nov/2025:13:59:15 +0100] "GET /?path=//proc/self/root/proc/67277/root/lib HTTP/2.0" 200 67256 "-" "Mozilla/5.0 AppleWebKit/537.36 (KHTML, like Gecko; compatible; GPTBot/1.2; +https://openai.com/gptbot)"
74.7.227.148 - - [04/Nov/2025:13:59:15 +0100] "GET /?path=//opt/alt/python36/lib64/python3.6/concurrent/__pycache__ HTTP/2.0" 200 20563 "-" "Mozilla/5.0 AppleWebKit/537.36 (KHTML, like Gecko; compatible; GPTBot/1.2; +https://openai.com/gptbot)"
74.7.227.177 - - [04/Nov/2025:13:59:16 +0100] "GET /689076?fileloc=//proc/net/mcfilter6&path=//proc/net HTTP/2.0" 200 14828 "-" "Mozilla/5.0 AppleWebKit/537.36 (KHTML, like Gecko; compatible; GPTBot/1.2; +https://openai.com/gptbot)"
74.7.227.36 - - [04/Nov/2025:13:59:18 +0100] "GET /?path=//proc/self/root/proc/54274/root/opt/cpanel/ea-php83/root/var/yp HTTP/2.0" 200 15911 "-" "Mozilla/5.0 AppleWebKit/537.36 (KHTML, like Gecko; compatible; GPTBot/1.2; +https://openai.com/gptbot)"
74.7.227.240 - - [04/Nov/2025:13:59:20 +0100] "GET /?path=//proc/self/root/proc/55207/root/etc/pki HTTP/2.0" 200 29714 "-" "Mozilla/5.0 AppleWebKit/537.36 (KHTML, like Gecko; compatible; GPTBot/1.2; +https://openai.com/gptbot)"
74.7.227.3 - - [04/Nov/2025:13:59:20 +0100] "GET /?fileloc=//bin/lex&path=//bin HTTP/2.0" 200 597896 "-" "Mozilla/5.0 AppleWebKit/537.36 (KHTML, like Gecko; compatible; GPTBot/1.2; +https://openai.com/gptbot)"
69.197.179.242 - - [04/Nov/2025:13:57:56 +0100] "GET /wp-includes/qqe586cc/index.php?id=968360 HTTP/1.1" 200 - "https://opalaesthetic.net/wp-includes/qqe586cc/index.php?id=968360" "Mozilla/5.0 (Windows NT 10.0; Win64; x64) AppleWebKit/537.36 (KHTML, like Gecko) Chrome/58.0.3029.110 Safari/537.3"
74.7.227.177 - - [04/Nov/2025:13:59:22 +0100] "GET /461337?fileloc=//proc/net/softnet_stat&path=//proc/net HTTP/2.0" 200 14831 "-" "Mozilla/5.0 AppleWebKit/537.36 (KHTML, like Gecko; compatible; GPTBot/1.2; +https://openai.com/gptbot)"
74.7.227.240 - - [04/Nov/2025:13:59:22 +0100] "GET /?path=//proc/self/root/proc/54274/root/run HTTP/2.0" 200 35249 "-" "Mozilla/5.0 AppleWebKit/537.36 (KHTML, like Gecko; compatible; GPTBot/1.2; +https://openai.com/gptbot)"
74.7.227.148 - - [04/Nov/2025:13:59:23 +0100] "GET /?path=//opt/alt/python35/lib64/python3.5/importlib/__pycache__ HTTP/2.0" 200 45544 "-" "Mozilla/5.0 AppleWebKit/537.36 (KHTML, like Gecko; compatible; GPTBot/1.2; +https://openai.com/gptbot)"
74.7.227.36 - - [04/Nov/2025:13:59:24 +0100] "GET /?path=//proc/self/root/proc/54274/root/opt/cpanel/ea-php83/root/var/tmp HTTP/2.0" 200 17393 "-" "Mozilla/5.0 AppleWebKit/537.36 (KHTML, like Gecko; compatible; GPTBot/1.2; +https://openai.com/gptbot)"
74.7.227.240 - - [04/Nov/2025:13:59:25 +0100] "GET /?path=//proc/self/root/proc/54274/root/var HTTP/2.0" 200 33442 "-" "Mozilla/5.0 AppleWebKit/537.36 (KHTML, like Gecko; compatible; GPTBot/1.2; +https://openai.com/gptbot)"
74.7.227.240 - - [04/Nov/2025:13:59:27 +0100] "GET /?path=//proc/self/root/proc/67277/root/sbin HTTP/2.0" 200 82831 "-" "Mozilla/5.0 AppleWebKit/537.36 (KHTML, like Gecko; compatible; GPTBot/1.2; +https://openai.com/gptbot)"
74.7.227.3 - - [04/Nov/2025:13:59:27 +0100] "GET /?fileloc=//bin/tbl&path=//bin HTTP/2.0" 200 245172 "-" "Mozilla/5.0 AppleWebKit/537.36 (KHTML, like Gecko; compatible; GPTBot/1.2; +https://openai.com/gptbot)"
74.7.227.177 - - [04/Nov/2025:13:59:27 +0100] "GET /421035?fileloc=//proc/net/connector&path=//proc/net HTTP/2.0" 200 14828 "-" "Mozilla/5.0 AppleWebKit/537.36 (KHTML, like Gecko; compatible; GPTBot/1.2; +https://openai.com/gptbot)"
74.7.227.36 - - [04/Nov/2025:13:59:27 +0100] "GET /?path=//proc/self/root/proc/54274/root/opt/cpanel/ea-php83/root/var/adm HTTP/2.0" 200 15913 "-" "Mozilla/5.0 AppleWebKit/537.36 (KHTML, like Gecko; compatible; GPTBot/1.2; +https://openai.com/gptbot)"
74.7.227.240 - - [04/Nov/2025:13:59:29 +0100] "GET /?path=//proc/self/root/proc/67277/root/run HTTP/2.0" 200 35249 "-" "Mozilla/5.0 AppleWebKit/537.36 (KHTML, like Gecko; compatible; GPTBot/1.2; +https://openai.com/gptbot)"
74.7.227.148 - - [04/Nov/2025:13:59:27 +0100] "GET /?fileloc=//opt/alt/python36/lib64/python3.6/concurrent/futures/_base.py&path=//opt/alt/python36/lib64/python3.6/concurrent/futures HTTP/2.0" 200 37556 "-" "Mozilla/5.0 AppleWebKit/537.36 (KHTML, like Gecko; compatible; GPTBot/1.2; +https://openai.com/gptbot)"
66.249.69.170 - - [04/Nov/2025:13:59:30 +0100] "GET /missile225010468.html HTTP/1.1" 200 553891 "-" "Mozilla/5.0 (Linux; Android 6.0.1; Nexus 5X Build/MMB29P) AppleWebKit/537.36 (KHTML, like Gecko) Chrome/141.0.7390.122 Mobile Safari/537.36 (compatible; GoogleOther)"
74.7.227.177 - - [04/Nov/2025:13:59:31 +0100] "GET /421035?fileloc=//proc/net/protocols&path=//proc/net HTTP/2.0" 200 14828 "-" "Mozilla/5.0 AppleWebKit/537.36 (KHTML, like Gecko; compatible; GPTBot/1.2; +https://openai.com/gptbot)"
74.7.227.240 - - [04/Nov/2025:13:59:31 +0100] "GET /?path=//proc/self/root/proc/67277/root/lib/.build-id HTTP/2.0" 200 373722 "-" "Mozilla/5.0 AppleWebKit/537.36 (KHTML, like Gecko; compatible; GPTBot/1.2; +https://openai.com/gptbot)"
74.7.227.3 - - [04/Nov/2025:13:59:33 +0100] "GET /?fileloc=//lib64/python2.7/sqlite3/test/dbapi.pyo&path=//lib64/python2.7/sqlite3/test HTTP/2.0" 200 59489 "-" "Mozilla/5.0 AppleWebKit/537.36 (KHTML, like Gecko; compatible; GPTBot/1.2; +https://openai.com/gptbot)"
74.7.227.36 - - [04/Nov/2025:13:59:33 +0100] "GET /?path=//proc/self/root/proc/54274/root/opt/cpanel/ea-php83/root/lib HTTP/2.0" 200 15823 "-" "Mozilla/5.0 AppleWebKit/537.36 (KHTML, like Gecko; compatible; GPTBot/1.2; +https://openai.com/gptbot)"
74.7.227.240 - - [04/Nov/2025:13:59:33 +0100] "GET /?path=//proc/self/root/proc/54274/root/etc/mail HTTP/2.0" 200 16992 "-" "Mozilla/5.0 AppleWebKit/537.36 (KHTML, like Gecko; compatible; GPTBot/1.2; +https://openai.com/gptbot)"
74.7.227.177 - - [04/Nov/2025:13:59:33 +0100] "GET /461337?fileloc=//proc/net/protocols&path=//proc/net HTTP/2.0" 200 14828 "-" "Mozilla/5.0 AppleWebKit/537.36 (KHTML, like Gecko; compatible; GPTBot/1.2; +https://openai.com/gptbot)"
66.249.77.34 - - [04/Nov/2025:13:59:33 +0100] "GET /?1035300308?detail=1032479694 HTTP/1.1" 200 559737 "-" "Mozilla/5.0 (Linux; Android 6.0.1; Nexus 5X Build/MMB29P) AppleWebKit/537.36 (KHTML, like Gecko) Chrome/141.0.7390.122 Mobile Safari/537.36 (compatible; Googlebot/2.1; +http://www.google.com/bot.html)"
74.7.227.148 - - [04/Nov/2025:13:59:34 +0100] "GET /?path=//opt/alt/python36/lib64/python3.6/ensurepip/__pycache__ HTTP/2.0" 200 30544 "-" "Mozilla/5.0 AppleWebKit/537.36 (KHTML, like Gecko; compatible; GPTBot/1.2; +https://openai.com/gptbot)"
74.7.227.240 - - [04/Nov/2025:13:59:36 +0100] "GET /?path=//proc/self/root/proc/67277/root/lib/sse2 HTTP/2.0" 200 15568 "-" "Mozilla/5.0 AppleWebKit/537.36 (KHTML, like Gecko; compatible; GPTBot/1.2; +https://openai.com/gptbot)"
74.7.227.36 - - [04/Nov/2025:13:59:36 +0100] "GET /?path=//proc/self/root/proc/54274/root/opt/cpanel/ea-php83/root/var/mail HTTP/2.0" 200 15915 "-" "Mozilla/5.0 AppleWebKit/537.36 (KHTML, like Gecko; compatible; GPTBot/1.2; +https://openai.com/gptbot)"
74.7.227.3 - - [04/Nov/2025:13:59:36 +0100] "GET /?path=//proc/2589545/root/proc/self/root/opt/cloudlinux/alt-php70/root/etc/mysql8.0 HTTP/2.0" 200 15979 "-" "Mozilla/5.0 AppleWebKit/537.36 (KHTML, like Gecko; compatible; GPTBot/1.2; +https://openai.com/gptbot)"
17.241.227.214 - - [04/Nov/2025:13:59:37 +0100] "GET //?p=17361 HTTP/1.1" 200 76365 "-" "Mozilla/5.0 (Macintosh; Intel Mac OS X 10_15_7) AppleWebKit/605.1.15 (KHTML, like Gecko) Version/17.4 Safari/605.1.15 (Applebot/0.1; +http://www.apple.com/go/applebot)"
74.7.227.177 - - [04/Nov/2025:13:59:38 +0100] "GET /461337?fileloc=//proc/net/connector&path=//proc/net HTTP/2.0" 200 14828 "-" "Mozilla/5.0 AppleWebKit/537.36 (KHTML, like Gecko; compatible; GPTBot/1.2; +https://openai.com/gptbot)"
74.7.227.240 - - [04/Nov/2025:13:59:39 +0100] "GET /?path=//proc/self/root/proc/54274/root/lib/.build-id/fa HTTP/2.0" 200 60992 "-" "Mozilla/5.0 AppleWebKit/537.36 (KHTML, like Gecko; compatible; GPTBot/1.2; +https://openai.com/gptbot)"
17.241.227.214 - - [04/Nov/2025:13:59:39 +0100] "GET //?p=24221 HTTP/1.1" 200 76365 "-" "Mozilla/5.0 (Macintosh; Intel Mac OS X 10_15_7) AppleWebKit/605.1.15 (KHTML, like Gecko) Version/17.4 Safari/605.1.15 (Applebot/0.1; +http://www.apple.com/go/applebot)"
74.7.227.148 - - [04/Nov/2025:13:59:40 +0100] "GET /?path=//opt/alt/python35/lib64/python3.5/concurrent/__pycache__ HTTP/2.0" 200 20563 "-" "Mozilla/5.0 AppleWebKit/537.36 (KHTML, like Gecko; compatible; GPTBot/1.2; +https://openai.com/gptbot)"
66.249.77.33 - - [04/Nov/2025:13:59:39 +0100] "GET /?e=2788977591256&channel=159e17&from=https://www.opalaesthetic.net/spark.htm?mentor155004304.html HTTP/1.1" 200 208043 "-" "Mozilla/5.0 (Linux; Android 6.0.1; Nexus 5X Build/MMB29P) AppleWebKit/537.36 (KHTML, like Gecko) Chrome/141.0.7390.122 Mobile Safari/537.36 (compatible; Googlebot/2.1; +http://www.google.com/bot.html)"
74.7.227.36 - - [04/Nov/2025:13:59:41 +0100] "GET /?path=//proc/self/root/proc/54274/root/opt/cpanel/ea-php83/root/var/tmp/php-pear HTTP/2.0" 200 16017 "-" "Mozilla/5.0 AppleWebKit/537.36 (KHTML, like Gecko; compatible; GPTBot/1.2; +https://openai.com/gptbot)"
74.7.227.3 - - [04/Nov/2025:13:59:41 +0100] "GET /?fileloc=//lib64/libmemusage.so&path=//lib64 HTTP/2.0" 200 41454 "-" "Mozilla/5.0 AppleWebKit/537.36 (KHTML, like Gecko; compatible; GPTBot/1.2; +https://openai.com/gptbot)"
74.7.227.240 - - [04/Nov/2025:13:59:41 +0100] "GET /?path=//proc/self/root/proc/67277/root/lib/python3.6 HTTP/2.0" 200 17021 "-" "Mozilla/5.0 AppleWebKit/537.36 (KHTML, like Gecko; compatible; GPTBot/1.2; +https://openai.com/gptbot)"
74.7.227.177 - - [04/Nov/2025:13:59:41 +0100] "GET /689076?fileloc=//proc/net/connector&path=//proc/net HTTP/2.0" 200 14828 "-" "Mozilla/5.0 AppleWebKit/537.36 (KHTML, like Gecko; compatible; GPTBot/1.2; +https://openai.com/gptbot)"
74.7.227.240 - - [04/Nov/2025:13:59:45 +0100] "GET /?path=//proc/self/root/proc/67277/root/lib/python2.7 HTTP/2.0" 200 17021 "-" "Mozilla/5.0 AppleWebKit/537.36 (KHTML, like Gecko; compatible; GPTBot/1.2; +https://openai.com/gptbot)"
74.7.227.36 - - [04/Nov/2025:13:59:45 +0100] "GET /?path=//proc/self/root/proc/54274/root/opt/cpanel/ea-php83/root/var/nis HTTP/2.0" 200 15913 "-" "Mozilla/5.0 AppleWebKit/537.36 (KHTML, like Gecko; compatible; GPTBot/1.2; +https://openai.com/gptbot)"
74.7.227.177 - - [04/Nov/2025:13:59:46 +0100] "GET /689076?fileloc=//proc/net/protocols&path=//proc/net HTTP/2.0" 200 14828 "-" "Mozilla/5.0 AppleWebKit/537.36 (KHTML, like Gecko; compatible; GPTBot/1.2; +https://openai.com/gptbot)"
74.7.227.3 - - [04/Nov/2025:13:59:46 +0100] "GET /?fileloc=//lib64/libgovernor.so&path=//lib64 HTTP/2.0" 200 105017 "-" "Mozilla/5.0 AppleWebKit/537.36 (KHTML, like Gecko; compatible; GPTBot/1.2; +https://openai.com/gptbot)"
74.7.227.240 - - [04/Nov/2025:13:59:46 +0100] "GET /?path=//proc/self/root/proc/67277/root/lib/firmware HTTP/2.0" 200 496474 "-" "Mozilla/5.0 AppleWebKit/537.36 (KHTML, like Gecko; compatible; GPTBot/1.2; +https://openai.com/gptbot)"
66.249.69.170 - - [04/Nov/2025:13:59:46 +0100] "GET /dough217017946.html?fileloc=/home/opal/public_html/wp-includes/feed-rss.php&path=/home/opal/public_html/wp-includes HTTP/1.1" 200 563040 "-" "Mozilla/5.0 (Linux; Android 6.0.1; Nexus 5X Build/MMB29P) AppleWebKit/537.36 (KHTML, like Gecko) Chrome/141.0.7390.122 Mobile Safari/537.36 (compatible; GoogleOther)"
74.7.227.148 - - [04/Nov/2025:13:59:47 +0100] "GET /?path=//opt/alt/python36/lib64/python3.6/sqlite3 HTTP/2.0" 200 22889 "-" "Mozilla/5.0 AppleWebKit/537.36 (KHTML, like Gecko; compatible; GPTBot/1.2; +https://openai.com/gptbot)"
74.7.227.36 - - [04/Nov/2025:13:59:49 +0100] "GET /?path=//proc/self/root/proc/53872/root/opt/alt/alt-nodejs20/root/etc/pki HTTP/2.0" 200 15915 "-" "Mozilla/5.0 AppleWebKit/537.36 (KHTML, like Gecko; compatible; GPTBot/1.2; +https://openai.com/gptbot)"
74.7.227.240 - - [04/Nov/2025:13:59:50 +0100] "GET /?path=//proc/self/root/proc/67277/root/lib/.build-id/d4 HTTP/2.0" 200 40830 "-" "Mozilla/5.0 AppleWebKit/537.36 (KHTML, like Gecko; compatible; GPTBot/1.2; +https://openai.com/gptbot)"
66.249.77.33 - - [04/Nov/2025:13:59:50 +0100] "GET /?e=2788977591256&channel=159e17&from=https://www.opalaesthetic.net/spark.htm?stimulate123018120.html HTTP/1.1" 200 208073 "-" "Mozilla/5.0 (Linux; Android 6.0.1; Nexus 5X Build/MMB29P) AppleWebKit/537.36 (KHTML, like Gecko) Chrome/141.0.7390.122 Mobile Safari/537.36 (compatible; Googlebot/2.1; +http://www.google.com/bot.html)"
74.7.227.177 - - [04/Nov/2025:13:59:50 +0100] "GET /461337?fileloc=//proc/net/sockstat6&path=//proc/net HTTP/2.0" 200 14828 "-" "Mozilla/5.0 AppleWebKit/537.36 (KHTML, like Gecko; compatible; GPTBot/1.2; +https://openai.com/gptbot)"
74.7.227.3 - - [04/Nov/2025:13:59:51 +0100] "GET /?path=//proc/2589545/root/usr/lib/dracut/modules.d/45ifcfg HTTP/2.0" 200 15608 "-" "Mozilla/5.0 AppleWebKit/537.36 (KHTML, like Gecko; compatible; GPTBot/1.2; +https://openai.com/gptbot)"
66.249.77.33 - - [04/Nov/2025:13:59:52 +0100] "GET /?e=2788977591256&channel=159e17&from=https://www.opalaesthetic.net/spark.htm?seldom253000120.html HTTP/1.1" 200 551274 "-" "Mozilla/5.0 (Linux; Android 6.0.1; Nexus 5X Build/MMB29P) AppleWebKit/537.36 (KHTML, like Gecko) Chrome/141.0.7390.122 Mobile Safari/537.36 (compatible; Googlebot/2.1; +http://www.google.com/bot.html)"
74.7.227.240 - - [04/Nov/2025:13:59:52 +0100] "GET /?path=//proc/self/root/proc/67277/root/run/sepermit HTTP/2.0" 200 15576 "-" "Mozilla/5.0 AppleWebKit/537.36 (KHTML, like Gecko; compatible; GPTBot/1.2; +https://openai.com/gptbot)"
69.197.179.242 - - [04/Nov/2025:13:58:28 +0100] "GET /wp-content/ad1f3ec7/edit.php?id=235796 HTTP/1.1" 200 - "https://opalaesthetic.net/wp-content/ad1f3ec7/edit.php?id=235796" "Mozilla/5.0 (Windows NT 10.0; Win64; x64) AppleWebKit/537.36 (KHTML, like Gecko) Chrome/58.0.3029.110 Safari/537.3"
74.7.227.148 - - [04/Nov/2025:13:59:53 +0100] "GET /?path=//opt/alt/python36/lib64/python3.6/json HTTP/2.0" 200 24501 "-" "Mozilla/5.0 AppleWebKit/537.36 (KHTML, like Gecko; compatible; GPTBot/1.2; +https://openai.com/gptbot)"
74.7.227.36 - - [04/Nov/2025:13:59:53 +0100] "GET /?path=//proc/self/root/proc/54274/root/opt/cpanel/ea-php83/root/run/lock HTTP/2.0" 200 15915 "-" "Mozilla/5.0 AppleWebKit/537.36 (KHTML, like Gecko; compatible; GPTBot/1.2; +https://openai.com/gptbot)"
74.7.227.177 - - [04/Nov/2025:13:59:55 +0100] "GET /689076?fileloc=//proc/net/sockstat6&path=//proc/net HTTP/2.0" 200 14828 "-" "Mozilla/5.0 AppleWebKit/537.36 (KHTML, like Gecko; compatible; GPTBot/1.2; +https://openai.com/gptbot)"
74.7.227.240 - - [04/Nov/2025:13:59:56 +0100] "GET /?path=//proc/self/root/proc/67277/root/lib/.build-id/da HTTP/2.0" 200 39162 "-" "Mozilla/5.0 AppleWebKit/537.36 (KHTML, like Gecko; compatible; GPTBot/1.2; +https://openai.com/gptbot)"
74.7.227.3 - - [04/Nov/2025:13:59:56 +0100] "GET /?path=//proc/2589545/root/proc/self/root/opt/cloudlinux/alt-php70/root/etc/mysql8.4 HTTP/2.0" 200 15979 "-" "Mozilla/5.0 AppleWebKit/537.36 (KHTML, like Gecko; compatible; GPTBot/1.2; +https://openai.com/gptbot)"
74.7.227.148 - - [04/Nov/2025:13:59:57 +0100] "GET /?path=//opt/alt/python35/lib64/python3.5/turtledemo/__pycache__ HTTP/2.0" 200 120692 "-" "Mozilla/5.0 AppleWebKit/537.36 (KHTML, like Gecko; compatible; GPTBot/1.2; +https://openai.com/gptbot)"
74.7.227.240 - - [04/Nov/2025:13:59:57 +0100] "GET /?path=//proc/self/root/proc/67277/root/lib/.build-id/de HTTP/2.0" 200 29075 "-" "Mozilla/5.0 AppleWebKit/537.36 (KHTML, like Gecko; compatible; GPTBot/1.2; +https://openai.com/gptbot)"
74.7.227.177 - - [04/Nov/2025:13:59:58 +0100] "GET /461337?fileloc=//proc/net/ip_mr_cache&path=//proc/net HTTP/2.0" 200 12281 "-" "Mozilla/5.0 AppleWebKit/537.36 (KHTML, like Gecko; compatible; GPTBot/1.2; +https://openai.com/gptbot)"
74.7.227.36 - - [04/Nov/2025:13:59:58 +0100] "GET /?path=//proc/self/root/proc/54274/root/opt/cpanel/ea-php83/root/usr/lib HTTP/2.0" 200 15913 "-" "Mozilla/5.0 AppleWebKit/537.36 (KHTML, like Gecko; compatible; GPTBot/1.2; +https://openai.com/gptbot)"
74.7.227.3 - - [04/Nov/2025:14:00:00 +0100] "GET /?path=//proc/2589545/root/proc/self/root/opt/cloudlinux/alt-php70/root/etc HTTP/2.0" 200 15872 "-" "Mozilla/5.0 AppleWebKit/537.36 (KHTML, like Gecko; compatible; GPTBot/1.2; +https://openai.com/gptbot)"
74.7.227.148 - - [04/Nov/2025:14:00:00 +0100] "GET /?path=//opt/alt/python36/lib64/python3.6/Doc HTTP/2.0" 200 16848 "-" "Mozilla/5.0 AppleWebKit/537.36 (KHTML, like Gecko; compatible; GPTBot/1.2; +https://openai.com/gptbot)"
74.7.227.240 - - [04/Nov/2025:14:00:01 +0100] "GET /?path=//proc/self/root/proc/67277/root/lib/.build-id/ad HTTP/2.0" 200 34119 "-" "Mozilla/5.0 AppleWebKit/537.36 (KHTML, like Gecko; compatible; GPTBot/1.2; +https://openai.com/gptbot)"
74.7.227.177 - - [04/Nov/2025:14:00:01 +0100] "GET /689076?fileloc=//proc/net/ip_mr_cache&path=//proc/net HTTP/2.0" 200 14830 "-" "Mozilla/5.0 AppleWebKit/537.36 (KHTML, like Gecko; compatible; GPTBot/1.2; +https://openai.com/gptbot)"
74.7.227.36 - - [04/Nov/2025:14:00:03 +0100] "GET /?path=//proc/self/root/proc/54274/root/opt/cpanel/ea-php83/root/var/db HTTP/2.0" 200 15911 "-" "Mozilla/5.0 AppleWebKit/537.36 (KHTML, like Gecko; compatible; GPTBot/1.2; +https://openai.com/gptbot)"
74.7.227.240 - - [04/Nov/2025:14:00:04 +0100] "GET /?path=//proc/self/root/proc/67277/root/lib/.build-id/57 HTTP/2.0" 200 44190 "-" "Mozilla/5.0 AppleWebKit/537.36 (KHTML, like Gecko; compatible; GPTBot/1.2; +https://openai.com/gptbot)"
74.7.227.3 - - [04/Nov/2025:14:00:05 +0100] "GET /?path=//proc/2589545/root/proc/self/root/opt/cloudlinux/alt-php72/root/etc/mysql8.0 HTTP/2.0" 200 15979 "-" "Mozilla/5.0 AppleWebKit/537.36 (KHTML, like Gecko; compatible; GPTBot/1.2; +https://openai.com/gptbot)"
66.249.76.194 - - [04/Nov/2025:14:00:06 +0100] "GET /items/jvbrc216/28472?key=soup HTTP/1.1" 200 569593 "-" "Mozilla/5.0 (Linux; Android 6.0.1; Nexus 5X Build/MMB29P) AppleWebKit/537.36 (KHTML, like Gecko) Chrome/141.0.7390.122 Mobile Safari/537.36 (compatible; GoogleOther)"
74.7.227.148 - - [04/Nov/2025:14:00:06 +0100] "GET /?path=//opt/alt/python36/lib64/python3.6/sqlite3/__pycache__ HTTP/2.0" 200 30369 "-" "Mozilla/5.0 AppleWebKit/537.36 (KHTML, like Gecko; compatible; GPTBot/1.2; +https://openai.com/gptbot)"
74.7.227.240 - - [04/Nov/2025:14:00:07 +0100] "GET /?fileloc=//proc/self/root/proc/67277/root/lib/firmware/TAS2XXX3F001.bin&path=//proc/self/root/proc/67277/root/lib/firmware HTTP/2.0" 200 92304 "-" "Mozilla/5.0 AppleWebKit/537.36 (KHTML, like Gecko; compatible; GPTBot/1.2; +https://openai.com/gptbot)"
74.7.227.36 - - [04/Nov/2025:14:00:07 +0100] "GET /?path=//proc/self/root/proc/54274/root/opt/cpanel/ea-php83/root/usr/local HTTP/2.0" 200 30637 "-" "Mozilla/5.0 AppleWebKit/537.36 (KHTML, like Gecko; compatible; GPTBot/1.2; +https://openai.com/gptbot)"
74.7.227.177 - - [04/Nov/2025:14:00:07 +0100] "GET /689076?fileloc=//proc/net/icmp&path=//proc/net HTTP/2.0" 200 14823 "-" "Mozilla/5.0 AppleWebKit/537.36 (KHTML, like Gecko; compatible; GPTBot/1.2; +https://openai.com/gptbot)"
66.249.77.34 - - [04/Nov/2025:14:00:08 +0100] "GET /pcmypage?callback=/product%2Fdetail%2m76211598211 HTTP/1.1" 200 552800 "-" "Mozilla/5.0 (Linux; Android 6.0.1; Nexus 5X Build/MMB29P) AppleWebKit/537.36 (KHTML, like Gecko) Chrome/141.0.7390.122 Mobile Safari/537.36 (compatible; Googlebot/2.1; +http://www.google.com/bot.html)"
74.7.227.240 - - [04/Nov/2025:14:00:10 +0100] "GET /?path=//proc/self/root/proc/67277/root/lib/firmware/i915 HTTP/2.0" 200 220803 "-" "Mozilla/5.0 AppleWebKit/537.36 (KHTML, like Gecko; compatible; GPTBot/1.2; +https://openai.com/gptbot)"
66.249.76.160 - - [04/Nov/2025:14:00:11 +0100] "GET /arrangement128033871.html HTTP/1.1" 200 554233 "-" "Mozilla/5.0 (Linux; Android 6.0.1; Nexus 5X Build/MMB29P) AppleWebKit/537.36 (KHTML, like Gecko) Chrome/141.0.7390.122 Mobile Safari/537.36 (compatible; Googlebot/2.1; +http://www.google.com/bot.html)"
74.7.227.3 - - [04/Nov/2025:14:00:11 +0100] "GET /?path=//proc/2589545/root/proc/self/root/opt/cloudlinux/alt-php70/root HTTP/2.0" 200 15779 "-" "Mozilla/5.0 AppleWebKit/537.36 (KHTML, like Gecko; compatible; GPTBot/1.2; +https://openai.com/gptbot)"
74.7.227.148 - - [04/Nov/2025:14:00:11 +0100] "GET /?path=//opt/alt/python36/lib64/python3.6/distutils/__pycache__ HTTP/2.0" 200 155401 "-" "Mozilla/5.0 AppleWebKit/537.36 (KHTML, like Gecko; compatible; GPTBot/1.2; +https://openai.com/gptbot)"
74.7.227.36 - - [04/Nov/2025:14:00:11 +0100] "GET /?path=//proc/self/root/proc/54274/root/opt/cpanel/ea-php83/root/var/log HTTP/2.0" 200 17389 "-" "Mozilla/5.0 AppleWebKit/537.36 (KHTML, like Gecko; compatible; GPTBot/1.2; +https://openai.com/gptbot)"
74.7.227.177 - - [04/Nov/2025:14:00:12 +0100] "GET /421035?fileloc=//proc/net/icmp&path=//proc/net HTTP/2.0" 200 14823 "-" "Mozilla/5.0 AppleWebKit/537.36 (KHTML, like Gecko; compatible; GPTBot/1.2; +https://openai.com/gptbot)"
74.7.227.240 - - [04/Nov/2025:14:00:13 +0100] "GET /?path=//proc/self/root/proc/67277/root/lib/.build-id/8a HTTP/2.0" 200 49229 "-" "Mozilla/5.0 AppleWebKit/537.36 (KHTML, like Gecko; compatible; GPTBot/1.2; +https://openai.com/gptbot)"
66.249.77.33 - - [04/Nov/2025:14:00:13 +0100] "GET /1036025757?detail=1033203166 HTTP/1.1" 200 550617 "-" "Mozilla/5.0 (Linux; Android 6.0.1; Nexus 5X Build/MMB29P) AppleWebKit/537.36 (KHTML, like Gecko) Chrome/141.0.7390.122 Mobile Safari/537.36 (compatible; Googlebot/2.1; +http://www.google.com/bot.html)"
74.7.227.3 - - [04/Nov/2025:14:00:16 +0100] "GET /?path=//proc/2589545/root/proc/thread-self/root/usr/lib/firmware/arm/mali/arch10.12 HTTP/2.0" 200 15996 "-" "Mozilla/5.0 AppleWebKit/537.36 (KHTML, like Gecko; compatible; GPTBot/1.2; +https://openai.com/gptbot)"
74.7.227.177 - - [04/Nov/2025:14:00:16 +0100] "GET /421035?fileloc=//proc/net/nf_conntrack&path=//proc/net HTTP/2.0" 200 14831 "-" "Mozilla/5.0 AppleWebKit/537.36 (KHTML, like Gecko; compatible; GPTBot/1.2; +https://openai.com/gptbot)"
74.7.227.36 - - [04/Nov/2025:14:00:16 +0100] "GET /?path=//proc/self/root/proc/54274/root/opt/alt/alt-nodejs16/root/usr/etc HTTP/2.0" 200 15915 "-" "Mozilla/5.0 AppleWebKit/537.36 (KHTML, like Gecko; compatible; GPTBot/1.2; +https://openai.com/gptbot)"
74.7.227.240 - - [04/Nov/2025:14:00:17 +0100] "GET /?path=//proc/self/root/proc/67277/root/lib/.build-id/d8 HTTP/2.0" 200 44190 "-" "Mozilla/5.0 AppleWebKit/537.36 (KHTML, like Gecko; compatible; GPTBot/1.2; +https://openai.com/gptbot)"
74.7.227.148 - - [04/Nov/2025:14:00:17 +0100] "GET /?path=//opt/alt/python36/lib64/python3.6/sqlite3/test HTTP/2.0" 200 28478 "-" "Mozilla/5.0 AppleWebKit/537.36 (KHTML, like Gecko; compatible; GPTBot/1.2; +https://openai.com/gptbot)"
74.7.227.177 - - [04/Nov/2025:14:00:19 +0100] "GET /689076?fileloc=//proc/net/fib_triestat&path=//proc/net HTTP/2.0" 200 14831 "-" "Mozilla/5.0 AppleWebKit/537.36 (KHTML, like Gecko; compatible; GPTBot/1.2; +https://openai.com/gptbot)"
74.7.227.36 - - [04/Nov/2025:14:00:20 +0100] "GET /?path=//proc/self/root/proc/53872/root/opt/cpanel/ea-php81/root/var/yp HTTP/2.0" 200 15911 "-" "Mozilla/5.0 AppleWebKit/537.36 (KHTML, like Gecko; compatible; GPTBot/1.2; +https://openai.com/gptbot)"
66.249.77.34 - - [04/Nov/2025:14:00:21 +0100] "GET /1036019742?detail=1033197166 HTTP/1.1" 200 552345 "-" "Mozilla/5.0 (Linux; Android 6.0.1; Nexus 5X Build/MMB29P) AppleWebKit/537.36 (KHTML, like Gecko) Chrome/141.0.7390.122 Mobile Safari/537.36 (compatible; Googlebot/2.1; +http://www.google.com/bot.html)"
74.7.227.240 - - [04/Nov/2025:14:00:21 +0100] "GET /?path=//proc/self/root/proc/67277/root/lib/.build-id/4c HTTP/2.0" 200 37482 "-" "Mozilla/5.0 AppleWebKit/537.36 (KHTML, like Gecko; compatible; GPTBot/1.2; +https://openai.com/gptbot)"
74.7.227.3 - - [04/Nov/2025:14:00:22 +0100] "GET /?path=//proc/2589545/root/proc/self/root/opt/cloudlinux/alt-php73/root/etc/mysql8.4 HTTP/2.0" 200 15979 "-" "Mozilla/5.0 AppleWebKit/537.36 (KHTML, like Gecko; compatible; GPTBot/1.2; +https://openai.com/gptbot)"
74.7.227.148 - - [04/Nov/2025:14:00:22 +0100] "GET /?path=//opt/alt/python36/lib64/python3.6/email/__pycache__ HTTP/2.0" 200 114681 "-" "Mozilla/5.0 AppleWebKit/537.36 (KHTML, like Gecko; compatible; GPTBot/1.2; +https://openai.com/gptbot)"
45.61.184.130 - - [04/Nov/2025:14:00:22 +0100] "GET /wp-login.php HTTP/1.1" 200 76365 "-" "Mozilla/5.0 (Macintosh; Intel Mac OS X 10_8_5) AppleWebKit/537.77.4 (KHTML, like Gecko) Version/6.1.5 Safari/537.77.4"
66.249.77.34 - - [04/Nov/2025:14:00:23 +0100] "GET /1036028598?detail=1033205998 HTTP/1.1" 200 561316 "-" "Mozilla/5.0 (Linux; Android 6.0.1; Nexus 5X Build/MMB29P) AppleWebKit/537.36 (KHTML, like Gecko) Chrome/141.0.7390.122 Mobile Safari/537.36 (compatible; Googlebot/2.1; +http://www.google.com/bot.html)"
74.7.227.177 - - [04/Nov/2025:14:00:23 +0100] "GET /421035?fileloc=//proc/net/softnet_stat&path=//proc/net HTTP/2.0" 200 14831 "-" "Mozilla/5.0 AppleWebKit/537.36 (KHTML, like Gecko; compatible; GPTBot/1.2; +https://openai.com/gptbot)"
74.7.227.240 - - [04/Nov/2025:14:00:23 +0100] "GET /?path=//proc/self/root/proc/67277/root/lib/.build-id/e3 HTTP/2.0" 200 34146 "-" "Mozilla/5.0 AppleWebKit/537.36 (KHTML, like Gecko; compatible; GPTBot/1.2; +https://openai.com/gptbot)"
74.7.227.36 - - [04/Nov/2025:14:00:24 +0100] "GET /?path=//proc/self/root/proc/54274/root/opt/cpanel/ea-php83/root/usr/local/lib64 HTTP/2.0" 200 16017 "-" "Mozilla/5.0 AppleWebKit/537.36 (KHTML, like Gecko; compatible; GPTBot/1.2; +https://openai.com/gptbot)"
66.249.76.195 - - [04/Nov/2025:14:00:26 +0100] "GET /manufacturer149047974.html?fileloc=/home/opal/public_html/wp-includes/default-constants.php?f/thermometer/thermometer00/ HTTP/1.1" 200 563674 "-" "Mozilla/5.0 (Linux; Android 6.0.1; Nexus 5X Build/MMB29P) AppleWebKit/537.36 (KHTML, like Gecko) Chrome/141.0.7390.122 Mobile Safari/537.36 (compatible; GoogleOther)"
74.7.227.3 - - [04/Nov/2025:14:00:27 +0100] "GET /?path=//proc/2589545/root/proc/self/root/opt/cloudlinux/alt-php74/root/etc/mysql8.0 HTTP/2.0" 200 15979 "-" "Mozilla/5.0 AppleWebKit/537.36 (KHTML, like Gecko; compatible; GPTBot/1.2; +https://openai.com/gptbot)"
74.7.227.240 - - [04/Nov/2025:14:00:27 +0100] "GET /?path=//proc/self/root/proc/67277/root/lib/.build-id/a5 HTTP/2.0" 200 38292 "-" "Mozilla/5.0 AppleWebKit/537.36 (KHTML, like Gecko; compatible; GPTBot/1.2; +https://openai.com/gptbot)"
74.7.227.177 - - [04/Nov/2025:14:00:29 +0100] "GET /461337?fileloc=//proc/net/fib_triestat&path=//proc/net HTTP/2.0" 200 14831 "-" "Mozilla/5.0 AppleWebKit/537.36 (KHTML, like Gecko; compatible; GPTBot/1.2; +https://openai.com/gptbot)"
74.7.227.36 - - [04/Nov/2025:14:00:29 +0100] "GET /?path=//proc/self/root/proc/67277/root/opt/alt/alt-nodejs18/root/usr/tmp HTTP/2.0" 200 15915 "-" "Mozilla/5.0 AppleWebKit/537.36 (KHTML, like Gecko; compatible; GPTBot/1.2; +https://openai.com/gptbot)"
74.7.227.148 - - [04/Nov/2025:14:00:30 +0100] "GET /?fileloc=//opt/alt/python35/lib64/python3.5/turtledemo/__pycache__/colormixer.cpython-35.pyc&path=//opt/alt/python35/lib64/python3.5/turtledemo/__pycache__ HTTP/2.0" 200 17509 "-" "Mozilla/5.0 AppleWebKit/537.36 (KHTML, like Gecko; compatible; GPTBot/1.2; +https://openai.com/gptbot)"
66.249.76.161 - - [04/Nov/2025:14:00:31 +0100] "GET /1036018473?detail=1033195902 HTTP/1.1" 200 561023 "-" "Mozilla/5.0 (Linux; Android 6.0.1; Nexus 5X Build/MMB29P) AppleWebKit/537.36 (KHTML, like Gecko) Chrome/141.0.7390.122 Mobile Safari/537.36 (compatible; Googlebot/2.1; +http://www.google.com/bot.html)"
74.7.227.240 - - [04/Nov/2025:14:00:30 +0100] "GET /?fileloc=//proc/self/root/proc/67277/root/lib/.build-id/8a/9cd9bfbfd2ce7aa5ebab92fa9423ef193d8e16&path=//proc/self/root/proc/67277/root/lib/.build-id/8a HTTP/2.0" 200 35776 "-" "Mozilla/5.0 AppleWebKit/537.36 (KHTML, like Gecko; compatible; GPTBot/1.2; +https://openai.com/gptbot)"
74.7.227.3 - - [04/Nov/2025:14:00:32 +0100] "GET /?fileloc=//lib64/python2.7/test/test_future3.pyc&path=//lib64/python2.7/test HTTP/2.0" 200 16654 "-" "Mozilla/5.0 AppleWebKit/537.36 (KHTML, like Gecko; compatible; GPTBot/1.2; +https://openai.com/gptbot)"
74.7.227.36 - - [04/Nov/2025:14:00:33 +0100] "GET /?path=//proc/self/root/proc/54274/root/opt/alt/alt-nodejs16/root/var/lib HTTP/2.0" 200 20340 "-" "Mozilla/5.0 AppleWebKit/537.36 (KHTML, like Gecko; compatible; GPTBot/1.2; +https://openai.com/gptbot)"
66.249.77.35 - - [04/Nov/2025:14:00:33 +0100] "GET /1036026047?detail=1033203454 HTTP/1.1" 200 555510 "-" "Mozilla/5.0 (Linux; Android 6.0.1; Nexus 5X Build/MMB29P) AppleWebKit/537.36 (KHTML, like Gecko) Chrome/141.0.7390.122 Mobile Safari/537.36 (compatible; Googlebot/2.1; +http://www.google.com/bot.html)"
74.7.227.177 - - [04/Nov/2025:14:00:34 +0100] "GET /421035?fileloc=//proc/net/ip_mr_cache&path=//proc/net HTTP/2.0" 200 14830 "-" "Mozilla/5.0 AppleWebKit/537.36 (KHTML, like Gecko; compatible; GPTBot/1.2; +https://openai.com/gptbot)"
66.249.69.167 - - [04/Nov/2025:14:00:35 +0100] "GET /items/juypx69/30117?key=crush HTTP/1.1" 200 566569 "-" "Mozilla/5.0 (Linux; Android 6.0.1; Nexus 5X Build/MMB29P) AppleWebKit/537.36 (KHTML, like Gecko) Chrome/141.0.7390.122 Mobile Safari/537.36 (compatible; Googlebot/2.1; +http://www.google.com/bot.html)"
74.7.227.240 - - [04/Nov/2025:14:00:35 +0100] "GET /?path=//proc/self/root/proc/67277/root/lib/.build-id/b1 HTTP/2.0" 200 37478 "-" "Mozilla/5.0 AppleWebKit/537.36 (KHTML, like Gecko; compatible; GPTBot/1.2; +https://openai.com/gptbot)"
74.7.227.148 - - [04/Nov/2025:14:00:35 +0100] "GET /?fileloc=//opt/alt/python35/lib64/python3.5/turtledemo/__pycache__/lindenmayer.cpython-35.pyc&path=//opt/alt/python35/lib64/python3.5/turtledemo/__pycache__ HTTP/2.0" 200 18437 "-" "Mozilla/5.0 AppleWebKit/537.36 (KHTML, like Gecko; compatible; GPTBot/1.2; +https://openai.com/gptbot)"
74.7.227.3 - - [04/Nov/2025:14:00:36 +0100] "GET /?path=//proc/2589545/root/proc/thread-self/root/usr/lib/firmware/arm/mali HTTP/2.0" 200 15888 "-" "Mozilla/5.0 AppleWebKit/537.36 (KHTML, like Gecko; compatible; GPTBot/1.2; +https://openai.com/gptbot)"
74.7.227.36 - - [04/Nov/2025:14:00:36 +0100] "GET /?path=//proc/self/root/proc/54274/root/opt/cpanel/ea-php83/root/var/log/php-fpm HTTP/2.0" 200 16015 "-" "Mozilla/5.0 AppleWebKit/537.36 (KHTML, like Gecko; compatible; GPTBot/1.2; +https://openai.com/gptbot)"
74.7.227.177 - - [04/Nov/2025:14:00:37 +0100] "GET /689076?fileloc=//proc/net/nf_conntrack&path=//proc/net HTTP/2.0" 200 12282 "-" "Mozilla/5.0 AppleWebKit/537.36 (KHTML, like Gecko; compatible; GPTBot/1.2; +https://openai.com/gptbot)"
74.7.227.240 - - [04/Nov/2025:14:00:39 +0100] "GET /?path=//proc/self/root/proc/67277/root/lib/.build-id/5a HTTP/2.0" 200 55953 "-" "Mozilla/5.0 AppleWebKit/537.36 (KHTML, like Gecko; compatible; GPTBot/1.2; +https://openai.com/gptbot)"
74.7.227.148 - - [04/Nov/2025:14:00:41 +0100] "GET /?path=//opt/alt/python36/lib64/python3.6/test/test_tools HTTP/2.0" 200 34433 "-" "Mozilla/5.0 AppleWebKit/537.36 (KHTML, like Gecko; compatible; GPTBot/1.2; +https://openai.com/gptbot)"
74.7.227.36 - - [04/Nov/2025:14:00:42 +0100] "GET /?path=//proc/self/root/proc/53872/root/opt/cpanel/ea-php54/root/usr/local HTTP/2.0" 200 - "-" "Mozilla/5.0 AppleWebKit/537.36 (KHTML, like Gecko; compatible; GPTBot/1.2; +https://openai.com/gptbot)"
74.7.227.240 - - [04/Nov/2025:14:00:41 +0100] "GET /?path=//proc/self/root/proc/67277/root/lib/.build-id/c5 HTTP/2.0" 200 45869 "-" "Mozilla/5.0 AppleWebKit/537.36 (KHTML, like Gecko; compatible; GPTBot/1.2; +https://openai.com/gptbot)"
66.249.77.34 - - [04/Nov/2025:14:00:42 +0100] "GET /reliable092000885.html?fileloc=/home/opal/public_html/readme.html&path=/home/opal/public_html HTTP/1.1" 200 553912 "-" "Mozilla/5.0 (Linux; Android 6.0.1; Nexus 5X Build/MMB29P) AppleWebKit/537.36 (KHTML, like Gecko) Chrome/141.0.7390.122 Mobile Safari/537.36 (compatible; Googlebot/2.1; +http://www.google.com/bot.html)"
74.7.227.3 - - [04/Nov/2025:14:00:42 +0100] "GET /?path=//proc/2589545/root/proc/thread-self/root/usr/lib/firmware/arm HTTP/2.0" 200 15795 "-" "Mozilla/5.0 AppleWebKit/537.36 (KHTML, like Gecko; compatible; GPTBot/1.2; +https://openai.com/gptbot)"
74.7.227.177 - - [04/Nov/2025:14:00:42 +0100] "GET /461337?fileloc=//proc/net/nf_conntrack&path=//proc/net HTTP/2.0" 200 14831 "-" "Mozilla/5.0 AppleWebKit/537.36 (KHTML, like Gecko; compatible; GPTBot/1.2; +https://openai.com/gptbot)"
66.249.76.160 - - [04/Nov/2025:14:00:44 +0100] "GET /assert171027836.html HTTP/1.1" 200 554518 "-" "Mozilla/5.0 (Linux; Android 6.0.1; Nexus 5X Build/MMB29P) AppleWebKit/537.36 (KHTML, like Gecko) Chrome/141.0.7390.122 Mobile Safari/537.36 (compatible; Googlebot/2.1; +http://www.google.com/bot.html)"
74.7.227.36 - - [04/Nov/2025:14:00:44 +0100] "GET /?path=//proc/self/root/proc/53872/root/opt/alt/alt-nodejs19/root/usr/lib HTTP/2.0" 200 20551 "-" "Mozilla/5.0 AppleWebKit/537.36 (KHTML, like Gecko; compatible; GPTBot/1.2; +https://openai.com/gptbot)"
74.7.227.240 - - [04/Nov/2025:14:00:44 +0100] "GET /?path=//proc/self/root/proc/67277/root/lib/.build-id/0a HTTP/2.0" 200 40830 "-" "Mozilla/5.0 AppleWebKit/537.36 (KHTML, like Gecko; compatible; GPTBot/1.2; +https://openai.com/gptbot)"
66.249.69.167 - - [04/Nov/2025:14:00:46 +0100] "GET /facility125010274.html HTTP/1.1" 200 555111 "-" "Mozilla/5.0 (Linux; Android 6.0.1; Nexus 5X Build/MMB29P) AppleWebKit/537.36 (KHTML, like Gecko) Chrome/141.0.7390.122 Mobile Safari/537.36 (compatible; Googlebot/2.1; +http://www.google.com/bot.html)"
74.7.227.148 - - [04/Nov/2025:14:00:45 +0100] "GET /?path=//opt/alt/python36/lib64/python3.6/test/test_import HTTP/2.0" 200 21575 "-" "Mozilla/5.0 AppleWebKit/537.36 (KHTML, like Gecko; compatible; GPTBot/1.2; +https://openai.com/gptbot)"
74.7.227.177 - - [04/Nov/2025:14:00:46 +0100] "GET /421035?fileloc=//proc/net/packet&path=//proc/net HTTP/2.0" 200 14825 "-" "Mozilla/5.0 AppleWebKit/537.36 (KHTML, like Gecko; compatible; GPTBot/1.2; +https://openai.com/gptbot)"
66.249.77.34 - - [04/Nov/2025:14:00:47 +0100] "GET /1036014239?detail=1033191678 HTTP/1.1" 200 557007 "-" "Mozilla/5.0 (Linux; Android 6.0.1; Nexus 5X Build/MMB29P) AppleWebKit/537.36 (KHTML, like Gecko) Chrome/141.0.7390.122 Mobile Safari/537.36 (compatible; Googlebot/2.1; +http://www.google.com/bot.html)"
74.7.227.3 - - [04/Nov/2025:14:00:46 +0100] "GET /?path=//proc/2589545/root/proc/self/root/opt/cloudlinux/alt-php74 HTTP/2.0" 200 15689 "-" "Mozilla/5.0 AppleWebKit/537.36 (KHTML, like Gecko; compatible; GPTBot/1.2; +https://openai.com/gptbot)"
74.7.227.240 - - [04/Nov/2025:14:00:47 +0100] "GET /?path=//proc/self/root/proc/67277/root/lib/.build-id/c1 HTTP/2.0" 200 45873 "-" "Mozilla/5.0 AppleWebKit/537.36 (KHTML, like Gecko; compatible; GPTBot/1.2; +https://openai.com/gptbot)"
74.7.227.36 - - [04/Nov/2025:14:00:47 +0100] "GET /?path=//proc/self/root/proc/54274/root/opt/cpanel/ea-openssl11/ssl HTTP/2.0" 200 15747 "-" "Mozilla/5.0 AppleWebKit/537.36 (KHTML, like Gecko; compatible; GPTBot/1.2; +https://openai.com/gptbot)"
74.7.227.177 - - [04/Nov/2025:14:00:51 +0100] "GET /689076?fileloc=//proc/net/ip6_mr_cache&path=//proc/net HTTP/2.0" 200 14831 "-" "Mozilla/5.0 AppleWebKit/537.36 (KHTML, like Gecko; compatible; GPTBot/1.2; +https://openai.com/gptbot)"
74.7.227.240 - - [04/Nov/2025:14:00:51 +0100] "GET /?path=//proc/self/root/proc/67277/root/lib/.build-id/e4 HTTP/2.0" 200 37480 "-" "Mozilla/5.0 AppleWebKit/537.36 (KHTML, like Gecko; compatible; GPTBot/1.2; +https://openai.com/gptbot)"
74.7.227.3 - - [04/Nov/2025:14:00:52 +0100] "GET /?path=//proc/2589545/root/proc/self/root/opt/cloudlinux/alt-php74/root/etc HTTP/2.0" 200 15872 "-" "Mozilla/5.0 AppleWebKit/537.36 (KHTML, like Gecko; compatible; GPTBot/1.2; +https://openai.com/gptbot)"
74.7.227.36 - - [04/Nov/2025:14:00:53 +0100] "GET /?path=//proc/self/root/proc/54274/root/opt/alt/postgresql11/usr HTTP/2.0" 200 18623 "-" "Mozilla/5.0 AppleWebKit/537.36 (KHTML, like Gecko; compatible; GPTBot/1.2; +https://openai.com/gptbot)"
66.249.77.37 - - [04/Nov/2025:14:00:54 +0100] "GET /1036031117?detail=1033208510 HTTP/1.1" 200 562086 "-" "Mozilla/5.0 (Linux; Android 6.0.1; Nexus 5X Build/MMB29P) AppleWebKit/537.36 (KHTML, like Gecko) Chrome/141.0.7390.122 Mobile Safari/537.36 (compatible; Googlebot/2.1; +http://www.google.com/bot.html)"
74.7.227.177 - - [04/Nov/2025:14:00:55 +0100] "GET /689076?fileloc=//proc/net/ip6_flowlabel&path=//proc/net HTTP/2.0" 200 14832 "-" "Mozilla/5.0 AppleWebKit/537.36 (KHTML, like Gecko; compatible; GPTBot/1.2; +https://openai.com/gptbot)"
74.7.227.240 - - [04/Nov/2025:14:00:55 +0100] "GET /?path=//proc/self/root/proc/67277/root/lib/.build-id/f9 HTTP/2.0" 200 37476 "-" "Mozilla/5.0 AppleWebKit/537.36 (KHTML, like Gecko; compatible; GPTBot/1.2; +https://openai.com/gptbot)"
74.7.227.3 - - [04/Nov/2025:14:00:56 +0100] "GET /?path=//proc/2589545/root/proc/self/root/opt/cloudlinux/alt-php73/root/etc HTTP/2.0" 200 15872 "-" "Mozilla/5.0 AppleWebKit/537.36 (KHTML, like Gecko; compatible; GPTBot/1.2; +https://openai.com/gptbot)"
74.7.227.148 - - [04/Nov/2025:14:00:56 +0100] "GET /?path=//opt/alt/python36/lib64/python3.6/pydoc_data HTTP/2.0" 200 21554 "-" "Mozilla/5.0 AppleWebKit/537.36 (KHTML, like Gecko; compatible; GPTBot/1.2; +https://openai.com/gptbot)"
74.7.227.36 - - [04/Nov/2025:14:00:57 +0100] "GET /?path=//proc/self/root/proc/67277/root/opt/alt/alt-nodejs20/root/var/adm HTTP/2.0" 200 13366 "-" "Mozilla/5.0 AppleWebKit/537.36 (KHTML, like Gecko; compatible; GPTBot/1.2; +https://openai.com/gptbot)"
74.7.227.240 - - [04/Nov/2025:14:00:57 +0100] "GET /?path=//proc/self/root/proc/67277/root/lib/.build-id/0d HTTP/2.0" 200 37483 "-" "Mozilla/5.0 AppleWebKit/537.36 (KHTML, like Gecko; compatible; GPTBot/1.2; +https://openai.com/gptbot)"
184.168.116.203 - - [04/Nov/2025:14:00:57 +0100] "POST /xmlrpc.php HTTP/2.0" 403 76365 "-" "Mozilla/4.0 (compatible; MSIE 7.0; Windows NT 6.2; Trident/7.0; .NET4.0E; .NET4.0C; .NET CLR 3.5.30729; .NET CLR 2.0.50727; .NET CLR 3.0.30729)"
74.7.227.177 - - [04/Nov/2025:14:01:00 +0100] "GET /461337?fileloc=//proc/net/ip6_mr_cache&path=//proc/net HTTP/2.0" 200 14831 "-" "Mozilla/5.0 AppleWebKit/537.36 (KHTML, like Gecko; compatible; GPTBot/1.2; +https://openai.com/gptbot)"
