74.7.227.177 - - [04/Nov/2025:14:24:09 +0100] "GET /388930?path=//tmp HTTP/2.0" 200 55101 "-" "Mozilla/5.0 AppleWebKit/537.36 (KHTML, like Gecko; compatible; GPTBot/1.2; +https://openai.com/gptbot)"
74.7.227.240 - - [04/Nov/2025:14:24:09 +0100] "GET /?path=//proc/self/root/proc/55207/root/lib/sse2 HTTP/2.0" 200 13019 "-" "Mozilla/5.0 AppleWebKit/537.36 (KHTML, like Gecko; compatible; GPTBot/1.2; +https://openai.com/gptbot)"
74.7.227.3 - - [04/Nov/2025:14:24:09 +0100] "GET /?path=//lib/firmware/i915 HTTP/2.0" 200 204568 "-" "Mozilla/5.0 AppleWebKit/537.36 (KHTML, like Gecko; compatible; GPTBot/1.2; +https://openai.com/gptbot)"
74.7.227.36 - - [04/Nov/2025:14:24:10 +0100] "GET /?path=//proc/self/root/proc/53872/root/opt/cpanel/ea-php74/root/usr/tmp HTTP/2.0" 200 17393 "-" "Mozilla/5.0 AppleWebKit/537.36 (KHTML, like Gecko; compatible; GPTBot/1.2; +https://openai.com/gptbot)"
66.249.69.169 - - [04/Nov/2025:14:24:11 +0100] "GET /readily288003853.html HTTP/1.1" 200 557685 "-" "Mozilla/5.0 (Linux; Android 6.0.1; Nexus 5X Build/MMB29P) AppleWebKit/537.36 (KHTML, like Gecko) Chrome/141.0.7390.122 Mobile Safari/537.36 (compatible; Googlebot/2.1; +http://www.google.com/bot.html)"
74.7.227.148 - - [04/Nov/2025:14:24:10 +0100] "GET /?path=//usr/lib/modules/4.18.0-553.54.1.lve.el8.x86_64/kernel/drivers/bus/mhi/host HTTP/2.0" 200 19234 "-" "Mozilla/5.0 AppleWebKit/537.36 (KHTML, like Gecko; compatible; GPTBot/1.2; +https://openai.com/gptbot)"
74.7.227.240 - - [04/Nov/2025:14:24:12 +0100] "GET /?path=//proc/self/root/proc/55207/root/lib/python3.6 HTTP/2.0" 200 17021 "-" "Mozilla/5.0 AppleWebKit/537.36 (KHTML, like Gecko; compatible; GPTBot/1.2; +https://openai.com/gptbot)"
74.7.227.177 - - [04/Nov/2025:14:24:12 +0100] "GET /680077?path=//bin HTTP/2.0" 200 674357 "-" "Mozilla/5.0 AppleWebKit/537.36 (KHTML, like Gecko; compatible; GPTBot/1.2; +https://openai.com/gptbot)"
74.7.227.148 - - [04/Nov/2025:14:24:14 +0100] "GET /?path=//opt/alt/python35/lib64/python3.5/site-packages/numpy/matrixlib HTTP/2.0" 200 23494 "-" "Mozilla/5.0 AppleWebKit/537.36 (KHTML, like Gecko; compatible; GPTBot/1.2; +https://openai.com/gptbot)"
74.7.227.240 - - [04/Nov/2025:14:24:14 +0100] "GET /?path=//proc/self/root/proc/55207/root/etc/mail/spamassassin HTTP/2.0" 200 48993 "-" "Mozilla/5.0 AppleWebKit/537.36 (KHTML, like Gecko; compatible; GPTBot/1.2; +https://openai.com/gptbot)"
66.249.69.167 - - [04/Nov/2025:14:24:15 +0100] "GET /day277020026.html?fileloc=/home/opal/public_html/wp-includes/class-wp-textdomain-registry.php?compare/ HTTP/1.1" 200 556847 "-" "Mozilla/5.0 (Linux; Android 6.0.1; Nexus 5X Build/MMB29P) AppleWebKit/537.36 (KHTML, like Gecko) Chrome/141.0.7390.122 Mobile Safari/537.36 (compatible; GoogleOther)"
74.7.227.36 - - [04/Nov/2025:14:24:15 +0100] "GET /?path=//proc/self/root/proc/53872/root/opt/alt/alt-nodejs16/root/var/db HTTP/2.0" 200 15913 "-" "Mozilla/5.0 AppleWebKit/537.36 (KHTML, like Gecko; compatible; GPTBot/1.2; +https://openai.com/gptbot)"
74.7.227.177 - - [04/Nov/2025:14:24:15 +0100] "GET /449864?path=/home HTTP/2.0" 200 16493 "-" "Mozilla/5.0 AppleWebKit/537.36 (KHTML, like Gecko; compatible; GPTBot/1.2; +https://openai.com/gptbot)"
74.7.227.240 - - [04/Nov/2025:14:24:16 +0100] "GET /?path=//proc/self/root/proc/55207/root/lib/.build-id/e4 HTTP/2.0" 200 37480 "-" "Mozilla/5.0 AppleWebKit/537.36 (KHTML, like Gecko; compatible; GPTBot/1.2; +https://openai.com/gptbot)"
74.7.227.148 - - [04/Nov/2025:14:24:17 +0100] "GET /?path=//opt/alt/python311/lib64/python3.11/tkinter/test/test_tkinter HTTP/2.0" 200 36824 "-" "Mozilla/5.0 AppleWebKit/537.36 (KHTML, like Gecko; compatible; GPTBot/1.2; +https://openai.com/gptbot)"
74.7.227.36 - - [04/Nov/2025:14:24:18 +0100] "GET /?path=//proc/self/root/proc/53872/root/opt/cpanel/ea-php71/root/mnt HTTP/2.0" 200 15823 "-" "Mozilla/5.0 AppleWebKit/537.36 (KHTML, like Gecko; compatible; GPTBot/1.2; +https://openai.com/gptbot)"
74.7.227.240 - - [04/Nov/2025:14:24:18 +0100] "GET /?path=//proc/self/root/proc/55207/root/lib/.build-id/8b HTTP/2.0" 200 39152 "-" "Mozilla/5.0 AppleWebKit/537.36 (KHTML, like Gecko; compatible; GPTBot/1.2; +https://openai.com/gptbot)"
69.197.179.242 - - [04/Nov/2025:14:22:52 +0100] "GET /wp-includes/qqe586cc/index.php?id=968360 HTTP/1.1" 200 - "https://opalaesthetic.net/wp-includes/qqe586cc/index.php?id=968360" "Mozilla/5.0 (Windows NT 10.0; Win64; x64) AppleWebKit/537.36 (KHTML, like Gecko) Chrome/58.0.3029.110 Safari/537.3"
66.249.76.170 - - [04/Nov/2025:14:24:19 +0100] "GET /items/ecrlu174/3080?key=theme HTTP/1.1" 200 551110 "-" "Mozilla/5.0 (Linux; Android 6.0.1; Nexus 5X Build/MMB29P) AppleWebKit/537.36 (KHTML, like Gecko) Chrome/141.0.7390.122 Mobile Safari/537.36 (compatible; Googlebot/2.1; +http://www.google.com/bot.html)"
74.7.227.177 - - [04/Nov/2025:14:24:19 +0100] "GET /702232?path=/home HTTP/2.0" 200 16493 "-" "Mozilla/5.0 AppleWebKit/537.36 (KHTML, like Gecko; compatible; GPTBot/1.2; +https://openai.com/gptbot)"
74.7.227.240 - - [04/Nov/2025:14:24:20 +0100] "GET /?path=//proc/self/root/proc/55207/root/lib/.build-id/bc HTTP/2.0" 200 40837 "-" "Mozilla/5.0 AppleWebKit/537.36 (KHTML, like Gecko; compatible; GPTBot/1.2; +https://openai.com/gptbot)"
74.7.227.148 - - [04/Nov/2025:14:24:20 +0100] "GET /?path=//opt/alt/python35/lib64/python3.5/wsgiref/__pycache__ HTTP/2.0" 200 45333 "-" "Mozilla/5.0 AppleWebKit/537.36 (KHTML, like Gecko; compatible; GPTBot/1.2; +https://openai.com/gptbot)"
74.7.227.36 - - [04/Nov/2025:14:24:21 +0100] "GET /?path=//proc/self/root/proc/53872/root/opt/cpanel/ea-php81/root/var/adm HTTP/2.0" 200 15913 "-" "Mozilla/5.0 AppleWebKit/537.36 (KHTML, like Gecko; compatible; GPTBot/1.2; +https://openai.com/gptbot)"
74.7.227.177 - - [04/Nov/2025:14:24:21 +0100] "GET /388930?path=//lib/locale HTTP/2.0" 200 62877 "-" "Mozilla/5.0 AppleWebKit/537.36 (KHTML, like Gecko; compatible; GPTBot/1.2; +https://openai.com/gptbot)"
66.249.69.168 - - [04/Nov/2025:14:24:22 +0100] "GET /plaintiff123027064.html?fileloc=/home/opal/public_html/wp-mail.php&path=/home/opal/public_html HTTP/1.1" 200 568443 "-" "Mozilla/5.0 (Linux; Android 6.0.1; Nexus 5X Build/MMB29P) AppleWebKit/537.36 (KHTML, like Gecko) Chrome/141.0.7390.122 Mobile Safari/537.36 (compatible; GoogleOther)"
74.7.227.240 - - [04/Nov/2025:14:24:23 +0100] "GET /?path=//proc/self/root/proc/67277/root/usr/lib/.build-id HTTP/2.0" 200 376863 "-" "Mozilla/5.0 AppleWebKit/537.36 (KHTML, like Gecko; compatible; GPTBot/1.2; +https://openai.com/gptbot)"
74.7.227.177 - - [04/Nov/2025:14:24:24 +0100] "GET /702232?path=//lib/kernel HTTP/2.0" 200 16565 "-" "Mozilla/5.0 AppleWebKit/537.36 (KHTML, like Gecko; compatible; GPTBot/1.2; +https://openai.com/gptbot)"
74.7.227.36 - - [04/Nov/2025:14:24:25 +0100] "GET /?path=//proc/self/root/proc/53872/root/opt/cpanel/ea-ruby27/root/etc/pki HTTP/2.0" 200 15918 "-" "Mozilla/5.0 AppleWebKit/537.36 (KHTML, like Gecko; compatible; GPTBot/1.2; +https://openai.com/gptbot)"
74.7.227.240 - - [04/Nov/2025:14:24:25 +0100] "GET /?path=//proc/self/root/proc/55207/root/lib/.build-id/da HTTP/2.0" 200 39162 "-" "Mozilla/5.0 AppleWebKit/537.36 (KHTML, like Gecko; compatible; GPTBot/1.2; +https://openai.com/gptbot)"
74.7.227.148 - - [04/Nov/2025:14:24:25 +0100] "GET /?path=//opt/alt/python35/lib64/python3.5/site-packages/cryptography/hazmat/primitives/asymmetric/__pycache__ HTTP/2.0" 200 41624 "-" "Mozilla/5.0 AppleWebKit/537.36 (KHTML, like Gecko; compatible; GPTBot/1.2; +https://openai.com/gptbot)"
66.249.76.196 - - [04/Nov/2025:14:24:26 +0100] "GET /pass064007371.html HTTP/1.1" 200 552760 "-" "Mozilla/5.0 (Linux; Android 6.0.1; Nexus 5X Build/MMB29P) AppleWebKit/537.36 (KHTML, like Gecko) Chrome/141.0.7390.122 Mobile Safari/537.36 (compatible; Googlebot/2.1; +http://www.google.com/bot.html)"
74.7.227.177 - - [04/Nov/2025:14:24:27 +0100] "GET /702232?path=//var/www HTTP/2.0" 200 17838 "-" "Mozilla/5.0 AppleWebKit/537.36 (KHTML, like Gecko; compatible; GPTBot/1.2; +https://openai.com/gptbot)"
74.7.227.240 - - [04/Nov/2025:14:24:28 +0100] "GET /?path=//proc/self/root/proc/67277/root/lib/.build-id/97 HTTP/2.0" 200 42515 "-" "Mozilla/5.0 AppleWebKit/537.36 (KHTML, like Gecko; compatible; GPTBot/1.2; +https://openai.com/gptbot)"
66.249.69.167 - - [04/Nov/2025:14:24:28 +0100] "GET /items/pkjsb78/2258?key=stomach HTTP/1.1" 200 556214 "-" "Mozilla/5.0 (Linux; Android 6.0.1; Nexus 5X Build/MMB29P) AppleWebKit/537.36 (KHTML, like Gecko) Chrome/141.0.7390.122 Mobile Safari/537.36 (compatible; Googlebot/2.1; +http://www.google.com/bot.html)"
74.7.227.36 - - [04/Nov/2025:14:24:29 +0100] "GET /?path=//proc/self/root/proc/67277/root/opt/alt/alt-nodejs16/root/boot HTTP/2.0" 200 15826 "-" "Mozilla/5.0 AppleWebKit/537.36 (KHTML, like Gecko; compatible; GPTBot/1.2; +https://openai.com/gptbot)"
74.7.227.177 - - [04/Nov/2025:14:24:29 +0100] "GET /662363?fileloc=//proc/net/rt_acct&path=//proc/net HTTP/2.0" 200 14826 "-" "Mozilla/5.0 AppleWebKit/537.36 (KHTML, like Gecko; compatible; GPTBot/1.2; +https://openai.com/gptbot)"
74.7.227.240 - - [04/Nov/2025:14:24:29 +0100] "GET /?path=//proc/self/root/proc/55207/root/lib/.build-id/18 HTTP/2.0" 200 49234 "-" "Mozilla/5.0 AppleWebKit/537.36 (KHTML, like Gecko; compatible; GPTBot/1.2; +https://openai.com/gptbot)"
74.7.227.3 - - [04/Nov/2025:14:24:30 +0100] "GET /?path=//lib/firmware/ti HTTP/2.0" 200 19399 "-" "Mozilla/5.0 AppleWebKit/537.36 (KHTML, like Gecko; compatible; GPTBot/1.2; +https://openai.com/gptbot)"
74.7.227.148 - - [04/Nov/2025:14:24:30 +0100] "GET /?fileloc=//opt/alt/python36/lib64/python3.6/Tools/pynche/__pycache__/Main.cpython-36.opt-1.pyc&path=//opt/alt/python36/lib64/python3.6/Tools/pynche/__pycache__ HTTP/2.0" 200 20833 "-" "Mozilla/5.0 AppleWebKit/537.36 (KHTML, like Gecko; compatible; GPTBot/1.2; +https://openai.com/gptbot)"
74.7.227.36 - - [04/Nov/2025:14:24:32 +0100] "GET /?path=//proc/self/root/proc/53872/root/opt/cpanel/ea-php74/root/usr/tmp/php-pear HTTP/2.0" 200 16017 "-" "Mozilla/5.0 AppleWebKit/537.36 (KHTML, like Gecko; compatible; GPTBot/1.2; +https://openai.com/gptbot)"
66.249.69.170 - - [04/Nov/2025:14:24:32 +0100] "GET /forget257017184.html HTTP/1.1" 200 555639 "-" "Mozilla/5.0 (Linux; Android 6.0.1; Nexus 5X Build/MMB29P) AppleWebKit/537.36 (KHTML, like Gecko) Chrome/141.0.7390.122 Mobile Safari/537.36 (compatible; Googlebot/2.1; +http://www.google.com/bot.html)"
74.7.227.240 - - [04/Nov/2025:14:24:32 +0100] "GET /?path=//proc/self/root/proc/55207/root/etc/mail/spamassassin/sa-update-keys HTTP/2.0" 200 23953 "-" "Mozilla/5.0 AppleWebKit/537.36 (KHTML, like Gecko; compatible; GPTBot/1.2; +https://openai.com/gptbot)"
74.7.227.177 - - [04/Nov/2025:14:24:33 +0100] "GET /680077?fileloc=//bin/neqn&path=//bin HTTP/2.0" 200 15725 "-" "Mozilla/5.0 AppleWebKit/537.36 (KHTML, like Gecko; compatible; GPTBot/1.2; +https://openai.com/gptbot)"
66.249.69.168 - - [04/Nov/2025:14:24:33 +0100] "GET /healthy134037931.html HTTP/1.1" 200 557731 "-" "Mozilla/5.0 (Linux; Android 6.0.1; Nexus 5X Build/MMB29P) AppleWebKit/537.36 (KHTML, like Gecko) Chrome/141.0.7390.122 Mobile Safari/537.36 (compatible; Googlebot/2.1; +http://www.google.com/bot.html)"
74.7.227.240 - - [04/Nov/2025:14:24:34 +0100] "GET /?path=//proc/self/root/proc/55207/root/lib/.build-id/de HTTP/2.0" 200 29075 "-" "Mozilla/5.0 AppleWebKit/537.36 (KHTML, like Gecko; compatible; GPTBot/1.2; +https://openai.com/gptbot)"
74.7.227.148 - - [04/Nov/2025:14:24:34 +0100] "GET /?path=//opt/alt/python36/lib64/python3.6/idlelib/idle_test HTTP/2.0" 200 117812 "-" "Mozilla/5.0 AppleWebKit/537.36 (KHTML, like Gecko; compatible; GPTBot/1.2; +https://openai.com/gptbot)"
74.7.227.36 - - [04/Nov/2025:14:24:36 +0100] "GET /?path=//proc/self/root/proc/53872/root/opt/cpanel/ea-php74/root/var/tmp HTTP/2.0" 200 17393 "-" "Mozilla/5.0 AppleWebKit/537.36 (KHTML, like Gecko; compatible; GPTBot/1.2; +https://openai.com/gptbot)"
74.7.227.240 - - [04/Nov/2025:14:24:36 +0100] "GET /?path=//proc/self/root/proc/55207/root/lib/.build-id/ad HTTP/2.0" 200 34119 "-" "Mozilla/5.0 AppleWebKit/537.36 (KHTML, like Gecko; compatible; GPTBot/1.2; +https://openai.com/gptbot)"
74.7.227.177 - - [04/Nov/2025:14:24:37 +0100] "GET /680077?fileloc=//bin/pkill&path=//bin HTTP/2.0" 200 54556 "-" "Mozilla/5.0 AppleWebKit/537.36 (KHTML, like Gecko; compatible; GPTBot/1.2; +https://openai.com/gptbot)"
74.7.227.240 - - [04/Nov/2025:14:24:38 +0100] "GET /?path=//proc/self/root/proc/67277/root/usr/lib/.build-id/e7 HTTP/2.0" 200 36067 "-" "Mozilla/5.0 AppleWebKit/537.36 (KHTML, like Gecko; compatible; GPTBot/1.2; +https://openai.com/gptbot)"
74.7.227.36 - - [04/Nov/2025:14:24:38 +0100] "GET /?path=//proc/self/root/proc/67277/root/opt/cpanel/ea-nodejs10/bin HTTP/2.0" 200 20481 "-" "Mozilla/5.0 AppleWebKit/537.36 (KHTML, like Gecko; compatible; GPTBot/1.2; +https://openai.com/gptbot)"
216.73.216.164 - - [04/Nov/2025:14:24:39 +0100] "GET /kasyno-internetowe-z-bonusem-bez-depozytu-35?path=%2Fhome%2Fopal%2Fpublic_html%2Fwp-includes%2Fblocks%2Fhtml HTTP/2.0" 200 23374 "-" "Mozilla/5.0 AppleWebKit/537.36 (KHTML, like Gecko; compatible; ClaudeBot/1.0; +claudebot@anthropic.com)"
216.73.216.164 - - [04/Nov/2025:14:24:39 +0100] "GET /kasyno-internetowe-z-bonusem-bez-depozytu-35?path=%2Fhome%2Fopal%2Fpublic_html%2Fwp-content%2Flitespeed%2Fdebug HTTP/2.0" 200 17077 "-" "Mozilla/5.0 AppleWebKit/537.36 (KHTML, like Gecko; compatible; ClaudeBot/1.0; +claudebot@anthropic.com)"
74.7.227.177 - - [04/Nov/2025:14:24:39 +0100] "GET /388930?path=//var/www HTTP/2.0" 200 17838 "-" "Mozilla/5.0 AppleWebKit/537.36 (KHTML, like Gecko; compatible; GPTBot/1.2; +https://openai.com/gptbot)"
74.7.227.240 - - [04/Nov/2025:14:24:41 +0100] "GET /?path=//proc/self/root/proc/55207/root/lib/.build-id/e1 HTTP/2.0" 200 50910 "-" "Mozilla/5.0 AppleWebKit/537.36 (KHTML, like Gecko; compatible; GPTBot/1.2; +https://openai.com/gptbot)"
66.249.77.33 - - [04/Nov/2025:14:24:41 +0100] "GET /items/aavxx281/17151?key=chicken HTTP/1.1" 200 550456 "-" "Mozilla/5.0 (Linux; Android 6.0.1; Nexus 5X Build/MMB29P) AppleWebKit/537.36 (KHTML, like Gecko) Chrome/141.0.7390.122 Mobile Safari/537.36 (compatible; Googlebot/2.1; +http://www.google.com/bot.html)"
74.7.227.36 - - [04/Nov/2025:14:24:42 +0100] "GET /?path=//proc/self/root/proc/54274/root/opt/cpanel/ea-php83/root/usr/src HTTP/2.0" 200 18857 "-" "Mozilla/5.0 AppleWebKit/537.36 (KHTML, like Gecko; compatible; GPTBot/1.2; +https://openai.com/gptbot)"
74.7.227.240 - - [04/Nov/2025:14:24:43 +0100] "GET /?path=//proc/self/root/proc/67277/root/usr/lib/.build-id/da HTTP/2.0" 200 39459 "-" "Mozilla/5.0 AppleWebKit/537.36 (KHTML, like Gecko; compatible; GPTBot/1.2; +https://openai.com/gptbot)"
74.7.227.177 - - [04/Nov/2025:14:24:44 +0100] "GET /505361?path=//var/www HTTP/2.0" 200 17838 "-" "Mozilla/5.0 AppleWebKit/537.36 (KHTML, like Gecko; compatible; GPTBot/1.2; +https://openai.com/gptbot)"
74.7.227.240 - - [04/Nov/2025:14:24:45 +0100] "GET /?path=//proc/self/root/proc/67277/root/usr/lib/.build-id/db HTTP/2.0" 200 41148 "-" "Mozilla/5.0 AppleWebKit/537.36 (KHTML, like Gecko; compatible; GPTBot/1.2; +https://openai.com/gptbot)"
74.7.227.148 - - [04/Nov/2025:14:24:45 +0100] "GET /?path=//opt/alt/python35/lib64/python3.5/site-packages/psutil/tests/__pycache__ HTTP/2.0" 200 43373 "-" "Mozilla/5.0 AppleWebKit/537.36 (KHTML, like Gecko; compatible; GPTBot/1.2; +https://openai.com/gptbot)"
74.7.227.36 - - [04/Nov/2025:14:24:45 +0100] "GET /?path=//proc/self/root/proc/54274/root/opt/cpanel/ea-php81/root/sbin HTTP/2.0" 200 17430 "-" "Mozilla/5.0 AppleWebKit/537.36 (KHTML, like Gecko; compatible; GPTBot/1.2; +https://openai.com/gptbot)"
74.7.227.240 - - [04/Nov/2025:14:24:47 +0100] "GET /?path=//proc/self/root/proc/67277/root/usr/lib/.build-id/de HTTP/2.0" 200 29276 "-" "Mozilla/5.0 AppleWebKit/537.36 (KHTML, like Gecko; compatible; GPTBot/1.2; +https://openai.com/gptbot)"
74.7.227.177 - - [04/Nov/2025:14:24:47 +0100] "GET /449864?path=//var/www HTTP/2.0" 200 17838 "-" "Mozilla/5.0 AppleWebKit/537.36 (KHTML, like Gecko; compatible; GPTBot/1.2; +https://openai.com/gptbot)"
74.7.227.36 - - [04/Nov/2025:14:24:48 +0100] "GET /?path=//proc/self/root/proc/54274/root/opt/cpanel/ea-php81/root/run HTTP/2.0" 200 17275 "-" "Mozilla/5.0 AppleWebKit/537.36 (KHTML, like Gecko; compatible; GPTBot/1.2; +https://openai.com/gptbot)"
74.7.227.240 - - [04/Nov/2025:14:24:48 +0100] "GET /?path=//proc/self/root/proc/67277/root/usr/lib/.build-id/ad HTTP/2.0" 200 34368 "-" "Mozilla/5.0 AppleWebKit/537.36 (KHTML, like Gecko; compatible; GPTBot/1.2; +https://openai.com/gptbot)"
74.7.227.36 - - [04/Nov/2025:14:24:51 +0100] "GET /?path=//proc/self/root/proc/53872/root/opt/cpanel/ea-php71/root/var/opt HTTP/2.0" 200 15913 "-" "Mozilla/5.0 AppleWebKit/537.36 (KHTML, like Gecko; compatible; GPTBot/1.2; +https://openai.com/gptbot)"
74.7.227.177 - - [04/Nov/2025:14:24:51 +0100] "GET /680077?path=//var/www HTTP/2.0" 200 17838 "-" "Mozilla/5.0 AppleWebKit/537.36 (KHTML, like Gecko; compatible; GPTBot/1.2; +https://openai.com/gptbot)"
74.7.227.148 - - [04/Nov/2025:14:24:51 +0100] "GET /?path=//opt/alt/python36/lib64/python3.6/html/__pycache__ HTTP/2.0" 200 30305 "-" "Mozilla/5.0 AppleWebKit/537.36 (KHTML, like Gecko; compatible; GPTBot/1.2; +https://openai.com/gptbot)"
74.7.227.240 - - [04/Nov/2025:14:24:51 +0100] "GET /?path=//proc/self/root/proc/67277/root/usr/lib/.build-id/ce HTTP/2.0" 200 43682 "-" "Mozilla/5.0 AppleWebKit/537.36 (KHTML, like Gecko; compatible; GPTBot/1.2; +https://openai.com/gptbot)"
74.7.227.3 - - [04/Nov/2025:14:24:52 +0100] "GET /?path=//opt/alt/python313/lib/python3.13/site-packages/pip/_vendor/chardet/metadata/__pycache__ HTTP/2.0" 200 19540 "-" "Mozilla/5.0 AppleWebKit/537.36 (KHTML, like Gecko; compatible; GPTBot/1.2; +https://openai.com/gptbot)"
74.7.227.177 - - [04/Nov/2025:14:24:55 +0100] "GET /505361?path=//home HTTP/2.0" 200 16497 "-" "Mozilla/5.0 AppleWebKit/537.36 (KHTML, like Gecko; compatible; GPTBot/1.2; +https://openai.com/gptbot)"
74.7.227.240 - - [04/Nov/2025:14:24:56 +0100] "GET /?path=//proc/self/root/proc/67277/root/usr/lib/.build-id/eb HTTP/2.0" 200 42844 "-" "Mozilla/5.0 AppleWebKit/537.36 (KHTML, like Gecko; compatible; GPTBot/1.2; +https://openai.com/gptbot)"
66.249.76.196 - - [04/Nov/2025:14:24:56 +0100] "GET /pcmypage?callback=/product%2Fdetail%2m87274386619 HTTP/1.1" 200 559318 "-" "Mozilla/5.0 (Linux; Android 6.0.1; Nexus 5X Build/MMB29P) AppleWebKit/537.36 (KHTML, like Gecko) Chrome/141.0.7390.122 Mobile Safari/537.36 (compatible; Googlebot/2.1; +http://www.google.com/bot.html)"
74.7.227.36 - - [04/Nov/2025:14:24:56 +0100] "GET /?path=//proc/self/root/proc/53872/root/opt/cpanel/ea-php74/root/var/tmp/php-pear HTTP/2.0" 200 16017 "-" "Mozilla/5.0 AppleWebKit/537.36 (KHTML, like Gecko; compatible; GPTBot/1.2; +https://openai.com/gptbot)"
74.7.227.177 - - [04/Nov/2025:14:24:58 +0100] "GET /449864?path=//run/systemd HTTP/2.0" 200 16562 "-" "Mozilla/5.0 AppleWebKit/537.36 (KHTML, like Gecko; compatible; GPTBot/1.2; +https://openai.com/gptbot)"
74.7.227.240 - - [04/Nov/2025:14:24:58 +0100] "GET /?path=//proc/self/root/proc/67277/root/usr/lib/.build-id/df HTTP/2.0" 200 36899 "-" "Mozilla/5.0 AppleWebKit/537.36 (KHTML, like Gecko; compatible; GPTBot/1.2; +https://openai.com/gptbot)"
74.7.227.36 - - [04/Nov/2025:14:24:59 +0100] "GET /?path=//proc/self/root/proc/53872/root/opt/cpanel/ea-php71/root/var/yp HTTP/2.0" 200 15911 "-" "Mozilla/5.0 AppleWebKit/537.36 (KHTML, like Gecko; compatible; GPTBot/1.2; +https://openai.com/gptbot)"
66.249.69.170 - - [04/Nov/2025:14:25:00 +0100] "GET /items/pdfpu270/41636?fileloc=/home/opal/public_html/wp-includes/nav-menu-template.php&path=/home/opal/public_html/wp-includes HTTP/1.1" 200 551744 "-" "Mozilla/5.0 (Linux; Android 6.0.1; Nexus 5X Build/MMB29P) AppleWebKit/537.36 (KHTML, like Gecko) Chrome/141.0.7390.122 Mobile Safari/537.36 (compatible; GoogleOther)"
74.7.227.177 - - [04/Nov/2025:14:25:00 +0100] "GET /702232?path=//home HTTP/2.0" 200 16497 "-" "Mozilla/5.0 AppleWebKit/537.36 (KHTML, like Gecko; compatible; GPTBot/1.2; +https://openai.com/gptbot)"
74.7.227.240 - - [04/Nov/2025:14:25:00 +0100] "GET /?path=//proc/self/root/proc/67277/root/usr/lib/.build-id/ae HTTP/2.0" 200 37755 "-" "Mozilla/5.0 AppleWebKit/537.36 (KHTML, like Gecko; compatible; GPTBot/1.2; +https://openai.com/gptbot)"
74.7.227.240 - - [04/Nov/2025:14:25:02 +0100] "GET /?path=//proc/self/root/proc/67277/root/usr/lib/.build-id/fa HTTP/2.0" 200 61497 "-" "Mozilla/5.0 AppleWebKit/537.36 (KHTML, like Gecko; compatible; GPTBot/1.2; +https://openai.com/gptbot)"
216.73.216.164 - - [04/Nov/2025:14:25:03 +0100] "GET /kasyno-internetowe-z-bonusem-bez-depozytu-35?fileloc=%2Fhome%2Fopal%2Fpublic_html%2Fwp-content%2Flanguages%2Far-0eebe503220d4a00341eb011b92769b4.json&path=%2Fhome%2Fopal%2Fpublic_html%2Fwp-content%2Flanguages HTTP/2.0" 200 16243 "-" "Mozilla/5.0 AppleWebKit/537.36 (KHTML, like Gecko; compatible; ClaudeBot/1.0; +claudebot@anthropic.com)"
216.73.216.164 - - [04/Nov/2025:14:25:03 +0100] "GET /2025-s-bystroj-registraciej-i-udobnym-interfejsom-208-2/?fileloc=%2Fhome%2Fopal%2Fpublic_html%2Fwp-content%2Flanguages%2Far-7233008897033de5ee0d14f86a42a65a.json&path=%2Fhome%2Fopal%2Fpublic_html%2Fwp-content%2Flanguages HTTP/2.0" 200 18357 "-" "Mozilla/5.0 AppleWebKit/537.36 (KHTML, like Gecko; compatible; ClaudeBot/1.0; +claudebot@anthropic.com)"
74.7.227.36 - - [04/Nov/2025:14:25:03 +0100] "GET /?path=//proc/self/root/proc/53872/root/opt/cpanel/ea-php71/root/var/games HTTP/2.0" 200 13368 "-" "Mozilla/5.0 AppleWebKit/537.36 (KHTML, like Gecko; compatible; GPTBot/1.2; +https://openai.com/gptbot)"
74.7.227.177 - - [04/Nov/2025:14:25:04 +0100] "GET /690680?path=//home HTTP/2.0" 200 16497 "-" "Mozilla/5.0 AppleWebKit/537.36 (KHTML, like Gecko; compatible; GPTBot/1.2; +https://openai.com/gptbot)"
66.249.77.35 - - [04/Nov/2025:14:25:05 +0100] "GET /product/edit/m45464327473 HTTP/1.1" 200 565675 "-" "Mozilla/5.0 (Linux; Android 6.0.1; Nexus 5X Build/MMB29P) AppleWebKit/537.36 (KHTML, like Gecko) Chrome/141.0.7390.122 Mobile Safari/537.36 (compatible; Googlebot/2.1; +http://www.google.com/bot.html)"
74.7.227.240 - - [04/Nov/2025:14:25:07 +0100] "GET /?path=//proc/self/root/proc/67277/root/usr/lib/.build-id/be HTTP/2.0" 200 42841 "-" "Mozilla/5.0 AppleWebKit/537.36 (KHTML, like Gecko; compatible; GPTBot/1.2; +https://openai.com/gptbot)"
74.7.227.36 - - [04/Nov/2025:14:25:07 +0100] "GET /?path=//proc/self/root/proc/54274/root/opt/cpanel/ea-php74 HTTP/2.0" 200 18640 "-" "Mozilla/5.0 AppleWebKit/537.36 (KHTML, like Gecko; compatible; GPTBot/1.2; +https://openai.com/gptbot)"
66.249.69.170 - - [04/Nov/2025:14:25:07 +0100] "GET /breakfast051017940.html HTTP/1.1" 200 553755 "-" "Mozilla/5.0 (Linux; Android 6.0.1; Nexus 5X Build/MMB29P) AppleWebKit/537.36 (KHTML, like Gecko) Chrome/141.0.7390.122 Mobile Safari/537.36 (compatible; Googlebot/2.1; +http://www.google.com/bot.html)"
74.7.227.177 - - [04/Nov/2025:14:25:08 +0100] "GET /388930?path=//home HTTP/2.0" 200 16497 "-" "Mozilla/5.0 AppleWebKit/537.36 (KHTML, like Gecko; compatible; GPTBot/1.2; +https://openai.com/gptbot)"
74.7.227.240 - - [04/Nov/2025:14:25:09 +0100] "GET /?path=//proc/self/root/proc/67277/root/usr/lib/.build-id/bd HTTP/2.0" 200 39449 "-" "Mozilla/5.0 AppleWebKit/537.36 (KHTML, like Gecko; compatible; GPTBot/1.2; +https://openai.com/gptbot)"
74.7.227.177 - - [04/Nov/2025:14:25:10 +0100] "GET /680077?path=//home HTTP/2.0" 200 16497 "-" "Mozilla/5.0 AppleWebKit/537.36 (KHTML, like Gecko; compatible; GPTBot/1.2; +https://openai.com/gptbot)"
74.7.227.240 - - [04/Nov/2025:14:25:11 +0100] "GET /?path=//proc/self/root/proc/67277/root/usr/lib/.build-id/af HTTP/2.0" 200 44537 "-" "Mozilla/5.0 AppleWebKit/537.36 (KHTML, like Gecko; compatible; GPTBot/1.2; +https://openai.com/gptbot)"
74.7.227.36 - - [04/Nov/2025:14:25:11 +0100] "GET /?path=//proc/self/root/proc/54274/root/opt/cpanel/ea-php81/root/run/lock HTTP/2.0" 200 15915 "-" "Mozilla/5.0 AppleWebKit/537.36 (KHTML, like Gecko; compatible; GPTBot/1.2; +https://openai.com/gptbot)"
74.7.227.3 - - [04/Nov/2025:14:25:12 +0100] "GET /?path=//opt/alt/python312/lib/python3.12/site-packages/pip/_internal/resolution/legacy/__pycache__ HTTP/2.0" 200 19578 "-" "Mozilla/5.0 AppleWebKit/537.36 (KHTML, like Gecko; compatible; GPTBot/1.2; +https://openai.com/gptbot)"
74.7.227.177 - - [04/Nov/2025:14:25:12 +0100] "GET /690680?path=//var/www HTTP/2.0" 200 17838 "-" "Mozilla/5.0 AppleWebKit/537.36 (KHTML, like Gecko; compatible; GPTBot/1.2; +https://openai.com/gptbot)"
74.7.227.240 - - [04/Nov/2025:14:25:13 +0100] "GET /?path=//proc/self/root/proc/67277/root/usr/lib/.build-id/ab HTTP/2.0" 200 49628 "-" "Mozilla/5.0 AppleWebKit/537.36 (KHTML, like Gecko; compatible; GPTBot/1.2; +https://openai.com/gptbot)"
74.7.227.36 - - [04/Nov/2025:14:25:13 +0100] "GET /?path=//proc/self/root/proc/53872/root/opt/cpanel/ea-php54/root/etc/pm HTTP/2.0" 200 20334 "-" "Mozilla/5.0 AppleWebKit/537.36 (KHTML, like Gecko; compatible; GPTBot/1.2; +https://openai.com/gptbot)"
74.7.227.177 - - [04/Nov/2025:14:25:16 +0100] "GET /505361?path=//sbin HTTP/2.0" 200 77074 "-" "Mozilla/5.0 AppleWebKit/537.36 (KHTML, like Gecko; compatible; GPTBot/1.2; +https://openai.com/gptbot)"
74.7.227.240 - - [04/Nov/2025:14:25:16 +0100] "GET /?path=//proc/self/root/proc/67277/root/usr/lib/.build-id/ca HTTP/2.0" 200 41149 "-" "Mozilla/5.0 AppleWebKit/537.36 (KHTML, like Gecko; compatible; GPTBot/1.2; +https://openai.com/gptbot)"
74.7.227.148 - - [04/Nov/2025:14:25:17 +0100] "GET /?path=//opt/alt/python35/lib64/python3.5/site-packages/numpy/matrixlib/tests HTTP/2.0" 200 23972 "-" "Mozilla/5.0 AppleWebKit/537.36 (KHTML, like Gecko; compatible; GPTBot/1.2; +https://openai.com/gptbot)"
74.7.227.36 - - [04/Nov/2025:14:25:17 +0100] "GET /?path=//proc/self/root/proc/53872/root/opt/cpanel/ea-php70/root/etc/pki HTTP/2.0" 200 15913 "-" "Mozilla/5.0 AppleWebKit/537.36 (KHTML, like Gecko; compatible; GPTBot/1.2; +https://openai.com/gptbot)"
74.7.227.177 - - [04/Nov/2025:14:25:19 +0100] "GET /690680?path=//sbin HTTP/2.0" 200 77074 "-" "Mozilla/5.0 AppleWebKit/537.36 (KHTML, like Gecko; compatible; GPTBot/1.2; +https://openai.com/gptbot)"
74.7.227.240 - - [04/Nov/2025:14:25:19 +0100] "GET /?path=//proc/self/root/proc/67277/root/usr/lib/.build-id/cc HTTP/2.0" 200 34371 "-" "Mozilla/5.0 AppleWebKit/537.36 (KHTML, like Gecko; compatible; GPTBot/1.2; +https://openai.com/gptbot)"
74.7.227.3 - - [04/Nov/2025:14:25:19 +0100] "GET /?fileloc=//lib/firmware/agere_sta_fw.bin&path=//lib/firmware HTTP/2.0" 200 120083 "-" "Mozilla/5.0 AppleWebKit/537.36 (KHTML, like Gecko; compatible; GPTBot/1.2; +https://openai.com/gptbot)"
57.141.0.68 - - [04/Nov/2025:14:25:19 +0100] "GET //?p=22035 HTTP/2.0" 200 76365 "-" "meta-externalagent/1.1 (+https://developers.facebook.com/docs/sharing/webmasters/crawler)"
74.7.227.36 - - [04/Nov/2025:14:25:20 +0100] "GET /?path=//proc/self/root/proc/54274/root/opt/alt/alt-nodejs16/root/var/opt HTTP/2.0" 200 15915 "-" "Mozilla/5.0 AppleWebKit/537.36 (KHTML, like Gecko; compatible; GPTBot/1.2; +https://openai.com/gptbot)"
74.7.227.240 - - [04/Nov/2025:14:25:21 +0100] "GET /?path=//proc/self/root/proc/67277/root/usr/lib/.build-id/cf HTTP/2.0" 200 49624 "-" "Mozilla/5.0 AppleWebKit/537.36 (KHTML, like Gecko; compatible; GPTBot/1.2; +https://openai.com/gptbot)"
66.249.69.167 - - [04/Nov/2025:14:25:22 +0100] "GET /items/mzxnm202/11346?key=easy HTTP/1.1" 200 557776 "-" "Mozilla/5.0 (Linux; Android 6.0.1; Nexus 5X Build/MMB29P) AppleWebKit/537.36 (KHTML, like Gecko) Chrome/141.0.7390.122 Mobile Safari/537.36 (compatible; Googlebot/2.1; +http://www.google.com/bot.html)"
74.7.227.177 - - [04/Nov/2025:14:25:22 +0100] "GET /449864?path=//home HTTP/2.0" 200 16497 "-" "Mozilla/5.0 AppleWebKit/537.36 (KHTML, like Gecko; compatible; GPTBot/1.2; +https://openai.com/gptbot)"
74.7.227.240 - - [04/Nov/2025:14:25:23 +0100] "GET /?path=//proc/self/root/proc/67277/root/usr/lib/.build-id/fd HTTP/2.0" 200 39449 "-" "Mozilla/5.0 AppleWebKit/537.36 (KHTML, like Gecko; compatible; GPTBot/1.2; +https://openai.com/gptbot)"
66.249.69.169 - - [04/Nov/2025:14:25:23 +0100] "GET /dumb035024386.html HTTP/1.1" 200 205505 "-" "Mozilla/5.0 (Linux; Android 6.0.1; Nexus 5X Build/MMB29P) AppleWebKit/537.36 (KHTML, like Gecko) Chrome/141.0.7390.122 Mobile Safari/537.36 (compatible; Googlebot/2.1; +http://www.google.com/bot.html)"
74.7.227.36 - - [04/Nov/2025:14:25:25 +0100] "GET /?path=//proc/self/root/proc/53872/root/opt/cpanel/ea-php54/root/run HTTP/2.0" 200 17275 "-" "Mozilla/5.0 AppleWebKit/537.36 (KHTML, like Gecko; compatible; GPTBot/1.2; +https://openai.com/gptbot)"
74.7.227.240 - - [04/Nov/2025:14:25:25 +0100] "GET /?path=//proc/self/root/proc/67277/root/usr/lib/.build-id/ee HTTP/2.0" 200 47930 "-" "Mozilla/5.0 AppleWebKit/537.36 (KHTML, like Gecko; compatible; GPTBot/1.2; +https://openai.com/gptbot)"
74.7.227.148 - - [04/Nov/2025:14:25:25 +0100] "GET /?path=//opt/alt/python35/lib64/python3.5/site-packages/numpy/f2py/src HTTP/2.0" 200 19020 "-" "Mozilla/5.0 AppleWebKit/537.36 (KHTML, like Gecko; compatible; GPTBot/1.2; +https://openai.com/gptbot)"
74.7.227.177 - - [04/Nov/2025:14:25:26 +0100] "GET /388930?path=//sbin HTTP/2.0" 200 77074 "-" "Mozilla/5.0 AppleWebKit/537.36 (KHTML, like Gecko; compatible; GPTBot/1.2; +https://openai.com/gptbot)"
66.249.69.168 - - [04/Nov/2025:14:25:26 +0100] "GET /roughly045036780.html HTTP/1.1" 200 554215 "-" "Mozilla/5.0 (Linux; Android 6.0.1; Nexus 5X Build/MMB29P) AppleWebKit/537.36 (KHTML, like Gecko) Chrome/141.0.7390.122 Mobile Safari/537.36 (compatible; Googlebot/2.1; +http://www.google.com/bot.html)"
74.7.227.240 - - [04/Nov/2025:14:25:28 +0100] "GET /?path=//proc/self/root/proc/67277/root/usr/lib/.build-id/ff HTTP/2.0" 200 46233 "-" "Mozilla/5.0 AppleWebKit/537.36 (KHTML, like Gecko; compatible; GPTBot/1.2; +https://openai.com/gptbot)"
66.249.77.33 - - [04/Nov/2025:14:25:29 +0100] "GET /?1035298126?detail=1032477518 HTTP/1.1" 200 560436 "-" "Mozilla/5.0 (Linux; Android 6.0.1; Nexus 5X Build/MMB29P) AppleWebKit/537.36 (KHTML, like Gecko) Chrome/141.0.7390.122 Mobile Safari/537.36 (compatible; Googlebot/2.1; +http://www.google.com/bot.html)"
74.7.227.177 - - [04/Nov/2025:14:25:29 +0100] "GET /680077?path=//sbin HTTP/2.0" 200 77074 "-" "Mozilla/5.0 AppleWebKit/537.36 (KHTML, like Gecko; compatible; GPTBot/1.2; +https://openai.com/gptbot)"
74.7.227.36 - - [04/Nov/2025:14:25:29 +0100] "GET /?path=//proc/self/root/proc/53872/root/opt/cpanel/ea-ruby27/root/sys HTTP/2.0" 200 13278 "-" "Mozilla/5.0 AppleWebKit/537.36 (KHTML, like Gecko; compatible; GPTBot/1.2; +https://openai.com/gptbot)"
74.7.227.240 - - [04/Nov/2025:14:25:30 +0100] "GET /?path=//proc/self/root/proc/67277/root/usr/lib/.build-id/aa HTTP/2.0" 200 42843 "-" "Mozilla/5.0 AppleWebKit/537.36 (KHTML, like Gecko; compatible; GPTBot/1.2; +https://openai.com/gptbot)"
208.110.64.178 - - [04/Nov/2025:14:25:31 +0100] "GET /wp-content/ad1f3ec7/edit.php HTTP/1.1" 200 6 "https://opalaesthetic.net/wp-content/ad1f3ec7/edit.php" "Mozilla/5.0 (Windows NT 10.0; Win64; x64) AppleWebKit/537.36 (KHTML, like Gecko) Chrome/58.0.3029.110 Safari/537.3"
74.7.227.148 - - [04/Nov/2025:14:25:32 +0100] "GET /?path=//opt/alt/python36/lib64/python3.6/idlelib/idle_test/__pycache__ HTTP/2.0" 200 334169 "-" "Mozilla/5.0 AppleWebKit/537.36 (KHTML, like Gecko; compatible; GPTBot/1.2; +https://openai.com/gptbot)"
74.7.227.3 - - [04/Nov/2025:14:25:32 +0100] "GET /?path=//opt/alt/python311/lib/python3.11/site-packages/pip/_internal/operations/build/__pycache__ HTTP/2.0" 200 28607 "-" "Mozilla/5.0 AppleWebKit/537.36 (KHTML, like Gecko; compatible; GPTBot/1.2; +https://openai.com/gptbot)"
74.7.227.240 - - [04/Nov/2025:14:25:32 +0100] "GET /?path=//proc/self/root/proc/67277/root/usr/lib/.build-id/bc HTTP/2.0" 200 38601 "-" "Mozilla/5.0 AppleWebKit/537.36 (KHTML, like Gecko; compatible; GPTBot/1.2; +https://openai.com/gptbot)"
74.7.227.36 - - [04/Nov/2025:14:25:32 +0100] "GET /?path=//proc/self/root/proc/54274/root/opt/cpanel/ea-php80/root/var/spool HTTP/2.0" 200 18853 "-" "Mozilla/5.0 AppleWebKit/537.36 (KHTML, like Gecko; compatible; GPTBot/1.2; +https://openai.com/gptbot)"
74.7.227.177 - - [04/Nov/2025:14:25:33 +0100] "GET /702232?path=//sbin HTTP/2.0" 200 74525 "-" "Mozilla/5.0 AppleWebKit/537.36 (KHTML, like Gecko; compatible; GPTBot/1.2; +https://openai.com/gptbot)"
74.7.227.240 - - [04/Nov/2025:14:25:37 +0100] "GET /?path=//proc/self/root/proc/67277/root/usr/lib/.build-id/ed HTTP/2.0" 200 32672 "-" "Mozilla/5.0 AppleWebKit/537.36 (KHTML, like Gecko; compatible; GPTBot/1.2; +https://openai.com/gptbot)"
74.7.227.177 - - [04/Nov/2025:14:25:37 +0100] "GET /505361?path=//proc HTTP/2.0" 200 111284 "-" "Mozilla/5.0 AppleWebKit/537.36 (KHTML, like Gecko; compatible; GPTBot/1.2; +https://openai.com/gptbot)"
74.7.227.148 - - [04/Nov/2025:14:25:38 +0100] "GET /?path=//opt/alt/python35/lib64/python3.5/site-packages/numpy/ma/tests HTTP/2.0" 200 28750 "-" "Mozilla/5.0 AppleWebKit/537.36 (KHTML, like Gecko; compatible; GPTBot/1.2; +https://openai.com/gptbot)"
74.7.227.36 - - [04/Nov/2025:14:25:39 +0100] "GET /?path=//proc/self/root/proc/53872/root/opt/alt/alt-nodejs19/root/usr/src HTTP/2.0" 200 18865 "-" "Mozilla/5.0 AppleWebKit/537.36 (KHTML, like Gecko; compatible; GPTBot/1.2; +https://openai.com/gptbot)"
74.7.227.240 - - [04/Nov/2025:14:25:40 +0100] "GET /?path=//proc/self/root/proc/67277/root/usr/lib/.build-id/bb HTTP/2.0" 200 41143 "-" "Mozilla/5.0 AppleWebKit/537.36 (KHTML, like Gecko; compatible; GPTBot/1.2; +https://openai.com/gptbot)"
74.7.227.177 - - [04/Nov/2025:14:25:42 +0100] "GET /505361?fileloc=//bin/git-shell&path=//bin HTTP/2.0" 200 3536530 "-" "Mozilla/5.0 AppleWebKit/537.36 (KHTML, like Gecko; compatible; GPTBot/1.2; +https://openai.com/gptbot)"
74.7.227.36 - - [04/Nov/2025:14:25:43 +0100] "GET /?path=//proc/self/root/proc/54274/root/opt/alt/alt-nodejs18/root/usr HTTP/2.0" 200 33312 "-" "Mozilla/5.0 AppleWebKit/537.36 (KHTML, like Gecko; compatible; GPTBot/1.2; +https://openai.com/gptbot)"
66.249.69.167 - - [04/Nov/2025:14:25:43 +0100] "GET /thereby078034319.html HTTP/1.1" 200 557121 "-" "Mozilla/5.0 (Linux; Android 6.0.1; Nexus 5X Build/MMB29P) AppleWebKit/537.36 (KHTML, like Gecko) Chrome/141.0.7390.122 Mobile Safari/537.36 (compatible; Googlebot/2.1; +http://www.google.com/bot.html)"
74.7.227.240 - - [04/Nov/2025:14:25:44 +0100] "GET /?path=//proc/self/root/proc/67277/root/usr/lib/.build-id/fe HTTP/2.0" 200 44536 "-" "Mozilla/5.0 AppleWebKit/537.36 (KHTML, like Gecko; compatible; GPTBot/1.2; +https://openai.com/gptbot)"
74.7.227.148 - - [04/Nov/2025:14:25:44 +0100] "GET /?path=//opt/alt/python35/lib64/python3.5/tkinter/test/test_tkinter/__pycache__ HTTP/2.0" 200 62745 "-" "Mozilla/5.0 AppleWebKit/537.36 (KHTML, like Gecko; compatible; GPTBot/1.2; +https://openai.com/gptbot)"
74.7.227.3 - - [04/Nov/2025:14:25:45 +0100] "GET /?path=//opt/alt/python312/lib/python3.12/site-packages/pip/_vendor/cachecontrol/caches/__pycache__ HTTP/2.0" 200 21389 "-" "Mozilla/5.0 AppleWebKit/537.36 (KHTML, like Gecko; compatible; GPTBot/1.2; +https://openai.com/gptbot)"
69.197.179.242 - - [04/Nov/2025:14:24:21 +0100] "GET /wp-includes/qqe586cc/index.php?id=968360 HTTP/1.1" 200 - "https://opalaesthetic.net/wp-includes/qqe586cc/index.php?id=968360" "Mozilla/5.0 (Windows NT 10.0; Win64; x64) AppleWebKit/537.36 (KHTML, like Gecko) Chrome/58.0.3029.110 Safari/537.3"
74.7.227.177 - - [04/Nov/2025:14:25:46 +0100] "GET /505361?fileloc=//bin/reindexdb&path=//bin HTTP/2.0" 200 114290 "-" "Mozilla/5.0 AppleWebKit/537.36 (KHTML, like Gecko; compatible; GPTBot/1.2; +https://openai.com/gptbot)"
74.7.227.240 - - [04/Nov/2025:14:25:46 +0100] "GET /?path=//proc/self/root/proc/67277/root/usr/lib/.build-id/ac HTTP/2.0" 200 44538 "-" "Mozilla/5.0 AppleWebKit/537.36 (KHTML, like Gecko; compatible; GPTBot/1.2; +https://openai.com/gptbot)"
74.7.227.36 - - [04/Nov/2025:14:25:46 +0100] "GET /?path=//proc/self/root/proc/53872/root/opt/alt/alt-nodejs18/root/bin HTTP/2.0" 200 43130 "-" "Mozilla/5.0 AppleWebKit/537.36 (KHTML, like Gecko; compatible; GPTBot/1.2; +https://openai.com/gptbot)"
74.7.227.148 - - [04/Nov/2025:14:25:49 +0100] "GET /?fileloc=//opt/alt/python36/lib64/python3.6/idlelib/idle_test/test_parenmatch.py&path=//opt/alt/python36/lib64/python3.6/idlelib/idle_test HTTP/2.0" 200 19370 "-" "Mozilla/5.0 AppleWebKit/537.36 (KHTML, like Gecko; compatible; GPTBot/1.2; +https://openai.com/gptbot)"
74.7.227.240 - - [04/Nov/2025:14:25:49 +0100] "GET /?fileloc=//proc/self/root/proc/67277/root/usr/lib/.build-id/ee/4acb3256f14fffa0305334e2f42f7f7062e73e&path=//proc/self/root/proc/67277/root/usr/lib/.build-id/ee HTTP/2.0" 200 25203 "-" "Mozilla/5.0 AppleWebKit/537.36 (KHTML, like Gecko; compatible; GPTBot/1.2; +https://openai.com/gptbot)"
74.7.227.177 - - [04/Nov/2025:14:25:51 +0100] "GET /690680?path=//proc HTTP/2.0" 200 103490 "-" "Mozilla/5.0 AppleWebKit/537.36 (KHTML, like Gecko; compatible; GPTBot/1.2; +https://openai.com/gptbot)"
74.7.227.3 - - [04/Nov/2025:14:25:51 +0100] "GET /?path=//opt/alt/python310/lib/python3.10/site-packages/pip/_internal/resolution/legacy/__pycache__ HTTP/2.0" 200 17028 "-" "Mozilla/5.0 AppleWebKit/537.36 (KHTML, like Gecko; compatible; GPTBot/1.2; +https://openai.com/gptbot)"
74.7.227.240 - - [04/Nov/2025:14:25:51 +0100] "GET /?path=//proc/self/root/proc/67277/root/usr/lib/.build-id/dd HTTP/2.0" 200 42838 "-" "Mozilla/5.0 AppleWebKit/537.36 (KHTML, like Gecko; compatible; GPTBot/1.2; +https://openai.com/gptbot)"
66.249.76.196 - - [04/Nov/2025:14:25:51 +0100] "GET /cheat045041852.html HTTP/1.1" 200 203113 "-" "Mozilla/5.0 (Linux; Android 6.0.1; Nexus 5X Build/MMB29P) AppleWebKit/537.36 (KHTML, like Gecko) Chrome/141.0.7390.122 Mobile Safari/537.36 (compatible; Googlebot/2.1; +http://www.google.com/bot.html)"
74.7.227.36 - - [04/Nov/2025:14:25:51 +0100] "GET /?path=//proc/self/root/proc/54274/root/opt/alt/alt-nodejs20/root/etc HTTP/2.0" 200 24927 "-" "Mozilla/5.0 AppleWebKit/537.36 (KHTML, like Gecko; compatible; GPTBot/1.2; +https://openai.com/gptbot)"
74.7.227.148 - - [04/Nov/2025:14:25:53 +0100] "GET /?path=//opt/alt/python35/lib64/python3.5/idlelib/idle_test/__pycache__ HTTP/2.0" 200 180506 "-" "Mozilla/5.0 AppleWebKit/537.36 (KHTML, like Gecko; compatible; GPTBot/1.2; +https://openai.com/gptbot)"
74.7.227.177 - - [04/Nov/2025:14:25:53 +0100] "GET /388930?path=//proc HTTP/2.0" 200 107387 "-" "Mozilla/5.0 AppleWebKit/537.36 (KHTML, like Gecko; compatible; GPTBot/1.2; +https://openai.com/gptbot)"
66.249.77.34 - - [04/Nov/2025:14:25:53 +0100] "GET /category/187_4024/1/listing HTTP/1.1" 200 567615 "-" "Mozilla/5.0 (Linux; Android 6.0.1; Nexus 5X Build/MMB29P) AppleWebKit/537.36 (KHTML, like Gecko) Chrome/141.0.7390.122 Mobile Safari/537.36 (compatible; Googlebot/2.1; +http://www.google.com/bot.html)"
74.7.227.240 - - [04/Nov/2025:14:25:54 +0100] "GET /?path=//proc/self/root/proc/67277/root/usr/lib/.build-id/ea HTTP/2.0" 200 44532 "-" "Mozilla/5.0 AppleWebKit/537.36 (KHTML, like Gecko; compatible; GPTBot/1.2; +https://openai.com/gptbot)"
74.7.227.36 - - [04/Nov/2025:14:25:56 +0100] "GET /?path=//proc/self/root/proc/67277/root/opt/alt/alt-nodejs19/root/usr/src HTTP/2.0" 200 18865 "-" "Mozilla/5.0 AppleWebKit/537.36 (KHTML, like Gecko; compatible; GPTBot/1.2; +https://openai.com/gptbot)"
66.249.69.167 - - [04/Nov/2025:14:25:55 +0100] "GET /Soviet094042311.html HTTP/1.1" 200 555169 "-" "Mozilla/5.0 (Linux; Android 6.0.1; Nexus 5X Build/MMB29P) AppleWebKit/537.36 (KHTML, like Gecko) Chrome/141.0.7390.122 Mobile Safari/537.36 (compatible; Googlebot/2.1; +http://www.google.com/bot.html)"
74.7.227.240 - - [04/Nov/2025:14:25:56 +0100] "GET /?path=//proc/self/root/proc/67277/root/usr/lib/.build-id/cb HTTP/2.0" 200 44538 "-" "Mozilla/5.0 AppleWebKit/537.36 (KHTML, like Gecko; compatible; GPTBot/1.2; +https://openai.com/gptbot)"
74.7.227.177 - - [04/Nov/2025:14:25:56 +0100] "GET /702232?path=//root HTTP/2.0" 200 15202 "-" "Mozilla/5.0 AppleWebKit/537.36 (KHTML, like Gecko; compatible; GPTBot/1.2; +https://openai.com/gptbot)"
66.249.69.170 - - [04/Nov/2025:14:25:57 +0100] "GET /items/zcnpf167/20225?key=dissolve HTTP/1.1" 200 550925 "-" "Mozilla/5.0 (Linux; Android 6.0.1; Nexus 5X Build/MMB29P) AppleWebKit/537.36 (KHTML, like Gecko) Chrome/141.0.7390.122 Mobile Safari/537.36 (compatible; Googlebot/2.1; +http://www.google.com/bot.html)"
74.7.227.3 - - [04/Nov/2025:14:25:56 +0100] "GET /?path=//lib/firmware/e100 HTTP/2.0" 200 19687 "-" "Mozilla/5.0 AppleWebKit/537.36 (KHTML, like Gecko; compatible; GPTBot/1.2; +https://openai.com/gptbot)"
66.249.76.197 - - [04/Nov/2025:14:25:59 +0100] "GET /spit298037207.html?fileloc=/home/opal/public_html/radio.php?etc/disclaimer.html HTTP/1.1" 200 554441 "-" "Mozilla/5.0 (Linux; Android 6.0.1; Nexus 5X Build/MMB29P) AppleWebKit/537.36 (KHTML, like Gecko) Chrome/141.0.7390.122 Mobile Safari/537.36 (compatible; GoogleOther)"
74.7.227.36 - - [04/Nov/2025:14:25:58 +0100] "GET /?path=//proc/self/root/proc/54274/root/opt/alt/alt-nodejs19/root/var/adm HTTP/2.0" 200 15915 "-" "Mozilla/5.0 AppleWebKit/537.36 (KHTML, like Gecko; compatible; GPTBot/1.2; +https://openai.com/gptbot)"
74.7.227.240 - - [04/Nov/2025:14:25:58 +0100] "GET /?path=//proc/self/root/proc/67277/root/usr/lib/.build-id/dc HTTP/2.0" 200 27590 "-" "Mozilla/5.0 AppleWebKit/537.36 (KHTML, like Gecko; compatible; GPTBot/1.2; +https://openai.com/gptbot)"
74.7.227.177 - - [04/Nov/2025:14:26:00 +0100] "GET /505361?path=//proc/net HTTP/2.0" 200 86403 "-" "Mozilla/5.0 AppleWebKit/537.36 (KHTML, like Gecko; compatible; GPTBot/1.2; +https://openai.com/gptbot)"
74.7.227.148 - - [04/Nov/2025:14:26:00 +0100] "GET /?path=//opt/alt/python35/lib64/python3.5/html/__pycache__ HTTP/2.0" 200 30307 "-" "Mozilla/5.0 AppleWebKit/537.36 (KHTML, like Gecko; compatible; GPTBot/1.2; +https://openai.com/gptbot)"
74.7.227.3 - - [04/Nov/2025:14:26:01 +0100] "GET /?path=//opt/alt/python310/lib/python3.10/site-packages/pip/_vendor/cachecontrol/caches/__pycache__ HTTP/2.0" 200 21389 "-" "Mozilla/5.0 AppleWebKit/537.36 (KHTML, like Gecko; compatible; GPTBot/1.2; +https://openai.com/gptbot)"
66.249.69.168 - - [04/Nov/2025:14:26:03 +0100] "GET /weak040022871.html?fileloc=/home/opal/public_html/sitemap544.xml&path=/home/opal/public_html HTTP/1.1" 200 562792 "-" "Mozilla/5.0 (Linux; Android 6.0.1; Nexus 5X Build/MMB29P) AppleWebKit/537.36 (KHTML, like Gecko) Chrome/141.0.7390.122 Mobile Safari/537.36 (compatible; GoogleOther)"
74.7.227.36 - - [04/Nov/2025:14:26:03 +0100] "GET /?path=//proc/self/root/proc/54274/root/opt/alt/alt-nodejs18/root/usr/sbin HTTP/2.0" 200 25686 "-" "Mozilla/5.0 AppleWebKit/537.36 (KHTML, like Gecko; compatible; GPTBot/1.2; +https://openai.com/gptbot)"
74.7.227.240 - - [04/Nov/2025:14:26:03 +0100] "GET /?path=//proc/self/root/proc/67277/root/usr/lib/.build-id/bf HTTP/2.0" 200 39420 "-" "Mozilla/5.0 AppleWebKit/537.36 (KHTML, like Gecko; compatible; GPTBot/1.2; +https://openai.com/gptbot)"
74.7.227.148 - - [04/Nov/2025:14:26:04 +0100] "GET /?path=//opt/alt/python36/lib64/python3.6/test/test_import/data/package2/__pycache__ HTTP/2.0" 200 26358 "-" "Mozilla/5.0 AppleWebKit/537.36 (KHTML, like Gecko; compatible; GPTBot/1.2; +https://openai.com/gptbot)"
66.249.69.168 - - [04/Nov/2025:14:26:06 +0100] "GET /commission216002187.html HTTP/1.1" 200 556532 "-" "Mozilla/5.0 (Linux; Android 6.0.1; Nexus 5X Build/MMB29P) AppleWebKit/537.36 (KHTML, like Gecko) Chrome/141.0.7390.122 Mobile Safari/537.36 (compatible; Googlebot/2.1; +http://www.google.com/bot.html)"
74.7.227.177 - - [04/Nov/2025:14:26:07 +0100] "GET /388930?path=//root HTTP/2.0" 200 15202 "-" "Mozilla/5.0 AppleWebKit/537.36 (KHTML, like Gecko; compatible; GPTBot/1.2; +https://openai.com/gptbot)"
66.249.76.195 - - [04/Nov/2025:14:26:07 +0100] "GET /ultimately013020806.html HTTP/1.1" 200 200302 "-" "Mozilla/5.0 (Linux; Android 6.0.1; Nexus 5X Build/MMB29P) AppleWebKit/537.36 (KHTML, like Gecko) Chrome/141.0.7390.122 Mobile Safari/537.36 (compatible; Googlebot/2.1; +http://www.google.com/bot.html)"
74.7.227.3 - - [04/Nov/2025:14:26:07 +0100] "GET /?fileloc=//lib/firmware/i915/dg2_guc_70.4.1.bin&path=//lib/firmware/i915 HTTP/2.0" 200 540659 "-" "Mozilla/5.0 AppleWebKit/537.36 (KHTML, like Gecko; compatible; GPTBot/1.2; +https://openai.com/gptbot)"
74.7.227.240 - - [04/Nov/2025:14:26:07 +0100] "GET /?path=//proc/self/root/proc/67277/root/usr/lib/.build-id/ba HTTP/2.0" 200 41147 "-" "Mozilla/5.0 AppleWebKit/537.36 (KHTML, like Gecko; compatible; GPTBot/1.2; +https://openai.com/gptbot)"
74.7.227.36 - - [04/Nov/2025:14:26:08 +0100] "GET /?path=//proc/self/root/proc/54274/root/opt/alt/alt-nodejs18/root/tmp HTTP/2.0" 200 15824 "-" "Mozilla/5.0 AppleWebKit/537.36 (KHTML, like Gecko; compatible; GPTBot/1.2; +https://openai.com/gptbot)"
74.7.227.148 - - [04/Nov/2025:14:26:08 +0100] "GET /?path=//opt/alt/python36/lib64/python3.6/sqlite3/test/__pycache__ HTTP/2.0" 200 60811 "-" "Mozilla/5.0 AppleWebKit/537.36 (KHTML, like Gecko; compatible; GPTBot/1.2; +https://openai.com/gptbot)"
66.249.76.194 - - [04/Nov/2025:14:26:09 +0100] "GET /?w=2674829843548&channel=144e46&from=https://opalaesthetic.net/buy.jsp?vessel138039719.html HTTP/1.1" 200 555743 "-" "Mozilla/5.0 (Linux; Android 6.0.1; Nexus 5X Build/MMB29P) AppleWebKit/537.36 (KHTML, like Gecko) Chrome/141.0.7390.122 Mobile Safari/537.36 (compatible; GoogleOther)"
74.7.227.177 - - [04/Nov/2025:14:26:10 +0100] "GET /690680?path=//root HTTP/2.0" 200 15202 "-" "Mozilla/5.0 AppleWebKit/537.36 (KHTML, like Gecko; compatible; GPTBot/1.2; +https://openai.com/gptbot)"
74.7.227.240 - - [04/Nov/2025:14:26:13 +0100] "GET /?path=//proc/self/root/proc/67277/root/usr/lib/.build-id/fb HTTP/2.0" 200 37757 "-" "Mozilla/5.0 AppleWebKit/537.36 (KHTML, like Gecko; compatible; GPTBot/1.2; +https://openai.com/gptbot)"
74.7.227.3 - - [04/Nov/2025:14:26:13 +0100] "GET /?path=//proc/2589545/root/proc/self/root/lib64/pkcs11 HTTP/2.0" 200 15597 "-" "Mozilla/5.0 AppleWebKit/537.36 (KHTML, like Gecko; compatible; GPTBot/1.2; +https://openai.com/gptbot)"
74.7.227.148 - - [04/Nov/2025:14:26:13 +0100] "GET /?path=//opt/alt/python36/lib64/python3.6/test/__pycache__ HTTP/2.0" 200 2315938 "-" "Mozilla/5.0 AppleWebKit/537.36 (KHTML, like Gecko; compatible; GPTBot/1.2; +https://openai.com/gptbot)"
74.7.227.177 - - [04/Nov/2025:14:26:14 +0100] "GET /690680?path=//proc/irq HTTP/2.0" 200 73555 "-" "Mozilla/5.0 AppleWebKit/537.36 (KHTML, like Gecko; compatible; GPTBot/1.2; +https://openai.com/gptbot)"
74.7.227.36 - - [04/Nov/2025:14:26:14 +0100] "GET /?path=//proc/self/root/proc/54274/root/opt/alt/alt-nodejs18/root/usr/src HTTP/2.0" 200 18865 "-" "Mozilla/5.0 AppleWebKit/537.36 (KHTML, like Gecko; compatible; GPTBot/1.2; +https://openai.com/gptbot)"
66.249.77.34 - - [04/Nov/2025:14:26:16 +0100] "GET /category/25_26_255/1/listing HTTP/1.1" 200 553453 "-" "Mozilla/5.0 (Linux; Android 6.0.1; Nexus 5X Build/MMB29P) AppleWebKit/537.36 (KHTML, like Gecko) Chrome/141.0.7390.122 Mobile Safari/537.36 (compatible; Googlebot/2.1; +http://www.google.com/bot.html)"
74.7.227.240 - - [04/Nov/2025:14:26:16 +0100] "GET /?path=//proc/self/root/proc/67277/root/usr/lib/.build-id/ec HTTP/2.0" 200 39461 "-" "Mozilla/5.0 AppleWebKit/537.36 (KHTML, like Gecko; compatible; GPTBot/1.2; +https://openai.com/gptbot)"
74.7.227.177 - - [04/Nov/2025:14:26:18 +0100] "GET /690680?path=//proc/net HTTP/2.0" 200 86403 "-" "Mozilla/5.0 AppleWebKit/537.36 (KHTML, like Gecko; compatible; GPTBot/1.2; +https://openai.com/gptbot)"
74.7.227.148 - - [04/Nov/2025:14:26:19 +0100] "GET /?path=//opt/alt/python35/lib64/python3.5/site-packages/numpy/testing HTTP/2.0" 200 30005 "-" "Mozilla/5.0 AppleWebKit/537.36 (KHTML, like Gecko; compatible; GPTBot/1.2; +https://openai.com/gptbot)"
74.7.227.36 - - [04/Nov/2025:14:26:19 +0100] "GET /?path=//proc/self/root/proc/54274/root/opt/alt/alt-nodejs20/root/etc/sysconfig HTTP/2.0" 200 15927 "-" "Mozilla/5.0 AppleWebKit/537.36 (KHTML, like Gecko; compatible; GPTBot/1.2; +https://openai.com/gptbot)"
74.7.227.240 - - [04/Nov/2025:14:26:20 +0100] "GET /?path=//proc/self/root/proc/67277/root/usr/lib/.build-id/cd HTTP/2.0" 200 51317 "-" "Mozilla/5.0 AppleWebKit/537.36 (KHTML, like Gecko; compatible; GPTBot/1.2; +https://openai.com/gptbot)"
74.7.227.177 - - [04/Nov/2025:14:26:21 +0100] "GET /388930?path=//proc/net HTTP/2.0" 200 86403 "-" "Mozilla/5.0 AppleWebKit/537.36 (KHTML, like Gecko; compatible; GPTBot/1.2; +https://openai.com/gptbot)"
74.7.227.240 - - [04/Nov/2025:14:26:23 +0100] "GET /?path=//proc/self/root/proc/67277/root/usr/lib/.build-id/ef HTTP/2.0" 200 41148 "-" "Mozilla/5.0 AppleWebKit/537.36 (KHTML, like Gecko; compatible; GPTBot/1.2; +https://openai.com/gptbot)"
74.7.227.36 - - [04/Nov/2025:14:26:24 +0100] "GET /?path=//proc/self/root/proc/54274/root/opt/alt/alt-nodejs20/root/etc/skel HTTP/2.0" 200 15917 "-" "Mozilla/5.0 AppleWebKit/537.36 (KHTML, like Gecko; compatible; GPTBot/1.2; +https://openai.com/gptbot)"
74.7.227.148 - - [04/Nov/2025:14:26:24 +0100] "GET /?path=//opt/alt/python36/lib64/python3.6/test/test_warnings/__pycache__ HTTP/2.0" 200 23287 "-" "Mozilla/5.0 AppleWebKit/537.36 (KHTML, like Gecko; compatible; GPTBot/1.2; +https://openai.com/gptbot)"
74.7.227.177 - - [04/Nov/2025:14:26:24 +0100] "GET /505361?fileloc=//proc/net/nf_conntrack_expect&path=//proc/net HTTP/2.0" 200 12289 "-" "Mozilla/5.0 AppleWebKit/537.36 (KHTML, like Gecko; compatible; GPTBot/1.2; +https://openai.com/gptbot)"
74.7.227.240 - - [04/Nov/2025:14:26:25 +0100] "GET /?path=//proc/self/root/proc/67277/root/usr/lib/.build-id/5b HTTP/2.0" 200 41141 "-" "Mozilla/5.0 AppleWebKit/537.36 (KHTML, like Gecko; compatible; GPTBot/1.2; +https://openai.com/gptbot)"
74.7.227.36 - - [04/Nov/2025:14:26:29 +0100] "GET /?path=//proc/self/root/proc/54274/root/opt/alt/alt-nodejs20/root/etc/opt HTTP/2.0" 200 15915 "-" "Mozilla/5.0 AppleWebKit/537.36 (KHTML, like Gecko; compatible; GPTBot/1.2; +https://openai.com/gptbot)"
