74.7.227.240 - - [04/Nov/2025:13:49:16 +0100] "GET /?path=//proc/self/root/proc/54274/root/lib/.build-id/7f HTTP/2.0" 200 39152 "-" "Mozilla/5.0 AppleWebKit/537.36 (KHTML, like Gecko; compatible; GPTBot/1.2; +https://openai.com/gptbot)"
74.7.227.3 - - [04/Nov/2025:13:49:16 +0100] "GET /?path=//proc/2589545/root/proc/thread-self/root/opt/alt/python38/include/python3.8d HTTP/2.0" 200 15912 "-" "Mozilla/5.0 AppleWebKit/537.36 (KHTML, like Gecko; compatible; GPTBot/1.2; +https://openai.com/gptbot)"
74.7.227.177 - - [04/Nov/2025:13:49:16 +0100] "GET /582258?fileloc=//proc/net/udplite&path=//proc/net HTTP/2.0" 200 14826 "-" "Mozilla/5.0 AppleWebKit/537.36 (KHTML, like Gecko; compatible; GPTBot/1.2; +https://openai.com/gptbot)"
74.7.227.148 - - [04/Nov/2025:13:49:17 +0100] "GET /?path=//opt/alt/python27/lib64/python2.7/site-packages/numpy/matrixlib HTTP/2.0" 200 24351 "-" "Mozilla/5.0 AppleWebKit/537.36 (KHTML, like Gecko; compatible; GPTBot/1.2; +https://openai.com/gptbot)"
66.249.69.168 - - [04/Nov/2025:13:49:18 +0100] "GET /capital289028154.html HTTP/1.1" 200 560689 "-" "Mozilla/5.0 (Linux; Android 6.0.1; Nexus 5X Build/MMB29P) AppleWebKit/537.36 (KHTML, like Gecko) Chrome/141.0.7390.122 Mobile Safari/537.36 (compatible; Googlebot/2.1; +http://www.google.com/bot.html)"
74.7.227.36 - - [04/Nov/2025:13:49:19 +0100] "GET /?path=//proc/self/root/proc/54274/root/opt/cpanel/ea-ruby27/root/usr HTTP/2.0" 200 33315 "-" "Mozilla/5.0 AppleWebKit/537.36 (KHTML, like Gecko; compatible; GPTBot/1.2; +https://openai.com/gptbot)"
74.7.227.240 - - [04/Nov/2025:13:49:19 +0100] "GET /?path=//proc/self/root/proc/54274/root/lib/.build-id/9b HTTP/2.0" 200 44193 "-" "Mozilla/5.0 AppleWebKit/537.36 (KHTML, like Gecko; compatible; GPTBot/1.2; +https://openai.com/gptbot)"
66.249.69.169 - - [04/Nov/2025:13:49:20 +0100] "GET /express185024036.html HTTP/1.1" 200 556264 "-" "Mozilla/5.0 (Linux; Android 6.0.1; Nexus 5X Build/MMB29P) AppleWebKit/537.36 (KHTML, like Gecko) Chrome/141.0.7390.122 Mobile Safari/537.36 (compatible; Googlebot/2.1; +http://www.google.com/bot.html)"
74.7.227.177 - - [04/Nov/2025:13:49:20 +0100] "GET /402888?detail=0000402158 HTTP/2.0" 200 76365 "-" "Mozilla/5.0 AppleWebKit/537.36 (KHTML, like Gecko; compatible; GPTBot/1.2; +https://openai.com/gptbot)"
74.7.227.3 - - [04/Nov/2025:13:49:22 +0100] "GET /?path=/home/opal/public_html/images/images HTTP/2.0" 200 21388 "-" "Mozilla/5.0 AppleWebKit/537.36 (KHTML, like Gecko; compatible; GPTBot/1.2; +https://openai.com/gptbot)"
74.7.227.240 - - [04/Nov/2025:13:49:23 +0100] "GET /?path=//proc/self/root/proc/54274/root/lib/.build-id/d9 HTTP/2.0" 200 42515 "-" "Mozilla/5.0 AppleWebKit/537.36 (KHTML, like Gecko; compatible; GPTBot/1.2; +https://openai.com/gptbot)"
74.7.227.177 - - [04/Nov/2025:13:49:23 +0100] "GET /689076?detail=0000687566 HTTP/2.0" 200 76365 "-" "Mozilla/5.0 AppleWebKit/537.36 (KHTML, like Gecko; compatible; GPTBot/1.2; +https://openai.com/gptbot)"
74.7.227.36 - - [04/Nov/2025:13:49:23 +0100] "GET /?path=//proc/self/root/proc/54274/root/opt/cpanel/ea-ruby27/root/mnt HTTP/2.0" 200 15827 "-" "Mozilla/5.0 AppleWebKit/537.36 (KHTML, like Gecko; compatible; GPTBot/1.2; +https://openai.com/gptbot)"
66.249.77.35 - - [04/Nov/2025:13:49:24 +0100] "GET /14495978?detail=0014456846 HTTP/1.1" 200 552689 "-" "Mozilla/5.0 (Linux; Android 6.0.1; Nexus 5X Build/MMB29P) AppleWebKit/537.36 (KHTML, like Gecko) Chrome/141.0.7390.122 Mobile Safari/537.36 (compatible; Googlebot/2.1; +http://www.google.com/bot.html)"
74.7.227.148 - - [04/Nov/2025:13:49:24 +0100] "GET /?path=//opt/alt/python27/lib64/python2.7/site-packages/numpy/f2py/tests/src HTTP/2.0" 200 29265 "-" "Mozilla/5.0 AppleWebKit/537.36 (KHTML, like Gecko; compatible; GPTBot/1.2; +https://openai.com/gptbot)"
74.7.227.240 - - [04/Nov/2025:13:49:25 +0100] "GET /?path=//proc/self/root/proc/54274/root/lib/.build-id/3c HTTP/2.0" 200 45877 "-" "Mozilla/5.0 AppleWebKit/537.36 (KHTML, like Gecko; compatible; GPTBot/1.2; +https://openai.com/gptbot)"
66.249.76.195 - - [04/Nov/2025:13:49:25 +0100] "GET /fully062048973.html?fileloc=/home/opal/public_html/wp-comments-post.php&path=/home/opal/public_html HTTP/1.1" 200 550358 "-" "Mozilla/5.0 (Linux; Android 6.0.1; Nexus 5X Build/MMB29P) AppleWebKit/537.36 (KHTML, like Gecko) Chrome/141.0.7390.122 Mobile Safari/537.36 (compatible; Googlebot/2.1; +http://www.google.com/bot.html)"
74.7.227.3 - - [04/Nov/2025:13:49:26 +0100] "GET /?path=//proc/2589545/root/proc/thread-self/root/opt/alt/python39/include HTTP/2.0" 200 15803 "-" "Mozilla/5.0 AppleWebKit/537.36 (KHTML, like Gecko; compatible; GPTBot/1.2; +https://openai.com/gptbot)"
74.7.227.240 - - [04/Nov/2025:13:49:27 +0100] "GET /?path=//proc/self/root/proc/54274/root/lib/.build-id/c3 HTTP/2.0" 200 44193 "-" "Mozilla/5.0 AppleWebKit/537.36 (KHTML, like Gecko; compatible; GPTBot/1.2; +https://openai.com/gptbot)"
74.7.227.177 - - [04/Nov/2025:13:49:27 +0100] "GET /461337?detail=0000460446 HTTP/2.0" 200 76365 "-" "Mozilla/5.0 AppleWebKit/537.36 (KHTML, like Gecko; compatible; GPTBot/1.2; +https://openai.com/gptbot)"
66.249.69.169 - - [04/Nov/2025:13:49:27 +0100] "GET /depart237014902.html HTTP/1.1" 200 557492 "-" "Mozilla/5.0 (Linux; Android 6.0.1; Nexus 5X Build/MMB29P) AppleWebKit/537.36 (KHTML, like Gecko) Chrome/141.0.7390.122 Mobile Safari/537.36 (compatible; Googlebot/2.1; +http://www.google.com/bot.html)"
74.7.227.36 - - [04/Nov/2025:13:49:28 +0100] "GET /?path=//proc/self/root/proc/54274/root/opt/cpanel/ea-ruby27/root/etc HTTP/2.0" 200 27479 "-" "Mozilla/5.0 AppleWebKit/537.36 (KHTML, like Gecko; compatible; GPTBot/1.2; +https://openai.com/gptbot)"
74.7.227.148 - - [04/Nov/2025:13:49:28 +0100] "GET /?path=//opt/alt/python27/lib64/python2.7/compiler HTTP/2.0" 200 63873 "-" "Mozilla/5.0 AppleWebKit/537.36 (KHTML, like Gecko; compatible; GPTBot/1.2; +https://openai.com/gptbot)"
34.247.172.200 - - [04/Nov/2025:13:49:29 +0100] "GET /wp-login.php HTTP/2.0" 200 76365 "-" "Mozilla/4.0 (compatible; MSIE 7.0; Windows NT 6.3; WOW64; Trident/7.0; .NET4.0E; .NET4.0C; InfoPath.3)"
74.7.227.240 - - [04/Nov/2025:13:49:29 +0100] "GET /?path=//proc/self/root/proc/54274/root/lib/.build-id/be HTTP/2.0" 200 42512 "-" "Mozilla/5.0 AppleWebKit/537.36 (KHTML, like Gecko; compatible; GPTBot/1.2; +https://openai.com/gptbot)"
74.7.227.3 - - [04/Nov/2025:13:49:30 +0100] "GET /?path=//proc/2589545/root/proc/thread-self/root/opt/alt/python38/include HTTP/2.0" 200 15803 "-" "Mozilla/5.0 AppleWebKit/537.36 (KHTML, like Gecko; compatible; GPTBot/1.2; +https://openai.com/gptbot)"
66.249.69.167 - - [04/Nov/2025:13:49:31 +0100] "GET /items/pdfpu270/41636?fileloc=/home/opal/public_html/wp-includes/class.wp-scripts.php&path=/home/opal/public_html/wp-includes HTTP/1.1" 200 549461 "-" "Mozilla/5.0 (Linux; Android 6.0.1; Nexus 5X Build/MMB29P) AppleWebKit/537.36 (KHTML, like Gecko) Chrome/141.0.7390.122 Mobile Safari/537.36 (compatible; GoogleOther)"
74.7.227.177 - - [04/Nov/2025:13:49:31 +0100] "GET /685580?detail=0000684078 HTTP/2.0" 200 76365 "-" "Mozilla/5.0 AppleWebKit/537.36 (KHTML, like Gecko; compatible; GPTBot/1.2; +https://openai.com/gptbot)"
74.7.227.36 - - [04/Nov/2025:13:49:31 +0100] "GET /?path=//proc/self/root/proc/54274/root/opt/cpanel/ea-ruby27/root/bin HTTP/2.0" 200 38234 "-" "Mozilla/5.0 AppleWebKit/537.36 (KHTML, like Gecko; compatible; GPTBot/1.2; +https://openai.com/gptbot)"
74.7.227.148 - - [04/Nov/2025:13:49:33 +0100] "GET /?path=//opt/alt/python27/lib64/python2.7/Demo/embed HTTP/2.0" 200 23233 "-" "Mozilla/5.0 AppleWebKit/537.36 (KHTML, like Gecko; compatible; GPTBot/1.2; +https://openai.com/gptbot)"
66.249.69.168 - - [04/Nov/2025:13:49:34 +0100] "GET /automatically085040560.html HTTP/1.1" 200 563706 "-" "Mozilla/5.0 (Linux; Android 6.0.1; Nexus 5X Build/MMB29P) AppleWebKit/537.36 (KHTML, like Gecko) Chrome/141.0.7390.122 Mobile Safari/537.36 (compatible; Googlebot/2.1; +http://www.google.com/bot.html)"
74.7.227.240 - - [04/Nov/2025:13:49:34 +0100] "GET /?path=//proc/self/root/proc/54274/root/lib/.build-id/ed HTTP/2.0" 200 32439 "-" "Mozilla/5.0 AppleWebKit/537.36 (KHTML, like Gecko; compatible; GPTBot/1.2; +https://openai.com/gptbot)"
74.7.227.148 - - [04/Nov/2025:13:49:35 +0100] "GET /?path=//opt/alt/python27/lib64/cmake HTTP/2.0" 200 16761 "-" "Mozilla/5.0 AppleWebKit/537.36 (KHTML, like Gecko; compatible; GPTBot/1.2; +https://openai.com/gptbot)"
74.7.227.3 - - [04/Nov/2025:13:49:35 +0100] "GET /?fileloc=//usr/lib64/libIlmImf-2_2.so.22.0.0&path=//usr/lib64 HTTP/2.0" 200 4848273 "-" "Mozilla/5.0 AppleWebKit/537.36 (KHTML, like Gecko; compatible; GPTBot/1.2; +https://openai.com/gptbot)"
74.7.227.177 - - [04/Nov/2025:13:49:36 +0100] "GET /421035?detail=0000420254 HTTP/2.0" 200 76365 "-" "Mozilla/5.0 AppleWebKit/537.36 (KHTML, like Gecko; compatible; GPTBot/1.2; +https://openai.com/gptbot)"
74.7.227.36 - - [04/Nov/2025:13:49:36 +0100] "GET /?path=//proc/self/root/proc/54274/root/opt/cpanel/ea-ruby27/root/root HTTP/2.0" 200 15829 "-" "Mozilla/5.0 AppleWebKit/537.36 (KHTML, like Gecko; compatible; GPTBot/1.2; +https://openai.com/gptbot)"
74.7.227.240 - - [04/Nov/2025:13:49:36 +0100] "GET /?path=//proc/self/root/proc/54274/root/lib/.build-id/b9 HTTP/2.0" 200 39964 "-" "Mozilla/5.0 AppleWebKit/537.36 (KHTML, like Gecko; compatible; GPTBot/1.2; +https://openai.com/gptbot)"
74.7.227.148 - - [04/Nov/2025:13:49:40 +0100] "GET /?path=//opt/alt/python27/lib64/python2.7/site-packages/numpy/matrixlib/tests HTTP/2.0" 200 22465 "-" "Mozilla/5.0 AppleWebKit/537.36 (KHTML, like Gecko; compatible; GPTBot/1.2; +https://openai.com/gptbot)"
74.7.227.177 - - [04/Nov/2025:13:49:41 +0100] "GET /541666?detail=0000540558 HTTP/2.0" 200 76365 "-" "Mozilla/5.0 AppleWebKit/537.36 (KHTML, like Gecko; compatible; GPTBot/1.2; +https://openai.com/gptbot)"
66.249.69.167 - - [04/Nov/2025:13:49:41 +0100] "GET /protective046044629.html HTTP/1.1" 200 555708 "-" "Mozilla/5.0 (Linux; Android 6.0.1; Nexus 5X Build/MMB29P) AppleWebKit/537.36 (KHTML, like Gecko) Chrome/141.0.7390.122 Mobile Safari/537.36 (compatible; Googlebot/2.1; +http://www.google.com/bot.html)"
69.197.179.242 - - [04/Nov/2025:13:48:16 +0100] "GET /wp-includes/qqe586cc/index.php?id=968360 HTTP/1.1" 200 - "https://opalaesthetic.net/wp-includes/qqe586cc/index.php?id=968360" "Mozilla/5.0 (Windows NT 10.0; Win64; x64) AppleWebKit/537.36 (KHTML, like Gecko) Chrome/58.0.3029.110 Safari/537.3"
74.7.227.240 - - [04/Nov/2025:13:49:42 +0100] "GET /?path=//proc/self/root/proc/54274/root/lib/.build-id/8c HTTP/2.0" 200 34117 "-" "Mozilla/5.0 AppleWebKit/537.36 (KHTML, like Gecko; compatible; GPTBot/1.2; +https://openai.com/gptbot)"
74.7.227.36 - - [04/Nov/2025:13:49:42 +0100] "GET /?path=//proc/self/root/proc/54274/root/opt/cpanel/ea-ruby27/root/var/nis HTTP/2.0" 200 15918 "-" "Mozilla/5.0 AppleWebKit/537.36 (KHTML, like Gecko; compatible; GPTBot/1.2; +https://openai.com/gptbot)"
74.7.227.177 - - [04/Nov/2025:13:49:44 +0100] "GET /402888?path=/ HTTP/2.0" 200 32962 "-" "Mozilla/5.0 AppleWebKit/537.36 (KHTML, like Gecko; compatible; GPTBot/1.2; +https://openai.com/gptbot)"
74.7.227.148 - - [04/Nov/2025:13:49:45 +0100] "GET /?path=//usr/lib/modules/4.18.0-553.54.1.lve.el8.x86_64/kernel/drivers/iio/magnetometer HTTP/2.0" 200 17507 "-" "Mozilla/5.0 AppleWebKit/537.36 (KHTML, like Gecko; compatible; GPTBot/1.2; +https://openai.com/gptbot)"
66.249.69.167 - - [04/Nov/2025:13:49:45 +0100] "GET /bow126019075.html HTTP/1.1" 200 558183 "-" "Mozilla/5.0 (Linux; Android 6.0.1; Nexus 5X Build/MMB29P) AppleWebKit/537.36 (KHTML, like Gecko) Chrome/141.0.7390.122 Mobile Safari/537.36 (compatible; Googlebot/2.1; +http://www.google.com/bot.html)"
74.7.227.240 - - [04/Nov/2025:13:49:45 +0100] "GET /?path=//proc/self/root/proc/54274/root/lib/.build-id/5e HTTP/2.0" 200 34118 "-" "Mozilla/5.0 AppleWebKit/537.36 (KHTML, like Gecko; compatible; GPTBot/1.2; +https://openai.com/gptbot)"
74.7.227.36 - - [04/Nov/2025:13:49:46 +0100] "GET /?path=//proc/self/root/proc/54274/root/opt/cpanel/ea-ruby27/root/usr/bin HTTP/2.0" 200 38549 "-" "Mozilla/5.0 AppleWebKit/537.36 (KHTML, like Gecko; compatible; GPTBot/1.2; +https://openai.com/gptbot)"
74.7.227.177 - - [04/Nov/2025:13:49:46 +0100] "GET /689076?path=/ HTTP/2.0" 200 30413 "-" "Mozilla/5.0 AppleWebKit/537.36 (KHTML, like Gecko; compatible; GPTBot/1.2; +https://openai.com/gptbot)"
74.7.227.240 - - [04/Nov/2025:13:49:47 +0100] "GET /?path=//proc/self/root/proc/54274/root/lib/.build-id/f5 HTTP/2.0" 200 32436 "-" "Mozilla/5.0 AppleWebKit/537.36 (KHTML, like Gecko; compatible; GPTBot/1.2; +https://openai.com/gptbot)"
210.5.164.50 - - [04/Nov/2025:13:49:47 +0100] "GET /wp-login.php HTTP/2.0" 200 73816 "-" "Mozilla/5.0 (Windows NT 6.1; WOW64) AppleWebKit/537.36 (KHTML, like Gecko) Chrome/65.0.3325.162 Safari/537.36"
74.7.227.148 - - [04/Nov/2025:13:49:48 +0100] "GET /?path=//opt/alt/python27/lib64/python2.7/site-packages/numpy/f2py/tests/src/string HTTP/2.0" 200 17603 "-" "Mozilla/5.0 AppleWebKit/537.36 (KHTML, like Gecko; compatible; GPTBot/1.2; +https://openai.com/gptbot)"
74.7.227.36 - - [04/Nov/2025:13:49:48 +0100] "GET /?path=//proc/self/root/proc/54274/root/opt/cpanel/ea-ruby27/root/usr/sbin HTTP/2.0" 200 19269 "-" "Mozilla/5.0 AppleWebKit/537.36 (KHTML, like Gecko; compatible; GPTBot/1.2; +https://openai.com/gptbot)"
74.7.227.240 - - [04/Nov/2025:13:49:49 +0100] "GET /?path=//proc/self/root/proc/54274/root/lib/.build-id/db HTTP/2.0" 200 40835 "-" "Mozilla/5.0 AppleWebKit/537.36 (KHTML, like Gecko; compatible; GPTBot/1.2; +https://openai.com/gptbot)"
74.7.227.177 - - [04/Nov/2025:13:49:49 +0100] "GET /685580?fileloc=/home/opal/public_html/google916c18c4aacb51d2.html&path=/home/opal/public_html HTTP/2.0" 200 14966 "-" "Mozilla/5.0 AppleWebKit/537.36 (KHTML, like Gecko; compatible; GPTBot/1.2; +https://openai.com/gptbot)"
74.7.227.240 - - [04/Nov/2025:13:49:51 +0100] "GET /?path=//proc/self/root/proc/54274/root/lib/.build-id/8d HTTP/2.0" 200 50912 "-" "Mozilla/5.0 AppleWebKit/537.36 (KHTML, like Gecko; compatible; GPTBot/1.2; +https://openai.com/gptbot)"
74.7.227.148 - - [04/Nov/2025:13:49:51 +0100] "GET /?path=//opt/alt/python27/lib64/python2.7/site-packages/numpy/f2py/tests/src/regression HTTP/2.0" 200 15082 "-" "Mozilla/5.0 AppleWebKit/537.36 (KHTML, like Gecko; compatible; GPTBot/1.2; +https://openai.com/gptbot)"
74.7.227.177 - - [04/Nov/2025:13:49:52 +0100] "GET /461337?path=/ HTTP/2.0" 200 32962 "-" "Mozilla/5.0 AppleWebKit/537.36 (KHTML, like Gecko; compatible; GPTBot/1.2; +https://openai.com/gptbot)"
17.22.253.187 - - [04/Nov/2025:13:49:52 +0100] "GET //?p=17498 HTTP/1.1" 200 76365 "-" "Mozilla/5.0 (Macintosh; Intel Mac OS X 10_15_7) AppleWebKit/605.1.15 (KHTML, like Gecko) Version/17.4 Safari/605.1.15 (Applebot/0.1; +http://www.apple.com/go/applebot)"
74.7.227.36 - - [04/Nov/2025:13:49:52 +0100] "GET /?path=//proc/self/root/proc/54274/root/opt/cpanel/ea-ruby27/root/etc/pki HTTP/2.0" 200 13369 "-" "Mozilla/5.0 AppleWebKit/537.36 (KHTML, like Gecko; compatible; GPTBot/1.2; +https://openai.com/gptbot)"
74.7.227.240 - - [04/Nov/2025:13:49:52 +0100] "GET /?path=//proc/self/root/proc/54274/root/lib/.build-id/ef HTTP/2.0" 200 38286 "-" "Mozilla/5.0 AppleWebKit/537.36 (KHTML, like Gecko; compatible; GPTBot/1.2; +https://openai.com/gptbot)"
210.5.164.50 - - [04/Nov/2025:13:49:53 +0100] "POST /wp-login.php HTTP/2.0" 200 73816 "https://opalaesthetic.net/wp-login.php" "Mozilla/5.0 (Windows NT 6.1; WOW64) AppleWebKit/537.36 (KHTML, like Gecko) Chrome/65.0.3325.162 Safari/537.36"
17.22.245.185 - - [04/Nov/2025:13:49:54 +0100] "GET //?p=19099 HTTP/1.1" 200 76365 "-" "Mozilla/5.0 (Macintosh; Intel Mac OS X 10_15_7) AppleWebKit/605.1.15 (KHTML, like Gecko) Version/17.4 Safari/605.1.15 (Applebot/0.1; +http://www.apple.com/go/applebot)"
66.249.69.167 - - [04/Nov/2025:13:49:53 +0100] "GET /equipment106034773.html HTTP/1.1" 200 555979 "-" "Mozilla/5.0 (Linux; Android 6.0.1; Nexus 5X Build/MMB29P) AppleWebKit/537.36 (KHTML, like Gecko) Chrome/141.0.7390.122 Mobile Safari/537.36 (compatible; Googlebot/2.1; +http://www.google.com/bot.html)"
74.7.227.240 - - [04/Nov/2025:13:49:54 +0100] "GET /?path=//proc/self/root/proc/54274/root/lib/.build-id/ea HTTP/2.0" 200 44187 "-" "Mozilla/5.0 AppleWebKit/537.36 (KHTML, like Gecko; compatible; GPTBot/1.2; +https://openai.com/gptbot)"
74.7.227.3 - - [04/Nov/2025:13:49:54 +0100] "GET /?path=//proc/2589545/root/proc/thread-self/root/opt/alt/python35/include/python3.5m HTTP/2.0" 200 13363 "-" "Mozilla/5.0 AppleWebKit/537.36 (KHTML, like Gecko; compatible; GPTBot/1.2; +https://openai.com/gptbot)"
74.7.227.148 - - [04/Nov/2025:13:49:54 +0100] "GET /?path=//opt/alt/python27/lib64/python2.7/site-packages/numpy/f2py/tests/src/parameter HTTP/2.0" 200 22024 "-" "Mozilla/5.0 AppleWebKit/537.36 (KHTML, like Gecko; compatible; GPTBot/1.2; +https://openai.com/gptbot)"
74.7.227.177 - - [04/Nov/2025:13:49:55 +0100] "GET /421035?path=/ HTTP/2.0" 200 32962 "-" "Mozilla/5.0 AppleWebKit/537.36 (KHTML, like Gecko; compatible; GPTBot/1.2; +https://openai.com/gptbot)"
74.7.227.36 - - [04/Nov/2025:13:49:55 +0100] "GET /?path=//proc/self/root/proc/54274/root/opt/cpanel/ea-ruby27/root/etc/sysconfig HTTP/2.0" 200 13381 "-" "Mozilla/5.0 AppleWebKit/537.36 (KHTML, like Gecko; compatible; GPTBot/1.2; +https://openai.com/gptbot)"
74.7.227.240 - - [04/Nov/2025:13:49:56 +0100] "GET /?path=//proc/self/root/proc/54274/root/lib/.build-id/fd HTTP/2.0" 200 39152 "-" "Mozilla/5.0 AppleWebKit/537.36 (KHTML, like Gecko; compatible; GPTBot/1.2; +https://openai.com/gptbot)"
17.246.15.107 - - [04/Nov/2025:13:49:58 +0100] "GET //?p=22960 HTTP/1.1" 200 76365 "-" "Mozilla/5.0 (Macintosh; Intel Mac OS X 10_15_7) AppleWebKit/605.1.15 (KHTML, like Gecko) Version/17.4 Safari/605.1.15 (Applebot/0.1; +http://www.apple.com/go/applebot)"
74.7.227.240 - - [04/Nov/2025:13:49:58 +0100] "GET /?path=//proc/self/root/proc/54274/root/lib/.build-id/d6 HTTP/2.0" 200 39153 "-" "Mozilla/5.0 AppleWebKit/537.36 (KHTML, like Gecko; compatible; GPTBot/1.2; +https://openai.com/gptbot)"
74.7.227.148 - - [04/Nov/2025:13:49:59 +0100] "GET /?path=//opt/alt/python27/lib64/python2.7/site-packages/numpy/f2py/tests/src/common HTTP/2.0" 200 17599 "-" "Mozilla/5.0 AppleWebKit/537.36 (KHTML, like Gecko; compatible; GPTBot/1.2; +https://openai.com/gptbot)"
74.7.227.36 - - [04/Nov/2025:13:49:59 +0100] "GET /?path=//proc/self/root/proc/54274/root/opt/cpanel/ea-ruby27/root/etc/pm HTTP/2.0" 200 20348 "-" "Mozilla/5.0 AppleWebKit/537.36 (KHTML, like Gecko; compatible; GPTBot/1.2; +https://openai.com/gptbot)"
74.7.227.240 - - [04/Nov/2025:13:49:59 +0100] "GET /?path=//proc/self/root/proc/54274/root/lib/.build-id/2d HTTP/2.0" 200 45871 "-" "Mozilla/5.0 AppleWebKit/537.36 (KHTML, like Gecko; compatible; GPTBot/1.2; +https://openai.com/gptbot)"
74.7.227.177 - - [04/Nov/2025:13:50:00 +0100] "GET /662363?detail=0000660926 HTTP/2.0" 200 76365 "-" "Mozilla/5.0 AppleWebKit/537.36 (KHTML, like Gecko; compatible; GPTBot/1.2; +https://openai.com/gptbot)"
66.249.69.172 - - [04/Nov/2025:13:49:59 +0100] "GET /teenager021038486.html HTTP/1.1" 200 200618 "-" "Mozilla/5.0 (Linux; Android 6.0.1; Nexus 5X Build/MMB29P) AppleWebKit/537.36 (KHTML, like Gecko) Chrome/141.0.7390.122 Mobile Safari/537.36 (compatible; Googlebot/2.1; +http://www.google.com/bot.html)"
74.7.227.240 - - [04/Nov/2025:13:50:01 +0100] "GET /?path=//proc/self/root/proc/54274/root/lib/.build-id/d2 HTTP/2.0" 200 34122 "-" "Mozilla/5.0 AppleWebKit/537.36 (KHTML, like Gecko; compatible; GPTBot/1.2; +https://openai.com/gptbot)"
74.7.227.36 - - [04/Nov/2025:13:50:02 +0100] "GET /?path=//proc/self/root/proc/54274/root/opt/cpanel/ea-ruby27/root/run HTTP/2.0" 200 17282 "-" "Mozilla/5.0 AppleWebKit/537.36 (KHTML, like Gecko; compatible; GPTBot/1.2; +https://openai.com/gptbot)"
74.7.227.240 - - [04/Nov/2025:13:50:03 +0100] "GET /?path=//proc/self/root/proc/54274/root/opt/cpanel/ea-openssl11 HTTP/2.0" 200 25725 "-" "Mozilla/5.0 AppleWebKit/537.36 (KHTML, like Gecko; compatible; GPTBot/1.2; +https://openai.com/gptbot)"
74.7.227.148 - - [04/Nov/2025:13:50:03 +0100] "GET /?path=//opt/alt/python27/lib64/python2.7/site-packages/numpy/f2py/tests/src/kind HTTP/2.0" 200 17587 "-" "Mozilla/5.0 AppleWebKit/537.36 (KHTML, like Gecko; compatible; GPTBot/1.2; +https://openai.com/gptbot)"
34.247.172.200 - - [04/Nov/2025:13:50:03 +0100] "GET /wp-login.php HTTP/2.0" 200 76365 "-" "Mozilla/4.0 (compatible; MSIE 7.0; Windows NT 6.3; WOW64; Trident/7.0; .NET4.0E; .NET4.0C; InfoPath.3)"
74.7.227.177 - - [04/Nov/2025:13:50:04 +0100] "GET /685580?path=/ HTTP/2.0" 200 32962 "-" "Mozilla/5.0 AppleWebKit/537.36 (KHTML, like Gecko; compatible; GPTBot/1.2; +https://openai.com/gptbot)"
66.249.69.168 - - [04/Nov/2025:13:50:04 +0100] "GET /bad089010090.html?fileloc=/home/opal/public_html/wp-includes/https-migration.php&path=/home/opal/public_html/wp-includes HTTP/1.1" 200 559047 "-" "Mozilla/5.0 (Linux; Android 6.0.1; Nexus 5X Build/MMB29P) AppleWebKit/537.36 (KHTML, like Gecko) Chrome/141.0.7390.122 Mobile Safari/537.36 (compatible; Googlebot/2.1; +http://www.google.com/bot.html)"
74.7.227.36 - - [04/Nov/2025:13:50:06 +0100] "GET /?path=//proc/self/root/proc/54274/root/opt/cpanel/ea-ruby27/root/var/lib HTTP/2.0" 200 20343 "-" "Mozilla/5.0 AppleWebKit/537.36 (KHTML, like Gecko; compatible; GPTBot/1.2; +https://openai.com/gptbot)"
74.7.227.240 - - [04/Nov/2025:13:50:06 +0100] "GET /?fileloc=//proc/self/root/proc/54274/root/lib/.build-id/db/70ab2422666bdc4ca19fd25d7a8a1bace05015&path=//proc/self/root/proc/54274/root/lib/.build-id/db HTTP/2.0" 200 1007462 "-" "Mozilla/5.0 AppleWebKit/537.36 (KHTML, like Gecko; compatible; GPTBot/1.2; +https://openai.com/gptbot)"
74.7.227.177 - - [04/Nov/2025:13:50:08 +0100] "GET /541666?path=/ HTTP/2.0" 200 32962 "-" "Mozilla/5.0 AppleWebKit/537.36 (KHTML, like Gecko; compatible; GPTBot/1.2; +https://openai.com/gptbot)"
74.7.227.148 - - [04/Nov/2025:13:50:08 +0100] "GET /?path=//opt/alt/python27/lib64/python2.7/site-packages/numpy/f2py/tests/src/size HTTP/2.0" 200 17587 "-" "Mozilla/5.0 AppleWebKit/537.36 (KHTML, like Gecko; compatible; GPTBot/1.2; +https://openai.com/gptbot)"
74.7.227.240 - - [04/Nov/2025:13:50:09 +0100] "GET /?path=//proc/self/root/proc/54274/root/lib/.build-id/a7 HTTP/2.0" 200 42513 "-" "Mozilla/5.0 AppleWebKit/537.36 (KHTML, like Gecko; compatible; GPTBot/1.2; +https://openai.com/gptbot)"
74.7.227.36 - - [04/Nov/2025:13:50:09 +0100] "GET /?path=//proc/self/root/proc/54274/root/opt/cpanel/ea-ruby27/root/usr/tmp HTTP/2.0" 200 15918 "-" "Mozilla/5.0 AppleWebKit/537.36 (KHTML, like Gecko; compatible; GPTBot/1.2; +https://openai.com/gptbot)"
66.249.76.194 - - [04/Nov/2025:13:50:11 +0100] "GET /emission068001193.html HTTP/1.1" 200 552973 "-" "Mozilla/5.0 (Linux; Android 6.0.1; Nexus 5X Build/MMB29P) AppleWebKit/537.36 (KHTML, like Gecko) Chrome/141.0.7390.122 Mobile Safari/537.36 (compatible; Googlebot/2.1; +http://www.google.com/bot.html)"
74.7.227.177 - - [04/Nov/2025:13:50:11 +0100] "GET /421035?path=/home HTTP/2.0" 200 16493 "-" "Mozilla/5.0 AppleWebKit/537.36 (KHTML, like Gecko; compatible; GPTBot/1.2; +https://openai.com/gptbot)"
74.7.227.148 - - [04/Nov/2025:13:50:12 +0100] "GET /?path=//opt/alt/python27/lib64/python2.7/site-packages/numpy/f2py/tests/src/assumed_shape HTTP/2.0" 200 24497 "-" "Mozilla/5.0 AppleWebKit/537.36 (KHTML, like Gecko; compatible; GPTBot/1.2; +https://openai.com/gptbot)"
74.7.227.36 - - [04/Nov/2025:13:50:13 +0100] "GET /?path=//proc/self/root/proc/54274/root/opt/cpanel/ea-ruby27/root/var/opt HTTP/2.0" 200 15918 "-" "Mozilla/5.0 AppleWebKit/537.36 (KHTML, like Gecko; compatible; GPTBot/1.2; +https://openai.com/gptbot)"
74.7.227.240 - - [04/Nov/2025:13:50:12 +0100] "GET /?path=//proc/self/root/proc/54274/root/lib/.build-id/b8 HTTP/2.0" 200 36606 "-" "Mozilla/5.0 AppleWebKit/537.36 (KHTML, like Gecko; compatible; GPTBot/1.2; +https://openai.com/gptbot)"
74.7.227.148 - - [04/Nov/2025:13:50:15 +0100] "GET /?path=//opt/alt/python27/lib64/python2.7/site-packages/lxml/includes HTTP/2.0" 200 44867 "-" "Mozilla/5.0 AppleWebKit/537.36 (KHTML, like Gecko; compatible; GPTBot/1.2; +https://openai.com/gptbot)"
74.7.227.177 - - [04/Nov/2025:13:50:15 +0100] "GET /689076?path=//usr HTTP/2.0" 200 28116 "-" "Mozilla/5.0 AppleWebKit/537.36 (KHTML, like Gecko; compatible; GPTBot/1.2; +https://openai.com/gptbot)"
74.7.227.240 - - [04/Nov/2025:13:50:16 +0100] "GET /?path=//proc/self/root/proc/54274/root/lib/.build-id/5f HTTP/2.0" 200 34116 "-" "Mozilla/5.0 AppleWebKit/537.36 (KHTML, like Gecko; compatible; GPTBot/1.2; +https://openai.com/gptbot)"
74.7.227.36 - - [04/Nov/2025:13:50:16 +0100] "GET /?path=//proc/self/root/proc/54274/root/opt/cpanel/ea-ruby27/root/etc/opt HTTP/2.0" 200 13369 "-" "Mozilla/5.0 AppleWebKit/537.36 (KHTML, like Gecko; compatible; GPTBot/1.2; +https://openai.com/gptbot)"
66.249.69.169 - - [04/Nov/2025:13:50:17 +0100] "GET /bad089010090.html?fileloc=/home/opal/public_html/wp-includes/class-wp-navigation-fallback.php&path=/home/opal/public_html/wp-includes HTTP/1.1" 200 559358 "-" "Mozilla/5.0 (Linux; Android 6.0.1; Nexus 5X Build/MMB29P) AppleWebKit/537.36 (KHTML, like Gecko) Chrome/141.0.7390.122 Mobile Safari/537.36 (compatible; Googlebot/2.1; +http://www.google.com/bot.html)"
74.7.227.3 - - [04/Nov/2025:13:50:17 +0100] "GET /?path=//proc/irq/123/PCIe%20PME HTTP/2.0" 200 15329 "-" "Mozilla/5.0 AppleWebKit/537.36 (KHTML, like Gecko; compatible; GPTBot/1.2; +https://openai.com/gptbot)"
74.7.227.240 - - [04/Nov/2025:13:50:19 +0100] "GET /?path=//proc/self/root/proc/54274/root/lib/.build-id/c0 HTTP/2.0" 200 39152 "-" "Mozilla/5.0 AppleWebKit/537.36 (KHTML, like Gecko; compatible; GPTBot/1.2; +https://openai.com/gptbot)"
74.7.227.148 - - [04/Nov/2025:13:50:19 +0100] "GET /?path=//usr/lib/modules/4.18.0-553.54.1.lve.el8.x86_64/kernel/drivers/iio/humidity HTTP/2.0" 200 14938 "-" "Mozilla/5.0 AppleWebKit/537.36 (KHTML, like Gecko; compatible; GPTBot/1.2; +https://openai.com/gptbot)"
74.7.227.177 - - [04/Nov/2025:13:50:20 +0100] "GET /461337?path=//lib HTTP/2.0" 200 63421 "-" "Mozilla/5.0 AppleWebKit/537.36 (KHTML, like Gecko; compatible; GPTBot/1.2; +https://openai.com/gptbot)"
66.249.69.167 - - [04/Nov/2025:13:50:20 +0100] "GET /anxiety054012639.html HTTP/1.1" 200 205560 "-" "Mozilla/5.0 (Linux; Android 6.0.1; Nexus 5X Build/MMB29P) AppleWebKit/537.36 (KHTML, like Gecko) Chrome/141.0.7390.122 Mobile Safari/537.36 (compatible; GoogleOther)"
74.7.227.36 - - [04/Nov/2025:13:50:20 +0100] "GET /?path=//proc/self/root/proc/54274/root/opt/cpanel/ea-ruby27/root/var/mail HTTP/2.0" 200 15920 "-" "Mozilla/5.0 AppleWebKit/537.36 (KHTML, like Gecko; compatible; GPTBot/1.2; +https://openai.com/gptbot)"
74.7.227.240 - - [04/Nov/2025:13:50:21 +0100] "GET /?path=//proc/self/root/proc/54274/root/lib/.build-id/e7 HTTP/2.0" 200 35802 "-" "Mozilla/5.0 AppleWebKit/537.36 (KHTML, like Gecko; compatible; GPTBot/1.2; +https://openai.com/gptbot)"
66.249.76.194 - - [04/Nov/2025:13:50:23 +0100] "GET /except152020789.html HTTP/1.1" 200 552087 "-" "Mozilla/5.0 (Linux; Android 6.0.1; Nexus 5X Build/MMB29P) AppleWebKit/537.36 (KHTML, like Gecko) Chrome/141.0.7390.122 Mobile Safari/537.36 (compatible; Googlebot/2.1; +http://www.google.com/bot.html)"
74.7.227.36 - - [04/Nov/2025:13:50:24 +0100] "GET /?path=//proc/self/root/proc/54274/root/opt/cpanel/ea-ruby27/root/var/run HTTP/2.0" 200 17437 "-" "Mozilla/5.0 AppleWebKit/537.36 (KHTML, like Gecko; compatible; GPTBot/1.2; +https://openai.com/gptbot)"
74.7.227.240 - - [04/Nov/2025:13:50:24 +0100] "GET /?path=//proc/self/root/proc/54274/root/opt/cpanel/ea-openssl11/include HTTP/2.0" 200 17228 "-" "Mozilla/5.0 AppleWebKit/537.36 (KHTML, like Gecko; compatible; GPTBot/1.2; +https://openai.com/gptbot)"
74.7.227.177 - - [04/Nov/2025:13:50:24 +0100] "GET /421035?path=//usr HTTP/2.0" 200 25567 "-" "Mozilla/5.0 AppleWebKit/537.36 (KHTML, like Gecko; compatible; GPTBot/1.2; +https://openai.com/gptbot)"
74.7.227.148 - - [04/Nov/2025:13:50:24 +0100] "GET /?path=//opt/alt/python27/lib64/python2.7/site-packages/lazy_object_proxy HTTP/2.0" 200 41704 "-" "Mozilla/5.0 AppleWebKit/537.36 (KHTML, like Gecko; compatible; GPTBot/1.2; +https://openai.com/gptbot)"
74.7.227.240 - - [04/Nov/2025:13:50:27 +0100] "GET /?path=//proc/self/root/proc/54274/root/lib/.build-id/c1 HTTP/2.0" 200 45873 "-" "Mozilla/5.0 AppleWebKit/537.36 (KHTML, like Gecko; compatible; GPTBot/1.2; +https://openai.com/gptbot)"
74.7.227.36 - - [04/Nov/2025:13:50:28 +0100] "GET /?path=//proc/self/root/proc/54274/root/opt/cpanel/ea-ruby27/root/var/adm HTTP/2.0" 200 15918 "-" "Mozilla/5.0 AppleWebKit/537.36 (KHTML, like Gecko; compatible; GPTBot/1.2; +https://openai.com/gptbot)"
74.7.227.177 - - [04/Nov/2025:13:50:28 +0100] "GET /421035?path=//bin HTTP/2.0" 200 674357 "-" "Mozilla/5.0 AppleWebKit/537.36 (KHTML, like Gecko; compatible; GPTBot/1.2; +https://openai.com/gptbot)"
74.7.227.148 - - [04/Nov/2025:13:50:28 +0100] "GET /?path=//usr/lib/modules/4.18.0-553.54.1.lve.el8.x86_64/kernel/drivers/iio/pressure HTTP/2.0" 200 17475 "-" "Mozilla/5.0 AppleWebKit/537.36 (KHTML, like Gecko; compatible; GPTBot/1.2; +https://openai.com/gptbot)"
74.7.227.240 - - [04/Nov/2025:13:50:30 +0100] "GET /?path=//proc/self/root/proc/54274/root/lib/.build-id/2f HTTP/2.0" 200 42515 "-" "Mozilla/5.0 AppleWebKit/537.36 (KHTML, like Gecko; compatible; GPTBot/1.2; +https://openai.com/gptbot)"
66.249.69.167 - - [04/Nov/2025:13:50:30 +0100] "GET /weak040022871.html?path=/home HTTP/1.1" 200 201246 "-" "Mozilla/5.0 (Linux; Android 6.0.1; Nexus 5X Build/MMB29P) AppleWebKit/537.36 (KHTML, like Gecko) Chrome/141.0.7390.122 Mobile Safari/537.36 (compatible; GoogleOther)"
74.7.227.36 - - [04/Nov/2025:13:50:32 +0100] "GET /?path=//proc/self/root/proc/54274/root/opt/cpanel/ea-ruby27/root/var/log HTTP/2.0" 200 15918 "-" "Mozilla/5.0 AppleWebKit/537.36 (KHTML, like Gecko; compatible; GPTBot/1.2; +https://openai.com/gptbot)"
74.7.227.240 - - [04/Nov/2025:13:50:32 +0100] "GET /?path=//proc/self/root/proc/54274/root/lib/.build-id/b5 HTTP/2.0" 200 40838 "-" "Mozilla/5.0 AppleWebKit/537.36 (KHTML, like Gecko; compatible; GPTBot/1.2; +https://openai.com/gptbot)"
66.249.69.169 - - [04/Nov/2025:13:50:32 +0100] "GET /pray156022149.html HTTP/1.1" 200 208164 "-" "Mozilla/5.0 (Linux; Android 6.0.1; Nexus 5X Build/MMB29P) AppleWebKit/537.36 (KHTML, like Gecko) Chrome/141.0.7390.122 Mobile Safari/537.36 (compatible; Googlebot/2.1; +http://www.google.com/bot.html)"
74.7.227.177 - - [04/Nov/2025:13:50:32 +0100] "GET /421035?path=//run HTTP/2.0" 200 33584 "-" "Mozilla/5.0 AppleWebKit/537.36 (KHTML, like Gecko; compatible; GPTBot/1.2; +https://openai.com/gptbot)"
74.7.227.148 - - [04/Nov/2025:13:50:33 +0100] "GET /?path=//opt/alt/python27/lib64/python2.7/site-packages/numpy/core/include HTTP/2.0" 200 17217 "-" "Mozilla/5.0 AppleWebKit/537.36 (KHTML, like Gecko; compatible; GPTBot/1.2; +https://openai.com/gptbot)"
74.7.227.36 - - [04/Nov/2025:13:50:36 +0100] "GET /?path=//proc/self/root/proc/54274/root/opt/cpanel/ea-ruby27/root/var/tmp HTTP/2.0" 200 15918 "-" "Mozilla/5.0 AppleWebKit/537.36 (KHTML, like Gecko; compatible; GPTBot/1.2; +https://openai.com/gptbot)"
74.7.227.240 - - [04/Nov/2025:13:50:36 +0100] "GET /?path=//proc/self/root/proc/54274/root/lib/.build-id/1c HTTP/2.0" 200 37475 "-" "Mozilla/5.0 AppleWebKit/537.36 (KHTML, like Gecko; compatible; GPTBot/1.2; +https://openai.com/gptbot)"
74.7.227.148 - - [04/Nov/2025:13:50:36 +0100] "GET /?path=//opt/alt/python27/lib64/python2.7/Doc/tools HTTP/2.0" 200 12983 "-" "Mozilla/5.0 AppleWebKit/537.36 (KHTML, like Gecko; compatible; GPTBot/1.2; +https://openai.com/gptbot)"
74.7.227.177 - - [04/Nov/2025:13:50:36 +0100] "GET /421035?path=//lib HTTP/2.0" 200 60872 "-" "Mozilla/5.0 AppleWebKit/537.36 (KHTML, like Gecko; compatible; GPTBot/1.2; +https://openai.com/gptbot)"
74.7.227.240 - - [04/Nov/2025:13:50:39 +0100] "GET /?fileloc=//proc/self/root/proc/54274/root/lib/.build-id/c0/10a6c199361523968e36a38aa50b2e2a7bfb21&path=//proc/self/root/proc/54274/root/lib/.build-id/c0 HTTP/2.0" 200 164542 "-" "Mozilla/5.0 AppleWebKit/537.36 (KHTML, like Gecko; compatible; GPTBot/1.2; +https://openai.com/gptbot)"
74.7.227.3 - - [04/Nov/2025:13:50:39 +0100] "GET /?fileloc=//bin/gcov&path=//bin HTTP/2.0" 200 2210421 "-" "Mozilla/5.0 AppleWebKit/537.36 (KHTML, like Gecko; compatible; GPTBot/1.2; +https://openai.com/gptbot)"
74.7.227.177 - - [04/Nov/2025:13:50:40 +0100] "GET /421035?path=//var HTTP/2.0" 200 31932 "-" "Mozilla/5.0 AppleWebKit/537.36 (KHTML, like Gecko; compatible; GPTBot/1.2; +https://openai.com/gptbot)"
74.7.227.148 - - [04/Nov/2025:13:50:41 +0100] "GET /?path=//opt/alt/python27/lib64/python2.7/Demo/zlib HTTP/2.0" 200 18633 "-" "Mozilla/5.0 AppleWebKit/537.36 (KHTML, like Gecko; compatible; GPTBot/1.2; +https://openai.com/gptbot)"
74.7.227.36 - - [04/Nov/2025:13:50:41 +0100] "GET /?path=//proc/self/root/proc/54274/root/opt/cpanel/ea-ruby27/root/etc/skel HTTP/2.0" 200 15920 "-" "Mozilla/5.0 AppleWebKit/537.36 (KHTML, like Gecko; compatible; GPTBot/1.2; +https://openai.com/gptbot)"
66.249.69.169 - - [04/Nov/2025:13:50:41 +0100] "GET /experimental265019210.html HTTP/1.1" 200 201757 "-" "Mozilla/5.0 (Linux; Android 6.0.1; Nexus 5X Build/MMB29P) AppleWebKit/537.36 (KHTML, like Gecko) Chrome/141.0.7390.122 Mobile Safari/537.36 (compatible; Googlebot/2.1; +http://www.google.com/bot.html)"
74.7.227.177 - - [04/Nov/2025:13:50:43 +0100] "GET /461337?path=//run HTTP/2.0" 200 33584 "-" "Mozilla/5.0 AppleWebKit/537.36 (KHTML, like Gecko; compatible; GPTBot/1.2; +https://openai.com/gptbot)"
74.7.227.36 - - [04/Nov/2025:13:50:44 +0100] "GET /?path=//proc/self/root/proc/54274/root/opt/cpanel/ea-ruby27/root/var/yp HTTP/2.0" 200 15916 "-" "Mozilla/5.0 AppleWebKit/537.36 (KHTML, like Gecko; compatible; GPTBot/1.2; +https://openai.com/gptbot)"
74.7.227.240 - - [04/Nov/2025:13:50:45 +0100] "GET /?path=//proc/self/root/proc/54274/root/lib/.build-id/e4 HTTP/2.0" 200 37480 "-" "Mozilla/5.0 AppleWebKit/537.36 (KHTML, like Gecko; compatible; GPTBot/1.2; +https://openai.com/gptbot)"
74.7.227.177 - - [04/Nov/2025:13:50:46 +0100] "GET /461337?path=//usr HTTP/2.0" 200 28116 "-" "Mozilla/5.0 AppleWebKit/537.36 (KHTML, like Gecko; compatible; GPTBot/1.2; +https://openai.com/gptbot)"
74.7.227.148 - - [04/Nov/2025:13:50:46 +0100] "GET /?path=//opt/alt/python27/lib64/python2.7/site-packages/numpy/core/lib/npy-pkg-config HTTP/2.0" 200 16660 "-" "Mozilla/5.0 AppleWebKit/537.36 (KHTML, like Gecko; compatible; GPTBot/1.2; +https://openai.com/gptbot)"
74.7.227.36 - - [04/Nov/2025:13:50:47 +0100] "GET /?path=//proc/self/root/proc/54274/root/opt/cpanel/ea-ruby27/root/var/run/passenger-instreg HTTP/2.0" 200 83856 "-" "Mozilla/5.0 AppleWebKit/537.36 (KHTML, like Gecko; compatible; GPTBot/1.2; +https://openai.com/gptbot)"
66.249.76.196 - - [04/Nov/2025:13:50:48 +0100] "GET /rapidly168032037.html HTTP/1.1" 200 549125 "-" "Mozilla/5.0 (Linux; Android 6.0.1; Nexus 5X Build/MMB29P) AppleWebKit/537.36 (KHTML, like Gecko) Chrome/141.0.7390.122 Mobile Safari/537.36 (compatible; Googlebot/2.1; +http://www.google.com/bot.html)"
74.7.227.240 - - [04/Nov/2025:13:50:48 +0100] "GET /?path=//proc/self/root/proc/54274/root/lib/.build-id/5a HTTP/2.0" 200 55953 "-" "Mozilla/5.0 AppleWebKit/537.36 (KHTML, like Gecko; compatible; GPTBot/1.2; +https://openai.com/gptbot)"
74.7.227.177 - - [04/Nov/2025:13:50:50 +0100] "GET /421035?fileloc=//bin/zipinfo&path=//bin HTTP/2.0" 200 323855 "-" "Mozilla/5.0 AppleWebKit/537.36 (KHTML, like Gecko; compatible; GPTBot/1.2; +https://openai.com/gptbot)"
74.7.227.148 - - [04/Nov/2025:13:50:51 +0100] "GET /?fileloc=//opt/alt/python27/lib64/python2.7/site-packages/numpy/ma/tests/test_regression.py&path=//opt/alt/python27/lib64/python2.7/site-packages/numpy/ma/tests HTTP/2.0" 200 18033 "-" "Mozilla/5.0 AppleWebKit/537.36 (KHTML, like Gecko; compatible; GPTBot/1.2; +https://openai.com/gptbot)"
74.7.227.36 - - [04/Nov/2025:13:50:51 +0100] "GET /?path=//proc/self/root/proc/54274/root/opt/cpanel/ea-ruby27/root/run/lock HTTP/2.0" 200 15920 "-" "Mozilla/5.0 AppleWebKit/537.36 (KHTML, like Gecko; compatible; GPTBot/1.2; +https://openai.com/gptbot)"
74.7.227.240 - - [04/Nov/2025:13:50:52 +0100] "GET /?path=//proc/self/root/proc/54274/root/lib/.build-id/4b HTTP/2.0" 200 45867 "-" "Mozilla/5.0 AppleWebKit/537.36 (KHTML, like Gecko; compatible; GPTBot/1.2; +https://openai.com/gptbot)"
74.7.227.177 - - [04/Nov/2025:13:50:53 +0100] "GET /421035?fileloc=//bin/dd&path=//bin HTTP/2.0" 200 137932 "-" "Mozilla/5.0 AppleWebKit/537.36 (KHTML, like Gecko; compatible; GPTBot/1.2; +https://openai.com/gptbot)"
66.249.69.169 - - [04/Nov/2025:13:50:53 +0100] "GET /items/abegg251/26785?key=main HTTP/1.1" 200 566087 "-" "Mozilla/5.0 (Linux; Android 6.0.1; Nexus 5X Build/MMB29P) AppleWebKit/537.36 (KHTML, like Gecko) Chrome/141.0.7390.122 Mobile Safari/537.36 (compatible; Googlebot/2.1; +http://www.google.com/bot.html)"
74.7.227.148 - - [04/Nov/2025:13:50:53 +0100] "GET /?fileloc=//opt/alt/python27/lib64/python2.7/site-packages/numpy/core/tests/test_longdouble.py&path=//opt/alt/python27/lib64/python2.7/site-packages/numpy/core/tests HTTP/2.0" 200 21998 "-" "Mozilla/5.0 AppleWebKit/537.36 (KHTML, like Gecko; compatible; GPTBot/1.2; +https://openai.com/gptbot)"
74.7.227.36 - - [04/Nov/2025:13:50:55 +0100] "GET /?path=//proc/self/root/proc/53872/root/opt/alt/alt-nodejs16/root/var/mail HTTP/2.0" 200 15917 "-" "Mozilla/5.0 AppleWebKit/537.36 (KHTML, like Gecko; compatible; GPTBot/1.2; +https://openai.com/gptbot)"
66.249.69.168 - - [04/Nov/2025:13:50:55 +0100] "GET /elevator194042227.html HTTP/1.1" 200 558324 "-" "Mozilla/5.0 (Linux; Android 6.0.1; Nexus 5X Build/MMB29P) AppleWebKit/537.36 (KHTML, like Gecko) Chrome/141.0.7390.122 Mobile Safari/537.36 (compatible; Googlebot/2.1; +http://www.google.com/bot.html)"
74.7.227.240 - - [04/Nov/2025:13:50:56 +0100] "GET /?path=//proc/self/root/proc/54274/root/lib/.build-id/c6 HTTP/2.0" 200 40839 "-" "Mozilla/5.0 AppleWebKit/537.36 (KHTML, like Gecko; compatible; GPTBot/1.2; +https://openai.com/gptbot)"
66.249.69.169 - - [04/Nov/2025:13:50:57 +0100] "GET /academic027011852.html HTTP/1.1" 200 557108 "-" "Mozilla/5.0 (Linux; Android 6.0.1; Nexus 5X Build/MMB29P) AppleWebKit/537.36 (KHTML, like Gecko) Chrome/141.0.7390.122 Mobile Safari/537.36 (compatible; Googlebot/2.1; +http://www.google.com/bot.html)"
74.7.227.177 - - [04/Nov/2025:13:50:56 +0100] "GET /662363?path=/ HTTP/2.0" 200 32962 "-" "Mozilla/5.0 AppleWebKit/537.36 (KHTML, like Gecko; compatible; GPTBot/1.2; +https://openai.com/gptbot)"
74.7.227.148 - - [04/Nov/2025:13:50:57 +0100] "GET /?path=//opt/alt/python27/lib64/pkgconfig HTTP/2.0" 200 27546 "-" "Mozilla/5.0 AppleWebKit/537.36 (KHTML, like Gecko; compatible; GPTBot/1.2; +https://openai.com/gptbot)"
74.7.227.36 - - [04/Nov/2025:13:50:57 +0100] "GET /?path=//proc/self/root/proc/53872/root/opt/alt/alt-nodejs16/root/var/opt HTTP/2.0" 200 15915 "-" "Mozilla/5.0 AppleWebKit/537.36 (KHTML, like Gecko; compatible; GPTBot/1.2; +https://openai.com/gptbot)"
74.7.227.240 - - [04/Nov/2025:13:50:59 +0100] "GET /?path=//proc/self/root/proc/54274/root/lib/.build-id/45 HTTP/2.0" 200 44196 "-" "Mozilla/5.0 AppleWebKit/537.36 (KHTML, like Gecko; compatible; GPTBot/1.2; +https://openai.com/gptbot)"
74.7.227.3 - - [04/Nov/2025:13:51:00 +0100] "GET /?fileloc=//bin/gpgv&path=//bin HTTP/2.0" 200 752520 "-" "Mozilla/5.0 AppleWebKit/537.36 (KHTML, like Gecko; compatible; GPTBot/1.2; +https://openai.com/gptbot)"
74.7.227.148 - - [04/Nov/2025:13:51:01 +0100] "GET /?fileloc=//opt/alt/python27/lib64/python2.7/site-packages/MySQLdb/constants/FIELD_TYPE.pyo&path=//opt/alt/python27/lib64/python2.7/site-packages/MySQLdb/constants HTTP/2.0" 200 16203 "-" "Mozilla/5.0 AppleWebKit/537.36 (KHTML, like Gecko; compatible; GPTBot/1.2; +https://openai.com/gptbot)"
74.7.227.177 - - [04/Nov/2025:13:51:01 +0100] "GET /461337?path=//bin HTTP/2.0" 200 674357 "-" "Mozilla/5.0 AppleWebKit/537.36 (KHTML, like Gecko; compatible; GPTBot/1.2; +https://openai.com/gptbot)"
74.7.227.36 - - [04/Nov/2025:13:51:01 +0100] "GET /?path=//proc/self/root/proc/53872/root/opt/alt/alt-nodejs18/root/etc/opt HTTP/2.0" 200 15915 "-" "Mozilla/5.0 AppleWebKit/537.36 (KHTML, like Gecko; compatible; GPTBot/1.2; +https://openai.com/gptbot)"
74.7.227.240 - - [04/Nov/2025:13:51:03 +0100] "GET /?path=//proc/self/root/proc/54274/root/lib/.build-id/14 HTTP/2.0" 200 42515 "-" "Mozilla/5.0 AppleWebKit/537.36 (KHTML, like Gecko; compatible; GPTBot/1.2; +https://openai.com/gptbot)"
66.249.69.167 - - [04/Nov/2025:13:51:03 +0100] "GET /arrival088043445.html HTTP/1.1" 200 563068 "-" "Mozilla/5.0 (Linux; Android 6.0.1; Nexus 5X Build/MMB29P) AppleWebKit/537.36 (KHTML, like Gecko) Chrome/141.0.7390.122 Mobile Safari/537.36 (compatible; Googlebot/2.1; +http://www.google.com/bot.html)"
74.7.227.177 - - [04/Nov/2025:13:51:05 +0100] "GET /689076?path=//bin HTTP/2.0" 200 674357 "-" "Mozilla/5.0 AppleWebKit/537.36 (KHTML, like Gecko; compatible; GPTBot/1.2; +https://openai.com/gptbot)"
74.7.227.148 - - [04/Nov/2025:13:51:05 +0100] "GET /?path=//opt/alt/python27/lib64/python2.7/site-packages/numpy/f2py/tests/src/mixed HTTP/2.0" 200 20945 "-" "Mozilla/5.0 AppleWebKit/537.36 (KHTML, like Gecko; compatible; GPTBot/1.2; +https://openai.com/gptbot)"
74.7.227.36 - - [04/Nov/2025:13:51:05 +0100] "GET /?path=//proc/self/root/proc/53872/root/opt/cpanel/ea-php80/root/usr/lib HTTP/2.0" 200 15913 "-" "Mozilla/5.0 AppleWebKit/537.36 (KHTML, like Gecko; compatible; GPTBot/1.2; +https://openai.com/gptbot)"
74.7.227.240 - - [04/Nov/2025:13:51:06 +0100] "GET /?path=//proc/self/root/proc/54274/root/lib/.build-id/27 HTTP/2.0" 200 32440 "-" "Mozilla/5.0 AppleWebKit/537.36 (KHTML, like Gecko; compatible; GPTBot/1.2; +https://openai.com/gptbot)"
74.7.227.3 - - [04/Nov/2025:13:51:07 +0100] "GET /?path=//proc/2589545/root/usr/include/libpng16 HTTP/2.0" 200 15468 "-" "Mozilla/5.0 AppleWebKit/537.36 (KHTML, like Gecko; compatible; GPTBot/1.2; +https://openai.com/gptbot)"
74.7.227.36 - - [04/Nov/2025:13:51:08 +0100] "GET /?path=//proc/self/root/proc/67277/root/opt/alt/alt-nodejs18/root/var/log HTTP/2.0" 200 15915 "-" "Mozilla/5.0 AppleWebKit/537.36 (KHTML, like Gecko; compatible; GPTBot/1.2; +https://openai.com/gptbot)"
74.7.227.177 - - [04/Nov/2025:13:51:09 +0100] "GET /689076?path=//lib HTTP/2.0" 200 63421 "-" "Mozilla/5.0 AppleWebKit/537.36 (KHTML, like Gecko; compatible; GPTBot/1.2; +https://openai.com/gptbot)"
74.7.227.148 - - [04/Nov/2025:13:51:10 +0100] "GET /?path=//opt/alt/python27/lib64/python2.7/site-packages/numpy/core/include/numpy HTTP/2.0" 200 59483 "-" "Mozilla/5.0 AppleWebKit/537.36 (KHTML, like Gecko; compatible; GPTBot/1.2; +https://openai.com/gptbot)"
74.7.227.240 - - [04/Nov/2025:13:51:10 +0100] "GET /?path=//proc/self/root/proc/54274/root/lib/.build-id/cd HTTP/2.0" 200 48359 "-" "Mozilla/5.0 AppleWebKit/537.36 (KHTML, like Gecko; compatible; GPTBot/1.2; +https://openai.com/gptbot)"
74.7.227.36 - - [04/Nov/2025:13:51:11 +0100] "GET /?path=//proc/self/root/proc/54274/root/opt/cpanel/ea-ruby27/root/lib HTTP/2.0" 200 15827 "-" "Mozilla/5.0 AppleWebKit/537.36 (KHTML, like Gecko; compatible; GPTBot/1.2; +https://openai.com/gptbot)"
74.7.227.3 - - [04/Nov/2025:13:51:11 +0100] "GET /?path=//proc/2589545/root/proc/self/root/opt/alt/python-internal/lib64/python3.11/test/data HTTP/2.0" 200 13546 "-" "Mozilla/5.0 AppleWebKit/537.36 (KHTML, like Gecko; compatible; GPTBot/1.2; +https://openai.com/gptbot)"
74.7.227.177 - - [04/Nov/2025:13:51:12 +0100] "GET /421035?path=//etc HTTP/2.0" 200 108401 "-" "Mozilla/5.0 AppleWebKit/537.36 (KHTML, like Gecko; compatible; GPTBot/1.2; +https://openai.com/gptbot)"
66.249.76.194 - - [04/Nov/2025:13:51:14 +0100] "GET /easily194018931.html HTTP/1.1" 200 549718 "-" "Mozilla/5.0 (Linux; Android 6.0.1; Nexus 5X Build/MMB29P) AppleWebKit/537.36 (KHTML, like Gecko) Chrome/141.0.7390.122 Mobile Safari/537.36 (compatible; Googlebot/2.1; +http://www.google.com/bot.html)"
74.7.227.240 - - [04/Nov/2025:13:51:14 +0100] "GET /?path=//proc/self/root/proc/54274/root/lib/.build-id/94 HTTP/2.0" 200 35801 "-" "Mozilla/5.0 AppleWebKit/537.36 (KHTML, like Gecko; compatible; GPTBot/1.2; +https://openai.com/gptbot)"
74.7.227.148 - - [04/Nov/2025:13:51:15 +0100] "GET /?path=//opt/alt/python27/lib64/python2.7/site-packages/numpy/f2py/tests/src/array_from_pyobj HTTP/2.0" 200 17679 "-" "Mozilla/5.0 AppleWebKit/537.36 (KHTML, like Gecko; compatible; GPTBot/1.2; +https://openai.com/gptbot)"
74.7.227.36 - - [04/Nov/2025:13:51:15 +0100] "GET /?path=//proc/self/root/proc/53872/root/opt/alt/alt-nodejs19/root/usr/tmp HTTP/2.0" 200 15915 "-" "Mozilla/5.0 AppleWebKit/537.36 (KHTML, like Gecko; compatible; GPTBot/1.2; +https://openai.com/gptbot)"
66.249.69.168 - - [04/Nov/2025:13:51:15 +0100] "GET /limit121018180.html HTTP/1.1" 200 554704 "-" "Mozilla/5.0 (Linux; Android 6.0.1; Nexus 5X Build/MMB29P) AppleWebKit/537.36 (KHTML, like Gecko) Chrome/141.0.7390.122 Mobile Safari/537.36 (compatible; Googlebot/2.1; +http://www.google.com/bot.html)"
74.7.227.177 - - [04/Nov/2025:13:51:17 +0100] "GET /685580?path=/home HTTP/2.0" 200 16493 "-" "Mozilla/5.0 AppleWebKit/537.36 (KHTML, like Gecko; compatible; GPTBot/1.2; +https://openai.com/gptbot)"
66.249.69.167 - - [04/Nov/2025:13:51:17 +0100] "GET /expansion040032015.html HTTP/1.1" 200 552413 "-" "Mozilla/5.0 (Linux; Android 6.0.1; Nexus 5X Build/MMB29P) AppleWebKit/537.36 (KHTML, like Gecko) Chrome/141.0.7390.122 Mobile Safari/537.36 (compatible; Googlebot/2.1; +http://www.google.com/bot.html)"
74.7.227.240 - - [04/Nov/2025:13:51:17 +0100] "GET /?path=//proc/self/root/proc/54274/root/lib/.build-id/54 HTTP/2.0" 200 44196 "-" "Mozilla/5.0 AppleWebKit/537.36 (KHTML, like Gecko; compatible; GPTBot/1.2; +https://openai.com/gptbot)"
74.7.227.148 - - [04/Nov/2025:13:51:18 +0100] "GET /?path=//proc/2589545/root/proc/self/root/lib64/python3.6/site-packages/zope/interface HTTP/2.0" 200 15907 "-" "Mozilla/5.0 AppleWebKit/537.36 (KHTML, like Gecko; compatible; GPTBot/1.2; +https://openai.com/gptbot)"
74.7.227.36 - - [04/Nov/2025:13:51:20 +0100] "GET /?path=//proc/self/root/proc/67277/root/opt/alt/alt-nodejs16/root/sys HTTP/2.0" 200 15824 "-" "Mozilla/5.0 AppleWebKit/537.36 (KHTML, like Gecko; compatible; GPTBot/1.2; +https://openai.com/gptbot)"
74.7.227.177 - - [04/Nov/2025:13:51:20 +0100] "GET /662363?path=//sbin HTTP/2.0" 200 77074 "-" "Mozilla/5.0 AppleWebKit/537.36 (KHTML, like Gecko; compatible; GPTBot/1.2; +https://openai.com/gptbot)"
74.7.227.240 - - [04/Nov/2025:13:51:21 +0100] "GET /?path=//proc/self/root/proc/54274/root/lib/.build-id/52 HTTP/2.0" 200 35797 "-" "Mozilla/5.0 AppleWebKit/537.36 (KHTML, like Gecko; compatible; GPTBot/1.2; +https://openai.com/gptbot)"
74.7.227.148 - - [04/Nov/2025:13:51:23 +0100] "GET /?path=//proc/2589545/root/proc/thread-self/root/usr/lib64/python2.7/test/cjkencodings HTTP/2.0" 200 15921 "-" "Mozilla/5.0 AppleWebKit/537.36 (KHTML, like Gecko; compatible; GPTBot/1.2; +https://openai.com/gptbot)"
66.249.69.167 - - [04/Nov/2025:13:51:23 +0100] "GET /delay008021487.html HTTP/1.1" 200 551651 "-" "Mozilla/5.0 (Linux; Android 6.0.1; Nexus 5X Build/MMB29P) AppleWebKit/537.36 (KHTML, like Gecko) Chrome/141.0.7390.122 Mobile Safari/537.36 (compatible; Googlebot/2.1; +http://www.google.com/bot.html)"
74.7.227.36 - - [04/Nov/2025:13:51:24 +0100] "GET /?path=//proc/self/root/proc/53872/root/opt/cpanel/ea-php80/root/usr/bin HTTP/2.0" 200 32046 "-" "Mozilla/5.0 AppleWebKit/537.36 (KHTML, like Gecko; compatible; GPTBot/1.2; +https://openai.com/gptbot)"
74.7.227.240 - - [04/Nov/2025:13:51:24 +0100] "GET /?path=//proc/self/root/proc/54274/root/lib/.build-id/04 HTTP/2.0" 200 29083 "-" "Mozilla/5.0 AppleWebKit/537.36 (KHTML, like Gecko; compatible; GPTBot/1.2; +https://openai.com/gptbot)"
74.7.227.177 - - [04/Nov/2025:13:51:24 +0100] "GET /461337?fileloc=//bin/join&path=//bin HTTP/2.0" 200 94680 "-" "Mozilla/5.0 AppleWebKit/537.36 (KHTML, like Gecko; compatible; GPTBot/1.2; +https://openai.com/gptbot)"
69.197.179.242 - - [04/Nov/2025:13:50:01 +0100] "GET /wp-includes/qqe586cc/index.php?id=968360 HTTP/1.1" 200 - "https://opalaesthetic.net/wp-includes/qqe586cc/index.php?id=968360" "Mozilla/5.0 (Windows NT 10.0; Win64; x64) AppleWebKit/537.36 (KHTML, like Gecko) Chrome/58.0.3029.110 Safari/537.3"
74.7.227.148 - - [04/Nov/2025:13:51:27 +0100] "GET /?fileloc=//opt/alt/python27/lib64/pkgconfig/python-2.7.pc&path=//opt/alt/python27/lib64/pkgconfig HTTP/2.0" 200 15309 "-" "Mozilla/5.0 AppleWebKit/537.36 (KHTML, like Gecko; compatible; GPTBot/1.2; +https://openai.com/gptbot)"
74.7.227.177 - - [04/Nov/2025:13:51:28 +0100] "GET /461337?fileloc=//bin/fc-match&path=//bin HTTP/2.0" 200 35114 "-" "Mozilla/5.0 AppleWebKit/537.36 (KHTML, like Gecko; compatible; GPTBot/1.2; +https://openai.com/gptbot)"
74.7.227.240 - - [04/Nov/2025:13:51:28 +0100] "GET /?path=//proc/self/root/proc/54274/root/lib/.build-id/22 HTTP/2.0" 200 45004 "-" "Mozilla/5.0 AppleWebKit/537.36 (KHTML, like Gecko; compatible; GPTBot/1.2; +https://openai.com/gptbot)"
74.7.227.36 - - [04/Nov/2025:13:51:29 +0100] "GET /?path=//proc/self/root/proc/142086/root/opt/cpanel/nghttp2 HTTP/2.0" 200 21366 "-" "Mozilla/5.0 AppleWebKit/537.36 (KHTML, like Gecko; compatible; GPTBot/1.2; +https://openai.com/gptbot)"
74.7.227.3 - - [04/Nov/2025:13:51:29 +0100] "GET /?path=/home/opal/public_html/images/images/images HTTP/2.0" 200 24755 "-" "Mozilla/5.0 AppleWebKit/537.36 (KHTML, like Gecko; compatible; GPTBot/1.2; +https://openai.com/gptbot)"
66.249.76.194 - - [04/Nov/2025:13:51:30 +0100] "GET /strongly269016678.html HTTP/1.1" 200 557130 "-" "Mozilla/5.0 (Linux; Android 6.0.1; Nexus 5X Build/MMB29P) AppleWebKit/537.36 (KHTML, like Gecko) Chrome/141.0.7390.122 Mobile Safari/537.36 (compatible; Googlebot/2.1; +http://www.google.com/bot.html)"
74.7.227.148 - - [04/Nov/2025:13:51:30 +0100] "GET /?path=//usr/lib/tuned/virtual-host HTTP/2.0" 200 16820 "-" "Mozilla/5.0 AppleWebKit/537.36 (KHTML, like Gecko; compatible; GPTBot/1.2; +https://openai.com/gptbot)"
