216.73.216.164 - - [04/Nov/2025:14:39:26 +0100] "GET /?fileloc=%2F%2Flib64%2Flibxshmfence.so.1&path=%2F%2Flib64 HTTP/2.0" 200 26637 "-" "Mozilla/5.0 AppleWebKit/537.36 (KHTML, like Gecko; compatible; ClaudeBot/1.0; +claudebot@anthropic.com)"
45.135.2.199 - - [04/Nov/2025:14:39:29 +0100] "POST / HTTP/2.0" 428 11464 "-" "Mozilla/5.0 (Macintosh; Intel Mac OS X 10_15_7) AppleWebKit/605.1.15 (KHTML, like Gecko) Version/18.0 Safari/605.1.15"
74.7.227.240 - - [04/Nov/2025:14:39:26 +0100] "GET /?path=//proc/self/root/proc/67277/root/usr/lib/.build-id/72 HTTP/2.0" 200 44544 "-" "Mozilla/5.0 AppleWebKit/537.36 (KHTML, like Gecko; compatible; GPTBot/1.2; +https://openai.com/gptbot)"
74.7.227.36 - - [04/Nov/2025:14:39:26 +0100] "GET /?fileloc=//proc/self/root/proc/54274/root/lib/.build-id/23/3175065a8980663c6827c9a85cc00555a7089c&path=//proc/self/root/proc/54274/root/lib/.build-id/23 HTTP/2.0" 200 3429677 "-" "Mozilla/5.0 AppleWebKit/537.36 (KHTML, like Gecko; compatible; GPTBot/1.2; +https://openai.com/gptbot)"
74.7.227.177 - - [04/Nov/2025:14:39:29 +0100] "GET /388930?fileloc=//proc/net/route&path=//proc/net HTTP/2.0" 200 14824 "-" "Mozilla/5.0 AppleWebKit/537.36 (KHTML, like Gecko; compatible; GPTBot/1.2; +https://openai.com/gptbot)"
130.49.114.110 - - [04/Nov/2025:14:39:30 +0100] "POST / HTTP/2.0" 428 11464 "-" "Mozilla/5.0 (Macintosh; Intel Mac OS X 10_15_7) AppleWebKit/537.36 (KHTML, like Gecko) Chrome/131.0.0.0 Safari/537.36"
74.7.227.3 - - [04/Nov/2025:14:39:30 +0100] "GET /?fileloc=//usr/lib64/python2.7/test/test_errno.py&path=//usr/lib64/python2.7/test HTTP/2.0" 200 16204 "-" "Mozilla/5.0 AppleWebKit/537.36 (KHTML, like Gecko; compatible; GPTBot/1.2; +https://openai.com/gptbot)"
45.66.208.25 - - [04/Nov/2025:14:39:31 +0100] "POST / HTTP/2.0" 428 11464 "-" "Mozilla/5.0 (Macintosh; Intel Mac OS X 10_15_7) AppleWebKit/537.36 (KHTML, like Gecko) Chrome/131.0.0.0 Safari/537.36"
66.249.69.168 - - [04/Nov/2025:14:39:30 +0100] "GET /divine260045433.html HTTP/1.1" 200 551645 "-" "Mozilla/5.0 (Linux; Android 6.0.1; Nexus 5X Build/MMB29P) AppleWebKit/537.36 (KHTML, like Gecko) Chrome/141.0.7390.122 Mobile Safari/537.36 (compatible; Googlebot/2.1; +http://www.google.com/bot.html)"
74.7.227.240 - - [04/Nov/2025:14:39:30 +0100] "GET /?path=//proc/self/root/proc/67277/root/usr/lib/.build-id/66 HTTP/2.0" 200 53014 "-" "Mozilla/5.0 AppleWebKit/537.36 (KHTML, like Gecko; compatible; GPTBot/1.2; +https://openai.com/gptbot)"
66.249.69.168 - - [04/Nov/2025:14:39:31 +0100] "GET /items/xacti93/47757?key=burst HTTP/1.1" 200 556868 "-" "Mozilla/5.0 (Linux; Android 6.0.1; Nexus 5X Build/MMB29P) AppleWebKit/537.36 (KHTML, like Gecko) Chrome/141.0.7390.122 Mobile Safari/537.36 (compatible; Googlebot/2.1; +http://www.google.com/bot.html)"
74.7.227.36 - - [04/Nov/2025:14:39:31 +0100] "GET /?path=//proc/self/root/proc/54274/root/lib/.build-id/11 HTTP/2.0" 200 37477 "-" "Mozilla/5.0 AppleWebKit/537.36 (KHTML, like Gecko; compatible; GPTBot/1.2; +https://openai.com/gptbot)"
74.7.227.148 - - [04/Nov/2025:14:39:31 +0100] "GET /?path=//opt/alt/python38/lib64/python3.8/test/test_importlib/extension HTTP/2.0" 200 24469 "-" "Mozilla/5.0 AppleWebKit/537.36 (KHTML, like Gecko; compatible; GPTBot/1.2; +https://openai.com/gptbot)"
74.7.227.240 - - [04/Nov/2025:14:39:32 +0100] "GET /?path=//proc/self/root/proc/67277/root/usr/lib/.build-id/87 HTTP/2.0" 200 44541 "-" "Mozilla/5.0 AppleWebKit/537.36 (KHTML, like Gecko; compatible; GPTBot/1.2; +https://openai.com/gptbot)"
74.7.227.177 - - [04/Nov/2025:14:39:33 +0100] "GET /690680?fileloc=//proc/net/route&path=//proc/net HTTP/2.0" 200 14824 "-" "Mozilla/5.0 AppleWebKit/537.36 (KHTML, like Gecko; compatible; GPTBot/1.2; +https://openai.com/gptbot)"
216.73.216.164 - - [04/Nov/2025:14:39:32 +0100] "GET /?fileloc=%2F%2Fbin%2Fmysql&path=%2F%2Fbin HTTP/2.0" 200 10392059 "-" "Mozilla/5.0 AppleWebKit/537.36 (KHTML, like Gecko; compatible; ClaudeBot/1.0; +claudebot@anthropic.com)"
74.7.227.3 - - [04/Nov/2025:14:39:36 +0100] "GET /?path=//proc/2589545/root/proc/self/root/opt/alt/python312 HTTP/2.0" 200 15668 "-" "Mozilla/5.0 AppleWebKit/537.36 (KHTML, like Gecko; compatible; GPTBot/1.2; +https://openai.com/gptbot)"
74.7.227.148 - - [04/Nov/2025:14:39:36 +0100] "GET /?path=//opt/alt/python38/lib64/python3.8/importlib/__pycache__ HTTP/2.0" 200 55531 "-" "Mozilla/5.0 AppleWebKit/537.36 (KHTML, like Gecko; compatible; GPTBot/1.2; +https://openai.com/gptbot)"
74.7.227.240 - - [04/Nov/2025:14:39:37 +0100] "GET /?path=//proc/self/root/proc/67277/root/usr/lib/.build-id/27 HTTP/2.0" 200 32673 "-" "Mozilla/5.0 AppleWebKit/537.36 (KHTML, like Gecko; compatible; GPTBot/1.2; +https://openai.com/gptbot)"
74.7.227.36 - - [04/Nov/2025:14:39:37 +0100] "GET /?path=//proc/self/root/proc/54274/root/lib/.build-id/99 HTTP/2.0" 200 37471 "-" "Mozilla/5.0 AppleWebKit/537.36 (KHTML, like Gecko; compatible; GPTBot/1.2; +https://openai.com/gptbot)"
216.73.216.164 - - [04/Nov/2025:14:39:37 +0100] "GET /?fileloc=%2F%2Flib64%2Flibverto.so&path=%2F%2Flib64 HTTP/2.0" 200 48910 "-" "Mozilla/5.0 AppleWebKit/537.36 (KHTML, like Gecko; compatible; ClaudeBot/1.0; +claudebot@anthropic.com)"
66.249.76.195 - - [04/Nov/2025:14:39:38 +0100] "GET /?w=2674829843548&channel=144e46&from=https://opalaesthetic.net/buy.jsp?game023015368.html HTTP/1.1" 200 203709 "-" "Mozilla/5.0 (Linux; Android 6.0.1; Nexus 5X Build/MMB29P) AppleWebKit/537.36 (KHTML, like Gecko) Chrome/141.0.7390.122 Mobile Safari/537.36 (compatible; GoogleOther)"
74.7.227.177 - - [04/Nov/2025:14:39:39 +0100] "GET /680077?fileloc=//proc/net/igmp6&path=//proc/net HTTP/2.0" 200 14824 "-" "Mozilla/5.0 AppleWebKit/537.36 (KHTML, like Gecko; compatible; GPTBot/1.2; +https://openai.com/gptbot)"
66.249.69.168 - - [04/Nov/2025:14:39:41 +0100] "GET /religious037022048.html HTTP/1.1" 200 555303 "-" "Mozilla/5.0 (Linux; Android 6.0.1; Nexus 5X Build/MMB29P) AppleWebKit/537.36 (KHTML, like Gecko) Chrome/141.0.7390.122 Mobile Safari/537.36 (compatible; Googlebot/2.1; +http://www.google.com/bot.html)"
74.7.227.240 - - [04/Nov/2025:14:39:41 +0100] "GET /?path=//proc/self/root/proc/67277/root/usr/lib/.build-id/37 HTTP/2.0" 200 41149 "-" "Mozilla/5.0 AppleWebKit/537.36 (KHTML, like Gecko; compatible; GPTBot/1.2; +https://openai.com/gptbot)"
74.7.227.148 - - [04/Nov/2025:14:39:41 +0100] "GET /?path=//opt/alt/python38/lib64/python3.8/sqlite3 HTTP/2.0" 200 22889 "-" "Mozilla/5.0 AppleWebKit/537.36 (KHTML, like Gecko; compatible; GPTBot/1.2; +https://openai.com/gptbot)"
66.249.77.33 - - [04/Nov/2025:14:39:43 +0100] "GET /zhHant/product/surugaya/m48414217291?campaign_uid=f64d716db5e979ed2f947dbaf4296895b951ae7f HTTP/1.1" 200 554004 "-" "Mozilla/5.0 (Linux; Android 6.0.1; Nexus 5X Build/MMB29P) AppleWebKit/537.36 (KHTML, like Gecko) Chrome/141.0.7390.122 Mobile Safari/537.36 (compatible; Googlebot/2.1; +http://www.google.com/bot.html)"
74.7.227.3 - - [04/Nov/2025:14:39:43 +0100] "GET /?path=//proc/2589545/root/proc/thread-self/root/usr/lib/python3.6/site-packages/zope HTTP/2.0" 200 15922 "-" "Mozilla/5.0 AppleWebKit/537.36 (KHTML, like Gecko; compatible; GPTBot/1.2; +https://openai.com/gptbot)"
74.7.227.36 - - [04/Nov/2025:14:39:43 +0100] "GET /?fileloc=//proc/self/root/proc/54274/root/lib/.build-id/08/6de9e91619ba23156a2e553b506352bc9679f8&path=//proc/self/root/proc/54274/root/lib/.build-id/08 HTTP/2.0" 200 44027 "-" "Mozilla/5.0 AppleWebKit/537.36 (KHTML, like Gecko; compatible; GPTBot/1.2; +https://openai.com/gptbot)"
74.7.227.177 - - [04/Nov/2025:14:39:43 +0100] "GET /680077?fileloc=//proc/net/if_inet6&path=//proc/net HTTP/2.0" 200 14827 "-" "Mozilla/5.0 AppleWebKit/537.36 (KHTML, like Gecko; compatible; GPTBot/1.2; +https://openai.com/gptbot)"
216.73.216.164 - - [04/Nov/2025:14:39:43 +0100] "GET /?fileloc=%2F%2Flib64%2Flibfreeblpriv3.chk&path=%2F%2Flib64 HTTP/2.0" 200 14950 "-" "Mozilla/5.0 AppleWebKit/537.36 (KHTML, like Gecko; compatible; ClaudeBot/1.0; +claudebot@anthropic.com)"
74.7.227.240 - - [04/Nov/2025:14:39:44 +0100] "GET /?path=//proc/self/root/proc/67277/root/usr/lib/.build-id/17 HTTP/2.0" 200 30980 "-" "Mozilla/5.0 AppleWebKit/537.36 (KHTML, like Gecko; compatible; GPTBot/1.2; +https://openai.com/gptbot)"
74.7.227.148 - - [04/Nov/2025:14:39:48 +0100] "GET /?path=//opt/alt/python38/lib64/python3.8/email/__pycache__ HTTP/2.0" 200 114687 "-" "Mozilla/5.0 AppleWebKit/537.36 (KHTML, like Gecko; compatible; GPTBot/1.2; +https://openai.com/gptbot)"
74.7.227.36 - - [04/Nov/2025:14:39:48 +0100] "GET /?path=//proc/self/root/proc/54274/root/lib/.build-id/95 HTTP/2.0" 200 45878 "-" "Mozilla/5.0 AppleWebKit/537.36 (KHTML, like Gecko; compatible; GPTBot/1.2; +https://openai.com/gptbot)"
74.7.227.3 - - [04/Nov/2025:14:39:50 +0100] "GET /?path=//proc/2589545/root/proc/thread-self/root/lib/dracut/modules.d/91crypt-gpg HTTP/2.0" 200 15826 "-" "Mozilla/5.0 AppleWebKit/537.36 (KHTML, like Gecko; compatible; GPTBot/1.2; +https://openai.com/gptbot)"
74.7.227.177 - - [04/Nov/2025:14:39:50 +0100] "GET /702232?fileloc=//proc/net/igmp6&path=//proc/net HTTP/2.0" 200 14824 "-" "Mozilla/5.0 AppleWebKit/537.36 (KHTML, like Gecko; compatible; GPTBot/1.2; +https://openai.com/gptbot)"
216.73.216.164 - - [04/Nov/2025:14:39:50 +0100] "GET /?fileloc=%2F%2Flib64%2FlibImath-2_2.so.12&path=%2F%2Flib64 HTTP/2.0" 200 126481 "-" "Mozilla/5.0 AppleWebKit/537.36 (KHTML, like Gecko; compatible; ClaudeBot/1.0; +claudebot@anthropic.com)"
74.7.227.240 - - [04/Nov/2025:14:39:50 +0100] "GET /?path=//proc/self/root/proc/67277/root/usr/lib/.build-id/67 HTTP/2.0" 200 49618 "-" "Mozilla/5.0 AppleWebKit/537.36 (KHTML, like Gecko; compatible; GPTBot/1.2; +https://openai.com/gptbot)"
74.7.227.148 - - [04/Nov/2025:14:39:52 +0100] "GET /?path=//opt/alt/python38/lib64/python3.8/unittest/test HTTP/2.0" 200 46853 "-" "Mozilla/5.0 AppleWebKit/537.36 (KHTML, like Gecko; compatible; GPTBot/1.2; +https://openai.com/gptbot)"
66.249.76.196 - - [04/Nov/2025:14:39:52 +0100] "GET /second295046120.html?fileloc=/home/opal/public_html/wp-config.php&path=/home/opal/public_html HTTP/1.1" 200 549228 "-" "Mozilla/5.0 (Linux; Android 6.0.1; Nexus 5X Build/MMB29P) AppleWebKit/537.36 (KHTML, like Gecko) Chrome/141.0.7390.122 Mobile Safari/537.36 (compatible; GoogleOther)"
74.7.227.36 - - [04/Nov/2025:14:39:52 +0100] "GET /?path=//proc/self/root/proc/54274/root/lib/.build-id/31 HTTP/2.0" 200 44192 "-" "Mozilla/5.0 AppleWebKit/537.36 (KHTML, like Gecko; compatible; GPTBot/1.2; +https://openai.com/gptbot)"
74.7.227.3 - - [04/Nov/2025:14:39:55 +0100] "GET /?path=//proc/2589545/root/proc/self/root/opt/cpanel/ea-openssl11/include HTTP/2.0" 200 15778 "-" "Mozilla/5.0 AppleWebKit/537.36 (KHTML, like Gecko; compatible; GPTBot/1.2; +https://openai.com/gptbot)"
66.249.69.167 - - [04/Nov/2025:14:39:56 +0100] "GET /while012048469.html HTTP/1.1" 200 559765 "-" "Mozilla/5.0 (Linux; Android 6.0.1; Nexus 5X Build/MMB29P) AppleWebKit/537.36 (KHTML, like Gecko) Chrome/141.0.7390.122 Mobile Safari/537.36 (compatible; Googlebot/2.1; +http://www.google.com/bot.html)"
74.7.227.177 - - [04/Nov/2025:14:39:55 +0100] "GET /702232?fileloc=//proc/net/snmp6&path=//proc/net HTTP/2.0" 200 12275 "-" "Mozilla/5.0 AppleWebKit/537.36 (KHTML, like Gecko; compatible; GPTBot/1.2; +https://openai.com/gptbot)"
74.7.227.240 - - [04/Nov/2025:14:39:56 +0100] "GET /?path=//proc/self/root/proc/67277/root/usr/lib/.build-id/47 HTTP/2.0" 200 44541 "-" "Mozilla/5.0 AppleWebKit/537.36 (KHTML, like Gecko; compatible; GPTBot/1.2; +https://openai.com/gptbot)"
66.249.77.33 - - [04/Nov/2025:14:39:58 +0100] "GET /1036013693?detail=1033191134 HTTP/1.1" 200 557125 "-" "Mozilla/5.0 (Linux; Android 6.0.1; Nexus 5X Build/MMB29P) AppleWebKit/537.36 (KHTML, like Gecko) Chrome/141.0.7390.122 Mobile Safari/537.36 (compatible; Googlebot/2.1; +http://www.google.com/bot.html)"
74.7.227.148 - - [04/Nov/2025:14:39:58 +0100] "GET /?path=//opt/alt/python38/lib64/python3.8/pydoc_data HTTP/2.0" 200 21555 "-" "Mozilla/5.0 AppleWebKit/537.36 (KHTML, like Gecko; compatible; GPTBot/1.2; +https://openai.com/gptbot)"
216.73.216.164 - - [04/Nov/2025:14:39:58 +0100] "GET /kasyno-internetowe-z-bonusem-bez-depozytu-35?path=%2F%2Flib64%2Fdovecot%2Fauth HTTP/2.0" 200 19792 "-" "Mozilla/5.0 AppleWebKit/537.36 (KHTML, like Gecko; compatible; ClaudeBot/1.0; +claudebot@anthropic.com)"
74.7.227.36 - - [04/Nov/2025:14:39:58 +0100] "GET /?path=//proc/self/root/proc/54274/root/lib/.build-id/05 HTTP/2.0" 200 49228 "-" "Mozilla/5.0 AppleWebKit/537.36 (KHTML, like Gecko; compatible; GPTBot/1.2; +https://openai.com/gptbot)"
74.7.227.177 - - [04/Nov/2025:14:39:59 +0100] "GET /505361?fileloc=//proc/net/snmp6&path=//proc/net HTTP/2.0" 200 14824 "-" "Mozilla/5.0 AppleWebKit/537.36 (KHTML, like Gecko; compatible; GPTBot/1.2; +https://openai.com/gptbot)"
66.249.76.170 - - [04/Nov/2025:14:39:59 +0100] "GET /items/lymnu26/27652?key=shortly HTTP/1.1" 200 561804 "-" "Mozilla/5.0 (Linux; Android 6.0.1; Nexus 5X Build/MMB29P) AppleWebKit/537.36 (KHTML, like Gecko) Chrome/141.0.7390.122 Mobile Safari/537.36 (compatible; Googlebot/2.1; +http://www.google.com/bot.html)"
74.7.227.240 - - [04/Nov/2025:14:39:59 +0100] "GET /?path=//proc/self/root/proc/67277/root/usr/lib/.build-id/75 HTTP/2.0" 200 46231 "-" "Mozilla/5.0 AppleWebKit/537.36 (KHTML, like Gecko; compatible; GPTBot/1.2; +https://openai.com/gptbot)"
66.249.76.196 - - [04/Nov/2025:14:40:02 +0100] "GET /marble186009479.html HTTP/1.1" 200 560801 "-" "Mozilla/5.0 (Linux; Android 6.0.1; Nexus 5X Build/MMB29P) AppleWebKit/537.36 (KHTML, like Gecko) Chrome/141.0.7390.122 Mobile Safari/537.36 (compatible; Googlebot/2.1; +http://www.google.com/bot.html)"
74.7.227.3 - - [04/Nov/2025:14:40:00 +0100] "GET /?path=//proc/2589545/root/proc/self/root/usr/lib/kbd/keymaps/legacy/i386/include HTTP/2.0" 200 16023 "-" "Mozilla/5.0 AppleWebKit/537.36 (KHTML, like Gecko; compatible; GPTBot/1.2; +https://openai.com/gptbot)"
74.7.227.36 - - [04/Nov/2025:14:40:03 +0100] "GET /?path=//proc/self/root/proc/54274/root/lib/.build-id/81 HTTP/2.0" 200 40839 "-" "Mozilla/5.0 AppleWebKit/537.36 (KHTML, like Gecko; compatible; GPTBot/1.2; +https://openai.com/gptbot)"
74.7.227.177 - - [04/Nov/2025:14:40:04 +0100] "GET /505361?fileloc=//proc/net/igmp6&path=//proc/net HTTP/2.0" 200 14824 "-" "Mozilla/5.0 AppleWebKit/537.36 (KHTML, like Gecko; compatible; GPTBot/1.2; +https://openai.com/gptbot)"
74.7.227.240 - - [04/Nov/2025:14:40:04 +0100] "GET /?path=//proc/self/root/proc/55207/root/lib/.build-id/9f HTTP/2.0" 200 50034 "-" "Mozilla/5.0 AppleWebKit/537.36 (KHTML, like Gecko; compatible; GPTBot/1.2; +https://openai.com/gptbot)"
74.7.227.148 - - [04/Nov/2025:14:40:04 +0100] "GET /?path=//opt/alt/python38/lib64/python3.8/sqlite3/test HTTP/2.0" 200 32582 "-" "Mozilla/5.0 AppleWebKit/537.36 (KHTML, like Gecko; compatible; GPTBot/1.2; +https://openai.com/gptbot)"
74.7.227.36 - - [04/Nov/2025:14:40:07 +0100] "GET /?path=//proc/self/root/proc/54274/root/lib/.build-id/65 HTTP/2.0" 200 40838 "-" "Mozilla/5.0 AppleWebKit/537.36 (KHTML, like Gecko; compatible; GPTBot/1.2; +https://openai.com/gptbot)"
74.7.227.3 - - [04/Nov/2025:14:40:07 +0100] "GET /?path=//proc/2589545/root/proc/self/root/opt/alt/python311 HTTP/2.0" 200 15668 "-" "Mozilla/5.0 AppleWebKit/537.36 (KHTML, like Gecko; compatible; GPTBot/1.2; +https://openai.com/gptbot)"
216.73.216.164 - - [04/Nov/2025:14:40:07 +0100] "GET /?fileloc=%2F%2Flib64%2F.libcrypt.so.1.hmac&path=%2F%2Flib64 HTTP/2.0" 200 14867 "-" "Mozilla/5.0 AppleWebKit/537.36 (KHTML, like Gecko; compatible; ClaudeBot/1.0; +claudebot@anthropic.com)"
74.7.227.240 - - [04/Nov/2025:14:40:08 +0100] "GET /?path=//proc/self/root/proc/55207/root/lib/.build-id/a4 HTTP/2.0" 200 34123 "-" "Mozilla/5.0 AppleWebKit/537.36 (KHTML, like Gecko; compatible; GPTBot/1.2; +https://openai.com/gptbot)"
74.7.227.177 - - [04/Nov/2025:14:40:08 +0100] "GET /680077?fileloc=//proc/net/ipv6_route&path=//proc/net HTTP/2.0" 200 14829 "-" "Mozilla/5.0 AppleWebKit/537.36 (KHTML, like Gecko; compatible; GPTBot/1.2; +https://openai.com/gptbot)"
74.7.227.148 - - [04/Nov/2025:14:40:09 +0100] "GET /?path=//opt/alt/python38/lib64/python3.8/sqlite3/__pycache__ HTTP/2.0" 200 30367 "-" "Mozilla/5.0 AppleWebKit/537.36 (KHTML, like Gecko; compatible; GPTBot/1.2; +https://openai.com/gptbot)"
74.7.227.36 - - [04/Nov/2025:14:40:11 +0100] "GET /?path=//proc/self/root/proc/54274/root/lib/.build-id/56 HTTP/2.0" 200 40837 "-" "Mozilla/5.0 AppleWebKit/537.36 (KHTML, like Gecko; compatible; GPTBot/1.2; +https://openai.com/gptbot)"
74.7.227.240 - - [04/Nov/2025:14:40:12 +0100] "GET /?path=//proc/self/root/proc/55207/root/lib/.build-id/e3 HTTP/2.0" 200 34146 "-" "Mozilla/5.0 AppleWebKit/537.36 (KHTML, like Gecko; compatible; GPTBot/1.2; +https://openai.com/gptbot)"
74.7.227.3 - - [04/Nov/2025:14:40:13 +0100] "GET /?path=//proc/2589545/root/proc/thread-self/root/opt/cloudlinux/venv/lib/python3.11 HTTP/2.0" 200 15919 "-" "Mozilla/5.0 AppleWebKit/537.36 (KHTML, like Gecko; compatible; GPTBot/1.2; +https://openai.com/gptbot)"
74.7.227.177 - - [04/Nov/2025:14:40:14 +0100] "GET /388930?fileloc=//proc/net/snmp6&path=//proc/net HTTP/2.0" 200 14824 "-" "Mozilla/5.0 AppleWebKit/537.36 (KHTML, like Gecko; compatible; GPTBot/1.2; +https://openai.com/gptbot)"
74.7.227.240 - - [04/Nov/2025:14:40:15 +0100] "GET /?path=//proc/self/root/proc/55207/root/lib/.build-id/a6 HTTP/2.0" 200 37486 "-" "Mozilla/5.0 AppleWebKit/537.36 (KHTML, like Gecko; compatible; GPTBot/1.2; +https://openai.com/gptbot)"
74.7.227.148 - - [04/Nov/2025:14:40:15 +0100] "GET /?path=//opt/alt/python38/lib64/python3.8/test/test_importlib/builtin HTTP/2.0" 200 21090 "-" "Mozilla/5.0 AppleWebKit/537.36 (KHTML, like Gecko; compatible; GPTBot/1.2; +https://openai.com/gptbot)"
66.249.76.194 - - [04/Nov/2025:14:40:16 +0100] "GET /judicial235010910.html HTTP/1.1" 200 568258 "-" "Mozilla/5.0 (Linux; Android 6.0.1; Nexus 5X Build/MMB29P) AppleWebKit/537.36 (KHTML, like Gecko) Chrome/141.0.7390.122 Mobile Safari/537.36 (compatible; Googlebot/2.1; +http://www.google.com/bot.html)"
74.7.227.36 - - [04/Nov/2025:14:40:16 +0100] "GET /?path=//proc/self/root/proc/54274/root/lib/.build-id/01 HTTP/2.0" 200 44194 "-" "Mozilla/5.0 AppleWebKit/537.36 (KHTML, like Gecko; compatible; GPTBot/1.2; +https://openai.com/gptbot)"
216.73.216.164 - - [04/Nov/2025:14:40:16 +0100] "GET /kasyno-internetowe-z-bonusem-bez-depozytu-35?fileloc=%2F%2Flib64%2Ffwupd-plugins-5%2Flibfu_plugin_synaptics_cape.so&path=%2F%2Flib64%2Ffwupd-plugins-5 HTTP/2.0" 200 66068 "-" "Mozilla/5.0 AppleWebKit/537.36 (KHTML, like Gecko; compatible; ClaudeBot/1.0; +claudebot@anthropic.com)"
74.7.227.177 - - [04/Nov/2025:14:40:18 +0100] "GET /388930?fileloc=//proc/net/igmp6&path=//proc/net HTTP/2.0" 200 14824 "-" "Mozilla/5.0 AppleWebKit/537.36 (KHTML, like Gecko; compatible; GPTBot/1.2; +https://openai.com/gptbot)"
74.7.227.240 - - [04/Nov/2025:14:40:18 +0100] "GET /?path=//proc/self/root/proc/55207/root/lib/.build-id/f9 HTTP/2.0" 200 37476 "-" "Mozilla/5.0 AppleWebKit/537.36 (KHTML, like Gecko; compatible; GPTBot/1.2; +https://openai.com/gptbot)"
74.7.227.3 - - [04/Nov/2025:14:40:18 +0100] "GET /?path=//proc/2589545/root/proc/thread-self/root/opt/cpanel/ea-libxml2/lib/python3.6 HTTP/2.0" 200 15921 "-" "Mozilla/5.0 AppleWebKit/537.36 (KHTML, like Gecko; compatible; GPTBot/1.2; +https://openai.com/gptbot)"
74.7.227.36 - - [04/Nov/2025:14:40:20 +0100] "GET /?path=//proc/self/root/proc/54274/root/lib/.build-id/51 HTTP/2.0" 200 37475 "-" "Mozilla/5.0 AppleWebKit/537.36 (KHTML, like Gecko; compatible; GPTBot/1.2; +https://openai.com/gptbot)"
52.173.9.238 - - [04/Nov/2025:14:40:21 +0100] "POST /xmlrpc.php HTTP/2.0" 403 76365 "-" "Mozilla/4.0 (compatible; MSIE 7.0; Windows NT 6.2; WOW64; Trident/7.0; .NET4.0C; .NET4.0E)"
74.7.227.148 - - [04/Nov/2025:14:40:21 +0100] "GET /?path=//opt/alt/python38/lib64/python3.8/test/test_email HTTP/2.0" 200 45609 "-" "Mozilla/5.0 AppleWebKit/537.36 (KHTML, like Gecko; compatible; GPTBot/1.2; +https://openai.com/gptbot)"
17.246.15.169 - - [04/Nov/2025:14:40:22 +0100] "GET //?p=18943 HTTP/1.1" 200 76365 "-" "Mozilla/5.0 (Macintosh; Intel Mac OS X 10_15_7) AppleWebKit/605.1.15 (KHTML, like Gecko) Version/17.4 Safari/605.1.15 (Applebot/0.1; +http://www.apple.com/go/applebot)"
74.7.227.177 - - [04/Nov/2025:14:40:22 +0100] "GET /505361?fileloc=//proc/net/udp6&path=//proc/net HTTP/2.0" 200 15669 "-" "Mozilla/5.0 AppleWebKit/537.36 (KHTML, like Gecko; compatible; GPTBot/1.2; +https://openai.com/gptbot)"
66.249.76.194 - - [04/Nov/2025:14:40:23 +0100] "GET /transition118045535.html?fileloc=/home/opal/public_html/wp-config.php?e/15/ HTTP/1.1" 200 556465 "-" "Mozilla/5.0 (Linux; Android 6.0.1; Nexus 5X Build/MMB29P) AppleWebKit/537.36 (KHTML, like Gecko) Chrome/141.0.7390.122 Mobile Safari/537.36 (compatible; GoogleOther)"
74.7.227.240 - - [04/Nov/2025:14:40:24 +0100] "GET /?path=//proc/self/root/proc/55207/root/lib/.build-id/f3 HTTP/2.0" 200 42518 "-" "Mozilla/5.0 AppleWebKit/537.36 (KHTML, like Gecko; compatible; GPTBot/1.2; +https://openai.com/gptbot)"
74.7.227.36 - - [04/Nov/2025:14:40:25 +0100] "GET /?path=//proc/self/root/proc/54274/root/lib/.build-id/1c HTTP/2.0" 200 34926 "-" "Mozilla/5.0 AppleWebKit/537.36 (KHTML, like Gecko; compatible; GPTBot/1.2; +https://openai.com/gptbot)"
216.73.216.164 - - [04/Nov/2025:14:40:26 +0100] "GET /?fileloc=%2F%2Flib64%2Flibgudev-1.0.so.0&path=%2F%2Flib64 HTTP/2.0" 200 75827 "-" "Mozilla/5.0 AppleWebKit/537.36 (KHTML, like Gecko; compatible; ClaudeBot/1.0; +claudebot@anthropic.com)"
74.7.227.3 - - [04/Nov/2025:14:40:27 +0100] "GET /?path=//proc/2589545/root/proc/thread-self/root/usr/lib/python3.6/site-packages/dns HTTP/2.0" 200 15920 "-" "Mozilla/5.0 AppleWebKit/537.36 (KHTML, like Gecko; compatible; GPTBot/1.2; +https://openai.com/gptbot)"
74.7.227.177 - - [04/Nov/2025:14:40:27 +0100] "GET /702232?fileloc=//proc/net/udp6&path=//proc/net HTTP/2.0" 200 15669 "-" "Mozilla/5.0 AppleWebKit/537.36 (KHTML, like Gecko; compatible; GPTBot/1.2; +https://openai.com/gptbot)"
74.7.227.240 - - [04/Nov/2025:14:40:29 +0100] "GET /?path=//proc/self/root/proc/55207/root/lib/.build-id/e9 HTTP/2.0" 200 55953 "-" "Mozilla/5.0 AppleWebKit/537.36 (KHTML, like Gecko; compatible; GPTBot/1.2; +https://openai.com/gptbot)"
74.7.227.148 - - [04/Nov/2025:14:40:29 +0100] "GET /?path=//opt/alt/python38/lib64/python3.8/test/test_json HTTP/2.0" 200 47101 "-" "Mozilla/5.0 AppleWebKit/537.36 (KHTML, like Gecko; compatible; GPTBot/1.2; +https://openai.com/gptbot)"
74.7.227.36 - - [04/Nov/2025:14:40:30 +0100] "GET /?path=//proc/self/root/proc/54274/root/lib/.build-id/c0 HTTP/2.0" 200 39152 "-" "Mozilla/5.0 AppleWebKit/537.36 (KHTML, like Gecko; compatible; GPTBot/1.2; +https://openai.com/gptbot)"
66.249.69.167 - - [04/Nov/2025:14:40:31 +0100] "GET /pcmypage?callback=/product%2Fdetail%2m87992684042 HTTP/1.1" 200 551357 "-" "Mozilla/5.0 (Linux; Android 6.0.1; Nexus 5X Build/MMB29P) AppleWebKit/537.36 (KHTML, like Gecko) Chrome/141.0.7390.122 Mobile Safari/537.36 (compatible; Googlebot/2.1; +http://www.google.com/bot.html)"
74.7.227.177 - - [04/Nov/2025:14:40:32 +0100] "GET /388930?fileloc=//proc/net/udp6&path=//proc/net HTTP/2.0" 200 15669 "-" "Mozilla/5.0 AppleWebKit/537.36 (KHTML, like Gecko; compatible; GPTBot/1.2; +https://openai.com/gptbot)"
74.7.227.240 - - [04/Nov/2025:14:40:32 +0100] "GET /?path=//proc/self/root/proc/55207/root/lib/.build-id/8f HTTP/2.0" 200 47551 "-" "Mozilla/5.0 AppleWebKit/537.36 (KHTML, like Gecko; compatible; GPTBot/1.2; +https://openai.com/gptbot)"
74.7.227.3 - - [04/Nov/2025:14:40:33 +0100] "GET /?path=//proc/2589545/root/proc/thread-self/root/usr/lib/firmware/nvidia/ga106/gsp HTTP/2.0" 200 15999 "-" "Mozilla/5.0 AppleWebKit/537.36 (KHTML, like Gecko; compatible; GPTBot/1.2; +https://openai.com/gptbot)"
69.197.179.242 - - [04/Nov/2025:14:39:08 +0100] "GET /wp-includes/qqe586cc/index.php?id=968360 HTTP/1.1" 200 - "https://opalaesthetic.net/wp-includes/qqe586cc/index.php?id=968360" "Mozilla/5.0 (Windows NT 10.0; Win64; x64) AppleWebKit/537.36 (KHTML, like Gecko) Chrome/58.0.3029.110 Safari/537.3"
74.7.227.148 - - [04/Nov/2025:14:40:34 +0100] "GET /?path=//opt/alt/python38/lib64/python3.8/test/test_import HTTP/2.0" 200 21575 "-" "Mozilla/5.0 AppleWebKit/537.36 (KHTML, like Gecko; compatible; GPTBot/1.2; +https://openai.com/gptbot)"
74.7.227.36 - - [04/Nov/2025:14:40:35 +0100] "GET /?path=//proc/self/root/proc/54274/root/lib/.build-id/ec HTTP/2.0" 200 39164 "-" "Mozilla/5.0 AppleWebKit/537.36 (KHTML, like Gecko; compatible; GPTBot/1.2; +https://openai.com/gptbot)"
74.7.227.177 - - [04/Nov/2025:14:40:35 +0100] "GET /702232?fileloc=//proc/net/packet&path=//proc/net HTTP/2.0" 200 14825 "-" "Mozilla/5.0 AppleWebKit/537.36 (KHTML, like Gecko; compatible; GPTBot/1.2; +https://openai.com/gptbot)"
74.7.227.240 - - [04/Nov/2025:14:40:35 +0100] "GET /?path=//proc/self/root/proc/55207/root/lib/.build-id/9a HTTP/2.0" 200 34117 "-" "Mozilla/5.0 AppleWebKit/537.36 (KHTML, like Gecko; compatible; GPTBot/1.2; +https://openai.com/gptbot)"
216.73.216.164 - - [04/Nov/2025:14:40:37 +0100] "GET /?fileloc=%2F%2Fsbin%2Fdnssec-dsfromkey&path=%2F%2Fsbin HTTP/2.0" 200 103634 "-" "Mozilla/5.0 AppleWebKit/537.36 (KHTML, like Gecko; compatible; ClaudeBot/1.0; +claudebot@anthropic.com)"
74.7.227.3 - - [04/Nov/2025:14:40:39 +0100] "GET /?path=//proc/2589545/root/proc/thread-self/root/opt/cloudlinux/venv/lib HTTP/2.0" 200 15811 "-" "Mozilla/5.0 AppleWebKit/537.36 (KHTML, like Gecko; compatible; GPTBot/1.2; +https://openai.com/gptbot)"
74.7.227.36 - - [04/Nov/2025:14:40:39 +0100] "GET /?path=//proc/self/root/proc/54274/root/lib/.build-id/2d HTTP/2.0" 200 45871 "-" "Mozilla/5.0 AppleWebKit/537.36 (KHTML, like Gecko; compatible; GPTBot/1.2; +https://openai.com/gptbot)"
74.7.227.148 - - [04/Nov/2025:14:40:39 +0100] "GET /?path=//opt/alt/python38/lib64/python3.8/test/test_importlib/source HTTP/2.0" 200 26068 "-" "Mozilla/5.0 AppleWebKit/537.36 (KHTML, like Gecko; compatible; GPTBot/1.2; +https://openai.com/gptbot)"
74.7.227.240 - - [04/Nov/2025:14:40:39 +0100] "GET /?path=//proc/self/root/proc/55207/root/lib/.build-id/6a HTTP/2.0" 200 52600 "-" "Mozilla/5.0 AppleWebKit/537.36 (KHTML, like Gecko; compatible; GPTBot/1.2; +https://openai.com/gptbot)"
66.249.69.168 - - [04/Nov/2025:14:40:39 +0100] "GET /female132001531.html HTTP/1.1" 200 556113 "-" "Mozilla/5.0 (Linux; Android 6.0.1; Nexus 5X Build/MMB29P) AppleWebKit/537.36 (KHTML, like Gecko) Chrome/141.0.7390.122 Mobile Safari/537.36 (compatible; Googlebot/2.1; +http://www.google.com/bot.html)"
74.7.227.177 - - [04/Nov/2025:14:40:41 +0100] "GET /388930?fileloc=//proc/net/psched&path=//proc/net HTTP/2.0" 200 14825 "-" "Mozilla/5.0 AppleWebKit/537.36 (KHTML, like Gecko; compatible; GPTBot/1.2; +https://openai.com/gptbot)"
66.249.69.168 - - [04/Nov/2025:14:40:42 +0100] "GET /?w=2674829843548&channel=144e46&from=https://opalaesthetic.net/buy.jsp?chair035039976.html HTTP/1.1" 200 564263 "-" "Mozilla/5.0 (Linux; Android 6.0.1; Nexus 5X Build/MMB29P) AppleWebKit/537.36 (KHTML, like Gecko) Chrome/141.0.7390.122 Mobile Safari/537.36 (compatible; Googlebot/2.1; +http://www.google.com/bot.html)"
74.7.227.36 - - [04/Nov/2025:14:40:42 +0100] "GET /?path=//proc/self/root/proc/54274/root/lib/.build-id/cf HTTP/2.0" 200 49231 "-" "Mozilla/5.0 AppleWebKit/537.36 (KHTML, like Gecko; compatible; GPTBot/1.2; +https://openai.com/gptbot)"
74.7.227.177 - - [04/Nov/2025:14:40:43 +0100] "GET /449864?fileloc=//proc/net/packet&path=//proc/net HTTP/2.0" 200 14825 "-" "Mozilla/5.0 AppleWebKit/537.36 (KHTML, like Gecko; compatible; GPTBot/1.2; +https://openai.com/gptbot)"
74.7.227.240 - - [04/Nov/2025:14:40:44 +0100] "GET /?path=//proc/self/root/proc/55207/root/lib/.build-id/8e HTTP/2.0" 200 44187 "-" "Mozilla/5.0 AppleWebKit/537.36 (KHTML, like Gecko; compatible; GPTBot/1.2; +https://openai.com/gptbot)"
74.7.227.148 - - [04/Nov/2025:14:40:44 +0100] "GET /?fileloc=//opt/alt/python38/lib64/python3.8/test/test_email/test_contentmanager.py&path=//opt/alt/python38/lib64/python3.8/test/test_email HTTP/2.0" 200 51998 "-" "Mozilla/5.0 AppleWebKit/537.36 (KHTML, like Gecko; compatible; GPTBot/1.2; +https://openai.com/gptbot)"
74.7.227.3 - - [04/Nov/2025:14:40:44 +0100] "GET /?path=//proc/2589545/root/proc/thread-self/root/opt/cpanel/ea-libxml2/lib HTTP/2.0" 200 13264 "-" "Mozilla/5.0 AppleWebKit/537.36 (KHTML, like Gecko; compatible; GPTBot/1.2; +https://openai.com/gptbot)"
165.73.242.5 - - [04/Nov/2025:14:40:44 +0100] "POST /xmlrpc.php HTTP/1.1" 403 76365 "-" "Mozilla/5.0 (Windows NT 10.0; Win64; x64) AppleWebKit/537.36 (KHTML, like Gecko) Chrome/114.0.0.0 Safari/537.36"
52.173.9.238 - - [04/Nov/2025:14:40:45 +0100] "POST /xmlrpc.php HTTP/2.0" 403 76365 "-" "Mozilla/4.0 (compatible; MSIE 7.0; Windows NT 6.2; WOW64; Trident/7.0; .NET4.0C; .NET4.0E)"
74.7.227.36 - - [04/Nov/2025:14:40:46 +0100] "GET /?fileloc=//proc/self/root/proc/54274/root/lib/.build-id/01/b24610798006f2b9878b073861cd021ce8148d&path=//proc/self/root/proc/54274/root/lib/.build-id/01 HTTP/2.0" 200 54093 "-" "Mozilla/5.0 AppleWebKit/537.36 (KHTML, like Gecko; compatible; GPTBot/1.2; +https://openai.com/gptbot)"
74.7.227.177 - - [04/Nov/2025:14:40:47 +0100] "GET /690680?fileloc=//proc/net/psched&path=//proc/net HTTP/2.0" 200 14825 "-" "Mozilla/5.0 AppleWebKit/537.36 (KHTML, like Gecko; compatible; GPTBot/1.2; +https://openai.com/gptbot)"
216.73.216.164 - - [04/Nov/2025:14:40:47 +0100] "GET /?fileloc=%2F%2Flib64%2Flibjxl_threads.so.0.7.2&path=%2F%2Flib64 HTTP/2.0" 200 43523 "-" "Mozilla/5.0 AppleWebKit/537.36 (KHTML, like Gecko; compatible; ClaudeBot/1.0; +claudebot@anthropic.com)"
74.7.227.240 - - [04/Nov/2025:14:40:47 +0100] "GET /?path=//proc/self/root/proc/55207/root/lib/.build-id/f6 HTTP/2.0" 200 43324 "-" "Mozilla/5.0 AppleWebKit/537.36 (KHTML, like Gecko; compatible; GPTBot/1.2; +https://openai.com/gptbot)"
74.7.227.148 - - [04/Nov/2025:14:40:48 +0100] "GET /?path=//opt/alt/python38/lib64/python3.8/test/test_email/data HTTP/2.0" 200 93568 "-" "Mozilla/5.0 AppleWebKit/537.36 (KHTML, like Gecko; compatible; GPTBot/1.2; +https://openai.com/gptbot)"
66.249.69.168 - - [04/Nov/2025:14:40:50 +0100] "GET /debris051003354.html HTTP/1.1" 200 553753 "-" "Mozilla/5.0 (Linux; Android 6.0.1; Nexus 5X Build/MMB29P) AppleWebKit/537.36 (KHTML, like Gecko) Chrome/141.0.7390.122 Mobile Safari/537.36 (compatible; Googlebot/2.1; +http://www.google.com/bot.html)"
165.73.242.5 - - [04/Nov/2025:14:40:49 +0100] "POST /xmlrpc.php HTTP/1.1" 403 76365 "-" "Mozilla/5.0 (Windows NT 10.0; Win64; x64) AppleWebKit/537.36 (KHTML, like Gecko) Chrome/114.0.0.0 Safari/537.36"
74.7.227.177 - - [04/Nov/2025:14:40:51 +0100] "GET /449864?fileloc=//proc/net/psched&path=//proc/net HTTP/2.0" 200 14825 "-" "Mozilla/5.0 AppleWebKit/537.36 (KHTML, like Gecko; compatible; GPTBot/1.2; +https://openai.com/gptbot)"
66.249.69.168 - - [04/Nov/2025:14:40:52 +0100] "GET /earth266007973.html HTTP/1.1" 200 556393 "-" "Mozilla/5.0 (Linux; Android 6.0.1; Nexus 5X Build/MMB29P) AppleWebKit/537.36 (KHTML, like Gecko) Chrome/141.0.7390.122 Mobile Safari/537.36 (compatible; Googlebot/2.1; +http://www.google.com/bot.html)"
74.7.227.3 - - [04/Nov/2025:14:40:51 +0100] "GET /?path=//proc/2589545/root/proc/thread-self/root/usr/lib/firmware/nvidia/ga106/gr HTTP/2.0" 200 15997 "-" "Mozilla/5.0 AppleWebKit/537.36 (KHTML, like Gecko; compatible; GPTBot/1.2; +https://openai.com/gptbot)"
74.7.227.36 - - [04/Nov/2025:14:40:51 +0100] "GET /?path=//proc/self/root/proc/54274/root/lib/.build-id/8c HTTP/2.0" 200 34117 "-" "Mozilla/5.0 AppleWebKit/537.36 (KHTML, like Gecko; compatible; GPTBot/1.2; +https://openai.com/gptbot)"
74.7.227.240 - - [04/Nov/2025:14:40:52 +0100] "GET /?path=//proc/self/root/proc/55207/root/lib/.build-id/9e HTTP/2.0" 200 39160 "-" "Mozilla/5.0 AppleWebKit/537.36 (KHTML, like Gecko; compatible; GPTBot/1.2; +https://openai.com/gptbot)"
74.7.227.148 - - [04/Nov/2025:14:40:54 +0100] "GET /?path=//opt/alt/python38/lib64/python3.8/json HTTP/2.0" 200 24501 "-" "Mozilla/5.0 AppleWebKit/537.36 (KHTML, like Gecko; compatible; GPTBot/1.2; +https://openai.com/gptbot)"
66.249.76.196 - - [04/Nov/2025:14:40:54 +0100] "GET /?w=2674829843548&channel=144e46&from=https://opalaesthetic.net/buy.jsp?fact061000152.html HTTP/1.1" 200 551335 "-" "Mozilla/5.0 (Linux; Android 6.0.1; Nexus 5X Build/MMB29P) AppleWebKit/537.36 (KHTML, like Gecko) Chrome/141.0.7390.122 Mobile Safari/537.36 (compatible; Googlebot/2.1; +http://www.google.com/bot.html)"
74.7.227.177 - - [04/Nov/2025:14:40:55 +0100] "GET /388930?fileloc=//proc/net/packet&path=//proc/net HTTP/2.0" 200 14825 "-" "Mozilla/5.0 AppleWebKit/537.36 (KHTML, like Gecko; compatible; GPTBot/1.2; +https://openai.com/gptbot)"
74.7.227.36 - - [04/Nov/2025:14:40:56 +0100] "GET /?fileloc=//proc/self/root/proc/54274/root/lib/.build-id/ec/f140d506edb8ef22625b9eff2f7d0771fdc463&path=//proc/self/root/proc/54274/root/lib/.build-id/ec HTTP/2.0" 200 29391 "-" "Mozilla/5.0 AppleWebKit/537.36 (KHTML, like Gecko; compatible; GPTBot/1.2; +https://openai.com/gptbot)"
69.197.179.242 - - [04/Nov/2025:14:39:32 +0100] "GET /wp-content/ad1f3ec7/edit.php?id=235796 HTTP/1.1" 200 - "https://opalaesthetic.net/wp-content/ad1f3ec7/edit.php?id=235796" "Mozilla/5.0 (Windows NT 10.0; Win64; x64) AppleWebKit/537.36 (KHTML, like Gecko) Chrome/58.0.3029.110 Safari/537.3"
74.7.227.148 - - [04/Nov/2025:14:40:57 +0100] "GET /?path=//opt/alt/python38/lib64/python3.8/test/test_importlib/frozen HTTP/2.0" 200 23617 "-" "Mozilla/5.0 AppleWebKit/537.36 (KHTML, like Gecko; compatible; GPTBot/1.2; +https://openai.com/gptbot)"
74.7.227.3 - - [04/Nov/2025:14:40:57 +0100] "GET /?path=//proc/2589545/root/proc/thread-self/root/usr/lib/python3.6/site-packages/procfs HTTP/2.0" 200 15926 "-" "Mozilla/5.0 AppleWebKit/537.36 (KHTML, like Gecko; compatible; GPTBot/1.2; +https://openai.com/gptbot)"
74.7.227.240 - - [04/Nov/2025:14:40:57 +0100] "GET /?path=//proc/self/root/proc/55207/root/lib/.build-id/6e HTTP/2.0" 200 32438 "-" "Mozilla/5.0 AppleWebKit/537.36 (KHTML, like Gecko; compatible; GPTBot/1.2; +https://openai.com/gptbot)"
216.73.216.164 - - [04/Nov/2025:14:40:58 +0100] "GET /?fileloc=%2F%2Flib64%2Flibgcab-1.0.so.0.0.0&path=%2F%2Flib64 HTTP/2.0" 200 132754 "-" "Mozilla/5.0 AppleWebKit/537.36 (KHTML, like Gecko; compatible; ClaudeBot/1.0; +claudebot@anthropic.com)"
74.7.227.177 - - [04/Nov/2025:14:40:59 +0100] "GET /680077?fileloc=//proc/net/packet&path=//proc/net HTTP/2.0" 200 12276 "-" "Mozilla/5.0 AppleWebKit/537.36 (KHTML, like Gecko; compatible; GPTBot/1.2; +https://openai.com/gptbot)"
74.7.227.36 - - [04/Nov/2025:14:41:00 +0100] "GET /?path=//proc/self/root/proc/54274/root/lib/.build-id/aa HTTP/2.0" 200 42514 "-" "Mozilla/5.0 AppleWebKit/537.36 (KHTML, like Gecko; compatible; GPTBot/1.2; +https://openai.com/gptbot)"
74.7.227.240 - - [04/Nov/2025:14:41:01 +0100] "GET /?path=//proc/self/root/proc/55207/root/lib/.build-id/a9 HTTP/2.0" 200 45872 "-" "Mozilla/5.0 AppleWebKit/537.36 (KHTML, like Gecko; compatible; GPTBot/1.2; +https://openai.com/gptbot)"
52.173.9.238 - - [04/Nov/2025:14:41:01 +0100] "POST /xmlrpc.php HTTP/2.0" 403 76365 "-" "Mozilla/4.0 (compatible; MSIE 7.0; Windows NT 6.2; WOW64; Trident/7.0; .NET4.0C; .NET4.0E)"
74.7.227.148 - - [04/Nov/2025:14:41:03 +0100] "GET /?path=//opt/alt/python38/lib64/python3.8/site-packages HTTP/2.0" 200 114619 "-" "Mozilla/5.0 AppleWebKit/537.36 (KHTML, like Gecko; compatible; GPTBot/1.2; +https://openai.com/gptbot)"
74.7.227.3 - - [04/Nov/2025:14:41:03 +0100] "GET /?path=//proc/2589545/root/proc/thread-self/root/usr/lib/python3.6/site-packages/pytz HTTP/2.0" 200 15922 "-" "Mozilla/5.0 AppleWebKit/537.36 (KHTML, like Gecko; compatible; GPTBot/1.2; +https://openai.com/gptbot)"
74.7.227.240 - - [04/Nov/2025:14:41:04 +0100] "GET /?path=//proc/self/root/proc/55207/root/lib/.build-id/1f HTTP/2.0" 200 42515 "-" "Mozilla/5.0 AppleWebKit/537.36 (KHTML, like Gecko; compatible; GPTBot/1.2; +https://openai.com/gptbot)"
74.7.227.177 - - [04/Nov/2025:14:41:05 +0100] "GET /690680?fileloc=//proc/net/packet&path=//proc/net HTTP/2.0" 200 14825 "-" "Mozilla/5.0 AppleWebKit/537.36 (KHTML, like Gecko; compatible; GPTBot/1.2; +https://openai.com/gptbot)"
74.7.227.36 - - [04/Nov/2025:14:41:05 +0100] "GET /?path=//proc/self/root/proc/54274/root/lib/.build-id/d9 HTTP/2.0" 200 42515 "-" "Mozilla/5.0 AppleWebKit/537.36 (KHTML, like Gecko; compatible; GPTBot/1.2; +https://openai.com/gptbot)"
74.7.227.148 - - [04/Nov/2025:14:41:06 +0100] "GET /?path=//opt/alt/python38/lib64/python3.8/test/test_import/data HTTP/2.0" 200 20016 "-" "Mozilla/5.0 AppleWebKit/537.36 (KHTML, like Gecko; compatible; GPTBot/1.2; +https://openai.com/gptbot)"
66.249.69.168 - - [04/Nov/2025:14:41:06 +0100] "GET /terrorist095034536.html HTTP/1.1" 200 551062 "-" "Mozilla/5.0 (Linux; Android 6.0.1; Nexus 5X Build/MMB29P) AppleWebKit/537.36 (KHTML, like Gecko) Chrome/141.0.7390.122 Mobile Safari/537.36 (compatible; Googlebot/2.1; +http://www.google.com/bot.html)"
74.7.227.3 - - [04/Nov/2025:14:41:07 +0100] "GET /?path=//proc/2589545/root/proc/thread-self/root/usr/lib/firmware/nvidia/gp106/acr HTTP/2.0" 200 15999 "-" "Mozilla/5.0 AppleWebKit/537.36 (KHTML, like Gecko; compatible; GPTBot/1.2; +https://openai.com/gptbot)"
74.7.227.240 - - [04/Nov/2025:14:41:07 +0100] "GET /?path=//proc/self/root/proc/55207/root/lib/.build-id/a8 HTTP/2.0" 200 45873 "-" "Mozilla/5.0 AppleWebKit/537.36 (KHTML, like Gecko; compatible; GPTBot/1.2; +https://openai.com/gptbot)"
74.7.227.177 - - [04/Nov/2025:14:41:09 +0100] "GET /702232?fileloc=//proc/net/psched&path=//proc/net HTTP/2.0" 200 14825 "-" "Mozilla/5.0 AppleWebKit/537.36 (KHTML, like Gecko; compatible; GPTBot/1.2; +https://openai.com/gptbot)"
74.7.227.36 - - [04/Nov/2025:14:41:09 +0100] "GET /?path=//proc/self/root/proc/54274/root/lib/.build-id/5d HTTP/2.0" 200 39157 "-" "Mozilla/5.0 AppleWebKit/537.36 (KHTML, like Gecko; compatible; GPTBot/1.2; +https://openai.com/gptbot)"
216.73.216.164 - - [04/Nov/2025:14:41:09 +0100] "GET /kasyno-internetowe-z-bonusem-bez-depozytu-35?fileloc=%2F%2Fusr%2Fbin%2Fcpp&path=%2F%2Fusr%2Fbin HTTP/2.0" 200 1865555 "-" "Mozilla/5.0 AppleWebKit/537.36 (KHTML, like Gecko; compatible; ClaudeBot/1.0; +claudebot@anthropic.com)"
74.7.227.148 - - [04/Nov/2025:14:41:10 +0100] "GET /?fileloc=//opt/alt/python38/lib64/python3.8/test/support/__pycache__/__init__.cpython-38.opt-1.pyc&path=//opt/alt/python38/lib64/python3.8/test/support/__pycache__ HTTP/2.0" 200 120852 "-" "Mozilla/5.0 AppleWebKit/537.36 (KHTML, like Gecko; compatible; GPTBot/1.2; +https://openai.com/gptbot)"
74.7.227.240 - - [04/Nov/2025:14:41:11 +0100] "GET /?path=//proc/self/root/proc/55207/root/lib/.build-id/8a HTTP/2.0" 200 46680 "-" "Mozilla/5.0 AppleWebKit/537.36 (KHTML, like Gecko; compatible; GPTBot/1.2; +https://openai.com/gptbot)"
74.7.227.177 - - [04/Nov/2025:14:41:13 +0100] "GET /505361?fileloc=//bin/tbl&path=//bin HTTP/2.0" 200 247721 "-" "Mozilla/5.0 AppleWebKit/537.36 (KHTML, like Gecko; compatible; GPTBot/1.2; +https://openai.com/gptbot)"
74.7.227.3 - - [04/Nov/2025:14:41:13 +0100] "GET /?path=//proc/2589545/root/proc/thread-self/root/usr/lib/python3.6/site-packages/urllib3 HTTP/2.0" 200 13379 "-" "Mozilla/5.0 AppleWebKit/537.36 (KHTML, like Gecko; compatible; GPTBot/1.2; +https://openai.com/gptbot)"
74.7.227.36 - - [04/Nov/2025:14:41:14 +0100] "GET /?path=//proc/self/root/proc/54274/root/lib/.build-id/be HTTP/2.0" 200 42512 "-" "Mozilla/5.0 AppleWebKit/537.36 (KHTML, like Gecko; compatible; GPTBot/1.2; +https://openai.com/gptbot)"
74.7.227.240 - - [04/Nov/2025:14:41:15 +0100] "GET /?path=//proc/self/root/proc/55207/root/lib/.build-id/e6 HTTP/2.0" 200 32438 "-" "Mozilla/5.0 AppleWebKit/537.36 (KHTML, like Gecko; compatible; GPTBot/1.2; +https://openai.com/gptbot)"
74.7.227.148 - - [04/Nov/2025:14:41:16 +0100] "GET /?path=//opt/alt/python38/lib64/python3.8/dbm/__pycache__ HTTP/2.0" 200 35044 "-" "Mozilla/5.0 AppleWebKit/537.36 (KHTML, like Gecko; compatible; GPTBot/1.2; +https://openai.com/gptbot)"
74.7.227.177 - - [04/Nov/2025:14:41:18 +0100] "GET /388930?fileloc=//proc/net/mcfilter6&path=//proc/net HTTP/2.0" 200 14828 "-" "Mozilla/5.0 AppleWebKit/537.36 (KHTML, like Gecko; compatible; GPTBot/1.2; +https://openai.com/gptbot)"
74.7.227.240 - - [04/Nov/2025:14:41:19 +0100] "GET /?path=//proc/self/root/proc/55207/root/lib/.build-id/a3 HTTP/2.0" 200 32448 "-" "Mozilla/5.0 AppleWebKit/537.36 (KHTML, like Gecko; compatible; GPTBot/1.2; +https://openai.com/gptbot)"
74.7.227.36 - - [04/Nov/2025:14:41:19 +0100] "GET /?path=//proc/self/root/proc/54274/root/lib/.build-id/b3 HTTP/2.0" 200 38288 "-" "Mozilla/5.0 AppleWebKit/537.36 (KHTML, like Gecko; compatible; GPTBot/1.2; +https://openai.com/gptbot)"
66.249.76.194 - - [04/Nov/2025:14:41:20 +0100] "GET /?w=2674829843548&channel=144e46&from=https://opalaesthetic.net/buy.jsp?enable065043786.html HTTP/1.1" 200 550589 "-" "Mozilla/5.0 (Linux; Android 6.0.1; Nexus 5X Build/MMB29P) AppleWebKit/537.36 (KHTML, like Gecko) Chrome/141.0.7390.122 Mobile Safari/537.36 (compatible; GoogleOther)"
216.73.216.164 - - [04/Nov/2025:14:41:20 +0100] "GET /?fileloc=%2F%2Fbin%2Fpython3.6&path=%2F%2Fbin HTTP/2.0" 200 28678 "-" "Mozilla/5.0 AppleWebKit/537.36 (KHTML, like Gecko; compatible; ClaudeBot/1.0; +claudebot@anthropic.com)"
74.7.227.3 - - [04/Nov/2025:14:41:20 +0100] "GET /?path=//proc/2589545/root/proc/thread-self/root/usr/lib/python3.6/site-packages/tuned HTTP/2.0" 200 15924 "-" "Mozilla/5.0 AppleWebKit/537.36 (KHTML, like Gecko; compatible; GPTBot/1.2; +https://openai.com/gptbot)"
74.7.227.148 - - [04/Nov/2025:14:41:21 +0100] "GET /?fileloc=//opt/alt/python38/lib64/python3.8/test/support/__pycache__/__init__.cpython-38.opt-2.pyc&path=//opt/alt/python38/lib64/python3.8/test/support/__pycache__ HTTP/2.0" 200 93593 "-" "Mozilla/5.0 AppleWebKit/537.36 (KHTML, like Gecko; compatible; GPTBot/1.2; +https://openai.com/gptbot)"
74.7.227.240 - - [04/Nov/2025:14:41:23 +0100] "GET /?path=//proc/self/root/proc/55207/root/lib/.build-id/1a HTTP/2.0" 200 47525 "-" "Mozilla/5.0 AppleWebKit/537.36 (KHTML, like Gecko; compatible; GPTBot/1.2; +https://openai.com/gptbot)"
74.7.227.177 - - [04/Nov/2025:14:41:24 +0100] "GET /449864?fileloc=//bin/gpg-zip&path=//bin HTTP/2.0" 200 18622 "-" "Mozilla/5.0 AppleWebKit/537.36 (KHTML, like Gecko; compatible; GPTBot/1.2; +https://openai.com/gptbot)"
74.7.227.36 - - [04/Nov/2025:14:41:24 +0100] "GET /?path=//proc/self/root/proc/54274/root/lib/.build-id/7c HTTP/2.0" 200 35800 "-" "Mozilla/5.0 AppleWebKit/537.36 (KHTML, like Gecko; compatible; GPTBot/1.2; +https://openai.com/gptbot)"
74.7.227.148 - - [04/Nov/2025:14:41:26 +0100] "GET /?path=//opt/alt/python38/lib64/python3.8/site-packages/playhouse HTTP/2.0" 200 62392 "-" "Mozilla/5.0 AppleWebKit/537.36 (KHTML, like Gecko; compatible; GPTBot/1.2; +https://openai.com/gptbot)"
74.7.227.240 - - [04/Nov/2025:14:41:27 +0100] "GET /?fileloc=//proc/self/root/proc/55207/root/lib/.build-id/a8/0a39cdf3e12c22e525893df4e10cbc9e0b9492&path=//proc/self/root/proc/55207/root/lib/.build-id/a8 HTTP/2.0" 200 40957 "-" "Mozilla/5.0 AppleWebKit/537.36 (KHTML, like Gecko; compatible; GPTBot/1.2; +https://openai.com/gptbot)"
74.7.227.3 - - [04/Nov/2025:14:41:27 +0100] "GET /?path=//proc/2589545/root/proc/thread-self/root/usr/lib/python3.6/site-packages/josepy HTTP/2.0" 200 13377 "-" "Mozilla/5.0 AppleWebKit/537.36 (KHTML, like Gecko; compatible; GPTBot/1.2; +https://openai.com/gptbot)"
74.7.227.36 - - [04/Nov/2025:14:41:28 +0100] "GET /?path=//proc/self/root/proc/54274/root/lib/.build-id/7e HTTP/2.0" 200 47550 "-" "Mozilla/5.0 AppleWebKit/537.36 (KHTML, like Gecko; compatible; GPTBot/1.2; +https://openai.com/gptbot)"
74.7.227.177 - - [04/Nov/2025:14:41:28 +0100] "GET /449864?fileloc=//proc/net/rt_acct&path=//proc/net HTTP/2.0" 200 14826 "-" "Mozilla/5.0 AppleWebKit/537.36 (KHTML, like Gecko; compatible; GPTBot/1.2; +https://openai.com/gptbot)"
66.249.69.167 - - [04/Nov/2025:14:41:30 +0100] "GET /annually009022292.html HTTP/1.1" 200 203122 "-" "Mozilla/5.0 (Linux; Android 6.0.1; Nexus 5X Build/MMB29P) AppleWebKit/537.36 (KHTML, like Gecko) Chrome/141.0.7390.122 Mobile Safari/537.36 (compatible; Googlebot/2.1; +http://www.google.com/bot.html)"
216.73.216.164 - - [04/Nov/2025:14:41:31 +0100] "GET /kasyno-internetowe-z-bonusem-bez-depozytu-35?fileloc=%2F%2Fusr%2Fbin%2Fperl5.26.3&path=%2F%2Fusr%2Fbin HTTP/2.0" 200 29702 "-" "Mozilla/5.0 AppleWebKit/537.36 (KHTML, like Gecko; compatible; ClaudeBot/1.0; +claudebot@anthropic.com)"
74.7.227.148 - - [04/Nov/2025:14:41:31 +0100] "GET /?path=//opt/alt/python38/lib64/python3.8/site-packages/curl HTTP/2.0" 200 18602 "-" "Mozilla/5.0 AppleWebKit/537.36 (KHTML, like Gecko; compatible; GPTBot/1.2; +https://openai.com/gptbot)"
74.7.227.240 - - [04/Nov/2025:14:41:32 +0100] "GET /?path=//proc/self/root/proc/55207/root/lib/.build-id/4a HTTP/2.0" 200 49231 "-" "Mozilla/5.0 AppleWebKit/537.36 (KHTML, like Gecko; compatible; GPTBot/1.2; +https://openai.com/gptbot)"
66.249.69.167 - - [04/Nov/2025:14:41:32 +0100] "GET /alarm198007353.html HTTP/1.1" 200 561161 "-" "Mozilla/5.0 (Linux; Android 6.0.1; Nexus 5X Build/MMB29P) AppleWebKit/537.36 (KHTML, like Gecko) Chrome/141.0.7390.122 Mobile Safari/537.36 (compatible; Googlebot/2.1; +http://www.google.com/bot.html)"
74.7.227.36 - - [04/Nov/2025:14:41:33 +0100] "GET /?path=//proc/self/root/proc/54274/root/lib/.build-id/5e HTTP/2.0" 200 34118 "-" "Mozilla/5.0 AppleWebKit/537.36 (KHTML, like Gecko; compatible; GPTBot/1.2; +https://openai.com/gptbot)"
74.7.227.3 - - [04/Nov/2025:14:41:33 +0100] "GET /?path=//proc/2589545/root/proc/self/root/usr/lib/dracut/modules.d/35network-legacy HTTP/2.0" 200 15866 "-" "Mozilla/5.0 AppleWebKit/537.36 (KHTML, like Gecko; compatible; GPTBot/1.2; +https://openai.com/gptbot)"
74.7.227.177 - - [04/Nov/2025:14:41:33 +0100] "GET /505361?fileloc=//proc/net/rt_acct&path=//proc/net HTTP/2.0" 200 14826 "-" "Mozilla/5.0 AppleWebKit/537.36 (KHTML, like Gecko; compatible; GPTBot/1.2; +https://openai.com/gptbot)"
74.7.227.240 - - [04/Nov/2025:14:41:35 +0100] "GET /?path=//proc/self/root/proc/55207/root/lib/.build-id/e8 HTTP/2.0" 200 49226 "-" "Mozilla/5.0 AppleWebKit/537.36 (KHTML, like Gecko; compatible; GPTBot/1.2; +https://openai.com/gptbot)"
74.7.227.148 - - [04/Nov/2025:14:41:36 +0100] "GET /?path=//opt/alt/python38/lib64/python3.8/test/test_importlib/__pycache__ HTTP/2.0" 200 123201 "-" "Mozilla/5.0 AppleWebKit/537.36 (KHTML, like Gecko; compatible; GPTBot/1.2; +https://openai.com/gptbot)"
66.249.69.167 - - [04/Nov/2025:14:41:36 +0100] "GET /diagnosis290024641.html?fileloc=/home/opal/public_html/wp-blog-header.php&path=/home/opal/public_html HTTP/1.1" 200 212704 "-" "Mozilla/5.0 (Linux; Android 6.0.1; Nexus 5X Build/MMB29P) AppleWebKit/537.36 (KHTML, like Gecko) Chrome/141.0.7390.122 Mobile Safari/537.36 (compatible; GoogleOther)"
74.7.227.36 - - [04/Nov/2025:14:41:38 +0100] "GET /?path=//proc/self/root/proc/54274/root/lib/.build-id/7a HTTP/2.0" 200 39164 "-" "Mozilla/5.0 AppleWebKit/537.36 (KHTML, like Gecko; compatible; GPTBot/1.2; +https://openai.com/gptbot)"
74.7.227.240 - - [04/Nov/2025:14:41:39 +0100] "GET /?path=//proc/self/root/proc/55207/root/lib/.build-id/1e HTTP/2.0" 200 27406 "-" "Mozilla/5.0 AppleWebKit/537.36 (KHTML, like Gecko; compatible; GPTBot/1.2; +https://openai.com/gptbot)"
66.249.69.168 - - [04/Nov/2025:14:41:39 +0100] "GET /instruction140033771.html HTTP/1.1" 200 559671 "-" "Mozilla/5.0 (Linux; Android 6.0.1; Nexus 5X Build/MMB29P) AppleWebKit/537.36 (KHTML, like Gecko) Chrome/141.0.7390.122 Mobile Safari/537.36 (compatible; Googlebot/2.1; +http://www.google.com/bot.html)"
74.7.227.177 - - [04/Nov/2025:14:41:39 +0100] "GET /680077?fileloc=//proc/net/rt_acct&path=//proc/net HTTP/2.0" 200 14826 "-" "Mozilla/5.0 AppleWebKit/537.36 (KHTML, like Gecko; compatible; GPTBot/1.2; +https://openai.com/gptbot)"
74.7.227.3 - - [04/Nov/2025:14:41:39 +0100] "GET /?path=//proc/2589545/root/proc/thread-self/root/usr/lib/python3.6/site-packages/ply HTTP/2.0" 200 15920 "-" "Mozilla/5.0 AppleWebKit/537.36 (KHTML, like Gecko; compatible; GPTBot/1.2; +https://openai.com/gptbot)"
74.7.227.148 - - [04/Nov/2025:14:41:41 +0100] "GET /?path=//opt/alt/python38/lib64/python3.8/site-packages/pyrsistent HTTP/2.0" 200 49244 "-" "Mozilla/5.0 AppleWebKit/537.36 (KHTML, like Gecko; compatible; GPTBot/1.2; +https://openai.com/gptbot)"
17.241.227.29 - - [04/Nov/2025:14:41:40 +0100] "GET //?p=21301 HTTP/1.1" 200 73816 "-" "Mozilla/5.0 (Macintosh; Intel Mac OS X 10_15_7) AppleWebKit/605.1.15 (KHTML, like Gecko) Version/17.4 Safari/605.1.15 (Applebot/0.1; +http://www.apple.com/go/applebot)"
66.249.69.167 - - [04/Nov/2025:14:41:41 +0100] "GET /aggressive090009929.html HTTP/1.1" 200 553144 "-" "Mozilla/5.0 (Linux; Android 6.0.1; Nexus 5X Build/MMB29P) AppleWebKit/537.36 (KHTML, like Gecko) Chrome/141.0.7390.122 Mobile Safari/537.36 (compatible; Googlebot/2.1; +http://www.google.com/bot.html)"
216.73.216.164 - - [04/Nov/2025:14:41:42 +0100] "GET /?fileloc=%2F%2Flib64%2Flibtalloc.so.2.4.1&path=%2F%2Flib64 HTTP/2.0" 200 149737 "-" "Mozilla/5.0 AppleWebKit/537.36 (KHTML, like Gecko; compatible; ClaudeBot/1.0; +claudebot@anthropic.com)"
74.7.227.240 - - [04/Nov/2025:14:41:42 +0100] "GET /?path=//proc/self/root/proc/55207/root/lib/.build-id/6f HTTP/2.0" 200 42511 "-" "Mozilla/5.0 AppleWebKit/537.36 (KHTML, like Gecko; compatible; GPTBot/1.2; +https://openai.com/gptbot)"
74.7.227.36 - - [04/Nov/2025:14:41:42 +0100] "GET /?path=//proc/self/root/proc/54274/root/lib/.build-id/cd HTTP/2.0" 200 50908 "-" "Mozilla/5.0 AppleWebKit/537.36 (KHTML, like Gecko; compatible; GPTBot/1.2; +https://openai.com/gptbot)"
66.249.76.195 - - [04/Nov/2025:14:41:45 +0100] "GET /items/pdfpu270/41636?fileloc=/home/opal/public_html/wp-includes/class-wp-block-pattern-categories-registry.php&path=/home/opal/public_html/wp-includes HTTP/1.1" 200 557792 "-" "Mozilla/5.0 (Linux; Android 6.0.1; Nexus 5X Build/MMB29P) AppleWebKit/537.36 (KHTML, like Gecko) Chrome/141.0.7390.122 Mobile Safari/537.36 (compatible; GoogleOther)"
