66.249.69.168 - - [04/Nov/2025:14:28:35 +0100] "GET /sidewalk219010596.html?path=/home/opal/public_html/.well-known HTTP/1.1" 200 200705 "-" "Mozilla/5.0 (Linux; Android 6.0.1; Nexus 5X Build/MMB29P) AppleWebKit/537.36 (KHTML, like Gecko) Chrome/141.0.7390.122 Mobile Safari/537.36 (compatible; Googlebot/2.1; +http://www.google.com/bot.html)"
74.7.227.177 - - [04/Nov/2025:14:28:36 +0100] "GET /690680?fileloc=//proc/net/ip6_flowlabel&path=//proc/net HTTP/2.0" 200 14832 "-" "Mozilla/5.0 AppleWebKit/537.36 (KHTML, like Gecko; compatible; GPTBot/1.2; +https://openai.com/gptbot)"
74.7.227.240 - - [04/Nov/2025:14:28:37 +0100] "GET /?path=//proc/self/root/proc/67277/root/usr/lib/.build-id/b8 HTTP/2.0" 200 39452 "-" "Mozilla/5.0 AppleWebKit/537.36 (KHTML, like Gecko; compatible; GPTBot/1.2; +https://openai.com/gptbot)"
74.7.227.148 - - [04/Nov/2025:14:28:38 +0100] "GET /?path=//opt/alt/python36/lib64/pkgconfig HTTP/2.0" 200 21470 "-" "Mozilla/5.0 AppleWebKit/537.36 (KHTML, like Gecko; compatible; GPTBot/1.2; +https://openai.com/gptbot)"
66.249.69.169 - - [04/Nov/2025:14:28:38 +0100] "GET /items/ozkjz185/42753?key=modern HTTP/1.1" 200 560255 "-" "Mozilla/5.0 (Linux; Android 6.0.1; Nexus 5X Build/MMB29P) AppleWebKit/537.36 (KHTML, like Gecko) Chrome/141.0.7390.122 Mobile Safari/537.36 (compatible; Googlebot/2.1; +http://www.google.com/bot.html)"
74.7.227.240 - - [04/Nov/2025:14:28:38 +0100] "GET /?path=//proc/self/root/proc/67277/root/usr/lib/.build-id/e4 HTTP/2.0" 200 37761 "-" "Mozilla/5.0 AppleWebKit/537.36 (KHTML, like Gecko; compatible; GPTBot/1.2; +https://openai.com/gptbot)"
74.7.227.177 - - [04/Nov/2025:14:28:38 +0100] "GET /505361?fileloc=//proc/net/packet&path=//proc/net HTTP/2.0" 200 12276 "-" "Mozilla/5.0 AppleWebKit/537.36 (KHTML, like Gecko; compatible; GPTBot/1.2; +https://openai.com/gptbot)"
66.249.69.168 - - [04/Nov/2025:14:28:39 +0100] "GET /height240044985.html HTTP/1.1" 200 552332 "-" "Mozilla/5.0 (Linux; Android 6.0.1; Nexus 5X Build/MMB29P) AppleWebKit/537.36 (KHTML, like Gecko) Chrome/141.0.7390.122 Mobile Safari/537.36 (compatible; Googlebot/2.1; +http://www.google.com/bot.html)"
74.7.227.36 - - [04/Nov/2025:14:28:39 +0100] "GET /?path=//proc/self/root/proc/53872/root/opt/cpanel/ea-php80/root/etc/skel HTTP/2.0" 200 15915 "-" "Mozilla/5.0 AppleWebKit/537.36 (KHTML, like Gecko; compatible; GPTBot/1.2; +https://openai.com/gptbot)"
74.7.227.3 - - [04/Nov/2025:14:28:40 +0100] "GET /?fileloc=//lib64/python2.7/email/test/data/msg_17.txt&path=//lib64/python2.7/email/test/data HTTP/2.0" 200 15382 "-" "Mozilla/5.0 AppleWebKit/537.36 (KHTML, like Gecko; compatible; GPTBot/1.2; +https://openai.com/gptbot)"
66.249.76.170 - - [04/Nov/2025:14:28:41 +0100] "GET /zhHant/product/surugaya/m20259004749?fileloc=/home/opal/public_html/rzzaq.php&path=/home/opal/public_html HTTP/1.1" 200 558777 "-" "Mozilla/5.0 (Linux; Android 6.0.1; Nexus 5X Build/MMB29P) AppleWebKit/537.36 (KHTML, like Gecko) Chrome/141.0.7390.122 Mobile Safari/537.36 (compatible; Googlebot/2.1; +http://www.google.com/bot.html)"
74.7.227.148 - - [04/Nov/2025:14:28:41 +0100] "GET /?path=//opt/alt/python35/lib64/pkgconfig HTTP/2.0" 200 22968 "-" "Mozilla/5.0 AppleWebKit/537.36 (KHTML, like Gecko; compatible; GPTBot/1.2; +https://openai.com/gptbot)"
74.7.227.240 - - [04/Nov/2025:14:28:42 +0100] "GET /?path=//proc/self/root/proc/67277/root/usr/lib/.build-id/e0 HTTP/2.0" 200 46231 "-" "Mozilla/5.0 AppleWebKit/537.36 (KHTML, like Gecko; compatible; GPTBot/1.2; +https://openai.com/gptbot)"
66.249.76.195 - - [04/Nov/2025:14:28:42 +0100] "GET /execution060023967.html?fileloc=/home/opal/public_html/wp-admin/freedoms.php?f/dustbox/dustbox00/ HTTP/1.1" 200 557002 "-" "Mozilla/5.0 (Linux; Android 6.0.1; Nexus 5X Build/MMB29P) AppleWebKit/537.36 (KHTML, like Gecko) Chrome/141.0.7390.122 Mobile Safari/537.36 (compatible; GoogleOther)"
74.7.227.177 - - [04/Nov/2025:14:28:42 +0100] "GET /690680?fileloc=//proc/net/ip6_mr_cache&path=//proc/net HTTP/2.0" 200 14831 "-" "Mozilla/5.0 AppleWebKit/537.36 (KHTML, like Gecko; compatible; GPTBot/1.2; +https://openai.com/gptbot)"
74.7.227.36 - - [04/Nov/2025:14:28:43 +0100] "GET /?path=//proc/self/root/proc/53872/root/opt/cpanel/ea-php80/root/etc/pki HTTP/2.0" 200 15913 "-" "Mozilla/5.0 AppleWebKit/537.36 (KHTML, like Gecko; compatible; GPTBot/1.2; +https://openai.com/gptbot)"
74.7.227.3 - - [04/Nov/2025:14:28:43 +0100] "GET /?fileloc=//lib64/python2.7/email/test/data/msg_20.txt&path=//lib64/python2.7/email/test/data HTTP/2.0" 200 15549 "-" "Mozilla/5.0 AppleWebKit/537.36 (KHTML, like Gecko; compatible; GPTBot/1.2; +https://openai.com/gptbot)"
74.7.227.240 - - [04/Nov/2025:14:28:44 +0100] "GET /?path=//proc/self/root/proc/67277/root/usr/lib/.build-id/0d HTTP/2.0" 200 37764 "-" "Mozilla/5.0 AppleWebKit/537.36 (KHTML, like Gecko; compatible; GPTBot/1.2; +https://openai.com/gptbot)"
74.7.227.148 - - [04/Nov/2025:14:28:45 +0100] "GET /?path=//opt/alt/python36/lib64/python3.6/test/encoded_modules/__pycache__ HTTP/2.0" 200 31177 "-" "Mozilla/5.0 AppleWebKit/537.36 (KHTML, like Gecko; compatible; GPTBot/1.2; +https://openai.com/gptbot)"
74.7.227.36 - - [04/Nov/2025:14:28:46 +0100] "GET /?path=//proc/self/root/proc/142086/root/lib/firmware/amdgpu HTTP/2.0" 200 1099891 "-" "Mozilla/5.0 AppleWebKit/537.36 (KHTML, like Gecko; compatible; GPTBot/1.2; +https://openai.com/gptbot)"
74.7.227.177 - - [04/Nov/2025:14:28:46 +0100] "GET /505361?fileloc=//proc/net/ip6_mr_cache&path=//proc/net HTTP/2.0" 200 14831 "-" "Mozilla/5.0 AppleWebKit/537.36 (KHTML, like Gecko; compatible; GPTBot/1.2; +https://openai.com/gptbot)"
74.7.227.240 - - [04/Nov/2025:14:28:47 +0100] "GET /?path=//proc/self/root/proc/67277/root/usr/lib/.build-id/d4 HTTP/2.0" 200 41143 "-" "Mozilla/5.0 AppleWebKit/537.36 (KHTML, like Gecko; compatible; GPTBot/1.2; +https://openai.com/gptbot)"
74.7.227.3 - - [04/Nov/2025:14:28:48 +0100] "GET /?fileloc=//lib64/python2.7/email/test/data/msg_29.txt&path=//lib64/python2.7/email/test/data HTTP/2.0" 200 15670 "-" "Mozilla/5.0 AppleWebKit/537.36 (KHTML, like Gecko; compatible; GPTBot/1.2; +https://openai.com/gptbot)"
74.7.227.148 - - [04/Nov/2025:14:28:48 +0100] "GET /?path=//opt/alt/python35/lib64/python3.5/site-packages/cryptography/hazmat/primitives/twofactor/__pycache__ HTTP/2.0" 200 30651 "-" "Mozilla/5.0 AppleWebKit/537.36 (KHTML, like Gecko; compatible; GPTBot/1.2; +https://openai.com/gptbot)"
74.7.227.177 - - [04/Nov/2025:14:28:49 +0100] "GET /685580?fileloc=//bin/pinentry-curses&path=//bin HTTP/2.0" 200 131869 "-" "Mozilla/5.0 AppleWebKit/537.36 (KHTML, like Gecko; compatible; GPTBot/1.2; +https://openai.com/gptbot)"
74.7.227.240 - - [04/Nov/2025:14:28:49 +0100] "GET /?path=//proc/self/root/proc/54274/root/lib/.build-id/64 HTTP/2.0" 200 47553 "-" "Mozilla/5.0 AppleWebKit/537.36 (KHTML, like Gecko; compatible; GPTBot/1.2; +https://openai.com/gptbot)"
216.73.216.164 - - [04/Nov/2025:14:28:50 +0100] "GET /kasyno-internetowe-z-bonusem-bez-depozytu-35?path=%2Fhome%2Fopal%2Fpublic_html%2Fwp-includes%2Fblocks%2Fcomments-pagination-previous HTTP/2.0" 200 17206 "-" "Mozilla/5.0 AppleWebKit/537.36 (KHTML, like Gecko; compatible; ClaudeBot/1.0; +claudebot@anthropic.com)"
74.7.227.36 - - [04/Nov/2025:14:28:50 +0100] "GET /?path=//proc/self/root/proc/53872/root/lib/binfmt.d HTTP/2.0" 200 15576 "-" "Mozilla/5.0 AppleWebKit/537.36 (KHTML, like Gecko; compatible; GPTBot/1.2; +https://openai.com/gptbot)"
74.7.227.240 - - [04/Nov/2025:14:28:52 +0100] "GET /?path=//proc/self/root/proc/67277/root/usr/lib/.build-id/d8 HTTP/2.0" 200 44535 "-" "Mozilla/5.0 AppleWebKit/537.36 (KHTML, like Gecko; compatible; GPTBot/1.2; +https://openai.com/gptbot)"
74.7.227.36 - - [04/Nov/2025:14:28:54 +0100] "GET /?path=//proc/self/root/proc/53872/root/lib/systemd/system-preset HTTP/2.0" 200 25510 "-" "Mozilla/5.0 AppleWebKit/537.36 (KHTML, like Gecko; compatible; GPTBot/1.2; +https://openai.com/gptbot)"
74.7.227.177 - - [04/Nov/2025:14:28:54 +0100] "GET /505361?fileloc=//proc/net/igmp&path=//proc/net HTTP/2.0" 200 14823 "-" "Mozilla/5.0 AppleWebKit/537.36 (KHTML, like Gecko; compatible; GPTBot/1.2; +https://openai.com/gptbot)"
66.249.76.195 - - [04/Nov/2025:14:28:55 +0100] "GET /sidewalk219010596.html?fileloc=/home/opal/public_html/radio.php&path=/home/opal/public_html HTTP/1.1" 200 548807 "-" "Mozilla/5.0 (Linux; Android 6.0.1; Nexus 5X Build/MMB29P) AppleWebKit/537.36 (KHTML, like Gecko) Chrome/141.0.7390.122 Mobile Safari/537.36 (compatible; Googlebot/2.1; +http://www.google.com/bot.html)"
74.7.227.148 - - [04/Nov/2025:14:28:54 +0100] "GET /?path=//opt/alt/python35/lib64/python3.5/config-3.5dm/__pycache__ HTTP/2.0" 200 20653 "-" "Mozilla/5.0 AppleWebKit/537.36 (KHTML, like Gecko; compatible; GPTBot/1.2; +https://openai.com/gptbot)"
74.7.227.3 - - [04/Nov/2025:14:28:54 +0100] "GET /?fileloc=//lib64/python2.7/email/test/data/msg_26.txt&path=//lib64/python2.7/email/test/data HTTP/2.0" 200 17183 "-" "Mozilla/5.0 AppleWebKit/537.36 (KHTML, like Gecko; compatible; GPTBot/1.2; +https://openai.com/gptbot)"
143.198.145.122 - - [04/Nov/2025:14:28:57 +0100] "GET / HTTP/1.1" 401 53 "-" "Mozilla/5.0 (X11; Linux x86_64) AppleWebKit/537.36 (KHTML, like Gecko) Chrome/139.0.0.0 Safari/537.36"
74.7.227.240 - - [04/Nov/2025:14:28:55 +0100] "GET /?path=//proc/self/root/proc/67277/root/usr/lib/.build-id/a4 HTTP/2.0" 200 31823 "-" "Mozilla/5.0 AppleWebKit/537.36 (KHTML, like Gecko; compatible; GPTBot/1.2; +https://openai.com/gptbot)"
74.7.227.36 - - [04/Nov/2025:14:28:57 +0100] "GET /?path=//proc/self/root/proc/67277/root/etc/pki HTTP/2.0" 200 29714 "-" "Mozilla/5.0 AppleWebKit/537.36 (KHTML, like Gecko; compatible; GPTBot/1.2; +https://openai.com/gptbot)"
74.7.227.177 - - [04/Nov/2025:14:28:57 +0100] "GET /505361?fileloc=//proc/net/snmp&path=//proc/net HTTP/2.0" 200 12274 "-" "Mozilla/5.0 AppleWebKit/537.36 (KHTML, like Gecko; compatible; GPTBot/1.2; +https://openai.com/gptbot)"
74.7.227.3 - - [04/Nov/2025:14:28:59 +0100] "GET /?fileloc=//usr/lib64/python2.7/sqlite3/test/hooks.py&path=//usr/lib64/python2.7/sqlite3/test HTTP/2.0" 200 24064 "-" "Mozilla/5.0 AppleWebKit/537.36 (KHTML, like Gecko; compatible; GPTBot/1.2; +https://openai.com/gptbot)"
143.198.145.122 - - [04/Nov/2025:14:29:00 +0100] "GET /favicon.ico HTTP/1.1" 401 53 "https://cpcontacts.opalaesthetic.net/" "Mozilla/5.0 (X11; Linux x86_64) AppleWebKit/537.36 (KHTML, like Gecko) Chrome/139.0.0.0 Safari/537.36"
74.7.227.148 - - [04/Nov/2025:14:29:00 +0100] "GET /?path=//opt/alt/python36/lib64/python3.6/multiprocessing/dummy/__pycache__ HTTP/2.0" 200 25952 "-" "Mozilla/5.0 AppleWebKit/537.36 (KHTML, like Gecko; compatible; GPTBot/1.2; +https://openai.com/gptbot)"
74.7.227.240 - - [04/Nov/2025:14:29:00 +0100] "GET /?path=//proc/self/root/proc/67277/root/usr/lib/.build-id/4b HTTP/2.0" 200 46228 "-" "Mozilla/5.0 AppleWebKit/537.36 (KHTML, like Gecko; compatible; GPTBot/1.2; +https://openai.com/gptbot)"
74.7.227.36 - - [04/Nov/2025:14:29:01 +0100] "GET /?path=//proc/self/root/proc/54274/root/etc/mail HTTP/2.0" 200 16992 "-" "Mozilla/5.0 AppleWebKit/537.36 (KHTML, like Gecko; compatible; GPTBot/1.2; +https://openai.com/gptbot)"
74.7.227.177 - - [04/Nov/2025:14:29:01 +0100] "GET /388930?fileloc=//proc/net/tcp&path=//proc/net HTTP/2.0" 200 43175 "-" "Mozilla/5.0 AppleWebKit/537.36 (KHTML, like Gecko; compatible; GPTBot/1.2; +https://openai.com/gptbot)"
74.7.227.3 - - [04/Nov/2025:14:29:02 +0100] "GET /?fileloc=//lib64/python2.7/email/test/data/msg_07.txt&path=//lib64/python2.7/email/test/data HTTP/2.0" 200 20309 "-" "Mozilla/5.0 AppleWebKit/537.36 (KHTML, like Gecko; compatible; GPTBot/1.2; +https://openai.com/gptbot)"
74.7.227.240 - - [04/Nov/2025:14:29:03 +0100] "GET /?path=//proc/self/root/proc/67277/root/usr/lib/.build-id/a1 HTTP/2.0" 200 37760 "-" "Mozilla/5.0 AppleWebKit/537.36 (KHTML, like Gecko; compatible; GPTBot/1.2; +https://openai.com/gptbot)"
74.7.227.36 - - [04/Nov/2025:14:29:04 +0100] "GET /?path=//proc/self/root/proc/67277/root/var/run HTTP/2.0" 200 35490 "-" "Mozilla/5.0 AppleWebKit/537.36 (KHTML, like Gecko; compatible; GPTBot/1.2; +https://openai.com/gptbot)"
74.7.227.240 - - [04/Nov/2025:14:29:05 +0100] "GET /?path=//proc/self/root/proc/67277/root/usr/lib/.build-id/c8 HTTP/2.0" 200 36068 "-" "Mozilla/5.0 AppleWebKit/537.36 (KHTML, like Gecko; compatible; GPTBot/1.2; +https://openai.com/gptbot)"
74.7.227.148 - - [04/Nov/2025:14:29:05 +0100] "GET /?fileloc=//opt/alt/python36/lib64/python3.6/test/sgml_input.html&path=//opt/alt/python36/lib64/python3.6/test HTTP/2.0" 200 28077 "-" "Mozilla/5.0 AppleWebKit/537.36 (KHTML, like Gecko; compatible; GPTBot/1.2; +https://openai.com/gptbot)"
74.7.227.177 - - [04/Nov/2025:14:29:06 +0100] "GET /505361?fileloc=//proc/net/unix&path=//proc/net HTTP/2.0" 200 54314 "-" "Mozilla/5.0 AppleWebKit/537.36 (KHTML, like Gecko; compatible; GPTBot/1.2; +https://openai.com/gptbot)"
74.7.227.3 - - [04/Nov/2025:14:29:07 +0100] "GET /?fileloc=//lib64/python2.7/email/test/data/msg_41.txt&path=//lib64/python2.7/email/test/data HTTP/2.0" 200 15231 "-" "Mozilla/5.0 AppleWebKit/537.36 (KHTML, like Gecko; compatible; GPTBot/1.2; +https://openai.com/gptbot)"
74.7.227.240 - - [04/Nov/2025:14:29:07 +0100] "GET /?path=//proc/self/root/proc/67277/root/usr/lib/.build-id/9a HTTP/2.0" 200 34366 "-" "Mozilla/5.0 AppleWebKit/537.36 (KHTML, like Gecko; compatible; GPTBot/1.2; +https://openai.com/gptbot)"
74.7.227.148 - - [04/Nov/2025:14:29:08 +0100] "GET /?path=//opt/alt/python36/lib64/python3.6/Doc/tools/extensions/__pycache__ HTTP/2.0" 200 32845 "-" "Mozilla/5.0 AppleWebKit/537.36 (KHTML, like Gecko; compatible; GPTBot/1.2; +https://openai.com/gptbot)"
74.7.227.36 - - [04/Nov/2025:14:29:08 +0100] "GET /?fileloc=//proc/self/root/proc/142086/root/lib/firmware/amdgpu/gc_11_0_3_mes_2.bin&path=//proc/self/root/proc/142086/root/lib/firmware/amdgpu HTTP/2.0" 200 341180 "-" "Mozilla/5.0 AppleWebKit/537.36 (KHTML, like Gecko; compatible; GPTBot/1.2; +https://openai.com/gptbot)"
74.7.227.240 - - [04/Nov/2025:14:29:09 +0100] "GET /?path=//proc/self/root/proc/67277/root/usr/lib/.build-id/1d HTTP/2.0" 200 42841 "-" "Mozilla/5.0 AppleWebKit/537.36 (KHTML, like Gecko; compatible; GPTBot/1.2; +https://openai.com/gptbot)"
74.7.227.177 - - [04/Nov/2025:14:29:09 +0100] "GET /505361?fileloc=//proc/net/arp&path=//proc/net HTTP/2.0" 200 14822 "-" "Mozilla/5.0 AppleWebKit/537.36 (KHTML, like Gecko; compatible; GPTBot/1.2; +https://openai.com/gptbot)"
74.7.227.148 - - [04/Nov/2025:14:29:12 +0100] "GET /?path=//opt/alt/python36/lib64/python3.6/Tools/freeze/test/__pycache__ HTTP/2.0" 200 19047 "-" "Mozilla/5.0 AppleWebKit/537.36 (KHTML, like Gecko; compatible; GPTBot/1.2; +https://openai.com/gptbot)"
74.7.227.3 - - [04/Nov/2025:14:29:12 +0100] "GET /?fileloc=//lib64/python2.7/email/test/data/msg_23.txt&path=//lib64/python2.7/email/test/data HTTP/2.0" 200 15179 "-" "Mozilla/5.0 AppleWebKit/537.36 (KHTML, like Gecko; compatible; GPTBot/1.2; +https://openai.com/gptbot)"
74.7.227.36 - - [04/Nov/2025:14:29:12 +0100] "GET /?fileloc=//proc/self/root/proc/142086/root/lib/firmware/amdgpu/gc_11_0_4_mec.bin&path=//proc/self/root/proc/142086/root/lib/firmware/amdgpu HTTP/2.0" 200 332629 "-" "Mozilla/5.0 AppleWebKit/537.36 (KHTML, like Gecko; compatible; GPTBot/1.2; +https://openai.com/gptbot)"
74.7.227.177 - - [04/Nov/2025:14:29:13 +0100] "GET /388930?fileloc=//proc/net/raw&path=//proc/net HTTP/2.0" 200 14940 "-" "Mozilla/5.0 AppleWebKit/537.36 (KHTML, like Gecko; compatible; GPTBot/1.2; +https://openai.com/gptbot)"
74.7.227.240 - - [04/Nov/2025:14:29:14 +0100] "GET /?path=//proc/self/root/proc/67277/root/usr/lib/.build-id/9b HTTP/2.0" 200 44538 "-" "Mozilla/5.0 AppleWebKit/537.36 (KHTML, like Gecko; compatible; GPTBot/1.2; +https://openai.com/gptbot)"
66.249.77.35 - - [04/Nov/2025:14:29:13 +0100] "GET /?e=2788977591256&channel=159e17&from=https://www.opalaesthetic.net/spark.htm?pencil236036505.html HTTP/1.1" 200 552524 "-" "Mozilla/5.0 (Linux; Android 6.0.1; Nexus 5X Build/MMB29P) AppleWebKit/537.36 (KHTML, like Gecko) Chrome/141.0.7390.122 Mobile Safari/537.36 (compatible; Googlebot/2.1; +http://www.google.com/bot.html)"
74.7.227.148 - - [04/Nov/2025:14:29:16 +0100] "GET /?path=//opt/alt/python35/lib64/python3.5/site-packages/numpy/core/include/numpy HTTP/2.0" 200 59483 "-" "Mozilla/5.0 AppleWebKit/537.36 (KHTML, like Gecko; compatible; GPTBot/1.2; +https://openai.com/gptbot)"
74.7.227.3 - - [04/Nov/2025:14:29:16 +0100] "GET /?fileloc=//lib64/python2.7/email/test/data/msg_32.txt&path=//lib64/python2.7/email/test/data HTTP/2.0" 200 15470 "-" "Mozilla/5.0 AppleWebKit/537.36 (KHTML, like Gecko; compatible; GPTBot/1.2; +https://openai.com/gptbot)"
74.7.227.240 - - [04/Nov/2025:14:29:17 +0100] "GET /?path=//proc/self/root/proc/67277/root/usr/lib/.build-id/d9 HTTP/2.0" 200 42844 "-" "Mozilla/5.0 AppleWebKit/537.36 (KHTML, like Gecko; compatible; GPTBot/1.2; +https://openai.com/gptbot)"
74.7.227.36 - - [04/Nov/2025:14:29:17 +0100] "GET /?fileloc=//proc/self/root/proc/142086/root/lib/firmware/amdgpu/gc_10_3_6_mec.bin&path=//proc/self/root/proc/142086/root/lib/firmware/amdgpu HTTP/2.0" 200 333774 "-" "Mozilla/5.0 AppleWebKit/537.36 (KHTML, like Gecko; compatible; GPTBot/1.2; +https://openai.com/gptbot)"
74.7.227.177 - - [04/Nov/2025:14:29:17 +0100] "GET /388930?fileloc=//proc/net/udp&path=//proc/net HTTP/2.0" 200 12916 "-" "Mozilla/5.0 AppleWebKit/537.36 (KHTML, like Gecko; compatible; GPTBot/1.2; +https://openai.com/gptbot)"
74.7.227.240 - - [04/Nov/2025:14:29:20 +0100] "GET /?path=//proc/self/root/proc/67277/root/usr/lib/.build-id/5e HTTP/2.0" 200 34367 "-" "Mozilla/5.0 AppleWebKit/537.36 (KHTML, like Gecko; compatible; GPTBot/1.2; +https://openai.com/gptbot)"
74.7.227.148 - - [04/Nov/2025:14:29:20 +0100] "GET /?path=//opt/alt/python35/lib64/python3.5/site-packages/Cython/Compiler/Tests HTTP/2.0" 200 39038 "-" "Mozilla/5.0 AppleWebKit/537.36 (KHTML, like Gecko; compatible; GPTBot/1.2; +https://openai.com/gptbot)"
74.7.227.3 - - [04/Nov/2025:14:29:20 +0100] "GET /?fileloc=//lib64/python2.7/email/test/data/msg_06.txt&path=//lib64/python2.7/email/test/data HTTP/2.0" 200 16111 "-" "Mozilla/5.0 AppleWebKit/537.36 (KHTML, like Gecko; compatible; GPTBot/1.2; +https://openai.com/gptbot)"
74.7.227.177 - - [04/Nov/2025:14:29:20 +0100] "GET /505361?fileloc=//proc/net/udplite&path=//proc/net HTTP/2.0" 200 14826 "-" "Mozilla/5.0 AppleWebKit/537.36 (KHTML, like Gecko; compatible; GPTBot/1.2; +https://openai.com/gptbot)"
74.7.227.36 - - [04/Nov/2025:14:29:21 +0100] "GET /?path=//proc/self/root/proc/53872/root/etc HTTP/2.0" 200 116297 "-" "Mozilla/5.0 AppleWebKit/537.36 (KHTML, like Gecko; compatible; GPTBot/1.2; +https://openai.com/gptbot)"
74.7.227.240 - - [04/Nov/2025:14:29:22 +0100] "GET /?path=//proc/self/root/proc/67277/root/usr/lib/.build-id/f5 HTTP/2.0" 200 32669 "-" "Mozilla/5.0 AppleWebKit/537.36 (KHTML, like Gecko; compatible; GPTBot/1.2; +https://openai.com/gptbot)"
74.7.227.177 - - [04/Nov/2025:14:29:24 +0100] "GET /690680?fileloc=//proc/net/arp&path=//proc/net HTTP/2.0" 200 14822 "-" "Mozilla/5.0 AppleWebKit/537.36 (KHTML, like Gecko; compatible; GPTBot/1.2; +https://openai.com/gptbot)"
74.7.227.148 - - [04/Nov/2025:14:29:25 +0100] "GET /?path=//opt/alt/python35/lib64/python3.5/site-packages/Cython/Runtime HTTP/2.0" 200 22141 "-" "Mozilla/5.0 AppleWebKit/537.36 (KHTML, like Gecko; compatible; GPTBot/1.2; +https://openai.com/gptbot)"
74.7.227.240 - - [04/Nov/2025:14:29:25 +0100] "GET /?path=//proc/self/root/proc/67277/root/usr/lib/.build-id/1b HTTP/2.0" 200 47932 "-" "Mozilla/5.0 AppleWebKit/537.36 (KHTML, like Gecko; compatible; GPTBot/1.2; +https://openai.com/gptbot)"
66.249.69.169 - - [04/Nov/2025:14:29:25 +0100] "GET /?w=2674829843548&channel=144e46&from=https://opalaesthetic.net/buy.jsp?grain071021734.html HTTP/1.1" 200 560186 "-" "Mozilla/5.0 (Linux; Android 6.0.1; Nexus 5X Build/MMB29P) AppleWebKit/537.36 (KHTML, like Gecko) Chrome/141.0.7390.122 Mobile Safari/537.36 (compatible; GoogleOther)"
74.7.227.36 - - [04/Nov/2025:14:29:26 +0100] "GET /?path=//proc/self/root/proc/54274/root/etc/mail/spamassassin HTTP/2.0" 200 48993 "-" "Mozilla/5.0 AppleWebKit/537.36 (KHTML, like Gecko; compatible; GPTBot/1.2; +https://openai.com/gptbot)"
57.141.0.22 - - [04/Nov/2025:14:29:27 +0100] "GET /ar/%d8%a7%d9%84%d8%a8%d9%88%d8%aa%d9%88%d9%83%d8%b3/ HTTP/2.0" 200 76365 "-" "meta-externalagent/1.1 (+https://developers.facebook.com/docs/sharing/webmasters/crawler)"
74.7.227.3 - - [04/Nov/2025:14:29:28 +0100] "GET /?fileloc=//lib64/python2.7/email/test/data/msg_46.txt&path=//lib64/python2.7/email/test/data HTTP/2.0" 200 15918 "-" "Mozilla/5.0 AppleWebKit/537.36 (KHTML, like Gecko; compatible; GPTBot/1.2; +https://openai.com/gptbot)"
74.7.227.240 - - [04/Nov/2025:14:29:28 +0100] "GET /?path=//proc/self/root/proc/67277/root/usr/lib/.build-id/5c HTTP/2.0" 200 42844 "-" "Mozilla/5.0 AppleWebKit/537.36 (KHTML, like Gecko; compatible; GPTBot/1.2; +https://openai.com/gptbot)"
74.7.227.177 - - [04/Nov/2025:14:29:28 +0100] "GET /388930?fileloc=//proc/net/arp&path=//proc/net HTTP/2.0" 200 14822 "-" "Mozilla/5.0 AppleWebKit/537.36 (KHTML, like Gecko; compatible; GPTBot/1.2; +https://openai.com/gptbot)"
74.7.227.148 - - [04/Nov/2025:14:29:29 +0100] "GET /?path=//opt/alt/python35/lib64/python3.5/site-packages/cryptography/__pycache__ HTTP/2.0" 200 32925 "-" "Mozilla/5.0 AppleWebKit/537.36 (KHTML, like Gecko; compatible; GPTBot/1.2; +https://openai.com/gptbot)"
66.249.77.33 - - [04/Nov/2025:14:29:29 +0100] "GET /1036026448?detail=1033203854 HTTP/1.1" 200 553715 "-" "Mozilla/5.0 (Linux; Android 6.0.1; Nexus 5X Build/MMB29P) AppleWebKit/537.36 (KHTML, like Gecko) Chrome/141.0.7390.122 Mobile Safari/537.36 (compatible; Googlebot/2.1; +http://www.google.com/bot.html)"
74.7.227.36 - - [04/Nov/2025:14:29:30 +0100] "GET /?path=//proc/self/root/proc/54274/root/lib HTTP/2.0" 200 67256 "-" "Mozilla/5.0 AppleWebKit/537.36 (KHTML, like Gecko; compatible; GPTBot/1.2; +https://openai.com/gptbot)"
17.241.75.235 - - [04/Nov/2025:14:29:31 +0100] "GET //?p=22752 HTTP/1.1" 200 76365 "-" "Mozilla/5.0 (Macintosh; Intel Mac OS X 10_15_7) AppleWebKit/605.1.15 (KHTML, like Gecko) Version/17.4 Safari/605.1.15 (Applebot/0.1; +http://www.apple.com/go/applebot)"
104.247.76.9 - - [04/Nov/2025:14:29:33 +0100] "GET /wp-login.php HTTP/2.0" 200 76365 "-" "Mozilla/4.0 (compatible; MSIE 7.0; Windows NT 6.1; Trident/7.0; SLCC2; .NET CLR 2.0.50727; .NET CLR 3.5.30729; .NET CLR 3.0.30729; Media Center PC 6.0; .NET4.0C; .NET4.0E)"
74.7.227.36 - - [04/Nov/2025:14:29:33 +0100] "GET /?path=//proc/self/root/proc/67277/root/bin HTTP/2.0" 200 734054 "-" "Mozilla/5.0 AppleWebKit/537.36 (KHTML, like Gecko; compatible; GPTBot/1.2; +https://openai.com/gptbot)"
74.7.227.177 - - [04/Nov/2025:14:29:33 +0100] "GET /690680?fileloc=//proc/net/tcp&path=//proc/net HTTP/2.0" 200 41225 "-" "Mozilla/5.0 AppleWebKit/537.36 (KHTML, like Gecko; compatible; GPTBot/1.2; +https://openai.com/gptbot)"
74.7.227.3 - - [04/Nov/2025:14:29:34 +0100] "GET /?fileloc=//lib64/python2.7/email/test/data/msg_22.txt&path=//lib64/python2.7/email/test/data HTTP/2.0" 200 17072 "-" "Mozilla/5.0 AppleWebKit/537.36 (KHTML, like Gecko; compatible; GPTBot/1.2; +https://openai.com/gptbot)"
74.7.227.240 - - [04/Nov/2025:14:29:34 +0100] "GET /?path=//proc/self/root/proc/67277/root/usr/lib/.build-id/4c HTTP/2.0" 200 37763 "-" "Mozilla/5.0 AppleWebKit/537.36 (KHTML, like Gecko; compatible; GPTBot/1.2; +https://openai.com/gptbot)"
74.7.227.148 - - [04/Nov/2025:14:29:34 +0100] "GET /?path=//opt/alt/python35/lib64/python3.5/site-packages/pyrsistent/__pycache__ HTTP/2.0" 200 74120 "-" "Mozilla/5.0 AppleWebKit/537.36 (KHTML, like Gecko; compatible; GPTBot/1.2; +https://openai.com/gptbot)"
74.7.227.177 - - [04/Nov/2025:14:29:37 +0100] "GET /690680?fileloc=//proc/net/udp&path=//proc/net HTTP/2.0" 200 15465 "-" "Mozilla/5.0 AppleWebKit/537.36 (KHTML, like Gecko; compatible; GPTBot/1.2; +https://openai.com/gptbot)"
74.7.227.240 - - [04/Nov/2025:14:29:37 +0100] "GET /?path=//proc/self/root/proc/67277/root/usr/lib/.build-id/c9 HTTP/2.0" 200 37757 "-" "Mozilla/5.0 AppleWebKit/537.36 (KHTML, like Gecko; compatible; GPTBot/1.2; +https://openai.com/gptbot)"
74.7.227.36 - - [04/Nov/2025:14:29:38 +0100] "GET /?path=//proc/self/root/proc/67277/root/sbin HTTP/2.0" 200 82831 "-" "Mozilla/5.0 AppleWebKit/537.36 (KHTML, like Gecko; compatible; GPTBot/1.2; +https://openai.com/gptbot)"
74.7.227.240 - - [04/Nov/2025:14:29:39 +0100] "GET /?path=//proc/self/root/proc/67277/root/usr/lib/.build-id/d0 HTTP/2.0" 200 36060 "-" "Mozilla/5.0 AppleWebKit/537.36 (KHTML, like Gecko; compatible; GPTBot/1.2; +https://openai.com/gptbot)"
74.7.227.3 - - [04/Nov/2025:14:29:40 +0100] "GET /?fileloc=//lib64/python2.7/email/test/data/msg_27.txt&path=//lib64/python2.7/email/test/data HTTP/2.0" 200 15620 "-" "Mozilla/5.0 AppleWebKit/537.36 (KHTML, like Gecko; compatible; GPTBot/1.2; +https://openai.com/gptbot)"
74.7.227.148 - - [04/Nov/2025:14:29:40 +0100] "GET /?path=//opt/alt/python35/lib64/python3.5/site-packages/playhouse/__pycache__ HTTP/2.0" 200 95442 "-" "Mozilla/5.0 AppleWebKit/537.36 (KHTML, like Gecko; compatible; GPTBot/1.2; +https://openai.com/gptbot)"
74.7.227.177 - - [04/Nov/2025:14:29:40 +0100] "GET /505361?fileloc=//proc/net/tcp&path=//proc/net HTTP/2.0" 200 40175 "-" "Mozilla/5.0 AppleWebKit/537.36 (KHTML, like Gecko; compatible; GPTBot/1.2; +https://openai.com/gptbot)"
74.7.227.240 - - [04/Nov/2025:14:29:42 +0100] "GET /?path=//proc/self/root/proc/67277/root/usr/lib/.build-id/a8 HTTP/2.0" 200 46234 "-" "Mozilla/5.0 AppleWebKit/537.36 (KHTML, like Gecko; compatible; GPTBot/1.2; +https://openai.com/gptbot)"
74.7.227.36 - - [04/Nov/2025:14:29:42 +0100] "GET /?path=//proc/self/root/proc/67277/root/etc/skel HTTP/2.0" 200 21760 "-" "Mozilla/5.0 AppleWebKit/537.36 (KHTML, like Gecko; compatible; GPTBot/1.2; +https://openai.com/gptbot)"
74.7.227.148 - - [04/Nov/2025:14:29:44 +0100] "GET /?fileloc=//opt/alt/python36/lib64/python3.6/test/__pycache__/test_long.cpython-36.pyc&path=//opt/alt/python36/lib64/python3.6/test/__pycache__ HTTP/2.0" 200 55706 "-" "Mozilla/5.0 AppleWebKit/537.36 (KHTML, like Gecko; compatible; GPTBot/1.2; +https://openai.com/gptbot)"
74.7.227.177 - - [04/Nov/2025:14:29:44 +0100] "GET /690680?fileloc=//proc/net/raw&path=//proc/net HTTP/2.0" 200 14940 "-" "Mozilla/5.0 AppleWebKit/537.36 (KHTML, like Gecko; compatible; GPTBot/1.2; +https://openai.com/gptbot)"
74.7.227.240 - - [04/Nov/2025:14:29:44 +0100] "GET /?path=//proc/self/root/proc/67277/root/usr/lib/.build-id/1c HTTP/2.0" 200 35207 "-" "Mozilla/5.0 AppleWebKit/537.36 (KHTML, like Gecko; compatible; GPTBot/1.2; +https://openai.com/gptbot)"
74.7.227.3 - - [04/Nov/2025:14:29:45 +0100] "GET /?fileloc=//lib64/python2.7/email/test/data/msg_21.txt&path=//lib64/python2.7/email/test/data HTTP/2.0" 200 15436 "-" "Mozilla/5.0 AppleWebKit/537.36 (KHTML, like Gecko; compatible; GPTBot/1.2; +https://openai.com/gptbot)"
74.7.227.36 - - [04/Nov/2025:14:29:46 +0100] "GET /?path=//proc/self/root/proc/53872/root/etc/ssl HTTP/2.0" 200 16959 "-" "Mozilla/5.0 AppleWebKit/537.36 (KHTML, like Gecko; compatible; GPTBot/1.2; +https://openai.com/gptbot)"
74.7.227.177 - - [04/Nov/2025:14:29:47 +0100] "GET /388930?fileloc=//proc/net/ip6_mr_cache&path=//proc/net HTTP/2.0" 200 14831 "-" "Mozilla/5.0 AppleWebKit/537.36 (KHTML, like Gecko; compatible; GPTBot/1.2; +https://openai.com/gptbot)"
74.7.227.240 - - [04/Nov/2025:14:29:47 +0100] "GET /?path=//proc/self/root/proc/67277/root/usr/lib/.build-id/b1 HTTP/2.0" 200 37759 "-" "Mozilla/5.0 AppleWebKit/537.36 (KHTML, like Gecko; compatible; GPTBot/1.2; +https://openai.com/gptbot)"
74.7.227.148 - - [04/Nov/2025:14:29:47 +0100] "GET /?fileloc=//opt/alt/python35/lib64/python3.5/site-packages/Cython/Compiler/Tests/TestVisitor.py&path=//opt/alt/python35/lib64/python3.5/site-packages/Cython/Compiler/Tests HTTP/2.0" 200 15220 "-" "Mozilla/5.0 AppleWebKit/537.36 (KHTML, like Gecko; compatible; GPTBot/1.2; +https://openai.com/gptbot)"
74.7.227.36 - - [04/Nov/2025:14:29:49 +0100] "GET /?fileloc=//proc/self/root/proc/54274/root/etc/mail/spamassassin/BAYES_POISON_DEFENSE.cf&path=//proc/self/root/proc/54274/root/etc/mail/spamassassin HTTP/2.0" 200 16075 "-" "Mozilla/5.0 AppleWebKit/537.36 (KHTML, like Gecko; compatible; GPTBot/1.2; +https://openai.com/gptbot)"
74.7.227.3 - - [04/Nov/2025:14:29:49 +0100] "GET /?fileloc=//lib64/python2.7/sqlite3/test/factory.pyc&path=//lib64/python2.7/sqlite3/test HTTP/2.0" 200 31140 "-" "Mozilla/5.0 AppleWebKit/537.36 (KHTML, like Gecko; compatible; GPTBot/1.2; +https://openai.com/gptbot)"
74.7.227.240 - - [04/Nov/2025:14:29:50 +0100] "GET /?path=//proc/self/root/proc/67277/root/usr/lib/.build-id/0e HTTP/2.0" 200 56371 "-" "Mozilla/5.0 AppleWebKit/537.36 (KHTML, like Gecko; compatible; GPTBot/1.2; +https://openai.com/gptbot)"
66.249.76.194 - - [04/Nov/2025:14:29:31 +0100] "GET /?w=2674829843548&channel=144e46&from=https://opalaesthetic.net/buy.jsp?expand136017455.html HTTP/1.1" 200 15 "-" "Mozilla/5.0 (Linux; Android 6.0.1; Nexus 5X Build/MMB29P) AppleWebKit/537.36 (KHTML, like Gecko) Chrome/141.0.7390.122 Mobile Safari/537.36 (compatible; Googlebot/2.1; +http://www.google.com/bot.html)"
74.7.227.177 - - [04/Nov/2025:14:29:52 +0100] "GET /388930?fileloc=//proc/net/ip6_flowlabel&path=//proc/net HTTP/2.0" 200 14832 "-" "Mozilla/5.0 AppleWebKit/537.36 (KHTML, like Gecko; compatible; GPTBot/1.2; +https://openai.com/gptbot)"
66.249.76.194 - - [04/Nov/2025:14:29:52 +0100] "GET /?w=2674829843548&channel=144e46&from=https://opalaesthetic.net/buy.jsp?recession030024875.html HTTP/1.1" 200 554165 "-" "Mozilla/5.0 (Linux; Android 6.0.1; Nexus 5X Build/MMB29P) AppleWebKit/537.36 (KHTML, like Gecko) Chrome/141.0.7390.122 Mobile Safari/537.36 (compatible; GoogleOther)"
74.7.227.240 - - [04/Nov/2025:14:29:52 +0100] "GET /?path=//proc/self/root/proc/67277/root/usr/lib/.build-id/a0 HTTP/2.0" 200 37756 "-" "Mozilla/5.0 AppleWebKit/537.36 (KHTML, like Gecko; compatible; GPTBot/1.2; +https://openai.com/gptbot)"
74.7.227.36 - - [04/Nov/2025:14:29:53 +0100] "GET /?path=//proc/self/root/proc/54274/root/lib/.build-id HTTP/2.0" 200 373722 "-" "Mozilla/5.0 AppleWebKit/537.36 (KHTML, like Gecko; compatible; GPTBot/1.2; +https://openai.com/gptbot)"
74.7.227.240 - - [04/Nov/2025:14:29:54 +0100] "GET /?path=//proc/self/root/proc/67277/root/usr/lib/.build-id/3e HTTP/2.0" 200 34366 "-" "Mozilla/5.0 AppleWebKit/537.36 (KHTML, like Gecko; compatible; GPTBot/1.2; +https://openai.com/gptbot)"
74.7.227.177 - - [04/Nov/2025:14:29:55 +0100] "GET /505361?fileloc=//proc/net/ip6_flowlabel&path=//proc/net HTTP/2.0" 200 14832 "-" "Mozilla/5.0 AppleWebKit/537.36 (KHTML, like Gecko; compatible; GPTBot/1.2; +https://openai.com/gptbot)"
74.7.227.240 - - [04/Nov/2025:14:29:56 +0100] "GET /?path=//proc/self/root/proc/67277/root/usr/lib/.build-id/e3 HTTP/2.0" 200 34395 "-" "Mozilla/5.0 AppleWebKit/537.36 (KHTML, like Gecko; compatible; GPTBot/1.2; +https://openai.com/gptbot)"
74.7.227.36 - - [04/Nov/2025:14:29:56 +0100] "GET /?fileloc=//proc/self/root/proc/67277/root/bin/pgrep&path=//proc/self/root/proc/67277/root/bin HTTP/2.0" 200 54888 "-" "Mozilla/5.0 AppleWebKit/537.36 (KHTML, like Gecko; compatible; GPTBot/1.2; +https://openai.com/gptbot)"
66.249.77.33 - - [04/Nov/2025:14:29:56 +0100] "GET /sky053044982.html HTTP/1.1" 200 550600 "-" "Mozilla/5.0 (Linux; Android 6.0.1; Nexus 5X Build/MMB29P) AppleWebKit/537.36 (KHTML, like Gecko) Chrome/141.0.7390.122 Mobile Safari/537.36 (compatible; Googlebot/2.1; +http://www.google.com/bot.html)"
74.7.227.177 - - [04/Nov/2025:14:29:57 +0100] "GET /505361?fileloc=//proc/net/rt_cache&path=//proc/net HTTP/2.0" 200 14827 "-" "Mozilla/5.0 AppleWebKit/537.36 (KHTML, like Gecko; compatible; GPTBot/1.2; +https://openai.com/gptbot)"
74.7.227.148 - - [04/Nov/2025:14:29:58 +0100] "GET /?path=//opt/alt/python35/lib64/python3.5/site-packages/cryptography/hazmat/bindings/openssl/__pycache__ HTTP/2.0" 200 26979 "-" "Mozilla/5.0 AppleWebKit/537.36 (KHTML, like Gecko; compatible; GPTBot/1.2; +https://openai.com/gptbot)"
74.7.227.240 - - [04/Nov/2025:14:29:58 +0100] "GET /?path=//proc/self/root/proc/67277/root/usr/lib/.build-id/b5 HTTP/2.0" 200 41151 "-" "Mozilla/5.0 AppleWebKit/537.36 (KHTML, like Gecko; compatible; GPTBot/1.2; +https://openai.com/gptbot)"
74.7.227.36 - - [04/Nov/2025:14:30:00 +0100] "GET /?fileloc=//proc/self/root/proc/67277/root/sbin/dnssec-checkds&path=//proc/self/root/proc/67277/root/sbin HTTP/2.0" 200 16152 "-" "Mozilla/5.0 AppleWebKit/537.36 (KHTML, like Gecko; compatible; GPTBot/1.2; +https://openai.com/gptbot)"
74.7.227.240 - - [04/Nov/2025:14:30:00 +0100] "GET /?path=//proc/self/root/proc/67277/root/usr/lib/.build-id/8f HTTP/2.0" 200 47928 "-" "Mozilla/5.0 AppleWebKit/537.36 (KHTML, like Gecko; compatible; GPTBot/1.2; +https://openai.com/gptbot)"
74.7.227.177 - - [04/Nov/2025:14:30:01 +0100] "GET /505361?fileloc=//proc/net/raw&path=//proc/net HTTP/2.0" 200 14940 "-" "Mozilla/5.0 AppleWebKit/537.36 (KHTML, like Gecko; compatible; GPTBot/1.2; +https://openai.com/gptbot)"
69.197.179.242 - - [04/Nov/2025:14:28:36 +0100] "GET /wp-content/ad1f3ec7/edit.php?id=235796 HTTP/1.1" 200 - "https://opalaesthetic.net/wp-content/ad1f3ec7/edit.php?id=235796" "Mozilla/5.0 (Windows NT 10.0; Win64; x64) AppleWebKit/537.36 (KHTML, like Gecko) Chrome/58.0.3029.110 Safari/537.3"
74.7.227.36 - - [04/Nov/2025:14:30:03 +0100] "GET /?fileloc=//proc/self/root/proc/67277/root/sbin/saslpasswd2&path=//proc/self/root/proc/67277/root/sbin HTTP/2.0" 200 35956 "-" "Mozilla/5.0 AppleWebKit/537.36 (KHTML, like Gecko; compatible; GPTBot/1.2; +https://openai.com/gptbot)"
74.7.227.177 - - [04/Nov/2025:14:30:04 +0100] "GET /505361?fileloc=//proc/net/udp&path=//proc/net HTTP/2.0" 200 15465 "-" "Mozilla/5.0 AppleWebKit/537.36 (KHTML, like Gecko; compatible; GPTBot/1.2; +https://openai.com/gptbot)"
74.7.227.240 - - [04/Nov/2025:14:30:04 +0100] "GET /?path=//proc/self/root/proc/67277/root/usr/lib/.build-id/c1 HTTP/2.0" 200 46234 "-" "Mozilla/5.0 AppleWebKit/537.36 (KHTML, like Gecko; compatible; GPTBot/1.2; +https://openai.com/gptbot)"
74.7.227.148 - - [04/Nov/2025:14:30:05 +0100] "GET /?fileloc=//opt/alt/python36/lib64/python3.6/test/__pycache__/list_tests.cpython-36.pyc&path=//opt/alt/python36/lib64/python3.6/test/__pycache__ HTTP/2.0" 200 35177 "-" "Mozilla/5.0 AppleWebKit/537.36 (KHTML, like Gecko; compatible; GPTBot/1.2; +https://openai.com/gptbot)"
74.7.227.177 - - [04/Nov/2025:14:30:06 +0100] "GET /505361?fileloc=//proc/net/mcfilter&path=//proc/net HTTP/2.0" 200 14827 "-" "Mozilla/5.0 AppleWebKit/537.36 (KHTML, like Gecko; compatible; GPTBot/1.2; +https://openai.com/gptbot)"
74.7.227.240 - - [04/Nov/2025:14:30:07 +0100] "GET /?path=//proc/self/root/proc/67277/root/usr/lib/.build-id/d5 HTTP/2.0" 200 46237 "-" "Mozilla/5.0 AppleWebKit/537.36 (KHTML, like Gecko; compatible; GPTBot/1.2; +https://openai.com/gptbot)"
74.7.227.36 - - [04/Nov/2025:14:30:07 +0100] "GET /?path=//proc/self/root/proc/54274/root/lib/python3.6 HTTP/2.0" 200 17021 "-" "Mozilla/5.0 AppleWebKit/537.36 (KHTML, like Gecko; compatible; GPTBot/1.2; +https://openai.com/gptbot)"
74.7.227.3 - - [04/Nov/2025:14:30:07 +0100] "GET /?fileloc=//lib64/python2.7/email/test/data/msg_42.txt&path=//lib64/python2.7/email/test/data HTTP/2.0" 200 12820 "-" "Mozilla/5.0 AppleWebKit/537.36 (KHTML, like Gecko; compatible; GPTBot/1.2; +https://openai.com/gptbot)"
72.167.46.126 - - [04/Nov/2025:14:30:07 +0100] "GET /wp-login.php HTTP/2.0" 200 73816 "-" "Mozilla/5.0 (Windows NT 5.1; Win64; x64) AppleWebKit/537.36 (KHTML, like Gecko) Chrome/65.0.3325.181 Safari/537.36 OPR/52.0.2871.99"
74.7.227.148 - - [04/Nov/2025:14:30:08 +0100] "GET /?path=//opt/alt/python35/lib64/python3.5/site-packages/cryptography/hazmat/backends/openssl/__pycache__ HTTP/2.0" 200 64219 "-" "Mozilla/5.0 AppleWebKit/537.36 (KHTML, like Gecko; compatible; GPTBot/1.2; +https://openai.com/gptbot)"
74.7.227.240 - - [04/Nov/2025:14:30:09 +0100] "GET /?path=//proc/self/root/proc/67277/root/usr/lib/.build-id/e5 HTTP/2.0" 200 38603 "-" "Mozilla/5.0 AppleWebKit/537.36 (KHTML, like Gecko; compatible; GPTBot/1.2; +https://openai.com/gptbot)"
74.7.227.177 - - [04/Nov/2025:14:30:09 +0100] "GET /388930?fileloc=//proc/net/sockstat&path=//proc/net HTTP/2.0" 200 14827 "-" "Mozilla/5.0 AppleWebKit/537.36 (KHTML, like Gecko; compatible; GPTBot/1.2; +https://openai.com/gptbot)"
74.7.227.36 - - [04/Nov/2025:14:30:10 +0100] "GET /?path=//proc/self/root/proc/54274/root/lib/sse2 HTTP/2.0" 200 15568 "-" "Mozilla/5.0 AppleWebKit/537.36 (KHTML, like Gecko; compatible; GPTBot/1.2; +https://openai.com/gptbot)"
74.7.227.240 - - [04/Nov/2025:14:30:11 +0100] "GET /?path=//proc/self/root/proc/67277/root/usr/lib/.build-id/f1 HTTP/2.0" 200 36061 "-" "Mozilla/5.0 AppleWebKit/537.36 (KHTML, like Gecko; compatible; GPTBot/1.2; +https://openai.com/gptbot)"
74.7.227.177 - - [04/Nov/2025:14:30:12 +0100] "GET /690680?fileloc=//proc/net/sockstat&path=//proc/net HTTP/2.0" 200 14827 "-" "Mozilla/5.0 AppleWebKit/537.36 (KHTML, like Gecko; compatible; GPTBot/1.2; +https://openai.com/gptbot)"
72.167.46.126 - - [04/Nov/2025:14:30:13 +0100] "POST /wp-login.php HTTP/2.0" 200 76365 "https://opalaesthetic.net/wp-login.php" "Mozilla/5.0 (Windows NT 5.1; Win64; x64) AppleWebKit/537.36 (KHTML, like Gecko) Chrome/65.0.3325.181 Safari/537.36 OPR/52.0.2871.99"
74.7.227.177 - - [04/Nov/2025:14:30:14 +0100] "GET /449864?path=//proc HTTP/2.0" 200 103490 "-" "Mozilla/5.0 AppleWebKit/537.36 (KHTML, like Gecko; compatible; GPTBot/1.2; +https://openai.com/gptbot)"
74.7.227.240 - - [04/Nov/2025:14:30:14 +0100] "GET /?path=//proc/self/root/proc/67277/root/usr/lib/.build-id/b4 HTTP/2.0" 200 40305 "-" "Mozilla/5.0 AppleWebKit/537.36 (KHTML, like Gecko; compatible; GPTBot/1.2; +https://openai.com/gptbot)"
74.7.227.36 - - [04/Nov/2025:14:30:14 +0100] "GET /?path=//proc/self/root/proc/54274/root/lib/.build-id/ee HTTP/2.0" 200 47553 "-" "Mozilla/5.0 AppleWebKit/537.36 (KHTML, like Gecko; compatible; GPTBot/1.2; +https://openai.com/gptbot)"
74.7.227.148 - - [04/Nov/2025:14:30:15 +0100] "GET /?path=//opt/alt/python35/lib64/python3.5/site-packages/cryptography/hazmat/bindings/__pycache__ HTTP/2.0" 200 19481 "-" "Mozilla/5.0 AppleWebKit/537.36 (KHTML, like Gecko; compatible; GPTBot/1.2; +https://openai.com/gptbot)"
74.7.227.240 - - [04/Nov/2025:14:30:17 +0100] "GET /?path=//proc/self/root/proc/67277/root/usr/lib/.build-id/3d HTTP/2.0" 200 36062 "-" "Mozilla/5.0 AppleWebKit/537.36 (KHTML, like Gecko; compatible; GPTBot/1.2; +https://openai.com/gptbot)"
74.7.227.177 - - [04/Nov/2025:14:30:18 +0100] "GET /680077?path=//proc HTTP/2.0" 200 103490 "-" "Mozilla/5.0 AppleWebKit/537.36 (KHTML, like Gecko; compatible; GPTBot/1.2; +https://openai.com/gptbot)"
66.249.77.33 - - [04/Nov/2025:14:30:00 +0100] "GET /1036025068?detail=1033202478 HTTP/1.1" 200 558378 "-" "Mozilla/5.0 (Linux; Android 6.0.1; Nexus 5X Build/MMB29P) AppleWebKit/537.36 (KHTML, like Gecko) Chrome/141.0.7390.122 Mobile Safari/537.36 (compatible; Googlebot/2.1; +http://www.google.com/bot.html)"
74.7.227.36 - - [04/Nov/2025:14:30:20 +0100] "GET /?path=//proc/self/root/proc/54274/root/lib/.build-id/da HTTP/2.0" 200 39162 "-" "Mozilla/5.0 AppleWebKit/537.36 (KHTML, like Gecko; compatible; GPTBot/1.2; +https://openai.com/gptbot)"
74.7.227.240 - - [04/Nov/2025:14:30:20 +0100] "GET /?path=//proc/self/root/proc/67277/root/usr/lib/.build-id/b9 HTTP/2.0" 200 42842 "-" "Mozilla/5.0 AppleWebKit/537.36 (KHTML, like Gecko; compatible; GPTBot/1.2; +https://openai.com/gptbot)"
74.7.227.177 - - [04/Nov/2025:14:30:21 +0100] "GET /505361?path=//root HTTP/2.0" 200 15202 "-" "Mozilla/5.0 AppleWebKit/537.36 (KHTML, like Gecko; compatible; GPTBot/1.2; +https://openai.com/gptbot)"
74.7.227.240 - - [04/Nov/2025:14:30:23 +0100] "GET /?path=//proc/self/root/proc/67277/root/usr/lib/.build-id/e9 HTTP/2.0" 200 56410 "-" "Mozilla/5.0 AppleWebKit/537.36 (KHTML, like Gecko; compatible; GPTBot/1.2; +https://openai.com/gptbot)"
74.7.227.36 - - [04/Nov/2025:14:30:24 +0100] "GET /?path=//proc/self/root/proc/54274/root/lib/.build-id/93 HTTP/2.0" 200 40839 "-" "Mozilla/5.0 AppleWebKit/537.36 (KHTML, like Gecko; compatible; GPTBot/1.2; +https://openai.com/gptbot)"
204.12.208.18 - - [04/Nov/2025:14:30:27 +0100] "GET /wp-includes/qqe586cc/index.php HTTP/1.1" 200 6 "https://opalaesthetic.net/wp-includes/qqe586cc/index.php" "Mozilla/5.0 (Macintosh; Intel Mac OS X 10_6_8) AppleWebKit/534.57.2 (KHTML, like Gecko) Version/5.1.7 Safari/534.57.2"
74.7.227.240 - - [04/Nov/2025:14:30:26 +0100] "GET /?path=//proc/self/root/proc/67277/root/usr/lib/.build-id/d1 HTTP/2.0" 200 39457 "-" "Mozilla/5.0 AppleWebKit/537.36 (KHTML, like Gecko; compatible; GPTBot/1.2; +https://openai.com/gptbot)"
74.7.227.177 - - [04/Nov/2025:14:30:26 +0100] "GET /449864?path=//root HTTP/2.0" 200 15202 "-" "Mozilla/5.0 AppleWebKit/537.36 (KHTML, like Gecko; compatible; GPTBot/1.2; +https://openai.com/gptbot)"
66.249.77.33 - - [04/Nov/2025:14:30:27 +0100] "GET /zhHant/product/surugaya/m20259004749?fileloc=/home/opal/public_html/mah.php&path=/home/opal/public_html HTTP/1.1" 200 558731 "-" "Mozilla/5.0 (Linux; Android 6.0.1; Nexus 5X Build/MMB29P) AppleWebKit/537.36 (KHTML, like Gecko) Chrome/141.0.7390.122 Mobile Safari/537.36 (compatible; Googlebot/2.1; +http://www.google.com/bot.html)"
216.73.216.164 - - [04/Nov/2025:14:30:28 +0100] "GET /2025-s-bystroj-registraciej-i-udobnym-interfejsom-208-2/?fileloc=%2Fhome%2Fopal%2Fpublic_html%2Fwp-content%2Flanguages%2Far-f70806bf0c7d62f2908bd5a1c3fe4efc.json&path=%2Fhome%2Fopal%2Fpublic_html%2Fwp-content%2Flanguages HTTP/2.0" 200 16450 "-" "Mozilla/5.0 AppleWebKit/537.36 (KHTML, like Gecko; compatible; ClaudeBot/1.0; +claudebot@anthropic.com)"
74.7.227.3 - - [04/Nov/2025:14:30:28 +0100] "GET /?fileloc=//lib64/python2.7/sqlite3/test/factory.py&path=//lib64/python2.7/sqlite3/test HTTP/2.0" 200 27660 "-" "Mozilla/5.0 AppleWebKit/537.36 (KHTML, like Gecko; compatible; GPTBot/1.2; +https://openai.com/gptbot)"
216.73.216.164 - - [04/Nov/2025:14:30:28 +0100] "GET /kasyno-internetowe-z-bonusem-bez-depozytu-35?path=%2Fhome%2Fopal%2Fpublic_html%2Fwp-content%2Fplugins%2Fwebp-converter-for-media HTTP/2.0" 200 29493 "-" "Mozilla/5.0 AppleWebKit/537.36 (KHTML, like Gecko; compatible; ClaudeBot/1.0; +claudebot@anthropic.com)"
74.7.227.36 - - [04/Nov/2025:14:30:28 +0100] "GET /?path=//proc/self/root/proc/54274/root/lib/.build-id/dd HTTP/2.0" 200 42509 "-" "Mozilla/5.0 AppleWebKit/537.36 (KHTML, like Gecko; compatible; GPTBot/1.2; +https://openai.com/gptbot)"
74.7.227.240 - - [04/Nov/2025:14:30:30 +0100] "GET /?path=//proc/self/root/proc/67277/root/usr/lib/.build-id/82 HTTP/2.0" 200 46233 "-" "Mozilla/5.0 AppleWebKit/537.36 (KHTML, like Gecko; compatible; GPTBot/1.2; +https://openai.com/gptbot)"
74.7.227.177 - - [04/Nov/2025:14:30:31 +0100] "GET /702232?path=//proc HTTP/2.0" 200 103490 "-" "Mozilla/5.0 AppleWebKit/537.36 (KHTML, like Gecko; compatible; GPTBot/1.2; +https://openai.com/gptbot)"
66.249.69.167 - - [04/Nov/2025:14:30:32 +0100] "GET /region071010658.html HTTP/1.1" 200 549644 "-" "Mozilla/5.0 (Linux; Android 6.0.1; Nexus 5X Build/MMB29P) AppleWebKit/537.36 (KHTML, like Gecko) Chrome/141.0.7390.122 Mobile Safari/537.36 (compatible; Googlebot/2.1; +http://www.google.com/bot.html)"
74.7.227.240 - - [04/Nov/2025:14:30:34 +0100] "GET /?path=//proc/self/root/proc/67277/root/usr/lib/.build-id/01 HTTP/2.0" 200 44539 "-" "Mozilla/5.0 AppleWebKit/537.36 (KHTML, like Gecko; compatible; GPTBot/1.2; +https://openai.com/gptbot)"
74.7.227.36 - - [04/Nov/2025:14:30:35 +0100] "GET /?path=//proc/self/root/proc/54274/root/lib/.build-id/ad HTTP/2.0" 200 34119 "-" "Mozilla/5.0 AppleWebKit/537.36 (KHTML, like Gecko; compatible; GPTBot/1.2; +https://openai.com/gptbot)"
216.73.216.164 - - [04/Nov/2025:14:30:35 +0100] "GET /kasyno-internetowe-z-bonusem-bez-depozytu-35?fileloc=%2Fhome%2Fopal%2Fpublic_html%2Fwp-content%2Flanguages%2Far-2617ce121227a46077ede6c69aa9fcb5.json&path=%2Fhome%2Fopal%2Fpublic_html%2Fwp-content%2Flanguages HTTP/2.0" 200 13579 "-" "Mozilla/5.0 AppleWebKit/537.36 (KHTML, like Gecko; compatible; ClaudeBot/1.0; +claudebot@anthropic.com)"
74.7.227.177 - - [04/Nov/2025:14:30:35 +0100] "GET /680077?path=//root HTTP/2.0" 200 15202 "-" "Mozilla/5.0 AppleWebKit/537.36 (KHTML, like Gecko; compatible; GPTBot/1.2; +https://openai.com/gptbot)"
216.73.216.164 - - [04/Nov/2025:14:30:35 +0100] "GET /kasyno-internetowe-z-bonusem-bez-depozytu-35?path=%2Fhome%2Fopal%2Fpublic_html%2Fwp-includes%2Fblocks%2Fwidget-group HTTP/2.0" 200 17110 "-" "Mozilla/5.0 AppleWebKit/537.36 (KHTML, like Gecko; compatible; ClaudeBot/1.0; +claudebot@anthropic.com)"
66.249.77.33 - - [04/Nov/2025:14:30:37 +0100] "GET /zhHant/product/surugaya/m20259004749?fileloc=/home/opal/public_html/robots.txt&path=/home/opal/public_html HTTP/1.1" 200 549881 "-" "Mozilla/5.0 (Linux; Android 6.0.1; Nexus 5X Build/MMB29P) AppleWebKit/537.36 (KHTML, like Gecko) Chrome/141.0.7390.122 Mobile Safari/537.36 (compatible; Googlebot/2.1; +http://www.google.com/bot.html)"
74.7.227.240 - - [04/Nov/2025:14:30:37 +0100] "GET /?path=//proc/self/root/proc/67277/root/usr/lib/.build-id/60 HTTP/2.0" 200 34365 "-" "Mozilla/5.0 AppleWebKit/537.36 (KHTML, like Gecko; compatible; GPTBot/1.2; +https://openai.com/gptbot)"
216.73.216.164 - - [04/Nov/2025:14:30:38 +0100] "GET /?path=%2Fhome%2Fopal%2F.razor HTTP/2.0" 200 25801 "-" "Mozilla/5.0 AppleWebKit/537.36 (KHTML, like Gecko; compatible; ClaudeBot/1.0; +claudebot@anthropic.com)"
74.7.227.36 - - [04/Nov/2025:14:30:39 +0100] "GET /?path=//proc/self/root/proc/54274/root/lib/.build-id/e3 HTTP/2.0" 200 34146 "-" "Mozilla/5.0 AppleWebKit/537.36 (KHTML, like Gecko; compatible; GPTBot/1.2; +https://openai.com/gptbot)"
74.7.227.148 - - [04/Nov/2025:14:30:39 +0100] "GET /?path=//opt/alt/python35/lib64/python3.5/site-packages/cryptography/hazmat/primitives/__pycache__ HTTP/2.0" 200 49274 "-" "Mozilla/5.0 AppleWebKit/537.36 (KHTML, like Gecko; compatible; GPTBot/1.2; +https://openai.com/gptbot)"
216.73.216.164 - - [04/Nov/2025:14:30:39 +0100] "GET /kasyno-internetowe-z-bonusem-bez-depozytu-35?fileloc=%2Fhome%2Fopal%2Fpublic_html%2Fwp-content%2Flanguages%2Far-81c889563f09dd13de1701135dc62941.json&path=%2Fhome%2Fopal%2Fpublic_html%2Fwp-content%2Flanguages HTTP/2.0" 200 17913 "-" "Mozilla/5.0 AppleWebKit/537.36 (KHTML, like Gecko; compatible; ClaudeBot/1.0; +claudebot@anthropic.com)"
74.7.227.240 - - [04/Nov/2025:14:30:40 +0100] "GET /?path=//proc/self/root/proc/67277/root/usr/lib/.build-id/08 HTTP/2.0" 200 34369 "-" "Mozilla/5.0 AppleWebKit/537.36 (KHTML, like Gecko; compatible; GPTBot/1.2; +https://openai.com/gptbot)"
74.7.227.177 - - [04/Nov/2025:14:30:41 +0100] "GET /505361?fileloc=//proc/net/fib_trie&path=//proc/net HTTP/2.0" 200 14827 "-" "Mozilla/5.0 AppleWebKit/537.36 (KHTML, like Gecko; compatible; GPTBot/1.2; +https://openai.com/gptbot)"
66.249.69.168 - - [04/Nov/2025:14:30:42 +0100] "GET /items/hwyju76/16286?key=eye HTTP/1.1" 200 560489 "-" "Mozilla/5.0 (Linux; Android 6.0.1; Nexus 5X Build/MMB29P) AppleWebKit/537.36 (KHTML, like Gecko) Chrome/141.0.7390.122 Mobile Safari/537.36 (compatible; GoogleOther)"
216.73.216.164 - - [04/Nov/2025:14:30:41 +0100] "GET /kasyno-internetowe-z-bonusem-bez-depozytu-35?path=%2Fhome%2Fopal%2Fpublic_html%2Fwp-includes%2Fblocks%2Fblock HTTP/2.0" 200 17068 "-" "Mozilla/5.0 AppleWebKit/537.36 (KHTML, like Gecko; compatible; ClaudeBot/1.0; +claudebot@anthropic.com)"
74.7.227.36 - - [04/Nov/2025:14:30:44 +0100] "GET /?path=//proc/self/root/proc/54274/root/lib/.build-id/de HTTP/2.0" 200 29075 "-" "Mozilla/5.0 AppleWebKit/537.36 (KHTML, like Gecko; compatible; GPTBot/1.2; +https://openai.com/gptbot)"
216.73.216.164 - - [04/Nov/2025:14:30:44 +0100] "GET /2025-s-bystroj-registraciej-i-udobnym-interfejsom-208-2/?fileloc=%2Fhome%2Fopal%2Fpublic_html%2Fwp-content%2Flanguages%2Far-2617ce121227a46077ede6c69aa9fcb5.json&path=%2Fhome%2Fopal%2Fpublic_html%2Fwp-content%2Flanguages HTTP/2.0" 200 16128 "-" "Mozilla/5.0 AppleWebKit/537.36 (KHTML, like Gecko; compatible; ClaudeBot/1.0; +claudebot@anthropic.com)"
17.22.245.120 - - [04/Nov/2025:14:30:45 +0100] "GET //?p=23739 HTTP/1.1" 200 73816 "-" "Mozilla/5.0 (Macintosh; Intel Mac OS X 10_15_7) AppleWebKit/605.1.15 (KHTML, like Gecko) Version/17.4 Safari/605.1.15 (Applebot/0.1; +http://www.apple.com/go/applebot)"
74.7.227.240 - - [04/Nov/2025:14:30:45 +0100] "GET /?path=//proc/self/root/proc/67277/root/usr/lib/.build-id/33 HTTP/2.0" 200 49640 "-" "Mozilla/5.0 AppleWebKit/537.36 (KHTML, like Gecko; compatible; GPTBot/1.2; +https://openai.com/gptbot)"
66.249.69.167 - - [04/Nov/2025:14:30:46 +0100] "GET /working251022846.html HTTP/1.1" 200 562890 "-" "Mozilla/5.0 (Linux; Android 6.0.1; Nexus 5X Build/MMB29P) AppleWebKit/537.36 (KHTML, like Gecko) Chrome/141.0.7390.122 Mobile Safari/537.36 (compatible; Googlebot/2.1; +http://www.google.com/bot.html)"
216.73.216.164 - - [04/Nov/2025:14:30:46 +0100] "GET /?path=%2Fhome%2Fopal%2Fphp HTTP/2.0" 200 30384 "-" "Mozilla/5.0 AppleWebKit/537.36 (KHTML, like Gecko; compatible; ClaudeBot/1.0; +claudebot@anthropic.com)"
74.7.227.177 - - [04/Nov/2025:14:30:47 +0100] "GET /680077?path=//proc/net HTTP/2.0" 200 86403 "-" "Mozilla/5.0 AppleWebKit/537.36 (KHTML, like Gecko; compatible; GPTBot/1.2; +https://openai.com/gptbot)"
74.7.227.3 - - [04/Nov/2025:14:30:49 +0100] "GET /?fileloc=//lib64/python2.7/email/test/data/msg_34.txt&path=//lib64/python2.7/email/test/data HTTP/2.0" 200 15330 "-" "Mozilla/5.0 AppleWebKit/537.36 (KHTML, like Gecko; compatible; GPTBot/1.2; +https://openai.com/gptbot)"
74.7.227.36 - - [04/Nov/2025:14:30:50 +0100] "GET /?path=//proc/self/root/proc/54274/root/lib/.build-id/f6 HTTP/2.0" 200 45873 "-" "Mozilla/5.0 AppleWebKit/537.36 (KHTML, like Gecko; compatible; GPTBot/1.2; +https://openai.com/gptbot)"
74.7.227.240 - - [04/Nov/2025:14:30:50 +0100] "GET /?path=//proc/self/root/proc/67277/root/usr/lib/.build-id/12 HTTP/2.0" 200 41146 "-" "Mozilla/5.0 AppleWebKit/537.36 (KHTML, like Gecko; compatible; GPTBot/1.2; +https://openai.com/gptbot)"
