74.7.227.240 - - [04/Nov/2025:13:38:21 +0100] "GET /?path=//proc/self/root/proc/54274/root/lib/.build-id HTTP/2.0" 200 373722 "-" "Mozilla/5.0 AppleWebKit/537.36 (KHTML, like Gecko; compatible; GPTBot/1.2; +https://openai.com/gptbot)"
74.7.227.36 - - [04/Nov/2025:13:38:21 +0100] "GET /?path=//proc/self/root/proc/67277/root/opt/cpanel/ea-nodejs10/lib HTTP/2.0" 200 17222 "-" "Mozilla/5.0 AppleWebKit/537.36 (KHTML, like Gecko; compatible; GPTBot/1.2; +https://openai.com/gptbot)"
74.7.227.3 - - [04/Nov/2025:13:38:22 +0100] "GET /?path=//opt/alt/python36/lib64/python3.6/test/test_importlib/namespace_pkgs/portion1/foo/__pycache__ HTTP/2.0" 200 21382 "-" "Mozilla/5.0 AppleWebKit/537.36 (KHTML, like Gecko; compatible; GPTBot/1.2; +https://openai.com/gptbot)"
74.7.227.148 - - [04/Nov/2025:13:38:22 +0100] "GET /?fileloc=//opt/alt/python27/lib64/python2.7/heapq.pyo&path=//opt/alt/python27/lib64/python2.7 HTTP/2.0" 200 30425 "-" "Mozilla/5.0 AppleWebKit/537.36 (KHTML, like Gecko; compatible; GPTBot/1.2; +https://openai.com/gptbot)"
74.7.227.240 - - [04/Nov/2025:13:38:24 +0100] "GET /?path=//proc/self/root/proc/55207/root/run/faillock HTTP/2.0" 200 15576 "-" "Mozilla/5.0 AppleWebKit/537.36 (KHTML, like Gecko; compatible; GPTBot/1.2; +https://openai.com/gptbot)"
74.7.227.177 - - [04/Nov/2025:13:38:25 +0100] "GET /582258?fileloc=//proc/net/sockstat6&path=//proc/net HTTP/2.0" 200 14828 "-" "Mozilla/5.0 AppleWebKit/537.36 (KHTML, like Gecko; compatible; GPTBot/1.2; +https://openai.com/gptbot)"
74.7.227.36 - - [04/Nov/2025:13:38:27 +0100] "GET /?path=//proc/self/root/proc/53872/root/opt/cpanel/ea-php74/root/var/games HTTP/2.0" 200 15917 "-" "Mozilla/5.0 AppleWebKit/537.36 (KHTML, like Gecko; compatible; GPTBot/1.2; +https://openai.com/gptbot)"
74.7.227.148 - - [04/Nov/2025:13:38:27 +0100] "GET /?fileloc=//opt/alt/python27/lib64/python2.7/compileall.pyo&path=//opt/alt/python27/lib64/python2.7 HTTP/2.0" 200 22404 "-" "Mozilla/5.0 AppleWebKit/537.36 (KHTML, like Gecko; compatible; GPTBot/1.2; +https://openai.com/gptbot)"
74.7.227.240 - - [04/Nov/2025:13:38:27 +0100] "GET /?path=//proc/self/root/proc/54274/root/lib/python3.6 HTTP/2.0" 200 17021 "-" "Mozilla/5.0 AppleWebKit/537.36 (KHTML, like Gecko; compatible; GPTBot/1.2; +https://openai.com/gptbot)"
74.7.227.3 - - [04/Nov/2025:13:38:27 +0100] "GET /?path=//proc/2589545/root/proc/self/root/opt/alt/curlssl11 HTTP/2.0" 200 15668 "-" "Mozilla/5.0 AppleWebKit/537.36 (KHTML, like Gecko; compatible; GPTBot/1.2; +https://openai.com/gptbot)"
74.7.227.177 - - [04/Nov/2025:13:38:29 +0100] "GET /582258?fileloc=//proc/net/ip_mr_cache&path=//proc/net HTTP/2.0" 200 14830 "-" "Mozilla/5.0 AppleWebKit/537.36 (KHTML, like Gecko; compatible; GPTBot/1.2; +https://openai.com/gptbot)"
66.249.69.167 - - [04/Nov/2025:13:38:31 +0100] "GET /fever067044404.html?fileloc=/home/opal/public_html/item.php&path=/home/opal/public_html HTTP/1.1" 200 552436 "-" "Mozilla/5.0 (Linux; Android 6.0.1; Nexus 5X Build/MMB29P) AppleWebKit/537.36 (KHTML, like Gecko) Chrome/141.0.7390.122 Mobile Safari/537.36 (compatible; GoogleOther)"
69.197.179.242 - - [04/Nov/2025:13:37:06 +0100] "GET /wp-content/ad1f3ec7/edit.php?id=235796 HTTP/1.1" 200 - "https://opalaesthetic.net/wp-content/ad1f3ec7/edit.php?id=235796" "Mozilla/5.0 (Windows NT 10.0; Win64; x64) AppleWebKit/537.36 (KHTML, like Gecko) Chrome/58.0.3029.110 Safari/537.3"
74.7.227.240 - - [04/Nov/2025:13:38:31 +0100] "GET /?path=//proc/self/root/proc/54274/root/lib/sse2 HTTP/2.0" 200 15568 "-" "Mozilla/5.0 AppleWebKit/537.36 (KHTML, like Gecko; compatible; GPTBot/1.2; +https://openai.com/gptbot)"
74.7.227.36 - - [04/Nov/2025:13:38:32 +0100] "GET /?path=//proc/self/root/proc/53872/root/opt/cpanel/ea-php74/root/var/run HTTP/2.0" 200 17397 "-" "Mozilla/5.0 AppleWebKit/537.36 (KHTML, like Gecko; compatible; GPTBot/1.2; +https://openai.com/gptbot)"
74.7.227.148 - - [04/Nov/2025:13:38:33 +0100] "GET /?path=//opt/alt/python27/lib64/python2.7/bsddb HTTP/2.0" 200 49002 "-" "Mozilla/5.0 AppleWebKit/537.36 (KHTML, like Gecko; compatible; GPTBot/1.2; +https://openai.com/gptbot)"
74.7.227.177 - - [04/Nov/2025:13:38:33 +0100] "GET /381309?fileloc=//proc/net/softnet_stat&path=//proc/net HTTP/2.0" 200 14831 "-" "Mozilla/5.0 AppleWebKit/537.36 (KHTML, like Gecko; compatible; GPTBot/1.2; +https://openai.com/gptbot)"
74.7.227.3 - - [04/Nov/2025:13:38:33 +0100] "GET /?path=//proc/2589545/root/proc/self/root/opt/cpanel/ea-php84 HTTP/2.0" 200 15675 "-" "Mozilla/5.0 AppleWebKit/537.36 (KHTML, like Gecko; compatible; GPTBot/1.2; +https://openai.com/gptbot)"
74.7.227.240 - - [04/Nov/2025:13:38:35 +0100] "GET /?path=//proc/self/root/proc/54274/root/lib/python2.7 HTTP/2.0" 200 14472 "-" "Mozilla/5.0 AppleWebKit/537.36 (KHTML, like Gecko; compatible; GPTBot/1.2; +https://openai.com/gptbot)"
74.7.227.177 - - [04/Nov/2025:13:38:37 +0100] "GET /611923?fileloc=//proc/net/softnet_stat&path=//proc/net HTTP/2.0" 200 14831 "-" "Mozilla/5.0 AppleWebKit/537.36 (KHTML, like Gecko; compatible; GPTBot/1.2; +https://openai.com/gptbot)"
74.7.227.36 - - [04/Nov/2025:13:38:37 +0100] "GET /?path=//proc/self/root/proc/67277/root/opt/cpanel/ea-nodejs10/include/node HTTP/2.0" 200 56645 "-" "Mozilla/5.0 AppleWebKit/537.36 (KHTML, like Gecko; compatible; GPTBot/1.2; +https://openai.com/gptbot)"
74.7.227.240 - - [04/Nov/2025:13:38:38 +0100] "GET /?path=//proc/self/root/proc/54274/root/lib/.build-id/da HTTP/2.0" 200 39162 "-" "Mozilla/5.0 AppleWebKit/537.36 (KHTML, like Gecko; compatible; GPTBot/1.2; +https://openai.com/gptbot)"
74.7.227.148 - - [04/Nov/2025:13:38:38 +0100] "GET /?path=//opt/alt/python27/lib64/python2.7/email HTTP/2.0" 200 82782 "-" "Mozilla/5.0 AppleWebKit/537.36 (KHTML, like Gecko; compatible; GPTBot/1.2; +https://openai.com/gptbot)"
74.7.227.3 - - [04/Nov/2025:13:38:40 +0100] "GET /?path=//proc/2589545/root/proc/self/root/opt/cpanel/ea-php80 HTTP/2.0" 200 15675 "-" "Mozilla/5.0 AppleWebKit/537.36 (KHTML, like Gecko; compatible; GPTBot/1.2; +https://openai.com/gptbot)"
74.7.227.240 - - [04/Nov/2025:13:38:40 +0100] "GET /?path=//proc/self/root/proc/54274/root/lib/.build-id/21 HTTP/2.0" 200 42514 "-" "Mozilla/5.0 AppleWebKit/537.36 (KHTML, like Gecko; compatible; GPTBot/1.2; +https://openai.com/gptbot)"
74.7.227.177 - - [04/Nov/2025:13:38:41 +0100] "GET /509115?fileloc=//proc/net/ip_mr_cache&path=//proc/net HTTP/2.0" 200 14830 "-" "Mozilla/5.0 AppleWebKit/537.36 (KHTML, like Gecko; compatible; GPTBot/1.2; +https://openai.com/gptbot)"
74.7.227.36 - - [04/Nov/2025:13:38:42 +0100] "GET /?path=//proc/self/root/proc/54274/root/opt/cpanel/ea-php80/root/etc/xdg HTTP/2.0" 200 17397 "-" "Mozilla/5.0 AppleWebKit/537.36 (KHTML, like Gecko; compatible; GPTBot/1.2; +https://openai.com/gptbot)"
74.7.227.148 - - [04/Nov/2025:13:38:42 +0100] "GET /?path=//opt/alt/python27/lib64/python2.7/importlib HTTP/2.0" 200 20131 "-" "Mozilla/5.0 AppleWebKit/537.36 (KHTML, like Gecko; compatible; GPTBot/1.2; +https://openai.com/gptbot)"
74.7.227.240 - - [04/Nov/2025:13:38:43 +0100] "GET /?path=//proc/self/root/proc/54274/root/lib/.build-id/28 HTTP/2.0" 200 34118 "-" "Mozilla/5.0 AppleWebKit/537.36 (KHTML, like Gecko; compatible; GPTBot/1.2; +https://openai.com/gptbot)"
66.249.69.168 - - [04/Nov/2025:13:38:44 +0100] "GET /substantial288026161.html?path=/home/opal/public_html/wp-content/themes HTTP/1.1" 200 568086 "-" "Mozilla/5.0 (Linux; Android 6.0.1; Nexus 5X Build/MMB29P) AppleWebKit/537.36 (KHTML, like Gecko) Chrome/141.0.7390.122 Mobile Safari/537.36 (compatible; GoogleOther)"
74.7.227.177 - - [04/Nov/2025:13:38:44 +0100] "GET /706677?fileloc=//proc/net/protocols&path=//proc/net HTTP/2.0" 200 14828 "-" "Mozilla/5.0 AppleWebKit/537.36 (KHTML, like Gecko; compatible; GPTBot/1.2; +https://openai.com/gptbot)"
74.7.227.240 - - [04/Nov/2025:13:38:45 +0100] "GET /?path=//proc/self/root/proc/54274/root/lib/.build-id/de HTTP/2.0" 200 29075 "-" "Mozilla/5.0 AppleWebKit/537.36 (KHTML, like Gecko; compatible; GPTBot/1.2; +https://openai.com/gptbot)"
74.7.227.148 - - [04/Nov/2025:13:38:45 +0100] "GET /?path=//opt/alt/python27/lib64/python2.7/ensurepip HTTP/2.0" 200 30883 "-" "Mozilla/5.0 AppleWebKit/537.36 (KHTML, like Gecko; compatible; GPTBot/1.2; +https://openai.com/gptbot)"
74.7.227.36 - - [04/Nov/2025:13:38:46 +0100] "GET /?path=//proc/self/root/proc/53872/root/opt/cpanel/ea-php74/root/var/opt HTTP/2.0" 200 15913 "-" "Mozilla/5.0 AppleWebKit/537.36 (KHTML, like Gecko; compatible; GPTBot/1.2; +https://openai.com/gptbot)"
74.7.227.177 - - [04/Nov/2025:13:38:47 +0100] "GET /582258?fileloc=//proc/net/connector&path=//proc/net HTTP/2.0" 200 14828 "-" "Mozilla/5.0 AppleWebKit/537.36 (KHTML, like Gecko; compatible; GPTBot/1.2; +https://openai.com/gptbot)"
74.7.227.240 - - [04/Nov/2025:13:38:47 +0100] "GET /?path=//proc/self/root/proc/54274/root/lib/.build-id/ad HTTP/2.0" 200 34119 "-" "Mozilla/5.0 AppleWebKit/537.36 (KHTML, like Gecko; compatible; GPTBot/1.2; +https://openai.com/gptbot)"
74.7.227.177 - - [04/Nov/2025:13:38:51 +0100] "GET /509115?fileloc=//proc/net/connector&path=//proc/net HTTP/2.0" 200 14828 "-" "Mozilla/5.0 AppleWebKit/537.36 (KHTML, like Gecko; compatible; GPTBot/1.2; +https://openai.com/gptbot)"
74.7.227.36 - - [04/Nov/2025:13:38:51 +0100] "GET /?path=//proc/self/root/proc/53872/root/opt/cpanel/ea-php74/root/var/spool HTTP/2.0" 200 18853 "-" "Mozilla/5.0 AppleWebKit/537.36 (KHTML, like Gecko; compatible; GPTBot/1.2; +https://openai.com/gptbot)"
74.7.227.148 - - [04/Nov/2025:13:38:51 +0100] "GET /?path=//opt/alt/python27/lib64/python2.7/plat-linux2 HTTP/2.0" 200 35559 "-" "Mozilla/5.0 AppleWebKit/537.36 (KHTML, like Gecko; compatible; GPTBot/1.2; +https://openai.com/gptbot)"
74.7.227.240 - - [04/Nov/2025:13:38:53 +0100] "GET /?path=//proc/self/root/proc/54274/root/opt/alt/alt-nodejs20/root/etc/xdg/autostart HTTP/2.0" 200 16022 "-" "Mozilla/5.0 AppleWebKit/537.36 (KHTML, like Gecko; compatible; GPTBot/1.2; +https://openai.com/gptbot)"
66.249.69.167 - - [04/Nov/2025:13:38:55 +0100] "GET /after091012852.html?fileloc=/home/opal/public_html/ex.php&path=/home/opal/public_html HTTP/1.1" 200 553562 "-" "Mozilla/5.0 (Linux; Android 6.0.1; Nexus 5X Build/MMB29P) AppleWebKit/537.36 (KHTML, like Gecko) Chrome/141.0.7390.122 Mobile Safari/537.36 (compatible; GoogleOther)"
74.7.227.177 - - [04/Nov/2025:13:38:55 +0100] "GET /706677?fileloc=//proc/net/connector&path=//proc/net HTTP/2.0" 200 14828 "-" "Mozilla/5.0 AppleWebKit/537.36 (KHTML, like Gecko; compatible; GPTBot/1.2; +https://openai.com/gptbot)"
74.7.227.240 - - [04/Nov/2025:13:38:56 +0100] "GET /?path=//proc/self/root/proc/54274/root/lib/.build-id/e1 HTTP/2.0" 200 50910 "-" "Mozilla/5.0 AppleWebKit/537.36 (KHTML, like Gecko; compatible; GPTBot/1.2; +https://openai.com/gptbot)"
69.197.179.242 - - [04/Nov/2025:13:37:30 +0100] "GET /wp-includes/qqe586cc/index.php?id=968360 HTTP/1.1" 200 - "https://opalaesthetic.net/wp-includes/qqe586cc/index.php?id=968360" "Mozilla/5.0 (Windows NT 10.0; Win64; x64) AppleWebKit/537.36 (KHTML, like Gecko) Chrome/58.0.3029.110 Safari/537.3"
74.7.227.36 - - [04/Nov/2025:13:38:58 +0100] "GET /?path=//proc/self/root/proc/53872/root/opt/cpanel/ea-php74/root/var/log HTTP/2.0" 200 17397 "-" "Mozilla/5.0 AppleWebKit/537.36 (KHTML, like Gecko; compatible; GPTBot/1.2; +https://openai.com/gptbot)"
74.7.227.148 - - [04/Nov/2025:13:38:58 +0100] "GET /?path=//opt/alt/python27/lib64/python2.7/distutils HTTP/2.0" 200 153710 "-" "Mozilla/5.0 AppleWebKit/537.36 (KHTML, like Gecko; compatible; GPTBot/1.2; +https://openai.com/gptbot)"
74.7.227.3 - - [04/Nov/2025:13:38:58 +0100] "GET /?path=//proc/2589545/root/proc/self/root/opt/cpanel/ea-php70 HTTP/2.0" 200 15675 "-" "Mozilla/5.0 AppleWebKit/537.36 (KHTML, like Gecko; compatible; GPTBot/1.2; +https://openai.com/gptbot)"
74.7.227.240 - - [04/Nov/2025:13:38:59 +0100] "GET /?path=//proc/self/root/proc/54274/root/lib/.build-id/e0 HTTP/2.0" 200 43321 "-" "Mozilla/5.0 AppleWebKit/537.36 (KHTML, like Gecko; compatible; GPTBot/1.2; +https://openai.com/gptbot)"
74.7.227.177 - - [04/Nov/2025:13:39:00 +0100] "GET /582258?fileloc=//proc/net/protocols&path=//proc/net HTTP/2.0" 200 14828 "-" "Mozilla/5.0 AppleWebKit/537.36 (KHTML, like Gecko; compatible; GPTBot/1.2; +https://openai.com/gptbot)"
74.7.227.240 - - [04/Nov/2025:13:39:02 +0100] "GET /?path=//proc/self/root/proc/54274/root/lib/.build-id/a1 HTTP/2.0" 200 37479 "-" "Mozilla/5.0 AppleWebKit/537.36 (KHTML, like Gecko; compatible; GPTBot/1.2; +https://openai.com/gptbot)"
74.7.227.36 - - [04/Nov/2025:13:39:02 +0100] "GET /?path=//proc/self/root/proc/67277/root/opt/cpanel/ea-nodejs10/include/node/openssl HTTP/2.0" 200 203983 "-" "Mozilla/5.0 AppleWebKit/537.36 (KHTML, like Gecko; compatible; GPTBot/1.2; +https://openai.com/gptbot)"
74.7.227.177 - - [04/Nov/2025:13:39:02 +0100] "GET /381309?fileloc=//proc/net/connector&path=//proc/net HTTP/2.0" 200 14828 "-" "Mozilla/5.0 AppleWebKit/537.36 (KHTML, like Gecko; compatible; GPTBot/1.2; +https://openai.com/gptbot)"
74.7.227.148 - - [04/Nov/2025:13:39:02 +0100] "GET /?path=//opt/alt/python27/lib64/python2.7/Demo HTTP/2.0" 200 44881 "-" "Mozilla/5.0 AppleWebKit/537.36 (KHTML, like Gecko; compatible; GPTBot/1.2; +https://openai.com/gptbot)"
74.7.227.240 - - [04/Nov/2025:13:39:04 +0100] "GET /?path=//proc/self/root/proc/54274/root/lib/.build-id/e9 HTTP/2.0" 200 55953 "-" "Mozilla/5.0 AppleWebKit/537.36 (KHTML, like Gecko; compatible; GPTBot/1.2; +https://openai.com/gptbot)"
66.249.76.195 - - [04/Nov/2025:13:39:06 +0100] "GET /adoption108002571.html?fileloc=/home/opal/public_html/wp-trackback.php&path=/home/opal/public_html HTTP/1.1" 200 559258 "-" "Mozilla/5.0 (Linux; Android 6.0.1; Nexus 5X Build/MMB29P) AppleWebKit/537.36 (KHTML, like Gecko) Chrome/141.0.7390.122 Mobile Safari/537.36 (compatible; GoogleOther)"
74.7.227.36 - - [04/Nov/2025:13:39:07 +0100] "GET /?path=//proc/self/root/proc/53872/root/opt/cpanel/ea-php74/root/var/run/php-fpm HTTP/2.0" 200 16015 "-" "Mozilla/5.0 AppleWebKit/537.36 (KHTML, like Gecko; compatible; GPTBot/1.2; +https://openai.com/gptbot)"
74.7.227.240 - - [04/Nov/2025:13:39:07 +0100] "GET /?path=//proc/self/root/proc/54274/root/lib/.build-id/9f HTTP/2.0" 200 52583 "-" "Mozilla/5.0 AppleWebKit/537.36 (KHTML, like Gecko; compatible; GPTBot/1.2; +https://openai.com/gptbot)"
74.7.227.177 - - [04/Nov/2025:13:39:07 +0100] "GET /509115?fileloc=//proc/net/protocols&path=//proc/net HTTP/2.0" 200 14828 "-" "Mozilla/5.0 AppleWebKit/537.36 (KHTML, like Gecko; compatible; GPTBot/1.2; +https://openai.com/gptbot)"
74.7.227.148 - - [04/Nov/2025:13:39:10 +0100] "GET /?path=//opt/alt/python27/lib64/python2.7/lib-tk HTTP/2.0" 200 100241 "-" "Mozilla/5.0 AppleWebKit/537.36 (KHTML, like Gecko; compatible; GPTBot/1.2; +https://openai.com/gptbot)"
74.7.227.240 - - [04/Nov/2025:13:39:11 +0100] "GET /?path=//proc/self/root/proc/54274/root/lib/.build-id/1f HTTP/2.0" 200 42515 "-" "Mozilla/5.0 AppleWebKit/537.36 (KHTML, like Gecko; compatible; GPTBot/1.2; +https://openai.com/gptbot)"
74.7.227.177 - - [04/Nov/2025:13:39:11 +0100] "GET /611923?fileloc=//proc/net/connector&path=//proc/net HTTP/2.0" 200 14828 "-" "Mozilla/5.0 AppleWebKit/537.36 (KHTML, like Gecko; compatible; GPTBot/1.2; +https://openai.com/gptbot)"
74.7.227.36 - - [04/Nov/2025:13:39:12 +0100] "GET /?path=//proc/self/root/proc/67277/root/opt/cpanel/ea-nodejs10/include/node/libplatform HTTP/2.0" 200 21089 "-" "Mozilla/5.0 AppleWebKit/537.36 (KHTML, like Gecko; compatible; GPTBot/1.2; +https://openai.com/gptbot)"
74.7.227.240 - - [04/Nov/2025:13:39:15 +0100] "GET /?path=//proc/self/root/proc/54274/root/lib/.build-id/0e HTTP/2.0" 200 55914 "-" "Mozilla/5.0 AppleWebKit/537.36 (KHTML, like Gecko; compatible; GPTBot/1.2; +https://openai.com/gptbot)"
74.7.227.148 - - [04/Nov/2025:13:39:16 +0100] "GET /?path=//opt/alt/python27/lib64/python2.7/Tools HTTP/2.0" 200 18380 "-" "Mozilla/5.0 AppleWebKit/537.36 (KHTML, like Gecko; compatible; GPTBot/1.2; +https://openai.com/gptbot)"
74.7.227.177 - - [04/Nov/2025:13:39:16 +0100] "GET /381309?fileloc=//proc/net/protocols&path=//proc/net HTTP/2.0" 200 14828 "-" "Mozilla/5.0 AppleWebKit/537.36 (KHTML, like Gecko; compatible; GPTBot/1.2; +https://openai.com/gptbot)"
74.7.227.36 - - [04/Nov/2025:13:39:16 +0100] "GET /?path=//proc/self/root/proc/53872/root/opt/cpanel/ea-php74/root/var/mail HTTP/2.0" 200 15915 "-" "Mozilla/5.0 AppleWebKit/537.36 (KHTML, like Gecko; compatible; GPTBot/1.2; +https://openai.com/gptbot)"
74.7.227.240 - - [04/Nov/2025:13:39:18 +0100] "GET /?path=//proc/self/root/proc/54274/root/lib/.build-id/f0 HTTP/2.0" 200 39161 "-" "Mozilla/5.0 AppleWebKit/537.36 (KHTML, like Gecko; compatible; GPTBot/1.2; +https://openai.com/gptbot)"
74.7.227.148 - - [04/Nov/2025:13:39:20 +0100] "GET /?fileloc=//opt/alt/python27/lib64/python2.7/distutils/cygwinccompiler.py&path=//opt/alt/python27/lib64/python2.7/distutils HTTP/2.0" 200 34449 "-" "Mozilla/5.0 AppleWebKit/537.36 (KHTML, like Gecko; compatible; GPTBot/1.2; +https://openai.com/gptbot)"
74.7.227.177 - - [04/Nov/2025:13:39:20 +0100] "GET /611923?fileloc=//proc/net/protocols&path=//proc/net HTTP/2.0" 200 14828 "-" "Mozilla/5.0 AppleWebKit/537.36 (KHTML, like Gecko; compatible; GPTBot/1.2; +https://openai.com/gptbot)"
74.7.227.3 - - [04/Nov/2025:13:39:21 +0100] "GET /?path=//proc/2589545/root/proc/self/root/opt/cpanel/ea-apr16 HTTP/2.0" 200 15675 "-" "Mozilla/5.0 AppleWebKit/537.36 (KHTML, like Gecko; compatible; GPTBot/1.2; +https://openai.com/gptbot)"
74.7.227.36 - - [04/Nov/2025:13:39:21 +0100] "GET /?path=//proc/self/root/proc/53872/root/opt/cpanel/ea-php74/root/var/log/php-fpm HTTP/2.0" 200 16015 "-" "Mozilla/5.0 AppleWebKit/537.36 (KHTML, like Gecko; compatible; GPTBot/1.2; +https://openai.com/gptbot)"
66.249.76.194 - - [04/Nov/2025:13:39:21 +0100] "GET /items/pdfpu270/41636?fileloc=/home/opal/public_html/wp-includes/class-wp-theme-json-resolver.php&path=/home/opal/public_html/wp-includes HTTP/1.1" 200 558467 "-" "Mozilla/5.0 (Linux; Android 6.0.1; Nexus 5X Build/MMB29P) AppleWebKit/537.36 (KHTML, like Gecko) Chrome/141.0.7390.122 Mobile Safari/537.36 (compatible; GoogleOther)"
74.7.227.240 - - [04/Nov/2025:13:39:21 +0100] "GET /?path=//proc/self/root/proc/54274/root/lib/.build-id/e6 HTTP/2.0" 200 32438 "-" "Mozilla/5.0 AppleWebKit/537.36 (KHTML, like Gecko; compatible; GPTBot/1.2; +https://openai.com/gptbot)"
74.7.227.177 - - [04/Nov/2025:13:39:24 +0100] "GET /706677?fileloc=//proc/net/ip_mr_cache&path=//proc/net HTTP/2.0" 200 14830 "-" "Mozilla/5.0 AppleWebKit/537.36 (KHTML, like Gecko; compatible; GPTBot/1.2; +https://openai.com/gptbot)"
74.7.227.148 - - [04/Nov/2025:13:39:25 +0100] "GET /?path=//opt/alt/python27/lib64/python2.7/Demo/sockets HTTP/2.0" 200 40453 "-" "Mozilla/5.0 AppleWebKit/537.36 (KHTML, like Gecko; compatible; GPTBot/1.2; +https://openai.com/gptbot)"
74.7.227.240 - - [04/Nov/2025:13:39:25 +0100] "GET /?path=//proc/self/root/proc/54274/root/lib/.build-id/f3 HTTP/2.0" 200 42518 "-" "Mozilla/5.0 AppleWebKit/537.36 (KHTML, like Gecko; compatible; GPTBot/1.2; +https://openai.com/gptbot)"
74.7.227.36 - - [04/Nov/2025:13:39:28 +0100] "GET /?path=//proc/self/root/proc/53872/root/opt/cpanel/ea-php74/root/var/nis HTTP/2.0" 200 15913 "-" "Mozilla/5.0 AppleWebKit/537.36 (KHTML, like Gecko; compatible; GPTBot/1.2; +https://openai.com/gptbot)"
74.7.227.177 - - [04/Nov/2025:13:39:28 +0100] "GET /582258?fileloc=//proc/net/softnet_stat&path=//proc/net HTTP/2.0" 200 14831 "-" "Mozilla/5.0 AppleWebKit/537.36 (KHTML, like Gecko; compatible; GPTBot/1.2; +https://openai.com/gptbot)"
74.7.227.240 - - [04/Nov/2025:13:39:29 +0100] "GET /?path=//proc/self/root/proc/54274/root/lib/.build-id/a0 HTTP/2.0" 200 37475 "-" "Mozilla/5.0 AppleWebKit/537.36 (KHTML, like Gecko; compatible; GPTBot/1.2; +https://openai.com/gptbot)"
74.7.227.148 - - [04/Nov/2025:13:39:30 +0100] "GET /?path=//opt/alt/python27/lib64/python2.7/ensurepip/rewheel HTTP/2.0" 200 20308 "-" "Mozilla/5.0 AppleWebKit/537.36 (KHTML, like Gecko; compatible; GPTBot/1.2; +https://openai.com/gptbot)"
74.7.227.36 - - [04/Nov/2025:13:39:31 +0100] "GET /?fileloc=//proc/self/root/proc/67277/root/opt/cpanel/ea-nodejs10/include/node/openssl/asn1t.h&path=//proc/self/root/proc/67277/root/opt/cpanel/ea-nodejs10/include/node/openssl HTTP/2.0" 200 48804 "-" "Mozilla/5.0 AppleWebKit/537.36 (KHTML, like Gecko; compatible; GPTBot/1.2; +https://openai.com/gptbot)"
74.7.227.240 - - [04/Nov/2025:13:39:32 +0100] "GET /?path=//proc/self/root/proc/54274/root/lib/.build-id/f1 HTTP/2.0" 200 35796 "-" "Mozilla/5.0 AppleWebKit/537.36 (KHTML, like Gecko; compatible; GPTBot/1.2; +https://openai.com/gptbot)"
74.7.227.177 - - [04/Nov/2025:13:39:33 +0100] "GET /706677?fileloc=//proc/net/nf_conntrack&path=//proc/net HTTP/2.0" 200 14831 "-" "Mozilla/5.0 AppleWebKit/537.36 (KHTML, like Gecko; compatible; GPTBot/1.2; +https://openai.com/gptbot)"
74.7.227.240 - - [04/Nov/2025:13:39:34 +0100] "GET /?path=//proc/self/root/proc/54274/root/lib/.build-id/a6 HTTP/2.0" 200 37486 "-" "Mozilla/5.0 AppleWebKit/537.36 (KHTML, like Gecko; compatible; GPTBot/1.2; +https://openai.com/gptbot)"
74.7.227.148 - - [04/Nov/2025:13:39:35 +0100] "GET /?fileloc=//opt/alt/python27/lib64/python2.7/distutils/unixccompiler.pyc&path=//opt/alt/python27/lib64/python2.7/distutils HTTP/2.0" 200 23906 "-" "Mozilla/5.0 AppleWebKit/537.36 (KHTML, like Gecko; compatible; GPTBot/1.2; +https://openai.com/gptbot)"
74.7.227.36 - - [04/Nov/2025:13:39:36 +0100] "GET /?path=//proc/self/root/proc/54274/root/opt/cpanel/ea-php80/root/etc/skel HTTP/2.0" 200 15915 "-" "Mozilla/5.0 AppleWebKit/537.36 (KHTML, like Gecko; compatible; GPTBot/1.2; +https://openai.com/gptbot)"
74.7.227.240 - - [04/Nov/2025:13:39:37 +0100] "GET /?path=//proc/self/root/proc/54274/root/lib/.build-id/6a HTTP/2.0" 200 52600 "-" "Mozilla/5.0 AppleWebKit/537.36 (KHTML, like Gecko; compatible; GPTBot/1.2; +https://openai.com/gptbot)"
74.7.227.177 - - [04/Nov/2025:13:39:37 +0100] "GET /706677?fileloc=//proc/net/fib_triestat&path=//proc/net HTTP/2.0" 200 12282 "-" "Mozilla/5.0 AppleWebKit/537.36 (KHTML, like Gecko; compatible; GPTBot/1.2; +https://openai.com/gptbot)"
74.7.227.148 - - [04/Nov/2025:13:39:39 +0100] "GET /?path=//opt/alt/python27/lib64/python2.7/distutils/command HTTP/2.0" 200 136468 "-" "Mozilla/5.0 AppleWebKit/537.36 (KHTML, like Gecko; compatible; GPTBot/1.2; +https://openai.com/gptbot)"
74.7.227.36 - - [04/Nov/2025:13:39:39 +0100] "GET /?path=//proc/self/root/proc/67277/root/opt/cpanel/ea-nodejs10/include/node/openssl/archs HTTP/2.0" 200 46980 "-" "Mozilla/5.0 AppleWebKit/537.36 (KHTML, like Gecko; compatible; GPTBot/1.2; +https://openai.com/gptbot)"
74.7.227.240 - - [04/Nov/2025:13:39:40 +0100] "GET /?path=//proc/self/root/proc/54274/root/lib/.build-id/0a HTTP/2.0" 200 40830 "-" "Mozilla/5.0 AppleWebKit/537.36 (KHTML, like Gecko; compatible; GPTBot/1.2; +https://openai.com/gptbot)"
74.7.227.177 - - [04/Nov/2025:13:39:42 +0100] "GET /706677?fileloc=//proc/net/softnet_stat&path=//proc/net HTTP/2.0" 200 14831 "-" "Mozilla/5.0 AppleWebKit/537.36 (KHTML, like Gecko; compatible; GPTBot/1.2; +https://openai.com/gptbot)"
74.7.227.240 - - [04/Nov/2025:13:39:43 +0100] "GET /?path=//proc/self/root/proc/54274/root/lib/.build-id/9a HTTP/2.0" 200 34117 "-" "Mozilla/5.0 AppleWebKit/537.36 (KHTML, like Gecko; compatible; GPTBot/1.2; +https://openai.com/gptbot)"
74.7.227.148 - - [04/Nov/2025:13:39:43 +0100] "GET /?path=//opt/alt/python27/lib64/python2.7/email/mime HTTP/2.0" 200 54926 "-" "Mozilla/5.0 AppleWebKit/537.36 (KHTML, like Gecko; compatible; GPTBot/1.2; +https://openai.com/gptbot)"
74.7.227.3 - - [04/Nov/2025:13:39:44 +0100] "GET /?path=//lib/modules/4.18.0-553.54.1.lve.el8.x86_64/kernel/drivers/bus/mhi HTTP/2.0" 200 17155 "-" "Mozilla/5.0 AppleWebKit/537.36 (KHTML, like Gecko; compatible; GPTBot/1.2; +https://openai.com/gptbot)"
74.7.227.177 - - [04/Nov/2025:13:39:44 +0100] "GET /509115?fileloc=//proc/net/softnet_stat&path=//proc/net HTTP/2.0" 200 14831 "-" "Mozilla/5.0 AppleWebKit/537.36 (KHTML, like Gecko; compatible; GPTBot/1.2; +https://openai.com/gptbot)"
74.7.227.36 - - [04/Nov/2025:13:39:44 +0100] "GET /?path=//proc/self/root/proc/53872/root/opt/cpanel/ea-php74/root/var/adm HTTP/2.0" 200 15913 "-" "Mozilla/5.0 AppleWebKit/537.36 (KHTML, like Gecko; compatible; GPTBot/1.2; +https://openai.com/gptbot)"
74.7.227.240 - - [04/Nov/2025:13:39:45 +0100] "GET /?path=//proc/self/root/proc/54274/root/lib/.build-id/e8 HTTP/2.0" 200 49226 "-" "Mozilla/5.0 AppleWebKit/537.36 (KHTML, like Gecko; compatible; GPTBot/1.2; +https://openai.com/gptbot)"
74.7.227.240 - - [04/Nov/2025:13:39:49 +0100] "GET /?path=//proc/self/root/proc/54274/root/lib/.build-id/f8 HTTP/2.0" 200 34114 "-" "Mozilla/5.0 AppleWebKit/537.36 (KHTML, like Gecko; compatible; GPTBot/1.2; +https://openai.com/gptbot)"
74.7.227.177 - - [04/Nov/2025:13:39:51 +0100] "GET /582258?fileloc=//proc/net/nf_conntrack&path=//proc/net HTTP/2.0" 200 14831 "-" "Mozilla/5.0 AppleWebKit/537.36 (KHTML, like Gecko; compatible; GPTBot/1.2; +https://openai.com/gptbot)"
74.7.227.36 - - [04/Nov/2025:13:39:51 +0100] "GET /?path=//proc/self/root/proc/67277/root/opt/cpanel/ea-php84 HTTP/2.0" 200 18640 "-" "Mozilla/5.0 AppleWebKit/537.36 (KHTML, like Gecko; compatible; GPTBot/1.2; +https://openai.com/gptbot)"
74.7.227.148 - - [04/Nov/2025:13:39:51 +0100] "GET /?path=//opt/alt/python27/lib64/python2.7/bsddb/test HTTP/2.0" 200 133540 "-" "Mozilla/5.0 AppleWebKit/537.36 (KHTML, like Gecko; compatible; GPTBot/1.2; +https://openai.com/gptbot)"
74.7.227.240 - - [04/Nov/2025:13:39:53 +0100] "GET /?path=//proc/self/root/proc/54274/root/lib/.build-id/0f HTTP/2.0" 200 32445 "-" "Mozilla/5.0 AppleWebKit/537.36 (KHTML, like Gecko; compatible; GPTBot/1.2; +https://openai.com/gptbot)"
74.7.227.177 - - [04/Nov/2025:13:39:55 +0100] "GET /509115?fileloc=//proc/net/nf_conntrack&path=//proc/net HTTP/2.0" 200 14831 "-" "Mozilla/5.0 AppleWebKit/537.36 (KHTML, like Gecko; compatible; GPTBot/1.2; +https://openai.com/gptbot)"
74.7.227.36 - - [04/Nov/2025:13:39:56 +0100] "GET /?path=//proc/self/root/proc/53872/root/opt/alt/alt-nodejs19/root/lib HTTP/2.0" 200 20420 "-" "Mozilla/5.0 AppleWebKit/537.36 (KHTML, like Gecko; compatible; GPTBot/1.2; +https://openai.com/gptbot)"
74.7.227.240 - - [04/Nov/2025:13:39:56 +0100] "GET /?path=//proc/self/root/proc/54274/root/lib/.build-id/f9 HTTP/2.0" 200 37476 "-" "Mozilla/5.0 AppleWebKit/537.36 (KHTML, like Gecko; compatible; GPTBot/1.2; +https://openai.com/gptbot)"
74.7.227.148 - - [04/Nov/2025:13:39:57 +0100] "GET /?path=//opt/alt/python27/lib64/python2.7/lib-dynload HTTP/2.0" 200 246364 "-" "Mozilla/5.0 AppleWebKit/537.36 (KHTML, like Gecko; compatible; GPTBot/1.2; +https://openai.com/gptbot)"
74.7.227.177 - - [04/Nov/2025:13:39:59 +0100] "GET /611923?fileloc=//proc/net/fib_triestat&path=//proc/net HTTP/2.0" 200 14831 "-" "Mozilla/5.0 AppleWebKit/537.36 (KHTML, like Gecko; compatible; GPTBot/1.2; +https://openai.com/gptbot)"
74.7.227.240 - - [04/Nov/2025:13:39:59 +0100] "GET /?path=//proc/self/root/proc/54274/root/lib/.build-id/1a HTTP/2.0" 200 47525 "-" "Mozilla/5.0 AppleWebKit/537.36 (KHTML, like Gecko; compatible; GPTBot/1.2; +https://openai.com/gptbot)"
74.7.227.36 - - [04/Nov/2025:13:40:00 +0100] "GET /?path=//proc/self/root/proc/67277/root/opt/cpanel/ea-nodejs10/include/node/openssl/archs/linux-elf HTTP/2.0" 200 20838 "-" "Mozilla/5.0 AppleWebKit/537.36 (KHTML, like Gecko; compatible; GPTBot/1.2; +https://openai.com/gptbot)"
74.7.227.177 - - [04/Nov/2025:13:40:02 +0100] "GET /381309?fileloc=//proc/net/fib_triestat&path=//proc/net HTTP/2.0" 200 14831 "-" "Mozilla/5.0 AppleWebKit/537.36 (KHTML, like Gecko; compatible; GPTBot/1.2; +https://openai.com/gptbot)"
74.7.227.148 - - [04/Nov/2025:13:40:02 +0100] "GET /?path=//opt/alt/python27/lib64/python2.7/distutils/tests HTTP/2.0" 200 228236 "-" "Mozilla/5.0 AppleWebKit/537.36 (KHTML, like Gecko; compatible; GPTBot/1.2; +https://openai.com/gptbot)"
74.7.227.240 - - [04/Nov/2025:13:40:02 +0100] "GET /?path=//proc/self/root/proc/54274/root/lib/.build-id/f6 HTTP/2.0" 200 45873 "-" "Mozilla/5.0 AppleWebKit/537.36 (KHTML, like Gecko; compatible; GPTBot/1.2; +https://openai.com/gptbot)"
74.7.227.3 - - [04/Nov/2025:13:40:05 +0100] "GET /?path=//opt/alt/python38/lib64/python3.8/site-packages/cryptography/hazmat/backends HTTP/2.0" 200 22192 "-" "Mozilla/5.0 AppleWebKit/537.36 (KHTML, like Gecko; compatible; GPTBot/1.2; +https://openai.com/gptbot)"
74.7.227.36 - - [04/Nov/2025:13:40:06 +0100] "GET /?path=//proc/self/root/proc/67277/root/opt/cpanel/ea-nodejs10/include/node/openssl/archs/linux-ppc HTTP/2.0" 200 20838 "-" "Mozilla/5.0 AppleWebKit/537.36 (KHTML, like Gecko; compatible; GPTBot/1.2; +https://openai.com/gptbot)"
74.7.227.177 - - [04/Nov/2025:13:40:06 +0100] "GET /611923?fileloc=//proc/net/sockstat6&path=//proc/net HTTP/2.0" 200 14828 "-" "Mozilla/5.0 AppleWebKit/537.36 (KHTML, like Gecko; compatible; GPTBot/1.2; +https://openai.com/gptbot)"
74.7.227.240 - - [04/Nov/2025:13:40:06 +0100] "GET /?path=//proc/self/root/proc/54274/root/lib/.build-id/8e HTTP/2.0" 200 41638 "-" "Mozilla/5.0 AppleWebKit/537.36 (KHTML, like Gecko; compatible; GPTBot/1.2; +https://openai.com/gptbot)"
69.197.179.242 - - [04/Nov/2025:13:38:41 +0100] "GET /wp-content/ad1f3ec7/edit.php?id=235796 HTTP/1.1" 200 - "https://opalaesthetic.net/wp-content/ad1f3ec7/edit.php?id=235796" "Mozilla/5.0 (Windows NT 10.0; Win64; x64) AppleWebKit/537.36 (KHTML, like Gecko) Chrome/58.0.3029.110 Safari/537.3"
74.7.227.148 - - [04/Nov/2025:13:40:07 +0100] "GET /?fileloc=//opt/alt/python27/lib64/python2.7/email/mime/audio.pyo&path=//opt/alt/python27/lib64/python2.7/email/mime HTTP/2.0" 200 18194 "-" "Mozilla/5.0 AppleWebKit/537.36 (KHTML, like Gecko; compatible; GPTBot/1.2; +https://openai.com/gptbot)"
74.7.227.240 - - [04/Nov/2025:13:40:09 +0100] "GET /?path=//proc/self/root/proc/54274/root/lib/.build-id/8f HTTP/2.0" 200 47551 "-" "Mozilla/5.0 AppleWebKit/537.36 (KHTML, like Gecko; compatible; GPTBot/1.2; +https://openai.com/gptbot)"
74.7.227.177 - - [04/Nov/2025:13:40:11 +0100] "GET /381309?fileloc=//proc/net/mcfilter6&path=//proc/net HTTP/2.0" 200 14828 "-" "Mozilla/5.0 AppleWebKit/537.36 (KHTML, like Gecko; compatible; GPTBot/1.2; +https://openai.com/gptbot)"
74.7.227.240 - - [04/Nov/2025:13:40:11 +0100] "GET /?fileloc=//proc/self/root/proc/54274/root/lib/.build-id/f9/7ae227e95216af02b548eb3e60bf4bdb9d9539&path=//proc/self/root/proc/54274/root/lib/.build-id/f9 HTTP/2.0" 200 24497 "-" "Mozilla/5.0 AppleWebKit/537.36 (KHTML, like Gecko; compatible; GPTBot/1.2; +https://openai.com/gptbot)"
74.7.227.36 - - [04/Nov/2025:13:40:11 +0100] "GET /?path=//proc/self/root/proc/67277/root/opt/cpanel/ea-nodejs10/include/node/openssl/archs/aix-gcc HTTP/2.0" 200 18267 "-" "Mozilla/5.0 AppleWebKit/537.36 (KHTML, like Gecko; compatible; GPTBot/1.2; +https://openai.com/gptbot)"
66.249.69.168 - - [04/Nov/2025:13:40:12 +0100] "GET /fully062048973.html?path=/home/opal/public_html/.tmb HTTP/1.1" 200 550241 "-" "Mozilla/5.0 (Linux; Android 6.0.1; Nexus 5X Build/MMB29P) AppleWebKit/537.36 (KHTML, like Gecko) Chrome/141.0.7390.122 Mobile Safari/537.36 (compatible; GoogleOther)"
74.7.227.148 - - [04/Nov/2025:13:40:13 +0100] "GET /?fileloc=//opt/alt/python27/lib64/python2.7/distutils/command/build_py.pyo&path=//opt/alt/python27/lib64/python2.7/distutils/command HTTP/2.0" 200 27684 "-" "Mozilla/5.0 AppleWebKit/537.36 (KHTML, like Gecko; compatible; GPTBot/1.2; +https://openai.com/gptbot)"
176.42.7.28 - - [04/Nov/2025:13:40:13 +0100] "GET /5.php HTTP/2.0" 403 76365 "-" "Mozilla/5.0 (Windows NT 10.0; Win64; x64) AppleWebKit/537.36 (KHTML, like Gecko) Chrome/142.0.0.0 Safari/537.36"
74.7.227.3 - - [04/Nov/2025:13:40:13 +0100] "GET /?path=//lib/modules/4.18.0-553.8.1.lve.el8.x86_64/kernel/kernel/trace HTTP/2.0" 200 17279 "-" "Mozilla/5.0 AppleWebKit/537.36 (KHTML, like Gecko; compatible; GPTBot/1.2; +https://openai.com/gptbot)"
74.7.227.177 - - [04/Nov/2025:13:40:13 +0100] "GET /381309?fileloc=//proc/net/sockstat6&path=//proc/net HTTP/2.0" 200 14828 "-" "Mozilla/5.0 AppleWebKit/537.36 (KHTML, like Gecko; compatible; GPTBot/1.2; +https://openai.com/gptbot)"
74.7.227.240 - - [04/Nov/2025:13:40:13 +0100] "GET /?path=//proc/self/root/proc/54274/root/lib/.build-id/9e HTTP/2.0" 200 39160 "-" "Mozilla/5.0 AppleWebKit/537.36 (KHTML, like Gecko; compatible; GPTBot/1.2; +https://openai.com/gptbot)"
74.7.227.36 - - [04/Nov/2025:13:40:15 +0100] "GET /?path=//proc/self/root/proc/67277/root/opt/cpanel/ea-nodejs10/include/node/openssl/archs/linux-ppc64le HTTP/2.0" 200 20882 "-" "Mozilla/5.0 AppleWebKit/537.36 (KHTML, like Gecko; compatible; GPTBot/1.2; +https://openai.com/gptbot)"
74.7.227.148 - - [04/Nov/2025:13:40:17 +0100] "GET /?fileloc=//opt/alt/python27/lib64/python2.7/lib-dynload/cmathmodule.so&path=//opt/alt/python27/lib64/python2.7/lib-dynload HTTP/2.0" 200 68352 "-" "Mozilla/5.0 AppleWebKit/537.36 (KHTML, like Gecko; compatible; GPTBot/1.2; +https://openai.com/gptbot)"
74.7.227.240 - - [04/Nov/2025:13:40:18 +0100] "GET /?path=//proc/self/root/proc/54274/root/lib/.build-id/6e HTTP/2.0" 200 32438 "-" "Mozilla/5.0 AppleWebKit/537.36 (KHTML, like Gecko; compatible; GPTBot/1.2; +https://openai.com/gptbot)"
74.7.227.177 - - [04/Nov/2025:13:40:18 +0100] "GET /706677?fileloc=//proc/net/ip6_mr_cache&path=//proc/net HTTP/2.0" 200 12282 "-" "Mozilla/5.0 AppleWebKit/537.36 (KHTML, like Gecko; compatible; GPTBot/1.2; +https://openai.com/gptbot)"
74.7.227.3 - - [04/Nov/2025:13:40:19 +0100] "GET /?path=//proc/2589545/root/etc/cl.php.d HTTP/2.0" 200 15400 "-" "Mozilla/5.0 AppleWebKit/537.36 (KHTML, like Gecko; compatible; GPTBot/1.2; +https://openai.com/gptbot)"
74.7.227.36 - - [04/Nov/2025:13:40:20 +0100] "GET /?path=//proc/self/root/proc/67277/root/opt/cpanel/ea-nodejs10/include/node/openssl/archs/linux-aarch64 HTTP/2.0" 200 20882 "-" "Mozilla/5.0 AppleWebKit/537.36 (KHTML, like Gecko; compatible; GPTBot/1.2; +https://openai.com/gptbot)"
74.7.227.240 - - [04/Nov/2025:13:40:21 +0100] "GET /?path=//proc/self/root/proc/54274/root/lib/.build-id/a9 HTTP/2.0" 200 43323 "-" "Mozilla/5.0 AppleWebKit/537.36 (KHTML, like Gecko; compatible; GPTBot/1.2; +https://openai.com/gptbot)"
74.7.227.148 - - [04/Nov/2025:13:40:22 +0100] "GET /?fileloc=//opt/alt/python27/lib64/python2.7/lib-dynload/stropmodule.so&path=//opt/alt/python27/lib64/python2.7/lib-dynload HTTP/2.0" 200 53822 "-" "Mozilla/5.0 AppleWebKit/537.36 (KHTML, like Gecko; compatible; GPTBot/1.2; +https://openai.com/gptbot)"
74.7.227.177 - - [04/Nov/2025:13:40:23 +0100] "GET /509115?fileloc=//proc/net/sockstat6&path=//proc/net HTTP/2.0" 200 14828 "-" "Mozilla/5.0 AppleWebKit/537.36 (KHTML, like Gecko; compatible; GPTBot/1.2; +https://openai.com/gptbot)"
57.141.0.20 - - [04/Nov/2025:13:40:25 +0100] "GET //?p=21162 HTTP/2.0" 200 76365 "-" "meta-externalagent/1.1 (+https://developers.facebook.com/docs/sharing/webmasters/crawler)"
69.197.179.242 - - [04/Nov/2025:13:39:01 +0100] "GET /wp-includes/qqe586cc/index.php?id=968360 HTTP/1.1" 200 - "https://opalaesthetic.net/wp-includes/qqe586cc/index.php?id=968360" "Mozilla/5.0 (Windows NT 10.0; Win64; x64) AppleWebKit/537.36 (KHTML, like Gecko) Chrome/58.0.3029.110 Safari/537.3"
74.7.227.240 - - [04/Nov/2025:13:40:25 +0100] "GET /?path=//proc/self/root/proc/54274/root/lib/.build-id/e3 HTTP/2.0" 200 34146 "-" "Mozilla/5.0 AppleWebKit/537.36 (KHTML, like Gecko; compatible; GPTBot/1.2; +https://openai.com/gptbot)"
74.7.227.36 - - [04/Nov/2025:13:40:25 +0100] "GET /?path=//proc/self/root/proc/67277/root/opt/cpanel/ea-nodejs10/include/node/openssl/archs/linux-elf/asm HTTP/2.0" 200 19438 "-" "Mozilla/5.0 AppleWebKit/537.36 (KHTML, like Gecko; compatible; GPTBot/1.2; +https://openai.com/gptbot)"
74.7.227.3 - - [04/Nov/2025:13:40:25 +0100] "GET /?path=//opt/alt/python38/lib64/python3.8/site-packages/cryptography/hazmat/bindings HTTP/2.0" 200 25635 "-" "Mozilla/5.0 AppleWebKit/537.36 (KHTML, like Gecko; compatible; GPTBot/1.2; +https://openai.com/gptbot)"
52.167.144.150 - - [04/Nov/2025:13:40:28 +0100] "GET /?p=18807 HTTP/2.0" 200 13 "-" "Mozilla/5.0 AppleWebKit/537.36 (KHTML, like Gecko; compatible; bingbot/2.0; +http://www.bing.com/bingbot.htm) Chrome/116.0.1938.76 Safari/537.36"
66.249.69.168 - - [04/Nov/2025:13:40:28 +0100] "GET /?w=2674829843548&channel=144e46&from=https://opalaesthetic.net/buy.jsp?site179000952.html HTTP/1.1" 200 551007 "-" "Mozilla/5.0 (Linux; Android 6.0.1; Nexus 5X Build/MMB29P) AppleWebKit/537.36 (KHTML, like Gecko) Chrome/141.0.7390.122 Mobile Safari/537.36 (compatible; Googlebot/2.1; +http://www.google.com/bot.html)"
74.7.227.177 - - [04/Nov/2025:13:40:27 +0100] "GET /381309?fileloc=//proc/net/ip_mr_cache&path=//proc/net HTTP/2.0" 200 14830 "-" "Mozilla/5.0 AppleWebKit/537.36 (KHTML, like Gecko; compatible; GPTBot/1.2; +https://openai.com/gptbot)"
74.7.227.148 - - [04/Nov/2025:13:40:29 +0100] "GET /?fileloc=//opt/alt/python27/lib64/python2.7/distutils/tests/test_build_clib.pyo&path=//opt/alt/python27/lib64/python2.7/distutils/tests HTTP/2.0" 200 20375 "-" "Mozilla/5.0 AppleWebKit/537.36 (KHTML, like Gecko; compatible; GPTBot/1.2; +https://openai.com/gptbot)"
74.7.227.240 - - [04/Nov/2025:13:40:29 +0100] "GET /?path=//proc/self/root/proc/54274/root/lib/.build-id/a3 HTTP/2.0" 200 32448 "-" "Mozilla/5.0 AppleWebKit/537.36 (KHTML, like Gecko; compatible; GPTBot/1.2; +https://openai.com/gptbot)"
74.7.227.36 - - [04/Nov/2025:13:40:31 +0100] "GET /?path=//proc/self/root/proc/67277/root/opt/alt/alt-nodejs16/root/lib HTTP/2.0" 200 18786 "-" "Mozilla/5.0 AppleWebKit/537.36 (KHTML, like Gecko; compatible; GPTBot/1.2; +https://openai.com/gptbot)"
74.7.227.177 - - [04/Nov/2025:13:40:32 +0100] "GET /611923?fileloc=//proc/net/icmp&path=//proc/net HTTP/2.0" 200 14823 "-" "Mozilla/5.0 AppleWebKit/537.36 (KHTML, like Gecko; compatible; GPTBot/1.2; +https://openai.com/gptbot)"
74.7.227.240 - - [04/Nov/2025:13:40:32 +0100] "GET /?path=//proc/self/root/proc/54274/root/lib/.build-id/8a HTTP/2.0" 200 49229 "-" "Mozilla/5.0 AppleWebKit/537.36 (KHTML, like Gecko; compatible; GPTBot/1.2; +https://openai.com/gptbot)"
66.249.69.167 - - [04/Nov/2025:13:40:32 +0100] "GET /score121010086.html?fileloc=/home/opal/public_html/product.php&path=/home/opal/public_html HTTP/1.1" 200 550842 "-" "Mozilla/5.0 (Linux; Android 6.0.1; Nexus 5X Build/MMB29P) AppleWebKit/537.36 (KHTML, like Gecko) Chrome/141.0.7390.122 Mobile Safari/537.36 (compatible; GoogleOther)"
66.249.76.194 - - [04/Nov/2025:13:40:35 +0100] "GET /?w=2674829843548&channel=144e46&from=https://opalaesthetic.net/buy.jsp?reform060011599.html HTTP/1.1" 200 556148 "-" "Mozilla/5.0 (Linux; Android 6.0.1; Nexus 5X Build/MMB29P) AppleWebKit/537.36 (KHTML, like Gecko) Chrome/141.0.7390.122 Mobile Safari/537.36 (compatible; Googlebot/2.1; +http://www.google.com/bot.html)"
74.7.227.148 - - [04/Nov/2025:13:40:35 +0100] "GET /?fileloc=//opt/alt/python27/lib64/python2.7/lib-dynload/binascii_d.so&path=//opt/alt/python27/lib64/python2.7/lib-dynload HTTP/2.0" 200 52312 "-" "Mozilla/5.0 AppleWebKit/537.36 (KHTML, like Gecko; compatible; GPTBot/1.2; +https://openai.com/gptbot)"
74.7.227.240 - - [04/Nov/2025:13:40:35 +0100] "GET /?path=//proc/self/root/proc/54274/root/lib/.build-id/1e HTTP/2.0" 200 27406 "-" "Mozilla/5.0 AppleWebKit/537.36 (KHTML, like Gecko; compatible; GPTBot/1.2; +https://openai.com/gptbot)"
74.7.227.177 - - [04/Nov/2025:13:40:35 +0100] "GET /611923?fileloc=//proc/net/ip_mr_cache&path=//proc/net HTTP/2.0" 200 12281 "-" "Mozilla/5.0 AppleWebKit/537.36 (KHTML, like Gecko; compatible; GPTBot/1.2; +https://openai.com/gptbot)"
66.249.69.168 - - [04/Nov/2025:13:40:37 +0100] "GET /?w=2674829843548&channel=144e46&from=https://opalaesthetic.net/buy.jsp?release280020609.html HTTP/1.1" 200 554125 "-" "Mozilla/5.0 (Linux; Android 6.0.1; Nexus 5X Build/MMB29P) AppleWebKit/537.36 (KHTML, like Gecko) Chrome/141.0.7390.122 Mobile Safari/537.36 (compatible; Googlebot/2.1; +http://www.google.com/bot.html)"
74.7.227.36 - - [04/Nov/2025:13:40:36 +0100] "GET /?path=//proc/self/root/proc/67277/root/opt/cpanel/ea-nodejs10/include/node/openssl/archs/linux-ppc/asm HTTP/2.0" 200 19438 "-" "Mozilla/5.0 AppleWebKit/537.36 (KHTML, like Gecko; compatible; GPTBot/1.2; +https://openai.com/gptbot)"
74.7.227.148 - - [04/Nov/2025:13:40:40 +0100] "GET /?path=//opt/alt/python27/lib64/python2.7/Demo/parser HTTP/2.0" 200 29524 "-" "Mozilla/5.0 AppleWebKit/537.36 (KHTML, like Gecko; compatible; GPTBot/1.2; +https://openai.com/gptbot)"
74.7.227.177 - - [04/Nov/2025:13:40:40 +0100] "GET /582258?fileloc=//proc/net/igmp&path=//proc/net HTTP/2.0" 200 14823 "-" "Mozilla/5.0 AppleWebKit/537.36 (KHTML, like Gecko; compatible; GPTBot/1.2; +https://openai.com/gptbot)"
74.7.227.240 - - [04/Nov/2025:13:40:40 +0100] "GET /?path=//proc/self/root/proc/54274/root/lib/.build-id/a8 HTTP/2.0" 200 43324 "-" "Mozilla/5.0 AppleWebKit/537.36 (KHTML, like Gecko; compatible; GPTBot/1.2; +https://openai.com/gptbot)"
74.7.227.36 - - [04/Nov/2025:13:40:43 +0100] "GET /?path=//proc/self/root/proc/67277/root/opt/cpanel/ea-nodejs10/include/node/openssl/archs/aix-gcc/asm HTTP/2.0" 200 19420 "-" "Mozilla/5.0 AppleWebKit/537.36 (KHTML, like Gecko; compatible; GPTBot/1.2; +https://openai.com/gptbot)"
66.249.76.194 - - [04/Nov/2025:13:40:43 +0100] "GET /?airport043012490.html?fileloc=/home/opal/public_html/readme.html&path=/home/opal/public_html HTTP/1.1" 200 560437 "-" "Mozilla/5.0 (Linux; Android 6.0.1; Nexus 5X Build/MMB29P) AppleWebKit/537.36 (KHTML, like Gecko) Chrome/141.0.7390.122 Mobile Safari/537.36 (compatible; Googlebot/2.1; +http://www.google.com/bot.html)"
74.7.227.240 - - [04/Nov/2025:13:40:44 +0100] "GET /?path=//proc/self/root/proc/54274/root/lib/.build-id/6f HTTP/2.0" 200 42511 "-" "Mozilla/5.0 AppleWebKit/537.36 (KHTML, like Gecko; compatible; GPTBot/1.2; +https://openai.com/gptbot)"
74.7.227.177 - - [04/Nov/2025:13:40:44 +0100] "GET /706677?fileloc=//proc/net/unix&path=//proc/net HTTP/2.0" 200 54560 "-" "Mozilla/5.0 AppleWebKit/537.36 (KHTML, like Gecko; compatible; GPTBot/1.2; +https://openai.com/gptbot)"
74.7.227.148 - - [04/Nov/2025:13:40:44 +0100] "GET /?path=//opt/alt/python27/lib64/python2.7/Demo/turtle HTTP/2.0" 200 50380 "-" "Mozilla/5.0 AppleWebKit/537.36 (KHTML, like Gecko; compatible; GPTBot/1.2; +https://openai.com/gptbot)"
66.249.69.168 - - [04/Nov/2025:13:40:46 +0100] "GET /adoption108002571.html?path=/home/opal/public_html/wp-content HTTP/1.1" 200 559441 "-" "Mozilla/5.0 (Linux; Android 6.0.1; Nexus 5X Build/MMB29P) AppleWebKit/537.36 (KHTML, like Gecko) Chrome/141.0.7390.122 Mobile Safari/537.36 (compatible; GoogleOther)"
74.7.227.240 - - [04/Nov/2025:13:40:47 +0100] "GET /?path=//proc/self/root/proc/54274/root/lib/.build-id/3f HTTP/2.0" 200 35800 "-" "Mozilla/5.0 AppleWebKit/537.36 (KHTML, like Gecko; compatible; GPTBot/1.2; +https://openai.com/gptbot)"
74.7.227.36 - - [04/Nov/2025:13:40:47 +0100] "GET /?path=//proc/self/root/proc/67277/root/opt/cpanel/ea-nodejs10/include/node/openssl/archs/aix-gcc/no-asm HTTP/2.0" 200 19444 "-" "Mozilla/5.0 AppleWebKit/537.36 (KHTML, like Gecko; compatible; GPTBot/1.2; +https://openai.com/gptbot)"
74.7.227.3 - - [04/Nov/2025:13:40:47 +0100] "GET /?path=//opt/alt/python38/lib64/python3.8/site-packages/cryptography/hazmat/backends/openssl HTTP/2.0" 200 42163 "-" "Mozilla/5.0 AppleWebKit/537.36 (KHTML, like Gecko; compatible; GPTBot/1.2; +https://openai.com/gptbot)"
66.249.69.168 - - [04/Nov/2025:13:40:49 +0100] "GET /?w=2674829843548&channel=144e46&from=https://opalaesthetic.net/buy.jsp?potato048041499.html HTTP/1.1" 200 555660 "-" "Mozilla/5.0 (Linux; Android 6.0.1; Nexus 5X Build/MMB29P) AppleWebKit/537.36 (KHTML, like Gecko) Chrome/141.0.7390.122 Mobile Safari/537.36 (compatible; Googlebot/2.1; +http://www.google.com/bot.html)"
74.7.227.177 - - [04/Nov/2025:13:40:48 +0100] "GET /509115?fileloc=//proc/net/icmp&path=//proc/net HTTP/2.0" 200 14823 "-" "Mozilla/5.0 AppleWebKit/537.36 (KHTML, like Gecko; compatible; GPTBot/1.2; +https://openai.com/gptbot)"
74.7.227.148 - - [04/Nov/2025:13:40:50 +0100] "GET /?path=//opt/alt/python27/lib64/python2.7/json HTTP/2.0" 200 39768 "-" "Mozilla/5.0 AppleWebKit/537.36 (KHTML, like Gecko; compatible; GPTBot/1.2; +https://openai.com/gptbot)"
74.7.227.240 - - [04/Nov/2025:13:40:50 +0100] "GET /?path=//proc/self/root/proc/54274/root/lib/.build-id/3a HTTP/2.0" 200 42517 "-" "Mozilla/5.0 AppleWebKit/537.36 (KHTML, like Gecko; compatible; GPTBot/1.2; +https://openai.com/gptbot)"
74.7.227.177 - - [04/Nov/2025:13:40:53 +0100] "GET /582258?fileloc=//proc/net/snmp&path=//proc/net HTTP/2.0" 200 14823 "-" "Mozilla/5.0 AppleWebKit/537.36 (KHTML, like Gecko; compatible; GPTBot/1.2; +https://openai.com/gptbot)"
74.7.227.36 - - [04/Nov/2025:13:40:53 +0100] "GET /?path=//proc/self/root/proc/67277/root/opt/cpanel/ea-nodejs10/include/node/openssl/archs/linux-ppc/no-asm HTTP/2.0" 200 16913 "-" "Mozilla/5.0 AppleWebKit/537.36 (KHTML, like Gecko; compatible; GPTBot/1.2; +https://openai.com/gptbot)"
74.7.227.240 - - [04/Nov/2025:13:40:54 +0100] "GET /?path=//proc/self/root/proc/54274/root/lib/.build-id/35 HTTP/2.0" 200 34123 "-" "Mozilla/5.0 AppleWebKit/537.36 (KHTML, like Gecko; compatible; GPTBot/1.2; +https://openai.com/gptbot)"
74.7.227.148 - - [04/Nov/2025:13:40:55 +0100] "GET /?path=//opt/alt/python27/lib64/python2.7/lib-tk/test HTTP/2.0" 200 29378 "-" "Mozilla/5.0 AppleWebKit/537.36 (KHTML, like Gecko; compatible; GPTBot/1.2; +https://openai.com/gptbot)"
74.7.227.3 - - [04/Nov/2025:13:40:55 +0100] "GET /?path=//proc/2589545/root/proc/self/root/opt/cpanel/ea-php82 HTTP/2.0" 200 13126 "-" "Mozilla/5.0 AppleWebKit/537.36 (KHTML, like Gecko; compatible; GPTBot/1.2; +https://openai.com/gptbot)"
74.7.227.177 - - [04/Nov/2025:13:40:55 +0100] "GET /509115?fileloc=//proc/net/igmp&path=//proc/net HTTP/2.0" 200 14823 "-" "Mozilla/5.0 AppleWebKit/537.36 (KHTML, like Gecko; compatible; GPTBot/1.2; +https://openai.com/gptbot)"
66.249.69.168 - - [04/Nov/2025:13:40:56 +0100] "GET /1win-oficialnyj-sajt-bukmekerskoj-kontory-1vin-382/ HTTP/1.1" 200 552709 "-" "Mozilla/5.0 (Linux; Android 6.0.1; Nexus 5X Build/MMB29P) AppleWebKit/537.36 (KHTML, like Gecko) Chrome/141.0.7390.122 Mobile Safari/537.36 (compatible; Googlebot/2.1; +http://www.google.com/bot.html)"
74.7.227.240 - - [04/Nov/2025:13:40:56 +0100] "GET /?path=//proc/self/root/proc/54274/root/lib/.build-id/38 HTTP/2.0" 200 37477 "-" "Mozilla/5.0 AppleWebKit/537.36 (KHTML, like Gecko; compatible; GPTBot/1.2; +https://openai.com/gptbot)"
74.7.227.36 - - [04/Nov/2025:13:40:58 +0100] "GET /?path=//proc/self/root/proc/67277/root/opt/cpanel/ea-nodejs10/include/node/openssl/archs/linux-elf/asm/crypto HTTP/2.0" 200 19807 "-" "Mozilla/5.0 AppleWebKit/537.36 (KHTML, like Gecko; compatible; GPTBot/1.2; +https://openai.com/gptbot)"
74.7.227.177 - - [04/Nov/2025:13:40:59 +0100] "GET /381309?fileloc=//proc/net/icmp&path=//proc/net HTTP/2.0" 200 14823 "-" "Mozilla/5.0 AppleWebKit/537.36 (KHTML, like Gecko; compatible; GPTBot/1.2; +https://openai.com/gptbot)"
74.7.227.148 - - [04/Nov/2025:13:41:00 +0100] "GET /?path=//opt/alt/python27/lib64/python2.7/Demo/curses HTTP/2.0" 200 26355 "-" "Mozilla/5.0 AppleWebKit/537.36 (KHTML, like Gecko; compatible; GPTBot/1.2; +https://openai.com/gptbot)"
74.7.227.240 - - [04/Nov/2025:13:41:01 +0100] "GET /?path=//proc/self/root/proc/54274/root/lib/.build-id/82 HTTP/2.0" 200 45872 "-" "Mozilla/5.0 AppleWebKit/537.36 (KHTML, like Gecko; compatible; GPTBot/1.2; +https://openai.com/gptbot)"
66.249.69.168 - - [04/Nov/2025:13:41:02 +0100] "GET /?w=2674829843548&channel=144e46&from=https://opalaesthetic.net/buy.jsp?anxious160037237.html HTTP/1.1" 200 555364 "-" "Mozilla/5.0 (Linux; Android 6.0.1; Nexus 5X Build/MMB29P) AppleWebKit/537.36 (KHTML, like Gecko) Chrome/141.0.7390.122 Mobile Safari/537.36 (compatible; Googlebot/2.1; +http://www.google.com/bot.html)"
74.7.227.177 - - [04/Nov/2025:13:41:02 +0100] "GET /509115?fileloc=//proc/net/snmp&path=//proc/net HTTP/2.0" 200 14823 "-" "Mozilla/5.0 AppleWebKit/537.36 (KHTML, like Gecko; compatible; GPTBot/1.2; +https://openai.com/gptbot)"
74.7.227.36 - - [04/Nov/2025:13:41:03 +0100] "GET /?path=//proc/self/root/proc/67277/root/opt/cpanel/ea-nodejs10/include/node/openssl/archs/linux-ppc/asm/crypto HTTP/2.0" 200 19807 "-" "Mozilla/5.0 AppleWebKit/537.36 (KHTML, like Gecko; compatible; GPTBot/1.2; +https://openai.com/gptbot)"
74.7.227.3 - - [04/Nov/2025:13:41:03 +0100] "GET /?path=//lib/modules/4.18.0-553.54.1.lve.el8.x86_64/kernel/drivers/tty/serial/jsm HTTP/2.0" 200 17453 "-" "Mozilla/5.0 AppleWebKit/537.36 (KHTML, like Gecko; compatible; GPTBot/1.2; +https://openai.com/gptbot)"
66.249.76.195 - - [04/Nov/2025:13:41:04 +0100] "GET /?w=2674829843548&channel=144e46&from=https://opalaesthetic.net/buy.jsp?jaw035041252.html HTTP/1.1" 200 555506 "-" "Mozilla/5.0 (Linux; Android 6.0.1; Nexus 5X Build/MMB29P) AppleWebKit/537.36 (KHTML, like Gecko) Chrome/141.0.7390.122 Mobile Safari/537.36 (compatible; Googlebot/2.1; +http://www.google.com/bot.html)"
74.7.227.240 - - [04/Nov/2025:13:41:04 +0100] "GET /?path=//proc/self/root/proc/54274/root/lib/.build-id/80 HTTP/2.0" 200 40827 "-" "Mozilla/5.0 AppleWebKit/537.36 (KHTML, like Gecko; compatible; GPTBot/1.2; +https://openai.com/gptbot)"
74.7.227.148 - - [04/Nov/2025:13:41:04 +0100] "GET /?path=//opt/alt/python27/lib64/python2.7/Doc HTTP/2.0" 200 16848 "-" "Mozilla/5.0 AppleWebKit/537.36 (KHTML, like Gecko; compatible; GPTBot/1.2; +https://openai.com/gptbot)"
66.249.69.169 - - [04/Nov/2025:13:41:06 +0100] "GET /PC040029545.html HTTP/1.1" 200 549789 "-" "Mozilla/5.0 (Linux; Android 6.0.1; Nexus 5X Build/MMB29P) AppleWebKit/537.36 (KHTML, like Gecko) Chrome/141.0.7390.122 Mobile Safari/537.36 (compatible; Googlebot/2.1; +http://www.google.com/bot.html)"
74.7.227.177 - - [04/Nov/2025:13:41:06 +0100] "GET /706677?fileloc=//proc/net/igmp&path=//proc/net HTTP/2.0" 200 14823 "-" "Mozilla/5.0 AppleWebKit/537.36 (KHTML, like Gecko; compatible; GPTBot/1.2; +https://openai.com/gptbot)"
