A PHP Error was encountered

Severity: Warning

Message: mysqli::real_connect(): (HY000/2002): Cannot assign requested address

Filename: mysqli/mysqli_driver.php

Line Number: 201

Backtrace:

File: /www/wwwroot/dash.konsole.xyz/application/core/MY_Controller.php
Line: 343
Function: __construct

File: /www/wwwroot/dash.konsole.xyz/application/controllers/Api.php
Line: 12
Function: __construct

File: /www/wwwroot/dash.konsole.xyz/index.php
Line: 316
Function: require_once

Database Error

数据库发生错误。

无法使用提供的设置连接到数据库服务器。

Filename: core/MY_Controller.php

Line Number: 343


Fatal error: Uncaught Error: Call to a member function close() on string in /www/wwwroot/dash.konsole.xyz/application/core/MY_Controller.php:349 Stack trace: #0 [internal function]: Index_Controller->__destruct() #1 {main} thrown in /www/wwwroot/dash.konsole.xyz/application/core/MY_Controller.php on line 349
HEX
HEX
Server: Apache
System: Linux sys.digiflyeg.com 4.18.0-553.62.1.lve.el8.x86_64 #1 SMP Mon Jul 21 17:50:35 UTC 2025 x86_64
User: opal (1023)
PHP: 8.1.33
Disabled: exec,passthru,shell_exec,system
Upload Files
File: /home/opal/access-logs/opalaesthetic.net-ssl_log
74.7.227.36 - - [04/Nov/2025:13:13:18 +0100] "GET /?path=//proc/self/root/proc/53872/root/opt/cpanel/ea-php81 HTTP/2.0" 200 18640 "-" "Mozilla/5.0 AppleWebKit/537.36 (KHTML, like Gecko; compatible; GPTBot/1.2; +https://openai.com/gptbot)"
74.7.227.240 - - [04/Nov/2025:13:13:18 +0100] "GET /?path=//proc/self/root/proc/55207/root/opt/alt/alt-nodejs19/root/tmp HTTP/2.0" 200 13275 "-" "Mozilla/5.0 AppleWebKit/537.36 (KHTML, like Gecko; compatible; GPTBot/1.2; +https://openai.com/gptbot)"
74.7.227.177 - - [04/Nov/2025:13:13:18 +0100] "GET /608103?fileloc=//proc/net/nf_conntrack&path=//proc/net HTTP/2.0" 200 12282 "-" "Mozilla/5.0 AppleWebKit/537.36 (KHTML, like Gecko; compatible; GPTBot/1.2; +https://openai.com/gptbot)"
74.7.227.148 - - [04/Nov/2025:13:13:19 +0100] "GET /?path=//usr/lib/modules/4.18.0-553.54.1.lve.el8.x86_64/kernel/drivers/i2c/muxes HTTP/2.0" 200 17453 "-" "Mozilla/5.0 AppleWebKit/537.36 (KHTML, like Gecko; compatible; GPTBot/1.2; +https://openai.com/gptbot)"
141.98.11.69 - - [04/Nov/2025:13:13:20 +0100] "GET /wp-admin/plugins.php HTTP/1.1" 200 165418 "https://opalaesthetic.net/wp-login.php" "Mozilla/5.0 (Windows NT 11.0; Win64; x64; rv:118.0) Gecko/20100101 Firefox/118.0"
74.7.227.3 - - [04/Nov/2025:13:13:21 +0100] "GET /?path=//proc/2589545/root/proc/thread-self/root/usr/lib/firmware/nvidia/tegra210 HTTP/2.0" 200 15905 "-" "Mozilla/5.0 AppleWebKit/537.36 (KHTML, like Gecko; compatible; GPTBot/1.2; +https://openai.com/gptbot)"
74.7.227.177 - - [04/Nov/2025:13:13:23 +0100] "GET /391370?fileloc=//proc/net/unix&path=//proc/net HTTP/2.0" 200 56278 "-" "Mozilla/5.0 AppleWebKit/537.36 (KHTML, like Gecko; compatible; GPTBot/1.2; +https://openai.com/gptbot)"
66.249.76.194 - - [04/Nov/2025:13:13:23 +0100] "GET /kind033031106.html HTTP/1.1" 200 203937 "-" "Mozilla/5.0 (Linux; Android 6.0.1; Nexus 5X Build/MMB29P) AppleWebKit/537.36 (KHTML, like Gecko) Chrome/141.0.7390.122 Mobile Safari/537.36 (compatible; Googlebot/2.1; +http://www.google.com/bot.html)"
141.98.11.69 - - [04/Nov/2025:13:13:23 +0100] "POST /wp-login.php HTTP/1.1" 200 73816 "https://opalaesthetic.net/wp-login.php" "Mozilla/5.0 (Windows NT 11.0; Win64; x64; rv:118.0) Gecko/20100101 Firefox/118.0"
74.7.227.240 - - [04/Nov/2025:13:13:24 +0100] "GET /?path=//proc/self/root/proc/54274/root/opt/cpanel/ea-php83/root/var/cache/php-pear HTTP/2.0" 200 16023 "-" "Mozilla/5.0 AppleWebKit/537.36 (KHTML, like Gecko; compatible; GPTBot/1.2; +https://openai.com/gptbot)"
74.7.227.36 - - [04/Nov/2025:13:13:24 +0100] "GET /?path=//proc/self/root/proc/67277/root/opt/alt/alt-nodejs20/root/etc/skel HTTP/2.0" 200 15917 "-" "Mozilla/5.0 AppleWebKit/537.36 (KHTML, like Gecko; compatible; GPTBot/1.2; +https://openai.com/gptbot)"
66.249.69.168 - - [04/Nov/2025:13:13:25 +0100] "GET /contributor007029942.html?fileloc=/home/opal/public_html/ex.php?f/towel/towel00/ HTTP/1.1" 200 558886 "-" "Mozilla/5.0 (Linux; Android 6.0.1; Nexus 5X Build/MMB29P) AppleWebKit/537.36 (KHTML, like Gecko) Chrome/141.0.7390.122 Mobile Safari/537.36 (compatible; Googlebot/2.1; +http://www.google.com/bot.html)"
141.98.11.69 - - [04/Nov/2025:13:13:25 +0100] "GET /wp-admin/index.php HTTP/1.1" 200 165418 "https://opalaesthetic.net/wp-login.php" "Mozilla/5.0 (Macintosh; Intel Mac OS X 13_6_1) AppleWebKit/537.36 (KHTML, like Gecko) Chrome/119.0.0.0 Safari/537.36"
74.7.227.148 - - [04/Nov/2025:13:13:25 +0100] "GET /?path=//usr/lib/modules/4.18.0-553.54.1.lve.el8.x86_64/kernel/crypto/async_tx HTTP/2.0" 200 23185 "-" "Mozilla/5.0 AppleWebKit/537.36 (KHTML, like Gecko; compatible; GPTBot/1.2; +https://openai.com/gptbot)"
74.7.227.177 - - [04/Nov/2025:13:13:26 +0100] "GET /608103?fileloc=//proc/net/snmp&path=//proc/net HTTP/2.0" 200 14823 "-" "Mozilla/5.0 AppleWebKit/537.36 (KHTML, like Gecko; compatible; GPTBot/1.2; +https://openai.com/gptbot)"
66.249.69.167 - - [04/Nov/2025:13:13:27 +0100] "GET /dispute167011488.html HTTP/1.1" 200 551764 "-" "Mozilla/5.0 (Linux; Android 6.0.1; Nexus 5X Build/MMB29P) AppleWebKit/537.36 (KHTML, like Gecko) Chrome/141.0.7390.122 Mobile Safari/537.36 (compatible; GoogleOther)"
141.98.11.69 - - [04/Nov/2025:13:13:27 +0100] "GET /wp-admin/profile.php HTTP/1.1" 200 165418 "https://opalaesthetic.net/wp-login.php" "Mozilla/5.0 (Macintosh; Intel Mac OS X 13_6_1) AppleWebKit/537.36 (KHTML, like Gecko) Chrome/119.0.0.0 Safari/537.36"
74.7.227.36 - - [04/Nov/2025:13:13:28 +0100] "GET /?path=//proc/self/root/proc/53872/root/opt/cpanel/ea-nodejs10/include/node HTTP/2.0" 200 56645 "-" "Mozilla/5.0 AppleWebKit/537.36 (KHTML, like Gecko; compatible; GPTBot/1.2; +https://openai.com/gptbot)"
141.98.11.69 - - [04/Nov/2025:13:13:29 +0100] "GET /wp-admin/edit.php HTTP/1.1" 200 165418 "https://opalaesthetic.net/wp-login.php" "Mozilla/5.0 (Macintosh; Intel Mac OS X 13_6_1) AppleWebKit/537.36 (KHTML, like Gecko) Chrome/119.0.0.0 Safari/537.36"
74.7.227.3 - - [04/Nov/2025:13:13:29 +0100] "GET /?path=//proc/2589545/root/proc/thread-self/root/usr/lib/firmware/nvidia/gp106/nvdec HTTP/2.0" 200 13454 "-" "Mozilla/5.0 AppleWebKit/537.36 (KHTML, like Gecko; compatible; GPTBot/1.2; +https://openai.com/gptbot)"
74.7.227.240 - - [04/Nov/2025:13:13:29 +0100] "GET /?path=//proc/self/root/proc/53872/root/opt/cpanel/ea-php71/root/var/db HTTP/2.0" 200 15911 "-" "Mozilla/5.0 AppleWebKit/537.36 (KHTML, like Gecko; compatible; GPTBot/1.2; +https://openai.com/gptbot)"
74.7.227.177 - - [04/Nov/2025:13:13:30 +0100] "GET /608103?fileloc=//proc/net/unix&path=//proc/net HTTP/2.0" 200 56304 "-" "Mozilla/5.0 AppleWebKit/537.36 (KHTML, like Gecko; compatible; GPTBot/1.2; +https://openai.com/gptbot)"
66.249.69.167 - - [04/Nov/2025:13:13:32 +0100] "GET /shelf273008318.html?fileloc=/home/opal/public_html/wp-config-sample.php&path=/home/opal/public_html HTTP/1.1" 200 552031 "-" "Mozilla/5.0 (Linux; Android 6.0.1; Nexus 5X Build/MMB29P) AppleWebKit/537.36 (KHTML, like Gecko) Chrome/141.0.7390.122 Mobile Safari/537.36 (compatible; Googlebot/2.1; +http://www.google.com/bot.html)"
141.98.11.69 - - [04/Nov/2025:13:13:31 +0100] "GET /wp-admin/plugins.php HTTP/1.1" 200 165418 "https://opalaesthetic.net/wp-login.php" "Mozilla/5.0 (Macintosh; Intel Mac OS X 13_6_1) AppleWebKit/537.36 (KHTML, like Gecko) Chrome/119.0.0.0 Safari/537.36"
74.7.227.148 - - [04/Nov/2025:13:13:31 +0100] "GET /?path=//usr/lib/modules/4.18.0-553.8.1.lve.el8.x86_64/kernel/drivers/firewire HTTP/2.0" 200 22411 "-" "Mozilla/5.0 AppleWebKit/537.36 (KHTML, like Gecko; compatible; GPTBot/1.2; +https://openai.com/gptbot)"
74.7.227.36 - - [04/Nov/2025:13:13:32 +0100] "GET /?path=//proc/self/root/proc/53872/root/opt/cpanel/ea-php74/root/usr/local HTTP/2.0" 200 30637 "-" "Mozilla/5.0 AppleWebKit/537.36 (KHTML, like Gecko; compatible; GPTBot/1.2; +https://openai.com/gptbot)"
74.7.227.240 - - [04/Nov/2025:13:13:34 +0100] "GET /?path=//proc/self/root/proc/54274/root/opt/cpanel/ea-php83/root/var/tmp/php-pear HTTP/2.0" 200 16017 "-" "Mozilla/5.0 AppleWebKit/537.36 (KHTML, like Gecko; compatible; GPTBot/1.2; +https://openai.com/gptbot)"
141.98.11.69 - - [04/Nov/2025:13:13:34 +0100] "POST /wp-login.php HTTP/1.1" 200 76365 "https://opalaesthetic.net/wp-login.php" "Mozilla/5.0 (X11; Linux x86_64) AppleWebKit/537.36 (KHTML, like Gecko) Chrome/119.0.0.0 Safari/537.36"
74.7.227.177 - - [04/Nov/2025:13:13:35 +0100] "GET /391370?fileloc=//proc/net/snmp&path=//proc/net HTTP/2.0" 200 14823 "-" "Mozilla/5.0 AppleWebKit/537.36 (KHTML, like Gecko; compatible; GPTBot/1.2; +https://openai.com/gptbot)"
141.98.11.69 - - [04/Nov/2025:13:13:36 +0100] "GET /wp-admin/index.php HTTP/1.1" 200 165418 "https://opalaesthetic.net/wp-login.php" "Mozilla/5.0 (Windows NT 10.0; Win64; x64) AppleWebKit/537.36 (KHTML, like Gecko) Chrome/119.0.0.0 Safari/537.36"
74.7.227.3 - - [04/Nov/2025:13:13:36 +0100] "GET /?path=//proc/2589545/root/proc/thread-self/root/opt/cloudlinux/alt-php56/root/etc/mariadb103 HTTP/2.0" 200 16046 "-" "Mozilla/5.0 AppleWebKit/537.36 (KHTML, like Gecko; compatible; GPTBot/1.2; +https://openai.com/gptbot)"
74.7.227.148 - - [04/Nov/2025:13:13:36 +0100] "GET /?path=//usr/lib/modules/4.18.0-553.8.1.lve.el8.x86_64/kernel/fs/nfsd HTTP/2.0" 200 17249 "-" "Mozilla/5.0 AppleWebKit/537.36 (KHTML, like Gecko; compatible; GPTBot/1.2; +https://openai.com/gptbot)"
74.7.227.240 - - [04/Nov/2025:13:13:37 +0100] "GET /?path=//proc/self/root/proc/53872/root/opt/cpanel/ea-php81/root/var/db HTTP/2.0" 200 15911 "-" "Mozilla/5.0 AppleWebKit/537.36 (KHTML, like Gecko; compatible; GPTBot/1.2; +https://openai.com/gptbot)"
74.7.227.36 - - [04/Nov/2025:13:13:37 +0100] "GET /?path=//proc/self/root/proc/53872/root/opt/cpanel/ea-php74/root/usr/etc HTTP/2.0" 200 15913 "-" "Mozilla/5.0 AppleWebKit/537.36 (KHTML, like Gecko; compatible; GPTBot/1.2; +https://openai.com/gptbot)"
141.98.11.69 - - [04/Nov/2025:13:13:38 +0100] "GET /wp-admin/profile.php HTTP/1.1" 200 165418 "https://opalaesthetic.net/wp-login.php" "Mozilla/5.0 (Windows NT 10.0; Win64; x64) AppleWebKit/537.36 (KHTML, like Gecko) Chrome/119.0.0.0 Safari/537.36"
74.7.227.177 - - [04/Nov/2025:13:13:39 +0100] "GET /391370?fileloc=//proc/net/igmp&path=//proc/net HTTP/2.0" 200 14823 "-" "Mozilla/5.0 AppleWebKit/537.36 (KHTML, like Gecko; compatible; GPTBot/1.2; +https://openai.com/gptbot)"
66.249.69.170 - - [04/Nov/2025:13:13:38 +0100] "GET /fatigue111048240.html?fileloc=/home/opal/public_html/wp-config.php&path=/home/opal/public_html HTTP/1.1" 200 211360 "-" "Mozilla/5.0 (Linux; Android 6.0.1; Nexus 5X Build/MMB29P) AppleWebKit/537.36 (KHTML, like Gecko) Chrome/141.0.7390.122 Mobile Safari/537.36 (compatible; GoogleOther)"
141.98.11.69 - - [04/Nov/2025:13:13:41 +0100] "GET /wp-admin/edit.php HTTP/1.1" 200 165418 "https://opalaesthetic.net/wp-login.php" "Mozilla/5.0 (Windows NT 10.0; Win64; x64) AppleWebKit/537.36 (KHTML, like Gecko) Chrome/119.0.0.0 Safari/537.36"
66.249.69.169 - - [04/Nov/2025:13:13:42 +0100] "GET /zhHant/product/surugaya/m64255765817?path=/home/opal/public_html/wp-includes HTTP/1.1" 200 550694 "-" "Mozilla/5.0 (Linux; Android 6.0.1; Nexus 5X Build/MMB29P) AppleWebKit/537.36 (KHTML, like Gecko) Chrome/141.0.7390.122 Mobile Safari/537.36 (compatible; Googlebot/2.1; +http://www.google.com/bot.html)"
74.7.227.240 - - [04/Nov/2025:13:13:41 +0100] "GET /?path=//proc/self/root/proc/53872/root/opt/cpanel/ea-php74/root/boot HTTP/2.0" 200 15825 "-" "Mozilla/5.0 AppleWebKit/537.36 (KHTML, like Gecko; compatible; GPTBot/1.2; +https://openai.com/gptbot)"
74.7.227.148 - - [04/Nov/2025:13:13:42 +0100] "GET /?path=//usr/lib/modules/4.18.0-553.8.1.lve.el8.x86_64/kernel/drivers/net/ethernet/netronome HTTP/2.0" 200 17383 "-" "Mozilla/5.0 AppleWebKit/537.36 (KHTML, like Gecko; compatible; GPTBot/1.2; +https://openai.com/gptbot)"
141.98.11.69 - - [04/Nov/2025:13:13:42 +0100] "GET /wp-admin/plugins.php HTTP/1.1" 200 165418 "https://opalaesthetic.net/wp-login.php" "Mozilla/5.0 (Windows NT 10.0; Win64; x64) AppleWebKit/537.36 (KHTML, like Gecko) Chrome/119.0.0.0 Safari/537.36"
74.7.227.3 - - [04/Nov/2025:13:13:42 +0100] "GET /?path=//proc/2589545/root/proc/thread-self/root/opt/cloudlinux/alt-php82 HTTP/2.0" 200 15731 "-" "Mozilla/5.0 AppleWebKit/537.36 (KHTML, like Gecko; compatible; GPTBot/1.2; +https://openai.com/gptbot)"
66.249.69.171 - - [04/Nov/2025:13:13:44 +0100] "GET /zhHant/product/surugaya/m64255765817?path=/home/opal HTTP/1.1" 200 550236 "-" "Mozilla/5.0 (Linux; Android 6.0.1; Nexus 5X Build/MMB29P) AppleWebKit/537.36 (KHTML, like Gecko) Chrome/141.0.7390.122 Mobile Safari/537.36 (compatible; Googlebot/2.1; +http://www.google.com/bot.html)"
74.7.227.177 - - [04/Nov/2025:13:13:43 +0100] "GET /608103?fileloc=//proc/net/udplite&path=//proc/net HTTP/2.0" 200 14826 "-" "Mozilla/5.0 AppleWebKit/537.36 (KHTML, like Gecko; compatible; GPTBot/1.2; +https://openai.com/gptbot)"
74.7.227.36 - - [04/Nov/2025:13:13:42 +0100] "GET /?path=//proc/self/root/proc/53872/root/opt/cpanel/ea-php70/root/run HTTP/2.0" 200 14726 "-" "Mozilla/5.0 AppleWebKit/537.36 (KHTML, like Gecko; compatible; GPTBot/1.2; +https://openai.com/gptbot)"
141.98.11.69 - - [04/Nov/2025:13:13:44 +0100] "POST /wp-login.php HTTP/1.1" 200 76365 "https://opalaesthetic.net/wp-login.php" "Mozilla/5.0 (Macintosh; Intel Mac OS X 10_15_7) AppleWebKit/605.1.15 (KHTML, like Gecko) Version/16.6 Safari/605.1.15"
74.7.227.240 - - [04/Nov/2025:13:13:45 +0100] "GET /?path=//proc/self/root/proc/55207/root/opt/cpanel/ea-php84/root/srv HTTP/2.0" 200 15823 "-" "Mozilla/5.0 AppleWebKit/537.36 (KHTML, like Gecko; compatible; GPTBot/1.2; +https://openai.com/gptbot)"
74.7.227.148 - - [04/Nov/2025:13:13:45 +0100] "GET /?path=//usr/lib/modules/4.18.0-553.8.1.lve.el8.x86_64/kernel/drivers/firmware HTTP/2.0" 200 22140 "-" "Mozilla/5.0 AppleWebKit/537.36 (KHTML, like Gecko; compatible; GPTBot/1.2; +https://openai.com/gptbot)"
141.98.11.69 - - [04/Nov/2025:13:13:47 +0100] "GET /wp-admin/index.php HTTP/1.1" 200 165418 "https://opalaesthetic.net/wp-login.php" "Mozilla/5.0 (Windows NT 11.0; Win64; x64; rv:121.0) Gecko/20100101 Firefox/121.0"
74.7.227.177 - - [04/Nov/2025:13:13:48 +0100] "GET /608103?fileloc=//proc/net/arp&path=//proc/net HTTP/2.0" 200 14822 "-" "Mozilla/5.0 AppleWebKit/537.36 (KHTML, like Gecko; compatible; GPTBot/1.2; +https://openai.com/gptbot)"
74.7.227.3 - - [04/Nov/2025:13:13:48 +0100] "GET /?path=//proc/2589545/root/proc/thread-self/root/opt/cloudlinux/alt-php74/root/etc/mariadb104 HTTP/2.0" 200 16046 "-" "Mozilla/5.0 AppleWebKit/537.36 (KHTML, like Gecko; compatible; GPTBot/1.2; +https://openai.com/gptbot)"
74.7.227.36 - - [04/Nov/2025:13:13:49 +0100] "GET /?path=//proc/self/root/proc/53872/root/opt/cpanel/ea-php70/root/srv HTTP/2.0" 200 15823 "-" "Mozilla/5.0 AppleWebKit/537.36 (KHTML, like Gecko; compatible; GPTBot/1.2; +https://openai.com/gptbot)"
141.98.11.69 - - [04/Nov/2025:13:13:49 +0100] "GET /wp-admin/profile.php HTTP/1.1" 200 165418 "https://opalaesthetic.net/wp-login.php" "Mozilla/5.0 (Windows NT 11.0; Win64; x64; rv:121.0) Gecko/20100101 Firefox/121.0"
66.249.76.196 - - [04/Nov/2025:13:13:50 +0100] "GET /strict069015152.html HTTP/1.1" 200 202062 "-" "Mozilla/5.0 (Linux; Android 6.0.1; Nexus 5X Build/MMB29P) AppleWebKit/537.36 (KHTML, like Gecko) Chrome/141.0.7390.122 Mobile Safari/537.36 (compatible; Googlebot/2.1; +http://www.google.com/bot.html)"
74.7.227.240 - - [04/Nov/2025:13:13:50 +0100] "GET /?path=//proc/self/root/proc/55207/root/opt/cpanel/ea-php84/root/usr/tmp/php-pear HTTP/2.0" 200 16017 "-" "Mozilla/5.0 AppleWebKit/537.36 (KHTML, like Gecko; compatible; GPTBot/1.2; +https://openai.com/gptbot)"
74.7.227.148 - - [04/Nov/2025:13:13:51 +0100] "GET /?path=//usr/lib/modules/4.18.0-553.8.1.lve.el8.x86_64/kernel/fs/ext4 HTTP/2.0" 200 17249 "-" "Mozilla/5.0 AppleWebKit/537.36 (KHTML, like Gecko; compatible; GPTBot/1.2; +https://openai.com/gptbot)"
141.98.11.69 - - [04/Nov/2025:13:13:52 +0100] "GET /wp-admin/edit.php HTTP/1.1" 200 165418 "https://opalaesthetic.net/wp-login.php" "Mozilla/5.0 (Windows NT 11.0; Win64; x64; rv:121.0) Gecko/20100101 Firefox/121.0"
66.249.69.171 - - [04/Nov/2025:13:13:53 +0100] "GET /items/yresr73/4733?key=club HTTP/1.1" 200 561228 "-" "Mozilla/5.0 (Linux; Android 6.0.1; Nexus 5X Build/MMB29P) AppleWebKit/537.36 (KHTML, like Gecko) Chrome/141.0.7390.122 Mobile Safari/537.36 (compatible; Googlebot/2.1; +http://www.google.com/bot.html)"
74.7.227.36 - - [04/Nov/2025:13:13:53 +0100] "GET /?path=//proc/self/root/proc/53872/root/opt/cpanel/ea-php70/root/etc HTTP/2.0" 200 33790 "-" "Mozilla/5.0 AppleWebKit/537.36 (KHTML, like Gecko; compatible; GPTBot/1.2; +https://openai.com/gptbot)"
141.98.11.69 - - [04/Nov/2025:13:13:54 +0100] "GET /wp-admin/plugins.php HTTP/1.1" 200 165418 "https://opalaesthetic.net/wp-login.php" "Mozilla/5.0 (Windows NT 11.0; Win64; x64; rv:121.0) Gecko/20100101 Firefox/121.0"
74.7.227.177 - - [04/Nov/2025:13:13:54 +0100] "GET /608103?fileloc=//proc/net/raw&path=//proc/net HTTP/2.0" 200 14940 "-" "Mozilla/5.0 AppleWebKit/537.36 (KHTML, like Gecko; compatible; GPTBot/1.2; +https://openai.com/gptbot)"
74.7.227.240 - - [04/Nov/2025:13:13:54 +0100] "GET /?path=//proc/self/root/proc/55207/root/opt/alt/alt-nodejs19/root/usr/etc HTTP/2.0" 200 13366 "-" "Mozilla/5.0 AppleWebKit/537.36 (KHTML, like Gecko; compatible; GPTBot/1.2; +https://openai.com/gptbot)"
74.7.227.3 - - [04/Nov/2025:13:13:55 +0100] "GET /?path=//proc/2589545/root/proc/thread-self/root/opt/cloudlinux/alt-php73/root/etc/mariadb105 HTTP/2.0" 200 16046 "-" "Mozilla/5.0 AppleWebKit/537.36 (KHTML, like Gecko; compatible; GPTBot/1.2; +https://openai.com/gptbot)"
66.249.69.170 - - [04/Nov/2025:13:13:55 +0100] "GET /zhHant/product/surugaya/m21480994022?campaign_uid=f64d716db5e979ed2f947dbaf4296895b951ae7f HTTP/1.1" 200 557041 "-" "Mozilla/5.0 (Linux; Android 6.0.1; Nexus 5X Build/MMB29P) AppleWebKit/537.36 (KHTML, like Gecko) Chrome/141.0.7390.122 Mobile Safari/537.36 (compatible; Googlebot/2.1; +http://www.google.com/bot.html)"
74.7.227.148 - - [04/Nov/2025:13:13:55 +0100] "GET /?path=//usr/lib/modules/4.18.0-553.8.1.lve.el8.x86_64/kernel/drivers/soundwire HTTP/2.0" 200 24212 "-" "Mozilla/5.0 AppleWebKit/537.36 (KHTML, like Gecko; compatible; GPTBot/1.2; +https://openai.com/gptbot)"
66.249.76.199 - - [04/Nov/2025:13:13:57 +0100] "GET /magnetic049031114.html HTTP/1.1" 200 556301 "-" "Mozilla/5.0 (Linux; Android 6.0.1; Nexus 5X Build/MMB29P) AppleWebKit/537.36 (KHTML, like Gecko) Chrome/141.0.7390.122 Mobile Safari/537.36 (compatible; Googlebot/2.1; +http://www.google.com/bot.html)"
141.98.11.69 - - [04/Nov/2025:13:13:56 +0100] "POST /wp-login.php HTTP/1.1" 200 76365 "https://opalaesthetic.net/wp-login.php" "Mozilla/5.0 (Macintosh; Intel Mac OS X 10_15_7) AppleWebKit/537.36 (KHTML, like Gecko) Chrome/119.0.0.0 Safari/537.36"
74.7.227.36 - - [04/Nov/2025:13:13:57 +0100] "GET /?path=//proc/self/root/proc/53872/root/opt/cpanel/ea-nodejs10/include/node/openssl HTTP/2.0" 200 203983 "-" "Mozilla/5.0 AppleWebKit/537.36 (KHTML, like Gecko; compatible; GPTBot/1.2; +https://openai.com/gptbot)"
74.7.227.177 - - [04/Nov/2025:13:13:58 +0100] "GET /391370?fileloc=//proc/net/raw&path=//proc/net HTTP/2.0" 200 14940 "-" "Mozilla/5.0 AppleWebKit/537.36 (KHTML, like Gecko; compatible; GPTBot/1.2; +https://openai.com/gptbot)"
66.249.76.194 - - [04/Nov/2025:13:14:00 +0100] "GET /zhHant/product/surugaya/m64255765817?path=/ HTTP/1.1" 200 552160 "-" "Mozilla/5.0 (Linux; Android 6.0.1; Nexus 5X Build/MMB29P) AppleWebKit/537.36 (KHTML, like Gecko) Chrome/141.0.7390.122 Mobile Safari/537.36 (compatible; Googlebot/2.1; +http://www.google.com/bot.html)"
74.7.227.240 - - [04/Nov/2025:13:13:58 +0100] "GET /?path=//proc/self/root/proc/53872/root/opt/cpanel/ea-php84/root/boot HTTP/2.0" 200 13276 "-" "Mozilla/5.0 AppleWebKit/537.36 (KHTML, like Gecko; compatible; GPTBot/1.2; +https://openai.com/gptbot)"
141.98.11.69 - - [04/Nov/2025:13:13:59 +0100] "GET /wp-admin/index.php HTTP/1.1" 200 165418 "https://opalaesthetic.net/wp-login.php" "Mozilla/5.0 (Macintosh; Intel Mac OS X 10_15_7) AppleWebKit/537.36 (KHTML, like Gecko) Chrome/119.0.0.0 Safari/537.36"
74.7.227.148 - - [04/Nov/2025:13:14:00 +0100] "GET /?path=//usr/lib/modules/4.18.0-553.8.1.lve.el8.x86_64/kernel/drivers/bluetooth HTTP/2.0" 200 39000 "-" "Mozilla/5.0 AppleWebKit/537.36 (KHTML, like Gecko; compatible; GPTBot/1.2; +https://openai.com/gptbot)"
74.7.227.3 - - [04/Nov/2025:13:14:00 +0100] "GET /?path=//proc/2589545/root/proc/thread-self/root/opt/cloudlinux/alt-php71/root/etc/mariadb104 HTTP/2.0" 200 16046 "-" "Mozilla/5.0 AppleWebKit/537.36 (KHTML, like Gecko; compatible; GPTBot/1.2; +https://openai.com/gptbot)"
74.7.227.36 - - [04/Nov/2025:13:14:01 +0100] "GET /?path=//proc/self/root/proc/53872/root/opt/cpanel/ea-nodejs10/include/node/libplatform HTTP/2.0" 200 21089 "-" "Mozilla/5.0 AppleWebKit/537.36 (KHTML, like Gecko; compatible; GPTBot/1.2; +https://openai.com/gptbot)"
141.98.11.69 - - [04/Nov/2025:13:14:01 +0100] "GET /wp-admin/profile.php HTTP/1.1" 200 165418 "https://opalaesthetic.net/wp-login.php" "Mozilla/5.0 (Macintosh; Intel Mac OS X 10_15_7) AppleWebKit/537.36 (KHTML, like Gecko) Chrome/119.0.0.0 Safari/537.36"
66.249.69.172 - - [04/Nov/2025:13:14:02 +0100] "GET /cave253020220.html HTTP/1.1" 200 553264 "-" "Mozilla/5.0 (Linux; Android 6.0.1; Nexus 5X Build/MMB29P) AppleWebKit/537.36 (KHTML, like Gecko) Chrome/141.0.7390.122 Mobile Safari/537.36 (compatible; Googlebot/2.1; +http://www.google.com/bot.html)"
74.7.227.240 - - [04/Nov/2025:13:14:02 +0100] "GET /?path=//proc/self/root/proc/54274/root/opt/alt/alt-nodejs18/root/etc/opt HTTP/2.0" 200 15915 "-" "Mozilla/5.0 AppleWebKit/537.36 (KHTML, like Gecko; compatible; GPTBot/1.2; +https://openai.com/gptbot)"
74.7.227.177 - - [04/Nov/2025:13:14:03 +0100] "GET /391370?fileloc=//proc/net/arp&path=//proc/net HTTP/2.0" 200 14822 "-" "Mozilla/5.0 AppleWebKit/537.36 (KHTML, like Gecko; compatible; GPTBot/1.2; +https://openai.com/gptbot)"
141.98.11.69 - - [04/Nov/2025:13:14:04 +0100] "GET /wp-admin/edit.php HTTP/1.1" 200 165418 "https://opalaesthetic.net/wp-login.php" "Mozilla/5.0 (Macintosh; Intel Mac OS X 10_15_7) AppleWebKit/537.36 (KHTML, like Gecko) Chrome/119.0.0.0 Safari/537.36"
66.249.69.171 - - [04/Nov/2025:13:14:04 +0100] "GET /zhHant/product/surugaya/m58680292150?campaign_uid=f64d716db5e979ed2f947dbaf4296895b951ae7f HTTP/1.1" 200 558720 "-" "Mozilla/5.0 (Linux; Android 6.0.1; Nexus 5X Build/MMB29P) AppleWebKit/537.36 (KHTML, like Gecko) Chrome/141.0.7390.122 Mobile Safari/537.36 (compatible; Googlebot/2.1; +http://www.google.com/bot.html)"
74.7.227.148 - - [04/Nov/2025:13:14:05 +0100] "GET /?path=//usr/lib/modules/4.18.0-553.8.1.lve.el8.x86_64/kernel/drivers/firmware/cirrus HTTP/2.0" 200 17449 "-" "Mozilla/5.0 AppleWebKit/537.36 (KHTML, like Gecko; compatible; GPTBot/1.2; +https://openai.com/gptbot)"
141.98.11.69 - - [04/Nov/2025:13:14:06 +0100] "GET /wp-admin/plugins.php HTTP/1.1" 200 165418 "https://opalaesthetic.net/wp-login.php" "Mozilla/5.0 (Macintosh; Intel Mac OS X 10_15_7) AppleWebKit/537.36 (KHTML, like Gecko) Chrome/119.0.0.0 Safari/537.36"
74.7.227.36 - - [04/Nov/2025:13:14:06 +0100] "GET /?path=//proc/self/root/proc/53872/root/opt/cpanel/ea-php70/root/boot HTTP/2.0" 200 15825 "-" "Mozilla/5.0 AppleWebKit/537.36 (KHTML, like Gecko; compatible; GPTBot/1.2; +https://openai.com/gptbot)"
74.7.227.240 - - [04/Nov/2025:13:14:07 +0100] "GET /?path=//proc/self/root/proc/53872/root/opt/cpanel/ea-php71/root/var/spool HTTP/2.0" 200 18853 "-" "Mozilla/5.0 AppleWebKit/537.36 (KHTML, like Gecko; compatible; GPTBot/1.2; +https://openai.com/gptbot)"
74.7.227.3 - - [04/Nov/2025:13:14:07 +0100] "GET /?path=//proc/2589545/root/proc/thread-self/root/lib/dracut/modules.d/01systemd-initrd HTTP/2.0" 200 15836 "-" "Mozilla/5.0 AppleWebKit/537.36 (KHTML, like Gecko; compatible; GPTBot/1.2; +https://openai.com/gptbot)"
141.98.11.69 - - [04/Nov/2025:13:14:07 +0100] "POST /wp-login.php HTTP/1.1" 200 76365 "https://opalaesthetic.net/wp-login.php" "Mozilla/5.0 (Windows NT 11.0; Win64; x64; rv:119.0) Gecko/20100101 Firefox/119.0"
66.249.69.167 - - [04/Nov/2025:13:14:08 +0100] "GET /enormous240029449.html?fileloc=/home/opal/public_html/wp-mail.php?csr/index.html HTTP/1.1" 200 551965 "-" "Mozilla/5.0 (Linux; Android 6.0.1; Nexus 5X Build/MMB29P) AppleWebKit/537.36 (KHTML, like Gecko) Chrome/141.0.7390.122 Mobile Safari/537.36 (compatible; GoogleOther)"
74.7.227.177 - - [04/Nov/2025:13:14:08 +0100] "GET /608103?fileloc=//proc/net/tcp&path=//proc/net HTTP/2.0" 200 41375 "-" "Mozilla/5.0 AppleWebKit/537.36 (KHTML, like Gecko; compatible; GPTBot/1.2; +https://openai.com/gptbot)"
66.249.69.167 - - [04/Nov/2025:13:14:11 +0100] "GET /zhHant/product/surugaya/m80360559635?campaign_uid=f64d716db5e979ed2f947dbaf4296895b951ae7f HTTP/1.1" 200 563218 "-" "Mozilla/5.0 (Linux; Android 6.0.1; Nexus 5X Build/MMB29P) AppleWebKit/537.36 (KHTML, like Gecko) Chrome/141.0.7390.122 Mobile Safari/537.36 (compatible; Googlebot/2.1; +http://www.google.com/bot.html)"
141.98.11.69 - - [04/Nov/2025:13:14:10 +0100] "GET /wp-admin/index.php HTTP/1.1" 200 165418 "https://opalaesthetic.net/wp-login.php" "Mozilla/5.0 (Macintosh; Intel Mac OS X 10_15_7) AppleWebKit/605.1.15 (KHTML, like Gecko) Version/17.1 Safari/605.1.15"
74.7.227.148 - - [04/Nov/2025:13:14:10 +0100] "GET /?path=//usr/lib/modules/4.18.0-553.8.1.lve.el8.x86_64/kernel/drivers/infiniband HTTP/2.0" 200 21588 "-" "Mozilla/5.0 AppleWebKit/537.36 (KHTML, like Gecko; compatible; GPTBot/1.2; +https://openai.com/gptbot)"
74.7.227.240 - - [04/Nov/2025:13:14:11 +0100] "GET /?path=//proc/self/root/proc/54274/root/opt/alt/alt-nodejs18/root/var/mail HTTP/2.0" 200 15917 "-" "Mozilla/5.0 AppleWebKit/537.36 (KHTML, like Gecko; compatible; GPTBot/1.2; +https://openai.com/gptbot)"
74.7.227.36 - - [04/Nov/2025:13:14:11 +0100] "GET /?path=//proc/self/root/proc/53872/root/opt/cpanel/ea-php70/root/tmp HTTP/2.0" 200 15823 "-" "Mozilla/5.0 AppleWebKit/537.36 (KHTML, like Gecko; compatible; GPTBot/1.2; +https://openai.com/gptbot)"
141.98.11.69 - - [04/Nov/2025:13:14:12 +0100] "GET /wp-admin/profile.php HTTP/1.1" 200 165418 "https://opalaesthetic.net/wp-login.php" "Mozilla/5.0 (Macintosh; Intel Mac OS X 10_15_7) AppleWebKit/605.1.15 (KHTML, like Gecko) Version/17.1 Safari/605.1.15"
74.7.227.177 - - [04/Nov/2025:13:14:13 +0100] "GET /608103?fileloc=//proc/net/ip6_mr_cache&path=//proc/net HTTP/2.0" 200 14831 "-" "Mozilla/5.0 AppleWebKit/537.36 (KHTML, like Gecko; compatible; GPTBot/1.2; +https://openai.com/gptbot)"
74.7.227.3 - - [04/Nov/2025:13:14:14 +0100] "GET /?fileloc=//proc/sysvipc/shm&path=//proc/sysvipc HTTP/2.0" 200 15521 "-" "Mozilla/5.0 AppleWebKit/537.36 (KHTML, like Gecko; compatible; GPTBot/1.2; +https://openai.com/gptbot)"
74.7.227.240 - - [04/Nov/2025:13:14:14 +0100] "GET /?path=//proc/self/root/proc/55207/root/opt/cpanel/ea-php84/root/bin HTTP/2.0" 200 31796 "-" "Mozilla/5.0 AppleWebKit/537.36 (KHTML, like Gecko; compatible; GPTBot/1.2; +https://openai.com/gptbot)"
141.98.11.69 - - [04/Nov/2025:13:14:14 +0100] "GET /wp-admin/edit.php HTTP/1.1" 200 165418 "https://opalaesthetic.net/wp-login.php" "Mozilla/5.0 (Macintosh; Intel Mac OS X 10_15_7) AppleWebKit/605.1.15 (KHTML, like Gecko) Version/17.1 Safari/605.1.15"
74.7.227.148 - - [04/Nov/2025:13:14:15 +0100] "GET /?path=//usr/lib/modules/4.18.0-553.8.1.lve.el8.x86_64/kernel/drivers/memstick HTTP/2.0" 200 18616 "-" "Mozilla/5.0 AppleWebKit/537.36 (KHTML, like Gecko; compatible; GPTBot/1.2; +https://openai.com/gptbot)"
66.249.76.194 - - [04/Nov/2025:13:14:17 +0100] "GET /less189011626.html HTTP/1.1" 200 200903 "-" "Mozilla/5.0 (Linux; Android 6.0.1; Nexus 5X Build/MMB29P) AppleWebKit/537.36 (KHTML, like Gecko) Chrome/141.0.7390.122 Mobile Safari/537.36 (compatible; Googlebot/2.1; +http://www.google.com/bot.html)"
74.7.227.36 - - [04/Nov/2025:13:14:16 +0100] "GET /?path=//proc/self/root/proc/53872/root/opt/cpanel/ea-php70/root/var HTTP/2.0" 200 39067 "-" "Mozilla/5.0 AppleWebKit/537.36 (KHTML, like Gecko; compatible; GPTBot/1.2; +https://openai.com/gptbot)"
74.7.227.177 - - [04/Nov/2025:13:14:17 +0100] "GET /391370?fileloc=//proc/net/tcp&path=//proc/net HTTP/2.0" 200 41375 "-" "Mozilla/5.0 AppleWebKit/537.36 (KHTML, like Gecko; compatible; GPTBot/1.2; +https://openai.com/gptbot)"
141.98.11.69 - - [04/Nov/2025:13:14:17 +0100] "GET /wp-admin/plugins.php HTTP/1.1" 200 165418 "https://opalaesthetic.net/wp-login.php" "Mozilla/5.0 (Macintosh; Intel Mac OS X 10_15_7) AppleWebKit/605.1.15 (KHTML, like Gecko) Version/17.1 Safari/605.1.15"
74.7.227.240 - - [04/Nov/2025:13:14:18 +0100] "GET /?path=//proc/self/root/proc/54274/root/opt/cpanel/ea-php83/root/usr/etc HTTP/2.0" 200 15913 "-" "Mozilla/5.0 AppleWebKit/537.36 (KHTML, like Gecko; compatible; GPTBot/1.2; +https://openai.com/gptbot)"
74.7.227.148 - - [04/Nov/2025:13:14:20 +0100] "GET /?path=//usr/lib/modules/4.18.0-553.8.1.lve.el8.x86_64/kernel/drivers/platform HTTP/2.0" 200 18628 "-" "Mozilla/5.0 AppleWebKit/537.36 (KHTML, like Gecko; compatible; GPTBot/1.2; +https://openai.com/gptbot)"
141.98.11.69 - - [04/Nov/2025:13:14:20 +0100] "POST /wp-login.php HTTP/1.1" 200 76365 "https://opalaesthetic.net/wp-login.php" "Mozilla/5.0 (Macintosh; Intel Mac OS X 10_15_7) AppleWebKit/537.36 (KHTML, like Gecko) Chrome/119.0.0.0 Safari/537.36"
66.249.69.169 - - [04/Nov/2025:13:14:21 +0100] "GET /now211019738.html?fileloc=//proc/filesystems&path=//proc HTTP/1.1" 200 555773 "-" "Mozilla/5.0 (Linux; Android 6.0.1; Nexus 5X Build/MMB29P) AppleWebKit/537.36 (KHTML, like Gecko) Chrome/141.0.7390.122 Mobile Safari/537.36 (compatible; GoogleOther)"
74.7.227.177 - - [04/Nov/2025:13:14:21 +0100] "GET /391370?fileloc=//proc/net/ip6_flowlabel&path=//proc/net HTTP/2.0" 200 14832 "-" "Mozilla/5.0 AppleWebKit/537.36 (KHTML, like Gecko; compatible; GPTBot/1.2; +https://openai.com/gptbot)"
74.7.227.36 - - [04/Nov/2025:13:14:22 +0100] "GET /?fileloc=//proc/self/root/proc/53872/root/opt/cpanel/ea-nodejs10/include/node/openssl/ssl2.h&path=//proc/self/root/proc/53872/root/opt/cpanel/ea-nodejs10/include/node/openssl HTTP/2.0" 200 16167 "-" "Mozilla/5.0 AppleWebKit/537.36 (KHTML, like Gecko; compatible; GPTBot/1.2; +https://openai.com/gptbot)"
141.98.11.69 - - [04/Nov/2025:13:14:22 +0100] "GET /wp-admin/index.php HTTP/1.1" 200 165418 "https://opalaesthetic.net/wp-login.php" "Mozilla/5.0 (Macintosh; Intel Mac OS X 10_15_7) AppleWebKit/537.36 (KHTML, like Gecko) Chrome/120.0.0.0 Safari/537.36"
74.7.227.3 - - [04/Nov/2025:13:14:23 +0100] "GET /?path=//proc/2589545/root/proc/self/root/lib/NetworkManager/dispatcher.d/pre-down.d HTTP/2.0" 200 15816 "-" "Mozilla/5.0 AppleWebKit/537.36 (KHTML, like Gecko; compatible; GPTBot/1.2; +https://openai.com/gptbot)"
66.249.76.195 - - [04/Nov/2025:13:14:24 +0100] "GET /broad277020026.html HTTP/1.1" 200 556932 "-" "Mozilla/5.0 (Linux; Android 6.0.1; Nexus 5X Build/MMB29P) AppleWebKit/537.36 (KHTML, like Gecko) Chrome/141.0.7390.122 Mobile Safari/537.36 (compatible; Googlebot/2.1; +http://www.google.com/bot.html)"
74.7.227.148 - - [04/Nov/2025:13:14:23 +0100] "GET /?path=//usr/lib/modules/4.18.0-553.8.1.lve.el8.x86_64/kernel/drivers/powercap HTTP/2.0" 200 19053 "-" "Mozilla/5.0 AppleWebKit/537.36 (KHTML, like Gecko; compatible; GPTBot/1.2; +https://openai.com/gptbot)"
141.98.11.69 - - [04/Nov/2025:13:14:24 +0100] "GET /wp-admin/profile.php HTTP/1.1" 200 165418 "https://opalaesthetic.net/wp-login.php" "Mozilla/5.0 (Macintosh; Intel Mac OS X 10_15_7) AppleWebKit/537.36 (KHTML, like Gecko) Chrome/120.0.0.0 Safari/537.36"
74.7.227.240 - - [04/Nov/2025:13:14:24 +0100] "GET /?path=//proc/self/root/proc/53872/root/opt/cpanel/ea-php74/root/usr/local HTTP/2.0" 200 30637 "-" "Mozilla/5.0 AppleWebKit/537.36 (KHTML, like Gecko; compatible; GPTBot/1.2; +https://openai.com/gptbot)"
74.7.227.177 - - [04/Nov/2025:13:14:24 +0100] "GET /608103?fileloc=//proc/net/ip6_flowlabel&path=//proc/net HTTP/2.0" 200 12283 "-" "Mozilla/5.0 AppleWebKit/537.36 (KHTML, like Gecko; compatible; GPTBot/1.2; +https://openai.com/gptbot)"
141.98.11.69 - - [04/Nov/2025:13:14:26 +0100] "GET /wp-admin/edit.php HTTP/1.1" 200 165418 "https://opalaesthetic.net/wp-login.php" "Mozilla/5.0 (Macintosh; Intel Mac OS X 10_15_7) AppleWebKit/537.36 (KHTML, like Gecko) Chrome/120.0.0.0 Safari/537.36"
74.7.227.36 - - [04/Nov/2025:13:14:27 +0100] "GET /?path=//proc/self/root/proc/53872/root/opt/cpanel/ea-nodejs10/include/node/openssl/archs HTTP/2.0" 200 46980 "-" "Mozilla/5.0 AppleWebKit/537.36 (KHTML, like Gecko; compatible; GPTBot/1.2; +https://openai.com/gptbot)"
141.98.11.69 - - [04/Nov/2025:13:14:28 +0100] "GET /wp-admin/plugins.php HTTP/1.1" 200 165418 "https://opalaesthetic.net/wp-login.php" "Mozilla/5.0 (Macintosh; Intel Mac OS X 10_15_7) AppleWebKit/537.36 (KHTML, like Gecko) Chrome/120.0.0.0 Safari/537.36"
69.197.179.242 - - [04/Nov/2025:13:13:03 +0100] "GET /wp-includes/qqe586cc/index.php?id=968360 HTTP/1.1" 200 - "https://opalaesthetic.net/wp-includes/qqe586cc/index.php?id=968360" "Mozilla/5.0 (Windows NT 10.0; Win64; x64) AppleWebKit/537.36 (KHTML, like Gecko) Chrome/58.0.3029.110 Safari/537.3"
74.7.227.240 - - [04/Nov/2025:13:14:29 +0100] "GET /?path=//proc/self/root/proc/55207/root/opt/alt/alt-nodejs20/root/etc/pm HTTP/2.0" 200 20345 "-" "Mozilla/5.0 AppleWebKit/537.36 (KHTML, like Gecko; compatible; GPTBot/1.2; +https://openai.com/gptbot)"
141.98.11.69 - - [04/Nov/2025:13:14:29 +0100] "POST /wp-login.php HTTP/1.1" 200 76365 "https://opalaesthetic.net/wp-login.php" "Mozilla/5.0 (Windows NT 11.0; Win64; x64) AppleWebKit/537.36 (KHTML, like Gecko) Chrome/118.0.0.0 Safari/537.36"
74.7.227.148 - - [04/Nov/2025:13:14:29 +0100] "GET /?path=//usr/lib/modules/4.18.0-553.54.1.lve.el8.x86_64/kernel/sound/firewire/dice HTTP/2.0" 200 14889 "-" "Mozilla/5.0 AppleWebKit/537.36 (KHTML, like Gecko; compatible; GPTBot/1.2; +https://openai.com/gptbot)"
74.7.227.3 - - [04/Nov/2025:13:14:29 +0100] "GET /?fileloc=//usr/local/bin/lsphp&path=//usr/local/bin HTTP/2.0" 200 15841 "-" "Mozilla/5.0 AppleWebKit/537.36 (KHTML, like Gecko; compatible; GPTBot/1.2; +https://openai.com/gptbot)"
66.249.69.168 - - [04/Nov/2025:13:14:30 +0100] "GET /magnetic193018428.html?path=/home/opal HTTP/1.1" 200 557168 "-" "Mozilla/5.0 (Linux; Android 6.0.1; Nexus 5X Build/MMB29P) AppleWebKit/537.36 (KHTML, like Gecko) Chrome/141.0.7390.122 Mobile Safari/537.36 (compatible; Googlebot/2.1; +http://www.google.com/bot.html)"
74.7.227.177 - - [04/Nov/2025:13:14:29 +0100] "GET /391370?fileloc=//proc/net/udp&path=//proc/net HTTP/2.0" 200 15849 "-" "Mozilla/5.0 AppleWebKit/537.36 (KHTML, like Gecko; compatible; GPTBot/1.2; +https://openai.com/gptbot)"
141.98.11.69 - - [04/Nov/2025:13:14:31 +0100] "GET /wp-admin/index.php HTTP/1.1" 200 165418 "https://opalaesthetic.net/wp-login.php" "Mozilla/5.0 (Windows NT 11.0; Win64; x64; rv:119.0) Gecko/20100101 Firefox/119.0"
74.7.227.36 - - [04/Nov/2025:13:14:31 +0100] "GET /?path=//proc/self/root/proc/53872/root/opt/cpanel/ea-php70/root/etc/skel HTTP/2.0" 200 13366 "-" "Mozilla/5.0 AppleWebKit/537.36 (KHTML, like Gecko; compatible; GPTBot/1.2; +https://openai.com/gptbot)"
74.7.227.240 - - [04/Nov/2025:13:14:33 +0100] "GET /?path=//proc/self/root/proc/53872/root/opt/cpanel/ea-php81/root/var/empty HTTP/2.0" 200 15917 "-" "Mozilla/5.0 AppleWebKit/537.36 (KHTML, like Gecko; compatible; GPTBot/1.2; +https://openai.com/gptbot)"
141.98.11.69 - - [04/Nov/2025:13:14:33 +0100] "GET /wp-admin/profile.php HTTP/1.1" 200 165418 "https://opalaesthetic.net/wp-login.php" "Mozilla/5.0 (Windows NT 11.0; Win64; x64; rv:119.0) Gecko/20100101 Firefox/119.0"
74.7.227.148 - - [04/Nov/2025:13:14:33 +0100] "GET /?path=//usr/lib/modules/4.18.0-553.8.1.lve.el8.x86_64/kernel/drivers/watchdog HTTP/2.0" 200 64210 "-" "Mozilla/5.0 AppleWebKit/537.36 (KHTML, like Gecko; compatible; GPTBot/1.2; +https://openai.com/gptbot)"
74.7.227.177 - - [04/Nov/2025:13:14:34 +0100] "GET /608103?fileloc=//proc/net/udp&path=//proc/net HTTP/2.0" 200 13044 "-" "Mozilla/5.0 AppleWebKit/537.36 (KHTML, like Gecko; compatible; GPTBot/1.2; +https://openai.com/gptbot)"
141.98.11.69 - - [04/Nov/2025:13:14:35 +0100] "GET /wp-admin/edit.php HTTP/1.1" 200 165418 "https://opalaesthetic.net/wp-login.php" "Mozilla/5.0 (Windows NT 11.0; Win64; x64; rv:119.0) Gecko/20100101 Firefox/119.0"
74.7.227.3 - - [04/Nov/2025:13:14:35 +0100] "GET /?fileloc=//etc/pki/java/cacerts&path=//etc/pki/java HTTP/2.0" 200 272450 "-" "Mozilla/5.0 AppleWebKit/537.36 (KHTML, like Gecko; compatible; GPTBot/1.2; +https://openai.com/gptbot)"
141.98.11.69 - - [04/Nov/2025:13:14:35 +0100] "GET /wp-admin/plugins.php HTTP/1.1" 200 165418 "https://opalaesthetic.net/wp-login.php" "Mozilla/5.0 (Windows NT 11.0; Win64; x64; rv:119.0) Gecko/20100101 Firefox/119.0"
74.7.227.240 - - [04/Nov/2025:13:14:36 +0100] "GET /?path=//proc/self/root/proc/55207/root/opt/cpanel/ea-php81/root/etc/pki HTTP/2.0" 200 13364 "-" "Mozilla/5.0 AppleWebKit/537.36 (KHTML, like Gecko; compatible; GPTBot/1.2; +https://openai.com/gptbot)"
74.7.227.148 - - [04/Nov/2025:13:14:36 +0100] "GET /?path=//usr/lib/modules/4.18.0-553.8.1.lve.el8.x86_64/kernel/drivers/infiniband/hw HTTP/2.0" 200 32267 "-" "Mozilla/5.0 AppleWebKit/537.36 (KHTML, like Gecko; compatible; GPTBot/1.2; +https://openai.com/gptbot)"
74.7.227.177 - - [04/Nov/2025:13:14:37 +0100] "GET /391370?fileloc=//proc/net/ip6_mr_cache&path=//proc/net HTTP/2.0" 200 12282 "-" "Mozilla/5.0 AppleWebKit/537.36 (KHTML, like Gecko; compatible; GPTBot/1.2; +https://openai.com/gptbot)"
141.98.11.69 - - [04/Nov/2025:13:14:37 +0100] "POST /wp-login.php HTTP/1.1" 200 76365 "https://opalaesthetic.net/wp-login.php" "Mozilla/5.0 (Windows NT 10.0; Win64; x64) AppleWebKit/537.36 (KHTML, like Gecko) Chrome/121.0.0.0 Safari/537.36"
74.7.227.36 - - [04/Nov/2025:13:14:37 +0100] "GET /?path=//proc/self/root/proc/53872/root/opt/cpanel/ea-php74/root/usr/var HTTP/2.0" 200 19212 "-" "Mozilla/5.0 AppleWebKit/537.36 (KHTML, like Gecko; compatible; GPTBot/1.2; +https://openai.com/gptbot)"
66.249.76.170 - - [04/Nov/2025:13:14:37 +0100] "GET /product/edit/m25164355861 HTTP/1.1" 200 204308 "-" "Mozilla/5.0 (Linux; Android 6.0.1; Nexus 5X Build/MMB29P) AppleWebKit/537.36 (KHTML, like Gecko) Chrome/141.0.7390.122 Mobile Safari/537.36 (compatible; Googlebot/2.1; +http://www.google.com/bot.html)"
141.98.11.69 - - [04/Nov/2025:13:14:39 +0100] "GET /wp-admin/index.php HTTP/1.1" 200 165418 "https://opalaesthetic.net/wp-login.php" "Mozilla/5.0 (X11; Linux x86_64) AppleWebKit/537.36 (KHTML, like Gecko) Chrome/118.0.0.0 Safari/537.36"
74.7.227.3 - - [04/Nov/2025:13:14:39 +0100] "GET /?path=//proc/2589545/root/proc/thread-self/root/usr/lib/firmware/nvidia/gp106 HTTP/2.0" 200 13350 "-" "Mozilla/5.0 AppleWebKit/537.36 (KHTML, like Gecko; compatible; GPTBot/1.2; +https://openai.com/gptbot)"
141.98.11.69 - - [04/Nov/2025:13:14:40 +0100] "GET /wp-admin/profile.php HTTP/1.1" 200 165418 "https://opalaesthetic.net/wp-login.php" "Mozilla/5.0 (X11; Linux x86_64) AppleWebKit/537.36 (KHTML, like Gecko) Chrome/118.0.0.0 Safari/537.36"
141.98.11.69 - - [04/Nov/2025:13:14:41 +0100] "GET /wp-admin/edit.php HTTP/1.1" 200 165418 "https://opalaesthetic.net/wp-login.php" "Mozilla/5.0 (X11; Linux x86_64) AppleWebKit/537.36 (KHTML, like Gecko) Chrome/118.0.0.0 Safari/537.36"
74.7.227.148 - - [04/Nov/2025:13:14:41 +0100] "GET /?path=//usr/lib/modules/4.18.0-553.8.1.lve.el8.x86_64/kernel/drivers/platform/mellanox HTTP/2.0" 200 20920 "-" "Mozilla/5.0 AppleWebKit/537.36 (KHTML, like Gecko; compatible; GPTBot/1.2; +https://openai.com/gptbot)"
74.7.227.240 - - [04/Nov/2025:13:14:41 +0100] "GET /?path=//proc/self/root/proc/53872/root/lib/firmware/ath12k HTTP/2.0" 200 18530 "-" "Mozilla/5.0 AppleWebKit/537.36 (KHTML, like Gecko; compatible; GPTBot/1.2; +https://openai.com/gptbot)"
74.7.227.177 - - [04/Nov/2025:13:14:41 +0100] "GET /608103?path=//root HTTP/2.0" 200 12653 "-" "Mozilla/5.0 AppleWebKit/537.36 (KHTML, like Gecko; compatible; GPTBot/1.2; +https://openai.com/gptbot)"
141.98.11.69 - - [04/Nov/2025:13:14:42 +0100] "GET /wp-admin/plugins.php HTTP/1.1" 200 165418 "https://opalaesthetic.net/wp-login.php" "Mozilla/5.0 (X11; Linux x86_64) AppleWebKit/537.36 (KHTML, like Gecko) Chrome/118.0.0.0 Safari/537.36"
74.7.227.36 - - [04/Nov/2025:13:14:43 +0100] "GET /?path=//proc/self/root/proc/53872/root/opt/cpanel/ea-php70/root/var/games HTTP/2.0" 200 13368 "-" "Mozilla/5.0 AppleWebKit/537.36 (KHTML, like Gecko; compatible; GPTBot/1.2; +https://openai.com/gptbot)"
74.7.227.3 - - [04/Nov/2025:13:14:44 +0100] "GET /?fileloc=//proc/sysvipc/sem&path=//proc/sysvipc HTTP/2.0" 200 15514 "-" "Mozilla/5.0 AppleWebKit/537.36 (KHTML, like Gecko; compatible; GPTBot/1.2; +https://openai.com/gptbot)"
74.7.227.148 - - [04/Nov/2025:13:14:44 +0100] "GET /?path=//usr/lib/modules/4.18.0-553.8.1.lve.el8.x86_64/kernel/drivers/memstick/core HTTP/2.0" 200 19147 "-" "Mozilla/5.0 AppleWebKit/537.36 (KHTML, like Gecko; compatible; GPTBot/1.2; +https://openai.com/gptbot)"
74.7.227.240 - - [04/Nov/2025:13:14:45 +0100] "GET /?path=//proc/self/root/proc/53872/root/opt/cpanel/ea-php80/root/var/opt HTTP/2.0" 200 15913 "-" "Mozilla/5.0 AppleWebKit/537.36 (KHTML, like Gecko; compatible; GPTBot/1.2; +https://openai.com/gptbot)"
141.98.11.69 - - [04/Nov/2025:13:14:45 +0100] "POST /wp-login.php HTTP/1.1" 200 76365 "https://opalaesthetic.net/wp-login.php" "Mozilla/5.0 (Windows NT 11.0; Win64; x64; rv:118.0) Gecko/20100101 Firefox/118.0"
66.249.69.168 - - [04/Nov/2025:13:14:45 +0100] "GET /magnetic193018428.html?path=/home/opal/public_html/wp-includes HTTP/1.1" 200 557294 "-" "Mozilla/5.0 (Linux; Android 6.0.1; Nexus 5X Build/MMB29P) AppleWebKit/537.36 (KHTML, like Gecko) Chrome/141.0.7390.122 Mobile Safari/537.36 (compatible; Googlebot/2.1; +http://www.google.com/bot.html)"
74.7.227.177 - - [04/Nov/2025:13:14:45 +0100] "GET /442211?path=//proc HTTP/2.0" 200 103490 "-" "Mozilla/5.0 AppleWebKit/537.36 (KHTML, like Gecko; compatible; GPTBot/1.2; +https://openai.com/gptbot)"
141.98.11.69 - - [04/Nov/2025:13:14:48 +0100] "GET /wp-admin/index.php HTTP/1.1" 200 165418 "https://opalaesthetic.net/wp-login.php" "Mozilla/5.0 (Macintosh; Intel Mac OS X 13_6_1; rv:120.0) Gecko/20100101 Firefox/120.0"
74.7.227.36 - - [04/Nov/2025:13:14:48 +0100] "GET /?path=//proc/self/root/proc/53872/root/opt/cpanel/ea-php70/root/var/tmp HTTP/2.0" 200 15913 "-" "Mozilla/5.0 AppleWebKit/537.36 (KHTML, like Gecko; compatible; GPTBot/1.2; +https://openai.com/gptbot)"
74.7.227.240 - - [04/Nov/2025:13:14:48 +0100] "GET /?path=//proc/self/root/proc/53872/root/opt/alt/alt-nodejs16/root/tmp HTTP/2.0" 200 15824 "-" "Mozilla/5.0 AppleWebKit/537.36 (KHTML, like Gecko; compatible; GPTBot/1.2; +https://openai.com/gptbot)"
141.98.11.69 - - [04/Nov/2025:13:14:49 +0100] "GET /wp-admin/profile.php HTTP/1.1" 200 165418 "https://opalaesthetic.net/wp-login.php" "Mozilla/5.0 (Macintosh; Intel Mac OS X 13_6_1; rv:120.0) Gecko/20100101 Firefox/120.0"
66.249.69.169 - - [04/Nov/2025:13:14:50 +0100] "GET /calculation124023815.html?fileloc=/home/opal/public_html/wp-admin/import.php&path=/home/opal/public_html/wp-admin HTTP/1.1" 200 554879 "-" "Mozilla/5.0 (Linux; Android 6.0.1; Nexus 5X Build/MMB29P) AppleWebKit/537.36 (KHTML, like Gecko) Chrome/141.0.7390.122 Mobile Safari/537.36 (compatible; Googlebot/2.1; +http://www.google.com/bot.html)"
74.7.227.148 - - [04/Nov/2025:13:14:50 +0100] "GET /?path=//usr/lib/modules/4.18.0-553.8.1.lve.el8.x86_64/kernel/drivers/memstick/host HTTP/2.0" 200 24212 "-" "Mozilla/5.0 AppleWebKit/537.36 (KHTML, like Gecko; compatible; GPTBot/1.2; +https://openai.com/gptbot)"
74.7.227.177 - - [04/Nov/2025:13:14:51 +0100] "GET /717762?path=//proc HTTP/2.0" 200 107387 "-" "Mozilla/5.0 AppleWebKit/537.36 (KHTML, like Gecko; compatible; GPTBot/1.2; +https://openai.com/gptbot)"
74.7.227.3 - - [04/Nov/2025:13:14:51 +0100] "GET /?path=//proc/2589545/root/proc/thread-self/root/opt/cloudlinux/alt-php56 HTTP/2.0" 200 15731 "-" "Mozilla/5.0 AppleWebKit/537.36 (KHTML, like Gecko; compatible; GPTBot/1.2; +https://openai.com/gptbot)"
141.98.11.69 - - [04/Nov/2025:13:14:51 +0100] "GET /wp-admin/edit.php HTTP/1.1" 200 165418 "https://opalaesthetic.net/wp-login.php" "Mozilla/5.0 (Macintosh; Intel Mac OS X 13_6_1; rv:120.0) Gecko/20100101 Firefox/120.0"
74.7.227.36 - - [04/Nov/2025:13:14:53 +0100] "GET /?path=//proc/self/root/proc/53872/root/opt/cpanel/ea-nodejs10/include/node/openssl/archs/linux-x32 HTTP/2.0" 200 20838 "-" "Mozilla/5.0 AppleWebKit/537.36 (KHTML, like Gecko; compatible; GPTBot/1.2; +https://openai.com/gptbot)"
141.98.11.69 - - [04/Nov/2025:13:14:54 +0100] "GET /wp-admin/plugins.php HTTP/1.1" 200 165418 "https://opalaesthetic.net/wp-login.php" "Mozilla/5.0 (Macintosh; Intel Mac OS X 13_6_1; rv:120.0) Gecko/20100101 Firefox/120.0"
74.7.227.240 - - [04/Nov/2025:13:14:54 +0100] "GET /?path=//proc/self/root/proc/53872/root/opt/cpanel/ea-php80/root/usr/src HTTP/2.0" 200 18857 "-" "Mozilla/5.0 AppleWebKit/537.36 (KHTML, like Gecko; compatible; GPTBot/1.2; +https://openai.com/gptbot)"
74.7.227.148 - - [04/Nov/2025:13:14:54 +0100] "GET /?path=//usr/lib/modules/4.18.0-553.8.1.lve.el8.x86_64/kernel/drivers/infiniband/sw HTTP/2.0" 200 20247 "-" "Mozilla/5.0 AppleWebKit/537.36 (KHTML, like Gecko; compatible; GPTBot/1.2; +https://openai.com/gptbot)"
66.249.69.170 - - [04/Nov/2025:13:14:55 +0100] "GET /after091012852.html?fileloc=/home/opal/public_html/wp-admin/options-head.php&path=/home/opal/public_html/wp-admin HTTP/1.1" 200 554143 "-" "Mozilla/5.0 (Linux; Android 6.0.1; Nexus 5X Build/MMB29P) AppleWebKit/537.36 (KHTML, like Gecko) Chrome/141.0.7390.122 Mobile Safari/537.36 (compatible; GoogleOther)"
74.7.227.177 - - [04/Nov/2025:13:14:54 +0100] "GET /424900?path=//proc HTTP/2.0" 200 104789 "-" "Mozilla/5.0 AppleWebKit/537.36 (KHTML, like Gecko; compatible; GPTBot/1.2; +https://openai.com/gptbot)"
141.98.11.69 - - [04/Nov/2025:13:14:56 +0100] "POST /wp-login.php HTTP/1.1" 200 76365 "https://opalaesthetic.net/wp-login.php" "Mozilla/5.0 (Macintosh; Intel Mac OS X 10_15_7) AppleWebKit/605.1.15 (KHTML, like Gecko) Version/16.6 Safari/605.1.15"
74.7.227.3 - - [04/Nov/2025:13:14:57 +0100] "GET /?path=//proc/2589545/root/proc/self/root/lib/NetworkManager HTTP/2.0" 200 15607 "-" "Mozilla/5.0 AppleWebKit/537.36 (KHTML, like Gecko; compatible; GPTBot/1.2; +https://openai.com/gptbot)"
66.249.69.168 - - [04/Nov/2025:13:14:58 +0100] "GET /calculation124023815.html?fileloc=/home/opal/public_html/wp-admin/link-add.php&path=/home/opal/public_html/wp-admin HTTP/1.1" 200 554680 "-" "Mozilla/5.0 (Linux; Android 6.0.1; Nexus 5X Build/MMB29P) AppleWebKit/537.36 (KHTML, like Gecko) Chrome/141.0.7390.122 Mobile Safari/537.36 (compatible; Googlebot/2.1; +http://www.google.com/bot.html)"
74.7.227.240 - - [04/Nov/2025:13:14:58 +0100] "GET /?path=//proc/self/root/proc/54274/root/opt/cpanel/ea-php83/root/usr/var HTTP/2.0" 200 21761 "-" "Mozilla/5.0 AppleWebKit/537.36 (KHTML, like Gecko; compatible; GPTBot/1.2; +https://openai.com/gptbot)"
74.7.227.36 - - [04/Nov/2025:13:14:58 +0100] "GET /?path=//proc/self/root/proc/53872/root/opt/cpanel/ea-nodejs10/include/node/openssl/archs/linux-ppc HTTP/2.0" 200 20838 "-" "Mozilla/5.0 AppleWebKit/537.36 (KHTML, like Gecko; compatible; GPTBot/1.2; +https://openai.com/gptbot)"
141.98.11.69 - - [04/Nov/2025:13:14:58 +0100] "GET /wp-admin/index.php HTTP/1.1" 200 165418 "https://opalaesthetic.net/wp-login.php" "Mozilla/5.0 (Windows NT 11.0; Win64; x64; rv:121.0) Gecko/20100101 Firefox/121.0"
74.7.227.148 - - [04/Nov/2025:13:14:59 +0100] "GET /?path=//usr/lib/modules/4.18.0-553.8.1.lve.el8.x86_64/kernel/drivers/infiniband/core HTTP/2.0" 200 27621 "-" "Mozilla/5.0 AppleWebKit/537.36 (KHTML, like Gecko; compatible; GPTBot/1.2; +https://openai.com/gptbot)"
74.7.227.177 - - [04/Nov/2025:13:14:59 +0100] "GET /477300?path=//proc HTTP/2.0" 200 108735 "-" "Mozilla/5.0 AppleWebKit/537.36 (KHTML, like Gecko; compatible; GPTBot/1.2; +https://openai.com/gptbot)"
141.98.11.69 - - [04/Nov/2025:13:15:01 +0100] "GET /wp-admin/profile.php HTTP/1.1" 200 165418 "https://opalaesthetic.net/wp-login.php" "Mozilla/5.0 (Windows NT 11.0; Win64; x64; rv:121.0) Gecko/20100101 Firefox/121.0"
74.7.227.3 - - [04/Nov/2025:13:15:02 +0100] "GET /?fileloc=//lib64/python2.7/test/test_future2.pyc&path=//lib64/python2.7/test HTTP/2.0" 200 15529 "-" "Mozilla/5.0 AppleWebKit/537.36 (KHTML, like Gecko; compatible; GPTBot/1.2; +https://openai.com/gptbot)"
141.98.11.69 - - [04/Nov/2025:13:15:03 +0100] "GET /wp-admin/edit.php HTTP/1.1" 200 165418 "https://opalaesthetic.net/wp-login.php" "Mozilla/5.0 (Windows NT 11.0; Win64; x64; rv:121.0) Gecko/20100101 Firefox/121.0"
74.7.227.240 - - [04/Nov/2025:13:15:03 +0100] "GET /?path=//proc/self/root/proc/53872/root/opt/cpanel/ea-php84/root/etc/pm HTTP/2.0" 200 20334 "-" "Mozilla/5.0 AppleWebKit/537.36 (KHTML, like Gecko; compatible; GPTBot/1.2; +https://openai.com/gptbot)"
74.7.227.36 - - [04/Nov/2025:13:15:03 +0100] "GET /?path=//proc/self/root/proc/53872/root/opt/cpanel/ea-nodejs10/include/node/openssl/archs/aix-gcc HTTP/2.0" 200 18267 "-" "Mozilla/5.0 AppleWebKit/537.36 (KHTML, like Gecko; compatible; GPTBot/1.2; +https://openai.com/gptbot)"
74.7.227.177 - - [04/Nov/2025:13:15:04 +0100] "GET /424900?path=//root HTTP/2.0" 200 15202 "-" "Mozilla/5.0 AppleWebKit/537.36 (KHTML, like Gecko; compatible; GPTBot/1.2; +https://openai.com/gptbot)"
66.249.69.168 - - [04/Nov/2025:13:15:06 +0100] "GET /content051023598.html?path=/home/opal/public_html/.tmb HTTP/1.1" 200 567076 "-" "Mozilla/5.0 (Linux; Android 6.0.1; Nexus 5X Build/MMB29P) AppleWebKit/537.36 (KHTML, like Gecko) Chrome/141.0.7390.122 Mobile Safari/537.36 (compatible; Googlebot/2.1; +http://www.google.com/bot.html)"
74.7.227.148 - - [04/Nov/2025:13:15:05 +0100] "GET /?path=//usr/lib/modules/4.18.0-553.8.1.lve.el8.x86_64/kernel/drivers/infiniband/hw/usnic HTTP/2.0" 200 17592 "-" "Mozilla/5.0 AppleWebKit/537.36 (KHTML, like Gecko; compatible; GPTBot/1.2; +https://openai.com/gptbot)"
