141.98.11.69 - - [04/Nov/2025:13:15:05 +0100] "GET /wp-admin/plugins.php HTTP/1.1" 200 165418 "https://opalaesthetic.net/wp-login.php" "Mozilla/5.0 (Windows NT 11.0; Win64; x64; rv:121.0) Gecko/20100101 Firefox/121.0"
74.7.227.240 - - [04/Nov/2025:13:15:07 +0100] "GET /?path=//proc/self/root/proc/53872/root/opt/cpanel/ea-php81/root/var/yp HTTP/2.0" 200 15911 "-" "Mozilla/5.0 AppleWebKit/537.36 (KHTML, like Gecko; compatible; GPTBot/1.2; +https://openai.com/gptbot)"
66.249.76.196 - - [04/Nov/2025:13:15:08 +0100] "GET /employer180036645.html HTTP/1.1" 200 203837 "-" "Mozilla/5.0 (Linux; Android 6.0.1; Nexus 5X Build/MMB29P) AppleWebKit/537.36 (KHTML, like Gecko) Chrome/141.0.7390.122 Mobile Safari/537.36 (compatible; Googlebot/2.1; +http://www.google.com/bot.html)"
141.98.11.69 - - [04/Nov/2025:13:15:08 +0100] "POST /wp-login.php HTTP/1.1" 200 76365 "https://opalaesthetic.net/wp-login.php" "Mozilla/5.0 (X11; Ubuntu; Linux x86_64) AppleWebKit/537.36 (KHTML, like Gecko) Chrome/120.0.0.0 Safari/537.36"
74.7.227.3 - - [04/Nov/2025:13:15:07 +0100] "GET /?fileloc=//lib64/python2.7/test/test_future5.pyo&path=//lib64/python2.7/test HTTP/2.0" 200 13682 "-" "Mozilla/5.0 AppleWebKit/537.36 (KHTML, like Gecko; compatible; GPTBot/1.2; +https://openai.com/gptbot)"
74.7.227.36 - - [04/Nov/2025:13:15:08 +0100] "GET /?path=//proc/self/root/proc/53872/root/opt/cpanel/ea-nodejs10/include/node/openssl/archs/linux-elf HTTP/2.0" 200 20838 "-" "Mozilla/5.0 AppleWebKit/537.36 (KHTML, like Gecko; compatible; GPTBot/1.2; +https://openai.com/gptbot)"
74.7.227.177 - - [04/Nov/2025:13:15:09 +0100] "GET /442211?path=//sbin HTTP/2.0" 200 77074 "-" "Mozilla/5.0 AppleWebKit/537.36 (KHTML, like Gecko; compatible; GPTBot/1.2; +https://openai.com/gptbot)"
74.7.227.240 - - [04/Nov/2025:13:15:10 +0100] "GET /?path=//proc/self/root/proc/55207/root/opt/alt/alt-nodejs18/root/usr HTTP/2.0" 200 33312 "-" "Mozilla/5.0 AppleWebKit/537.36 (KHTML, like Gecko; compatible; GPTBot/1.2; +https://openai.com/gptbot)"
66.249.69.168 - - [04/Nov/2025:13:15:10 +0100] "GET /items/ajmfx284/35660?key=software HTTP/1.1" 200 203851 "-" "Mozilla/5.0 (Linux; Android 6.0.1; Nexus 5X Build/MMB29P) AppleWebKit/537.36 (KHTML, like Gecko) Chrome/141.0.7390.122 Mobile Safari/537.36 (compatible; GoogleOther)"
141.98.11.69 - - [04/Nov/2025:13:15:10 +0100] "GET /wp-admin/index.php HTTP/1.1" 200 165418 "https://opalaesthetic.net/wp-login.php" "Mozilla/5.0 (Macintosh; Intel Mac OS X 13_6_1) AppleWebKit/537.36 (KHTML, like Gecko) Chrome/121.0.0.0 Safari/537.36"
74.7.227.148 - - [04/Nov/2025:13:15:12 +0100] "GET /?path=//usr/lib/modules/4.18.0-553.8.1.lve.el8.x86_64/kernel/drivers/infiniband/hw/efa HTTP/2.0" 200 17548 "-" "Mozilla/5.0 AppleWebKit/537.36 (KHTML, like Gecko; compatible; GPTBot/1.2; +https://openai.com/gptbot)"
141.98.11.69 - - [04/Nov/2025:13:15:12 +0100] "GET /wp-admin/profile.php HTTP/1.1" 200 165418 "https://opalaesthetic.net/wp-login.php" "Mozilla/5.0 (Macintosh; Intel Mac OS X 13_6_1) AppleWebKit/537.36 (KHTML, like Gecko) Chrome/121.0.0.0 Safari/537.36"
66.249.69.167 - - [04/Nov/2025:13:15:12 +0100] "GET /?w=2674829843548&channel=144e46&from=https://opalaesthetic.net/buy.jsp?touchdown166008341.html HTTP/1.1" 200 203759 "-" "Mozilla/5.0 (Linux; Android 6.0.1; Nexus 5X Build/MMB29P) AppleWebKit/537.36 (KHTML, like Gecko) Chrome/141.0.7390.122 Mobile Safari/537.36 (compatible; Googlebot/2.1; +http://www.google.com/bot.html)"
74.7.227.177 - - [04/Nov/2025:13:15:13 +0100] "GET /442211?path=//proc/thread-self HTTP/2.0" 200 78846 "-" "Mozilla/5.0 AppleWebKit/537.36 (KHTML, like Gecko; compatible; GPTBot/1.2; +https://openai.com/gptbot)"
74.7.227.36 - - [04/Nov/2025:13:15:13 +0100] "GET /?path=//proc/self/root/proc/53872/root/opt/cpanel/ea-nodejs10/include/node/openssl/archs/linux-ppc64le HTTP/2.0" 200 20882 "-" "Mozilla/5.0 AppleWebKit/537.36 (KHTML, like Gecko; compatible; GPTBot/1.2; +https://openai.com/gptbot)"
74.7.227.3 - - [04/Nov/2025:13:15:13 +0100] "GET /?path=//usr/local/bin HTTP/2.0" 200 37958 "-" "Mozilla/5.0 AppleWebKit/537.36 (KHTML, like Gecko; compatible; GPTBot/1.2; +https://openai.com/gptbot)"
141.98.11.69 - - [04/Nov/2025:13:15:14 +0100] "GET /wp-admin/edit.php HTTP/1.1" 200 165418 "https://opalaesthetic.net/wp-login.php" "Mozilla/5.0 (Macintosh; Intel Mac OS X 13_6_1) AppleWebKit/537.36 (KHTML, like Gecko) Chrome/121.0.0.0 Safari/537.36"
66.249.69.169 - - [04/Nov/2025:13:15:15 +0100] "GET /depth248020077.html?fileloc=/home/opal/public_html/wp-trackback.php&path=/home/opal/public_html HTTP/1.1" 200 559778 "-" "Mozilla/5.0 (Linux; Android 6.0.1; Nexus 5X Build/MMB29P) AppleWebKit/537.36 (KHTML, like Gecko) Chrome/141.0.7390.122 Mobile Safari/537.36 (compatible; Googlebot/2.1; +http://www.google.com/bot.html)"
74.7.227.240 - - [04/Nov/2025:13:15:14 +0100] "GET /?path=//proc/self/root/proc/55207/root/opt/cpanel/ea-php72 HTTP/2.0" 200 16091 "-" "Mozilla/5.0 AppleWebKit/537.36 (KHTML, like Gecko; compatible; GPTBot/1.2; +https://openai.com/gptbot)"
74.7.227.148 - - [04/Nov/2025:13:15:16 +0100] "GET /?path=//usr/lib/modules/4.18.0-553.8.1.lve.el8.x86_64/kernel/drivers/infiniband/hw/mana HTTP/2.0" 200 17570 "-" "Mozilla/5.0 AppleWebKit/537.36 (KHTML, like Gecko; compatible; GPTBot/1.2; +https://openai.com/gptbot)"
66.249.76.195 - - [04/Nov/2025:13:15:17 +0100] "GET /demographic214017253.html HTTP/1.1" 200 562596 "-" "Mozilla/5.0 (Linux; Android 6.0.1; Nexus 5X Build/MMB29P) AppleWebKit/537.36 (KHTML, like Gecko) Chrome/141.0.7390.122 Mobile Safari/537.36 (compatible; Googlebot/2.1; +http://www.google.com/bot.html)"
74.7.227.177 - - [04/Nov/2025:13:15:17 +0100] "GET /442211?path=//proc/net HTTP/2.0" 200 86403 "-" "Mozilla/5.0 AppleWebKit/537.36 (KHTML, like Gecko; compatible; GPTBot/1.2; +https://openai.com/gptbot)"
141.98.11.69 - - [04/Nov/2025:13:15:17 +0100] "GET /wp-admin/plugins.php HTTP/1.1" 200 165418 "https://opalaesthetic.net/wp-login.php" "Mozilla/5.0 (Macintosh; Intel Mac OS X 13_6_1) AppleWebKit/537.36 (KHTML, like Gecko) Chrome/121.0.0.0 Safari/537.36"
74.7.227.36 - - [04/Nov/2025:13:15:18 +0100] "GET /?path=//proc/self/root/proc/53872/root/opt/cpanel/ea-nodejs10/include/node/openssl/archs/linux-ppc/asm HTTP/2.0" 200 19438 "-" "Mozilla/5.0 AppleWebKit/537.36 (KHTML, like Gecko; compatible; GPTBot/1.2; +https://openai.com/gptbot)"
74.7.227.240 - - [04/Nov/2025:13:15:19 +0100] "GET /?path=//proc/self/root/proc/53872/root/opt/alt/alt-nodejs19/root/mnt HTTP/2.0" 200 15824 "-" "Mozilla/5.0 AppleWebKit/537.36 (KHTML, like Gecko; compatible; GPTBot/1.2; +https://openai.com/gptbot)"
141.98.11.69 - - [04/Nov/2025:13:15:19 +0100] "POST /wp-login.php HTTP/1.1" 200 73816 "https://opalaesthetic.net/wp-login.php" "Mozilla/5.0 (Macintosh; Intel Mac OS X 10_15_7) AppleWebKit/537.36 (KHTML, like Gecko) Chrome/118.0.0.0 Safari/537.36"
74.7.227.3 - - [04/Nov/2025:13:15:20 +0100] "GET /?fileloc=//lib64/python2.7/test/test_future1.py&path=//lib64/python2.7/test HTTP/2.0" 200 12619 "-" "Mozilla/5.0 AppleWebKit/537.36 (KHTML, like Gecko; compatible; GPTBot/1.2; +https://openai.com/gptbot)"
74.7.227.177 - - [04/Nov/2025:13:15:21 +0100] "GET /424900?path=//proc/net HTTP/2.0" 200 86403 "-" "Mozilla/5.0 AppleWebKit/537.36 (KHTML, like Gecko; compatible; GPTBot/1.2; +https://openai.com/gptbot)"
74.7.227.148 - - [04/Nov/2025:13:15:21 +0100] "GET /?path=//usr/lib/modules/4.18.0-553.8.1.lve.el8.x86_64/kernel/drivers/infiniband/sw/siw HTTP/2.0" 200 14999 "-" "Mozilla/5.0 AppleWebKit/537.36 (KHTML, like Gecko; compatible; GPTBot/1.2; +https://openai.com/gptbot)"
141.98.11.69 - - [04/Nov/2025:13:15:22 +0100] "GET /wp-admin/index.php HTTP/1.1" 200 165418 "https://opalaesthetic.net/wp-login.php" "Mozilla/5.0 (Windows NT 11.0; Win64; x64; rv:119.0) Gecko/20100101 Firefox/119.0"
74.7.227.36 - - [04/Nov/2025:13:15:23 +0100] "GET /?path=//proc/self/root/proc/53872/root/opt/cpanel/ea-nodejs10/include/node/openssl/archs/linux-ppc/no-asm HTTP/2.0" 200 19462 "-" "Mozilla/5.0 AppleWebKit/537.36 (KHTML, like Gecko; compatible; GPTBot/1.2; +https://openai.com/gptbot)"
66.249.69.167 - - [04/Nov/2025:13:15:23 +0100] "GET /nearly008002105.html HTTP/1.1" 200 551088 "-" "Mozilla/5.0 (Linux; Android 6.0.1; Nexus 5X Build/MMB29P) AppleWebKit/537.36 (KHTML, like Gecko) Chrome/141.0.7390.122 Mobile Safari/537.36 (compatible; Googlebot/2.1; +http://www.google.com/bot.html)"
141.98.11.69 - - [04/Nov/2025:13:15:24 +0100] "GET /wp-admin/profile.php HTTP/1.1" 200 165418 "https://opalaesthetic.net/wp-login.php" "Mozilla/5.0 (Windows NT 11.0; Win64; x64; rv:119.0) Gecko/20100101 Firefox/119.0"
66.249.69.167 - - [04/Nov/2025:13:15:25 +0100] "GET /loss239010654.html HTTP/1.1" 200 551110 "-" "Mozilla/5.0 (Linux; Android 6.0.1; Nexus 5X Build/MMB29P) AppleWebKit/537.36 (KHTML, like Gecko) Chrome/141.0.7390.122 Mobile Safari/537.36 (compatible; Googlebot/2.1; +http://www.google.com/bot.html)"
74.7.227.177 - - [04/Nov/2025:13:15:25 +0100] "GET /477300?fileloc=//proc/pagetypeinfo&path=//proc HTTP/2.0" 200 14792 "-" "Mozilla/5.0 AppleWebKit/537.36 (KHTML, like Gecko; compatible; GPTBot/1.2; +https://openai.com/gptbot)"
74.7.227.240 - - [04/Nov/2025:13:15:26 +0100] "GET /?path=//proc/self/root/proc/53872/root/opt/alt/alt-nodejs18/root/usr/tmp HTTP/2.0" 200 15915 "-" "Mozilla/5.0 AppleWebKit/537.36 (KHTML, like Gecko; compatible; GPTBot/1.2; +https://openai.com/gptbot)"
141.98.11.69 - - [04/Nov/2025:13:15:26 +0100] "GET /wp-admin/edit.php HTTP/1.1" 200 165418 "https://opalaesthetic.net/wp-login.php" "Mozilla/5.0 (Windows NT 11.0; Win64; x64; rv:119.0) Gecko/20100101 Firefox/119.0"
66.249.76.196 - - [04/Nov/2025:13:15:27 +0100] "GET /assignment108032379.html?fileloc=/home/opal/public_html/index.php0&path=/home/opal/public_html HTTP/1.1" 200 557276 "-" "Mozilla/5.0 (Linux; Android 6.0.1; Nexus 5X Build/MMB29P) AppleWebKit/537.36 (KHTML, like Gecko) Chrome/141.0.7390.122 Mobile Safari/537.36 (compatible; Googlebot/2.1; +http://www.google.com/bot.html)"
74.7.227.3 - - [04/Nov/2025:13:15:26 +0100] "GET /?fileloc=//lib64/python2.7/test/test_future4.pyo&path=//lib64/python2.7/test HTTP/2.0" 200 16675 "-" "Mozilla/5.0 AppleWebKit/537.36 (KHTML, like Gecko; compatible; GPTBot/1.2; +https://openai.com/gptbot)"
74.7.227.36 - - [04/Nov/2025:13:15:28 +0100] "GET /?path=//proc/self/root/proc/53872/root/opt/cpanel/ea-nodejs10/include/node/openssl/archs/aix-gcc/asm HTTP/2.0" 200 19420 "-" "Mozilla/5.0 AppleWebKit/537.36 (KHTML, like Gecko; compatible; GPTBot/1.2; +https://openai.com/gptbot)"
66.249.69.167 - - [04/Nov/2025:13:15:29 +0100] "GET /male008013133.html HTTP/1.1" 200 565576 "-" "Mozilla/5.0 (Linux; Android 6.0.1; Nexus 5X Build/MMB29P) AppleWebKit/537.36 (KHTML, like Gecko) Chrome/141.0.7390.122 Mobile Safari/537.36 (compatible; Googlebot/2.1; +http://www.google.com/bot.html)"
141.98.11.69 - - [04/Nov/2025:13:15:28 +0100] "GET /wp-admin/plugins.php HTTP/1.1" 200 165418 "https://opalaesthetic.net/wp-login.php" "Mozilla/5.0 (Windows NT 11.0; Win64; x64; rv:119.0) Gecko/20100101 Firefox/119.0"
74.7.227.148 - - [04/Nov/2025:13:15:28 +0100] "GET /?path=//usr/lib/modules/4.18.0-553.8.1.lve.el8.x86_64/kernel/drivers/infiniband/hw/bnxt_re HTTP/2.0" 200 17588 "-" "Mozilla/5.0 AppleWebKit/537.36 (KHTML, like Gecko; compatible; GPTBot/1.2; +https://openai.com/gptbot)"
74.7.227.177 - - [04/Nov/2025:13:15:30 +0100] "GET /477300?fileloc=//proc/kpageflags&path=//proc HTTP/2.0" 200 14790 "-" "Mozilla/5.0 AppleWebKit/537.36 (KHTML, like Gecko; compatible; GPTBot/1.2; +https://openai.com/gptbot)"
141.98.11.69 - - [04/Nov/2025:13:15:30 +0100] "POST /wp-login.php HTTP/1.1" 200 76365 "https://opalaesthetic.net/wp-login.php" "Mozilla/5.0 (X11; Ubuntu; Linux x86_64) AppleWebKit/537.36 (KHTML, like Gecko) Chrome/120.0.0.0 Safari/537.36"
74.7.227.240 - - [04/Nov/2025:13:15:30 +0100] "GET /?path=//proc/self/root/proc/55207/root/opt/alt/alt-nodejs19/root/usr/src HTTP/2.0" 200 16316 "-" "Mozilla/5.0 AppleWebKit/537.36 (KHTML, like Gecko; compatible; GPTBot/1.2; +https://openai.com/gptbot)"
66.249.69.169 - - [04/Nov/2025:13:15:31 +0100] "GET /transportation024003243.html HTTP/1.1" 200 556189 "-" "Mozilla/5.0 (Linux; Android 6.0.1; Nexus 5X Build/MMB29P) AppleWebKit/537.36 (KHTML, like Gecko) Chrome/141.0.7390.122 Mobile Safari/537.36 (compatible; Googlebot/2.1; +http://www.google.com/bot.html)"
74.7.227.3 - - [04/Nov/2025:13:15:31 +0100] "GET /?fileloc=//lib64/python2.7/test/test_future2.py&path=//lib64/python2.7/test HTTP/2.0" 200 15090 "-" "Mozilla/5.0 AppleWebKit/537.36 (KHTML, like Gecko; compatible; GPTBot/1.2; +https://openai.com/gptbot)"
141.98.11.69 - - [04/Nov/2025:13:15:32 +0100] "GET /wp-admin/index.php HTTP/1.1" 200 165418 "https://opalaesthetic.net/wp-login.php" "Mozilla/5.0 (Windows NT 10.0; Win64; x64; rv:121.0) Gecko/20100101 Firefox/121.0"
66.249.76.197 - - [04/Nov/2025:13:15:33 +0100] "GET /prize048019537.html HTTP/1.1" 200 200548 "-" "Mozilla/5.0 (Linux; Android 6.0.1; Nexus 5X Build/MMB29P) AppleWebKit/537.36 (KHTML, like Gecko) Chrome/141.0.7390.122 Mobile Safari/537.36 (compatible; Googlebot/2.1; +http://www.google.com/bot.html)"
74.7.227.36 - - [04/Nov/2025:13:15:33 +0100] "GET /?fileloc=//proc/self/root/proc/53872/root/opt/cpanel/ea-nodejs10/include/node/openssl/comperr.h&path=//proc/self/root/proc/53872/root/opt/cpanel/ea-nodejs10/include/node/openssl HTTP/2.0" 200 16852 "-" "Mozilla/5.0 AppleWebKit/537.36 (KHTML, like Gecko; compatible; GPTBot/1.2; +https://openai.com/gptbot)"
74.7.227.148 - - [04/Nov/2025:13:15:33 +0100] "GET /?path=//usr/lib/modules/4.18.0-553.8.1.lve.el8.x86_64/kernel/drivers/infiniband/sw/rxe HTTP/2.0" 200 17568 "-" "Mozilla/5.0 AppleWebKit/537.36 (KHTML, like Gecko; compatible; GPTBot/1.2; +https://openai.com/gptbot)"
141.98.11.69 - - [04/Nov/2025:13:15:34 +0100] "GET /wp-admin/profile.php HTTP/1.1" 200 165418 "https://opalaesthetic.net/wp-login.php" "Mozilla/5.0 (Windows NT 10.0; Win64; x64; rv:121.0) Gecko/20100101 Firefox/121.0"
74.7.227.177 - - [04/Nov/2025:13:15:34 +0100] "GET /477300?path=//proc/net HTTP/2.0" 200 83854 "-" "Mozilla/5.0 AppleWebKit/537.36 (KHTML, like Gecko; compatible; GPTBot/1.2; +https://openai.com/gptbot)"
74.7.227.240 - - [04/Nov/2025:13:15:35 +0100] "GET /?path=//proc/self/root/proc/53872/root/opt/cpanel/ea-php81/root/lib HTTP/2.0" 200 15823 "-" "Mozilla/5.0 AppleWebKit/537.36 (KHTML, like Gecko; compatible; GPTBot/1.2; +https://openai.com/gptbot)"
74.7.227.3 - - [04/Nov/2025:13:15:36 +0100] "GET /?fileloc=//lib64/python2.7/test/test_future1.pyo&path=//lib64/python2.7/test HTTP/2.0" 200 15515 "-" "Mozilla/5.0 AppleWebKit/537.36 (KHTML, like Gecko; compatible; GPTBot/1.2; +https://openai.com/gptbot)"
141.98.11.69 - - [04/Nov/2025:13:15:37 +0100] "GET /wp-admin/edit.php HTTP/1.1" 200 165418 "https://opalaesthetic.net/wp-login.php" "Mozilla/5.0 (Windows NT 10.0; Win64; x64; rv:121.0) Gecko/20100101 Firefox/121.0"
74.7.227.148 - - [04/Nov/2025:13:15:38 +0100] "GET /?path=//usr/lib/modules/4.18.0-553.8.1.lve.el8.x86_64/kernel/drivers/infiniband/hw/qedr HTTP/2.0" 200 17558 "-" "Mozilla/5.0 AppleWebKit/537.36 (KHTML, like Gecko; compatible; GPTBot/1.2; +https://openai.com/gptbot)"
74.7.227.36 - - [04/Nov/2025:13:15:38 +0100] "GET /?path=//proc/self/root/proc/53872/root/opt/cpanel/ea-nodejs10/include/node/openssl/archs/aix-gcc/no-asm HTTP/2.0" 200 19444 "-" "Mozilla/5.0 AppleWebKit/537.36 (KHTML, like Gecko; compatible; GPTBot/1.2; +https://openai.com/gptbot)"
66.249.69.169 - - [04/Nov/2025:13:15:40 +0100] "GET /page121046764.html HTTP/1.1" 200 551751 "-" "Mozilla/5.0 (Linux; Android 6.0.1; Nexus 5X Build/MMB29P) AppleWebKit/537.36 (KHTML, like Gecko) Chrome/141.0.7390.122 Mobile Safari/537.36 (compatible; Googlebot/2.1; +http://www.google.com/bot.html)"
74.7.227.240 - - [04/Nov/2025:13:15:39 +0100] "GET /?path=//proc/self/root/proc/55207/root/opt/alt/alt-nodejs18/root/usr/etc HTTP/2.0" 200 15915 "-" "Mozilla/5.0 AppleWebKit/537.36 (KHTML, like Gecko; compatible; GPTBot/1.2; +https://openai.com/gptbot)"
141.98.11.69 - - [04/Nov/2025:13:15:40 +0100] "GET /wp-admin/plugins.php HTTP/1.1" 200 165418 "https://opalaesthetic.net/wp-login.php" "Mozilla/5.0 (Windows NT 10.0; Win64; x64; rv:121.0) Gecko/20100101 Firefox/121.0"
74.7.227.177 - - [04/Nov/2025:13:15:40 +0100] "GET /717762?path=//proc/net HTTP/2.0" 200 83854 "-" "Mozilla/5.0 AppleWebKit/537.36 (KHTML, like Gecko; compatible; GPTBot/1.2; +https://openai.com/gptbot)"
66.249.69.170 - - [04/Nov/2025:13:15:42 +0100] "GET /publicly186030473.html HTTP/1.1" 200 557397 "-" "Mozilla/5.0 (Linux; Android 6.0.1; Nexus 5X Build/MMB29P) AppleWebKit/537.36 (KHTML, like Gecko) Chrome/141.0.7390.122 Mobile Safari/537.36 (compatible; Googlebot/2.1; +http://www.google.com/bot.html)"
141.98.11.69 - - [04/Nov/2025:13:15:42 +0100] "POST /wp-login.php HTTP/1.1" 200 76365 "https://opalaesthetic.net/wp-login.php" "Mozilla/5.0 (Macintosh; Intel Mac OS X 10_15_7) AppleWebKit/605.1.15 (KHTML, like Gecko) Version/17.2 Safari/605.1.15"
74.7.227.3 - - [04/Nov/2025:13:15:43 +0100] "GET /?fileloc=//lib64/python2.7/test/test_urllib2.pyc&path=//lib64/python2.7/test HTTP/2.0" 200 79108 "-" "Mozilla/5.0 AppleWebKit/537.36 (KHTML, like Gecko; compatible; GPTBot/1.2; +https://openai.com/gptbot)"
74.7.227.148 - - [04/Nov/2025:13:15:43 +0100] "GET /?path=//usr/lib/modules/4.18.0-553.8.1.lve.el8.x86_64/kernel/drivers/infiniband/hw/cxgb4 HTTP/2.0" 200 17580 "-" "Mozilla/5.0 AppleWebKit/537.36 (KHTML, like Gecko; compatible; GPTBot/1.2; +https://openai.com/gptbot)"
74.7.227.36 - - [04/Nov/2025:13:15:43 +0100] "GET /?path=//proc/self/root/proc/53872/root/opt/cpanel/ea-nodejs10/include/node/openssl/archs/linux-elf/asm HTTP/2.0" 200 16889 "-" "Mozilla/5.0 AppleWebKit/537.36 (KHTML, like Gecko; compatible; GPTBot/1.2; +https://openai.com/gptbot)"
74.7.227.240 - - [04/Nov/2025:13:15:44 +0100] "GET /?path=//proc/self/root/proc/55207/root/opt/alt/alt-nodejs18/root/usr/sbin HTTP/2.0" 200 25686 "-" "Mozilla/5.0 AppleWebKit/537.36 (KHTML, like Gecko; compatible; GPTBot/1.2; +https://openai.com/gptbot)"
66.249.69.171 - - [04/Nov/2025:13:15:45 +0100] "GET /frequently139028048.html HTTP/1.1" 200 557598 "-" "Mozilla/5.0 (Linux; Android 6.0.1; Nexus 5X Build/MMB29P) AppleWebKit/537.36 (KHTML, like Gecko) Chrome/141.0.7390.122 Mobile Safari/537.36 (compatible; Googlebot/2.1; +http://www.google.com/bot.html)"
141.98.11.69 - - [04/Nov/2025:13:15:45 +0100] "GET /wp-admin/index.php HTTP/1.1" 200 165418 "https://opalaesthetic.net/wp-login.php" "Mozilla/5.0 (X11; Ubuntu; Linux x86_64) AppleWebKit/537.36 (KHTML, like Gecko) Chrome/119.0.0.0 Safari/537.36"
74.7.227.177 - - [04/Nov/2025:13:15:45 +0100] "GET /442211?fileloc=//proc/net/nf_conntrack_expect&path=//proc/net HTTP/2.0" 200 14838 "-" "Mozilla/5.0 AppleWebKit/537.36 (KHTML, like Gecko; compatible; GPTBot/1.2; +https://openai.com/gptbot)"
141.98.11.69 - - [04/Nov/2025:13:15:47 +0100] "GET /wp-admin/profile.php HTTP/1.1" 200 165418 "https://opalaesthetic.net/wp-login.php" "Mozilla/5.0 (X11; Ubuntu; Linux x86_64) AppleWebKit/537.36 (KHTML, like Gecko) Chrome/119.0.0.0 Safari/537.36"
74.7.227.3 - - [04/Nov/2025:13:15:47 +0100] "GET /?fileloc=//lib64/python2.7/test/test_future2.pyo&path=//lib64/python2.7/test HTTP/2.0" 200 15529 "-" "Mozilla/5.0 AppleWebKit/537.36 (KHTML, like Gecko; compatible; GPTBot/1.2; +https://openai.com/gptbot)"
74.7.227.36 - - [04/Nov/2025:13:15:48 +0100] "GET /?path=//proc/self/root/proc/53872/root/opt/cpanel/ea-nodejs10/include/node/openssl/archs/linux-ppc/no-asm/crypto HTTP/2.0" 200 19836 "-" "Mozilla/5.0 AppleWebKit/537.36 (KHTML, like Gecko; compatible; GPTBot/1.2; +https://openai.com/gptbot)"
74.7.227.177 - - [04/Nov/2025:13:15:50 +0100] "GET /442211?fileloc=//proc/net/sockstat6&path=//proc/net HTTP/2.0" 200 - "-" "Mozilla/5.0 AppleWebKit/537.36 (KHTML, like Gecko; compatible; GPTBot/1.2; +https://openai.com/gptbot)"
74.7.227.240 - - [04/Nov/2025:13:15:48 +0100] "GET /?path=//proc/self/root/proc/55207/root/opt/alt/alt-nodejs18/root/usr/bin HTTP/2.0" 200 43493 "-" "Mozilla/5.0 AppleWebKit/537.36 (KHTML, like Gecko; compatible; GPTBot/1.2; +https://openai.com/gptbot)"
74.7.227.148 - - [04/Nov/2025:13:15:49 +0100] "GET /?path=//usr/lib/modules/4.18.0-553.8.1.lve.el8.x86_64/kernel/drivers/infiniband/hw/hfi1 HTTP/2.0" 200 17558 "-" "Mozilla/5.0 AppleWebKit/537.36 (KHTML, like Gecko; compatible; GPTBot/1.2; +https://openai.com/gptbot)"
141.98.11.69 - - [04/Nov/2025:13:15:50 +0100] "GET /wp-admin/edit.php HTTP/1.1" 200 165418 "https://opalaesthetic.net/wp-login.php" "Mozilla/5.0 (X11; Ubuntu; Linux x86_64) AppleWebKit/537.36 (KHTML, like Gecko) Chrome/119.0.0.0 Safari/537.36"
66.249.69.171 - - [04/Nov/2025:13:15:52 +0100] "GET /pcmypage?callback=/product%2Fdetail%2m65026123793 HTTP/1.1" 200 558552 "-" "Mozilla/5.0 (Linux; Android 6.0.1; Nexus 5X Build/MMB29P) AppleWebKit/537.36 (KHTML, like Gecko) Chrome/141.0.7390.122 Mobile Safari/537.36 (compatible; Googlebot/2.1; +http://www.google.com/bot.html)"
74.7.227.240 - - [04/Nov/2025:13:15:52 +0100] "GET /?path=//proc/self/root/proc/55207/root/opt/alt/alt-nodejs18/root/usr/src HTTP/2.0" 200 18865 "-" "Mozilla/5.0 AppleWebKit/537.36 (KHTML, like Gecko; compatible; GPTBot/1.2; +https://openai.com/gptbot)"
141.98.11.69 - - [04/Nov/2025:13:15:52 +0100] "GET /wp-admin/plugins.php HTTP/1.1" 200 165418 "https://opalaesthetic.net/wp-login.php" "Mozilla/5.0 (X11; Ubuntu; Linux x86_64) AppleWebKit/537.36 (KHTML, like Gecko) Chrome/119.0.0.0 Safari/537.36"
74.7.227.177 - - [04/Nov/2025:13:15:53 +0100] "GET /442211?fileloc=//proc/net/mcfilter6&path=//proc/net HTTP/2.0" 200 14828 "-" "Mozilla/5.0 AppleWebKit/537.36 (KHTML, like Gecko; compatible; GPTBot/1.2; +https://openai.com/gptbot)"
74.7.227.36 - - [04/Nov/2025:13:15:53 +0100] "GET /?path=//proc/self/root/proc/53872/root/opt/cpanel/ea-nodejs10/include/node/openssl/archs/aix-gcc/asm/crypto HTTP/2.0" 200 17236 "-" "Mozilla/5.0 AppleWebKit/537.36 (KHTML, like Gecko; compatible; GPTBot/1.2; +https://openai.com/gptbot)"
141.98.11.69 - - [04/Nov/2025:13:15:54 +0100] "POST /wp-login.php HTTP/1.1" 200 76365 "https://opalaesthetic.net/wp-login.php" "Mozilla/5.0 (Windows NT 11.0; Win64; x64; rv:118.0) Gecko/20100101 Firefox/118.0"
74.7.227.148 - - [04/Nov/2025:13:15:55 +0100] "GET /?path=//usr/lib/modules/4.18.0-553.8.1.lve.el8.x86_64/kernel/drivers/infiniband/hw/mlx5 HTTP/2.0" 200 17571 "-" "Mozilla/5.0 AppleWebKit/537.36 (KHTML, like Gecko; compatible; GPTBot/1.2; +https://openai.com/gptbot)"
74.7.227.240 - - [04/Nov/2025:13:15:55 +0100] "GET /?path=//proc/self/root/proc/55207/root/opt/alt/alt-nodejs18/root/usr/tmp HTTP/2.0" 200 13366 "-" "Mozilla/5.0 AppleWebKit/537.36 (KHTML, like Gecko; compatible; GPTBot/1.2; +https://openai.com/gptbot)"
141.98.11.69 - - [04/Nov/2025:13:15:56 +0100] "GET /wp-admin/index.php HTTP/1.1" 200 165418 "https://opalaesthetic.net/wp-login.php" "Mozilla/5.0 (X11; Linux x86_64) AppleWebKit/537.36 (KHTML, like Gecko) Chrome/119.0.0.0 Safari/537.36"
74.7.227.36 - - [04/Nov/2025:13:15:57 +0100] "GET /?path=//proc/self/root/proc/53872/root/opt/cpanel/ea-nodejs10/include/node/openssl/archs/linux-elf/no-asm HTTP/2.0" 200 19462 "-" "Mozilla/5.0 AppleWebKit/537.36 (KHTML, like Gecko; compatible; GPTBot/1.2; +https://openai.com/gptbot)"
74.7.227.177 - - [04/Nov/2025:13:15:58 +0100] "GET /424900?fileloc=//proc/net/nf_conntrack_expect&path=//proc/net HTTP/2.0" 200 14838 "-" "Mozilla/5.0 AppleWebKit/537.36 (KHTML, like Gecko; compatible; GPTBot/1.2; +https://openai.com/gptbot)"
141.98.11.69 - - [04/Nov/2025:13:15:58 +0100] "GET /wp-admin/profile.php HTTP/1.1" 200 165418 "https://opalaesthetic.net/wp-login.php" "Mozilla/5.0 (X11; Linux x86_64) AppleWebKit/537.36 (KHTML, like Gecko) Chrome/119.0.0.0 Safari/537.36"
74.7.227.148 - - [04/Nov/2025:13:15:58 +0100] "GET /?path=//usr/lib/modules/4.18.0-553.8.1.lve.el8.x86_64/kernel/drivers/infiniband/ulp HTTP/2.0" 200 24778 "-" "Mozilla/5.0 AppleWebKit/537.36 (KHTML, like Gecko; compatible; GPTBot/1.2; +https://openai.com/gptbot)"
74.7.227.240 - - [04/Nov/2025:13:15:59 +0100] "GET /?path=//proc/self/root/proc/55207/root/opt/alt/alt-nodejs18/root/usr/lib HTTP/2.0" 200 20551 "-" "Mozilla/5.0 AppleWebKit/537.36 (KHTML, like Gecko; compatible; GPTBot/1.2; +https://openai.com/gptbot)"
141.98.11.69 - - [04/Nov/2025:13:16:01 +0100] "GET /wp-admin/edit.php HTTP/1.1" 200 165418 "https://opalaesthetic.net/wp-login.php" "Mozilla/5.0 (X11; Linux x86_64) AppleWebKit/537.36 (KHTML, like Gecko) Chrome/119.0.0.0 Safari/537.36"
74.7.227.177 - - [04/Nov/2025:13:16:01 +0100] "GET /477300?fileloc=//proc/net/nf_conntrack_expect&path=//proc/net HTTP/2.0" 200 14838 "-" "Mozilla/5.0 AppleWebKit/537.36 (KHTML, like Gecko; compatible; GPTBot/1.2; +https://openai.com/gptbot)"
66.249.76.196 - - [04/Nov/2025:13:16:02 +0100] "GET /steam277045122.html?fileloc=/home/opal/public_html/wp-config-sample.php&path=/home/opal/public_html HTTP/1.1" 200 550385 "-" "Mozilla/5.0 (Linux; Android 6.0.1; Nexus 5X Build/MMB29P) AppleWebKit/537.36 (KHTML, like Gecko) Chrome/141.0.7390.122 Mobile Safari/537.36 (compatible; Googlebot/2.1; +http://www.google.com/bot.html)"
74.7.227.36 - - [04/Nov/2025:13:16:01 +0100] "GET /?path=//proc/self/root/proc/53872/root/opt/cpanel/ea-nodejs10/include/node/openssl/archs/aix-gcc/no-asm/crypto HTTP/2.0" 200 17266 "-" "Mozilla/5.0 AppleWebKit/537.36 (KHTML, like Gecko; compatible; GPTBot/1.2; +https://openai.com/gptbot)"
74.7.227.240 - - [04/Nov/2025:13:16:02 +0100] "GET /?path=//proc/self/root/proc/55207/root/opt/cpanel/ea-php83/root/usr/local HTTP/2.0" 200 30637 "-" "Mozilla/5.0 AppleWebKit/537.36 (KHTML, like Gecko; compatible; GPTBot/1.2; +https://openai.com/gptbot)"
141.98.11.69 - - [04/Nov/2025:13:16:03 +0100] "GET /wp-admin/plugins.php HTTP/1.1" 200 165418 "https://opalaesthetic.net/wp-login.php" "Mozilla/5.0 (X11; Linux x86_64) AppleWebKit/537.36 (KHTML, like Gecko) Chrome/119.0.0.0 Safari/537.36"
69.197.179.242 - - [04/Nov/2025:13:14:38 +0100] "GET /wp-includes/qqe586cc/index.php?id=968360 HTTP/1.1" 200 - "https://opalaesthetic.net/wp-includes/qqe586cc/index.php?id=968360" "Mozilla/5.0 (Windows NT 10.0; Win64; x64) AppleWebKit/537.36 (KHTML, like Gecko) Chrome/58.0.3029.110 Safari/537.3"
74.7.227.148 - - [04/Nov/2025:13:16:04 +0100] "GET /?path=//usr/lib/modules/4.18.0-553.8.1.lve.el8.x86_64/kernel/drivers/infiniband/hw/mlx4 HTTP/2.0" 200 17570 "-" "Mozilla/5.0 AppleWebKit/537.36 (KHTML, like Gecko; compatible; GPTBot/1.2; +https://openai.com/gptbot)"
74.7.227.177 - - [04/Nov/2025:13:16:04 +0100] "GET /717762?fileloc=//proc/net/igmp6&path=//proc/net HTTP/2.0" 200 14824 "-" "Mozilla/5.0 AppleWebKit/537.36 (KHTML, like Gecko; compatible; GPTBot/1.2; +https://openai.com/gptbot)"
141.98.11.69 - - [04/Nov/2025:13:16:05 +0100] "POST /wp-login.php HTTP/1.1" 200 76365 "https://opalaesthetic.net/wp-login.php" "Mozilla/5.0 (Windows NT 10.0; Win64; x64; rv:119.0) Gecko/20100101 Firefox/119.0"
74.7.227.36 - - [04/Nov/2025:13:16:06 +0100] "GET /?path=//proc/self/root/proc/53872/root/opt/cpanel/ea-nodejs10/include/node/openssl/archs/linux-elf/asm/crypto HTTP/2.0" 200 19807 "-" "Mozilla/5.0 AppleWebKit/537.36 (KHTML, like Gecko; compatible; GPTBot/1.2; +https://openai.com/gptbot)"
74.7.227.240 - - [04/Nov/2025:13:16:07 +0100] "GET /?path=//proc/self/root/proc/55207/root/opt/cpanel/ea-php83/root/var/log HTTP/2.0" 200 17389 "-" "Mozilla/5.0 AppleWebKit/537.36 (KHTML, like Gecko; compatible; GPTBot/1.2; +https://openai.com/gptbot)"
141.98.11.69 - - [04/Nov/2025:13:16:07 +0100] "GET /wp-admin/index.php HTTP/1.1" 200 165418 "https://opalaesthetic.net/wp-login.php" "Mozilla/5.0 (Windows NT 10.0; Win64; x64) AppleWebKit/537.36 (KHTML, like Gecko) Chrome/119.0.0.0 Safari/537.36"
74.7.227.3 - - [04/Nov/2025:13:16:08 +0100] "GET /?fileloc=//lib64/python2.7/test/test_future3.py&path=//lib64/python2.7/test HTTP/2.0" 200 15495 "-" "Mozilla/5.0 AppleWebKit/537.36 (KHTML, like Gecko; compatible; GPTBot/1.2; +https://openai.com/gptbot)"
74.7.227.177 - - [04/Nov/2025:13:16:08 +0100] "GET /717762?path=//proc/net/dev_snmp6 HTTP/2.0" 200 15288 "-" "Mozilla/5.0 AppleWebKit/537.36 (KHTML, like Gecko; compatible; GPTBot/1.2; +https://openai.com/gptbot)"
141.98.11.69 - - [04/Nov/2025:13:16:09 +0100] "GET /wp-admin/profile.php HTTP/1.1" 200 165418 "https://opalaesthetic.net/wp-login.php" "Mozilla/5.0 (Windows NT 10.0; Win64; x64) AppleWebKit/537.36 (KHTML, like Gecko) Chrome/119.0.0.0 Safari/537.36"
66.249.69.168 - - [04/Nov/2025:13:16:08 +0100] "GET /items/lhjmt97/23681?key=Thanksgiving HTTP/1.1" 200 203881 "-" "Mozilla/5.0 (Linux; Android 6.0.1; Nexus 5X Build/MMB29P) AppleWebKit/537.36 (KHTML, like Gecko) Chrome/141.0.7390.122 Mobile Safari/537.36 (compatible; Googlebot/2.1; +http://www.google.com/bot.html)"
74.7.227.148 - - [04/Nov/2025:13:16:09 +0100] "GET /?path=//usr/lib/modules/4.18.0-553.54.1.lve.el8.x86_64/kernel/drivers/media/pci/bt8xx HTTP/2.0" 200 21765 "-" "Mozilla/5.0 AppleWebKit/537.36 (KHTML, like Gecko; compatible; GPTBot/1.2; +https://openai.com/gptbot)"
74.7.227.36 - - [04/Nov/2025:13:16:10 +0100] "GET /?path=//proc/self/root/proc/53872/root/opt/cpanel/ea-nodejs10/include/node/openssl/archs/linux-ppc/asm/crypto HTTP/2.0" 200 19807 "-" "Mozilla/5.0 AppleWebKit/537.36 (KHTML, like Gecko; compatible; GPTBot/1.2; +https://openai.com/gptbot)"
74.7.227.240 - - [04/Nov/2025:13:16:10 +0100] "GET /?path=//proc/self/root/proc/54274/root/opt/cpanel/ea-nodejs10 HTTP/2.0" 200 23620 "-" "Mozilla/5.0 AppleWebKit/537.36 (KHTML, like Gecko; compatible; GPTBot/1.2; +https://openai.com/gptbot)"
141.98.11.69 - - [04/Nov/2025:13:16:10 +0100] "GET /wp-admin/edit.php HTTP/1.1" 200 165418 "https://opalaesthetic.net/wp-login.php" "Mozilla/5.0 (Windows NT 10.0; Win64; x64) AppleWebKit/537.36 (KHTML, like Gecko) Chrome/119.0.0.0 Safari/537.36"
74.7.227.177 - - [04/Nov/2025:13:16:11 +0100] "GET /717762?fileloc=//proc/net/nf_conntrack_expect&path=//proc/net HTTP/2.0" 200 14838 "-" "Mozilla/5.0 AppleWebKit/537.36 (KHTML, like Gecko; compatible; GPTBot/1.2; +https://openai.com/gptbot)"
141.98.11.69 - - [04/Nov/2025:13:16:13 +0100] "GET /wp-admin/plugins.php HTTP/1.1" 200 165418 "https://opalaesthetic.net/wp-login.php" "Mozilla/5.0 (Windows NT 10.0; Win64; x64) AppleWebKit/537.36 (KHTML, like Gecko) Chrome/119.0.0.0 Safari/537.36"
74.7.227.240 - - [04/Nov/2025:13:16:14 +0100] "GET /?path=//proc/self/root/proc/55207/root/opt/cpanel/ea-php84/root/etc/pm HTTP/2.0" 200 20334 "-" "Mozilla/5.0 AppleWebKit/537.36 (KHTML, like Gecko; compatible; GPTBot/1.2; +https://openai.com/gptbot)"
141.98.11.69 - - [04/Nov/2025:13:16:15 +0100] "POST /wp-login.php HTTP/1.1" 200 76365 "https://opalaesthetic.net/wp-login.php" "Mozilla/5.0 (Macintosh; Intel Mac OS X 13_6_1; rv:120.0) Gecko/20100101 Firefox/120.0"
66.249.76.195 - - [04/Nov/2025:13:16:16 +0100] "GET /satellite167011000.html HTTP/1.1" 200 555170 "-" "Mozilla/5.0 (Linux; Android 6.0.1; Nexus 5X Build/MMB29P) AppleWebKit/537.36 (KHTML, like Gecko) Chrome/141.0.7390.122 Mobile Safari/537.36 (compatible; Googlebot/2.1; +http://www.google.com/bot.html)"
74.7.227.36 - - [04/Nov/2025:13:16:15 +0100] "GET /?path=//proc/self/root/proc/53872/root/opt/cpanel/ea-nodejs10/include/node/openssl/archs/linux-aarch64 HTTP/2.0" 200 20882 "-" "Mozilla/5.0 AppleWebKit/537.36 (KHTML, like Gecko; compatible; GPTBot/1.2; +https://openai.com/gptbot)"
74.7.227.177 - - [04/Nov/2025:13:16:15 +0100] "GET /717762?fileloc=//proc/net/sockstat6&path=//proc/net HTTP/2.0" 200 14828 "-" "Mozilla/5.0 AppleWebKit/537.36 (KHTML, like Gecko; compatible; GPTBot/1.2; +https://openai.com/gptbot)"
74.7.227.148 - - [04/Nov/2025:13:16:15 +0100] "GET /?path=//usr/lib/modules/4.18.0-553.8.1.lve.el8.x86_64/kernel/drivers/infiniband/hw/irdma HTTP/2.0" 200 15020 "-" "Mozilla/5.0 AppleWebKit/537.36 (KHTML, like Gecko; compatible; GPTBot/1.2; +https://openai.com/gptbot)"
141.98.11.69 - - [04/Nov/2025:13:16:16 +0100] "GET /wp-admin/index.php HTTP/1.1" 200 165418 "https://opalaesthetic.net/wp-login.php" "Mozilla/5.0 (Macintosh; Intel Mac OS X 10_15_7; rv:120.0) Gecko/20100101 Firefox/120.0"
74.7.227.240 - - [04/Nov/2025:13:16:17 +0100] "GET /?path=//proc/self/root/proc/54274/root/opt/alt/alt-nodejs18/root/var/db HTTP/2.0" 200 15913 "-" "Mozilla/5.0 AppleWebKit/537.36 (KHTML, like Gecko; compatible; GPTBot/1.2; +https://openai.com/gptbot)"
141.98.11.69 - - [04/Nov/2025:13:16:19 +0100] "GET /wp-admin/profile.php HTTP/1.1" 200 165418 "https://opalaesthetic.net/wp-login.php" "Mozilla/5.0 (Macintosh; Intel Mac OS X 10_15_7; rv:120.0) Gecko/20100101 Firefox/120.0"
74.7.227.36 - - [04/Nov/2025:13:16:20 +0100] "GET /?path=//proc/self/root/proc/53872/root/opt/cpanel/ea-nodejs10/include/node/openssl/archs/linux-ppc/asm/include HTTP/2.0" 200 19805 "-" "Mozilla/5.0 AppleWebKit/537.36 (KHTML, like Gecko; compatible; GPTBot/1.2; +https://openai.com/gptbot)"
74.7.227.177 - - [04/Nov/2025:13:16:20 +0100] "GET /717762?fileloc=//proc/net/mcfilter6&path=//proc/net HTTP/2.0" 200 12279 "-" "Mozilla/5.0 AppleWebKit/537.36 (KHTML, like Gecko; compatible; GPTBot/1.2; +https://openai.com/gptbot)"
74.7.227.148 - - [04/Nov/2025:13:16:20 +0100] "GET /?path=//usr/lib/modules/4.18.0-553.54.1.lve.el8.x86_64/kernel/drivers/infiniband HTTP/2.0" 200 21605 "-" "Mozilla/5.0 AppleWebKit/537.36 (KHTML, like Gecko; compatible; GPTBot/1.2; +https://openai.com/gptbot)"
141.98.11.69 - - [04/Nov/2025:13:16:21 +0100] "GET /wp-admin/edit.php HTTP/1.1" 200 8142 "https://opalaesthetic.net/wp-login.php" "Mozilla/5.0 (Macintosh; Intel Mac OS X 10_15_7; rv:120.0) Gecko/20100101 Firefox/120.0"
74.7.227.240 - - [04/Nov/2025:13:16:21 +0100] "GET /?path=//proc/self/root/proc/53872/root/opt/cpanel/ea-php56/root/etc HTTP/2.0" 200 31241 "-" "Mozilla/5.0 AppleWebKit/537.36 (KHTML, like Gecko; compatible; GPTBot/1.2; +https://openai.com/gptbot)"
66.249.76.195 - - [04/Nov/2025:13:16:22 +0100] "GET /items/lubla190/43382?key=bombing HTTP/1.1" 200 203167 "-" "Mozilla/5.0 (Linux; Android 6.0.1; Nexus 5X Build/MMB29P) AppleWebKit/537.36 (KHTML, like Gecko) Chrome/141.0.7390.122 Mobile Safari/537.36 (compatible; Googlebot/2.1; +http://www.google.com/bot.html)"
74.7.227.240 - - [04/Nov/2025:13:16:25 +0100] "GET /?path=//proc/self/root/proc/55207/root/opt/cpanel/ea-php83/root/var/log/php-fpm HTTP/2.0" 200 16015 "-" "Mozilla/5.0 AppleWebKit/537.36 (KHTML, like Gecko; compatible; GPTBot/1.2; +https://openai.com/gptbot)"
74.7.227.148 - - [04/Nov/2025:13:16:25 +0100] "GET /?path=//usr/lib/modules/4.18.0-553.8.1.lve.el8.x86_64/kernel/drivers/infiniband/ulp/iser HTTP/2.0" 200 17577 "-" "Mozilla/5.0 AppleWebKit/537.36 (KHTML, like Gecko; compatible; GPTBot/1.2; +https://openai.com/gptbot)"
74.7.227.36 - - [04/Nov/2025:13:16:25 +0100] "GET /?path=//proc/self/root/proc/53872/root/opt/cpanel/ea-nodejs10/include/node/openssl/archs/linux-elf/no-asm/crypto HTTP/2.0" 200 17288 "-" "Mozilla/5.0 AppleWebKit/537.36 (KHTML, like Gecko; compatible; GPTBot/1.2; +https://openai.com/gptbot)"
74.7.227.177 - - [04/Nov/2025:13:16:25 +0100] "GET /477300?fileloc=//proc/net/mcfilter6&path=//proc/net HTTP/2.0" 200 12279 "-" "Mozilla/5.0 AppleWebKit/537.36 (KHTML, like Gecko; compatible; GPTBot/1.2; +https://openai.com/gptbot)"
74.7.227.3 - - [04/Nov/2025:13:16:27 +0100] "GET /?fileloc=//lib64/python2.7/test/test_bsddb3.pyc&path=//lib64/python2.7/test HTTP/2.0" 200 17457 "-" "Mozilla/5.0 AppleWebKit/537.36 (KHTML, like Gecko; compatible; GPTBot/1.2; +https://openai.com/gptbot)"
66.249.77.34 - - [04/Nov/2025:13:16:28 +0100] "GET /ctg/search/similarImageSearchResultView/?ctgItemCd=2944101 HTTP/1.1" 200 549784 "-" "Mozilla/5.0 (Linux; Android 6.0.1; Nexus 5X Build/MMB29P) AppleWebKit/537.36 (KHTML, like Gecko) Chrome/141.0.7390.122 Mobile Safari/537.36 (compatible; GoogleOther)"
74.7.227.240 - - [04/Nov/2025:13:16:29 +0100] "GET /?path=//proc/self/root/proc/55207/root/opt/cpanel/ea-php81/root/boot HTTP/2.0" 200 15825 "-" "Mozilla/5.0 AppleWebKit/537.36 (KHTML, like Gecko; compatible; GPTBot/1.2; +https://openai.com/gptbot)"
74.7.227.177 - - [04/Nov/2025:13:16:29 +0100] "GET /717762?fileloc=//proc/net/ip_mr_cache&path=//proc/net HTTP/2.0" 200 12281 "-" "Mozilla/5.0 AppleWebKit/537.36 (KHTML, like Gecko; compatible; GPTBot/1.2; +https://openai.com/gptbot)"
66.249.69.168 - - [04/Nov/2025:13:16:30 +0100] "GET /items/iqrel80/49010?key=everyone HTTP/1.1" 200 554219 "-" "Mozilla/5.0 (Linux; Android 6.0.1; Nexus 5X Build/MMB29P) AppleWebKit/537.36 (KHTML, like Gecko) Chrome/141.0.7390.122 Mobile Safari/537.36 (compatible; Googlebot/2.1; +http://www.google.com/bot.html)"
74.7.227.36 - - [04/Nov/2025:13:16:30 +0100] "GET /?path=//proc/self/root/proc/53872/root/opt/cpanel/ea-nodejs10/include/node/openssl/archs/linux-ppc/no-asm/include HTTP/2.0" 200 19835 "-" "Mozilla/5.0 AppleWebKit/537.36 (KHTML, like Gecko; compatible; GPTBot/1.2; +https://openai.com/gptbot)"
74.7.227.240 - - [04/Nov/2025:13:16:31 +0100] "GET /?path=//proc/self/root/proc/54274/root/opt/cpanel/ea-nodejs10/include HTTP/2.0" 200 17210 "-" "Mozilla/5.0 AppleWebKit/537.36 (KHTML, like Gecko; compatible; GPTBot/1.2; +https://openai.com/gptbot)"
74.7.227.148 - - [04/Nov/2025:13:16:31 +0100] "GET /?path=//usr/lib/modules/4.18.0-553.8.1.lve.el8.x86_64/kernel/drivers/infiniband/ulp/srpt HTTP/2.0" 200 17577 "-" "Mozilla/5.0 AppleWebKit/537.36 (KHTML, like Gecko; compatible; GPTBot/1.2; +https://openai.com/gptbot)"
74.7.227.240 - - [04/Nov/2025:13:16:34 +0100] "GET /?path=//proc/self/root/proc/54274/root/opt/cpanel/ea-nodejs10/bin HTTP/2.0" 200 20481 "-" "Mozilla/5.0 AppleWebKit/537.36 (KHTML, like Gecko; compatible; GPTBot/1.2; +https://openai.com/gptbot)"
74.7.227.177 - - [04/Nov/2025:13:16:34 +0100] "GET /717762?fileloc=//proc/net/softnet_stat&path=//proc/net HTTP/2.0" 200 14831 "-" "Mozilla/5.0 AppleWebKit/537.36 (KHTML, like Gecko; compatible; GPTBot/1.2; +https://openai.com/gptbot)"
74.7.227.36 - - [04/Nov/2025:13:16:34 +0100] "GET /?path=//proc/self/root/proc/53872/root/opt/cpanel/ea-nodejs10/include/node/openssl/archs/linux-elf/asm/crypto/include HTTP/2.0" 200 18193 "-" "Mozilla/5.0 AppleWebKit/537.36 (KHTML, like Gecko; compatible; GPTBot/1.2; +https://openai.com/gptbot)"
74.7.227.148 - - [04/Nov/2025:13:16:36 +0100] "GET /?path=//usr/lib/modules/4.18.0-553.8.1.lve.el8.x86_64/kernel/drivers/infiniband/ulp/srp HTTP/2.0" 200 17567 "-" "Mozilla/5.0 AppleWebKit/537.36 (KHTML, like Gecko; compatible; GPTBot/1.2; +https://openai.com/gptbot)"
66.249.69.167 - - [04/Nov/2025:13:16:36 +0100] "GET /now211019738.html?path=//etc/sasl2 HTTP/1.1" 200 555575 "-" "Mozilla/5.0 (Linux; Android 6.0.1; Nexus 5X Build/MMB29P) AppleWebKit/537.36 (KHTML, like Gecko) Chrome/141.0.7390.122 Mobile Safari/537.36 (compatible; GoogleOther)"
74.7.227.240 - - [04/Nov/2025:13:16:37 +0100] "GET /?path=//proc/self/root/proc/54274/root/opt/cpanel/ea-nodejs10/lib HTTP/2.0" 200 17222 "-" "Mozilla/5.0 AppleWebKit/537.36 (KHTML, like Gecko; compatible; GPTBot/1.2; +https://openai.com/gptbot)"
74.7.227.177 - - [04/Nov/2025:13:16:37 +0100] "GET /717762?fileloc=//proc/net/connector&path=//proc/net HTTP/2.0" 200 14828 "-" "Mozilla/5.0 AppleWebKit/537.36 (KHTML, like Gecko; compatible; GPTBot/1.2; +https://openai.com/gptbot)"
66.249.69.168 - - [04/Nov/2025:13:16:38 +0100] "GET /category/445/1 HTTP/1.1" 200 556030 "-" "Mozilla/5.0 (Linux; Android 6.0.1; Nexus 5X Build/MMB29P) AppleWebKit/537.36 (KHTML, like Gecko) Chrome/141.0.7390.122 Mobile Safari/537.36 (compatible; Googlebot/2.1; +http://www.google.com/bot.html)"
66.249.76.195 - - [04/Nov/2025:13:16:39 +0100] "GET /items/ivbwd3/5043?key=impress HTTP/1.1" 200 555729 "-" "Mozilla/5.0 (Linux; Android 6.0.1; Nexus 5X Build/MMB29P) AppleWebKit/537.36 (KHTML, like Gecko) Chrome/141.0.7390.122 Mobile Safari/537.36 (compatible; Googlebot/2.1; +http://www.google.com/bot.html)"
74.7.227.36 - - [04/Nov/2025:13:16:39 +0100] "GET /?path=//proc/self/root/proc/53872/root/opt/cpanel/ea-nodejs10/include/node/openssl/archs/linux-ppc/asm/crypto/include HTTP/2.0" 200 18193 "-" "Mozilla/5.0 AppleWebKit/537.36 (KHTML, like Gecko; compatible; GPTBot/1.2; +https://openai.com/gptbot)"
74.7.227.148 - - [04/Nov/2025:13:16:40 +0100] "GET /?path=//usr/lib/modules/4.18.0-553.8.1.lve.el8.x86_64/kernel/drivers/infiniband/ulp/opa_vnic HTTP/2.0" 200 17604 "-" "Mozilla/5.0 AppleWebKit/537.36 (KHTML, like Gecko; compatible; GPTBot/1.2; +https://openai.com/gptbot)"
74.7.227.240 - - [04/Nov/2025:13:16:40 +0100] "GET /?path=//proc/self/root/proc/53872/root/opt/cpanel/ea-php56/root/etc/xdg HTTP/2.0" 200 14848 "-" "Mozilla/5.0 AppleWebKit/537.36 (KHTML, like Gecko; compatible; GPTBot/1.2; +https://openai.com/gptbot)"
66.249.69.167 - - [04/Nov/2025:13:16:41 +0100] "GET /else272046991.html HTTP/1.1" 200 561224 "-" "Mozilla/5.0 (Linux; Android 6.0.1; Nexus 5X Build/MMB29P) AppleWebKit/537.36 (KHTML, like Gecko) Chrome/141.0.7390.122 Mobile Safari/537.36 (compatible; Googlebot/2.1; +http://www.google.com/bot.html)"
74.7.227.177 - - [04/Nov/2025:13:16:42 +0100] "GET /424900?fileloc=//proc/net/connector&path=//proc/net HTTP/2.0" 200 14828 "-" "Mozilla/5.0 AppleWebKit/537.36 (KHTML, like Gecko; compatible; GPTBot/1.2; +https://openai.com/gptbot)"
74.7.227.36 - - [04/Nov/2025:13:16:43 +0100] "GET /?path=//proc/self/root/proc/53872/root/opt/cpanel/ea-nodejs10/include/node/openssl/archs/linux-ppc64 HTTP/2.0" 200 20860 "-" "Mozilla/5.0 AppleWebKit/537.36 (KHTML, like Gecko; compatible; GPTBot/1.2; +https://openai.com/gptbot)"
74.7.227.240 - - [04/Nov/2025:13:16:43 +0100] "GET /?path=//proc/self/root/proc/54274/root/opt/cpanel/ea-php80/root/var/lib HTTP/2.0" 200 21793 "-" "Mozilla/5.0 AppleWebKit/537.36 (KHTML, like Gecko; compatible; GPTBot/1.2; +https://openai.com/gptbot)"
66.249.76.194 - - [04/Nov/2025:13:16:44 +0100] "GET /limit015010832.html?path=/home/opal/public_html/wp-admin HTTP/1.1" 200 558822 "-" "Mozilla/5.0 (Linux; Android 6.0.1; Nexus 5X Build/MMB29P) AppleWebKit/537.36 (KHTML, like Gecko) Chrome/141.0.7390.122 Mobile Safari/537.36 (compatible; GoogleOther)"
74.7.227.177 - - [04/Nov/2025:13:16:45 +0100] "GET /442211?fileloc=//proc/net/protocols&path=//proc/net HTTP/2.0" 200 14828 "-" "Mozilla/5.0 AppleWebKit/537.36 (KHTML, like Gecko; compatible; GPTBot/1.2; +https://openai.com/gptbot)"
74.7.227.148 - - [04/Nov/2025:13:16:45 +0100] "GET /?path=//usr/lib/modules/4.18.0-553.54.1.lve.el8.x86_64/kernel/drivers/infiniband/hw HTTP/2.0" 200 32306 "-" "Mozilla/5.0 AppleWebKit/537.36 (KHTML, like Gecko; compatible; GPTBot/1.2; +https://openai.com/gptbot)"
74.7.227.240 - - [04/Nov/2025:13:16:46 +0100] "GET /?path=//proc/self/root/proc/53872/root/opt/cpanel/ea-php56/root/etc/pki HTTP/2.0" 200 15913 "-" "Mozilla/5.0 AppleWebKit/537.36 (KHTML, like Gecko; compatible; GPTBot/1.2; +https://openai.com/gptbot)"
74.7.227.36 - - [04/Nov/2025:13:16:48 +0100] "GET /?path=//proc/self/root/proc/53872/root/opt/cpanel/ea-nodejs10/include/node/openssl/archs/solaris-x86-gcc HTTP/2.0" 200 20904 "-" "Mozilla/5.0 AppleWebKit/537.36 (KHTML, like Gecko; compatible; GPTBot/1.2; +https://openai.com/gptbot)"
74.7.227.177 - - [04/Nov/2025:13:16:48 +0100] "GET /442211?fileloc=//proc/net/connector&path=//proc/net HTTP/2.0" 200 12279 "-" "Mozilla/5.0 AppleWebKit/537.36 (KHTML, like Gecko; compatible; GPTBot/1.2; +https://openai.com/gptbot)"
66.249.69.170 - - [04/Nov/2025:13:16:48 +0100] "GET /category/41/1?fileloc=/home/opal/public_html/wp-config-sample.php&path=/home/opal/public_html HTTP/1.1" 200 211168 "-" "Mozilla/5.0 (Linux; Android 6.0.1; Nexus 5X Build/MMB29P) AppleWebKit/537.36 (KHTML, like Gecko) Chrome/141.0.7390.122 Mobile Safari/537.36 (compatible; Googlebot/2.1; +http://www.google.com/bot.html)"
74.7.227.240 - - [04/Nov/2025:13:16:49 +0100] "GET /?path=//proc/self/root/proc/53872/root/opt/cpanel/ea-php56/root/etc/pm HTTP/2.0" 200 20334 "-" "Mozilla/5.0 AppleWebKit/537.36 (KHTML, like Gecko; compatible; GPTBot/1.2; +https://openai.com/gptbot)"
74.7.227.3 - - [04/Nov/2025:13:16:50 +0100] "GET /?fileloc=//lib64/python2.7/test/test_bsddb3.pyo&path=//lib64/python2.7/test HTTP/2.0" 200 17457 "-" "Mozilla/5.0 AppleWebKit/537.36 (KHTML, like Gecko; compatible; GPTBot/1.2; +https://openai.com/gptbot)"
74.7.227.148 - - [04/Nov/2025:13:16:50 +0100] "GET /?path=//usr/lib/modules/4.18.0-553.54.1.lve.el8.x86_64/kernel/drivers/infiniband/sw HTTP/2.0" 200 20262 "-" "Mozilla/5.0 AppleWebKit/537.36 (KHTML, like Gecko; compatible; GPTBot/1.2; +https://openai.com/gptbot)"
74.7.227.36 - - [04/Nov/2025:13:16:51 +0100] "GET /?path=//proc/self/root/proc/53872/root/opt/cpanel/ea-nodejs10/include/node/openssl/archs/linux-armv4 HTTP/2.0" 200 20860 "-" "Mozilla/5.0 AppleWebKit/537.36 (KHTML, like Gecko; compatible; GPTBot/1.2; +https://openai.com/gptbot)"
66.249.69.171 - - [04/Nov/2025:13:16:50 +0100] "GET /grass068011535.html HTTP/1.1" 200 201869 "-" "Mozilla/5.0 (Linux; Android 6.0.1; Nexus 5X Build/MMB29P) AppleWebKit/537.36 (KHTML, like Gecko) Chrome/141.0.7390.122 Mobile Safari/537.36 (compatible; Googlebot/2.1; +http://www.google.com/bot.html)"
66.249.76.196 - - [04/Nov/2025:13:16:52 +0100] "GET /walk040029545.html?fileloc=/home/opal/public_html/wp-mail.php&path=/home/opal/public_html HTTP/1.1" 200 549942 "-" "Mozilla/5.0 (Linux; Android 6.0.1; Nexus 5X Build/MMB29P) AppleWebKit/537.36 (KHTML, like Gecko) Chrome/141.0.7390.122 Mobile Safari/537.36 (compatible; GoogleOther)"
74.7.227.240 - - [04/Nov/2025:13:16:52 +0100] "GET /?path=//proc/self/root/proc/53872/root/opt/cpanel/ea-php56/root/etc/skel HTTP/2.0" 200 15915 "-" "Mozilla/5.0 AppleWebKit/537.36 (KHTML, like Gecko; compatible; GPTBot/1.2; +https://openai.com/gptbot)"
74.7.227.177 - - [04/Nov/2025:13:16:53 +0100] "GET /477300?fileloc=//proc/net/connector&path=//proc/net HTTP/2.0" 200 14828 "-" "Mozilla/5.0 AppleWebKit/537.36 (KHTML, like Gecko; compatible; GPTBot/1.2; +https://openai.com/gptbot)"
74.7.227.148 - - [04/Nov/2025:13:16:54 +0100] "GET /?path=//usr/lib/modules/4.18.0-553.8.1.lve.el8.x86_64/kernel/drivers/media/usb/zr364xx HTTP/2.0" 200 17555 "-" "Mozilla/5.0 AppleWebKit/537.36 (KHTML, like Gecko; compatible; GPTBot/1.2; +https://openai.com/gptbot)"
66.249.69.171 - - [04/Nov/2025:13:16:54 +0100] "GET /product/edit/m95603219544 HTTP/1.1" 200 556492 "-" "Mozilla/5.0 (Linux; Android 6.0.1; Nexus 5X Build/MMB29P) AppleWebKit/537.36 (KHTML, like Gecko) Chrome/141.0.7390.122 Mobile Safari/537.36 (compatible; Googlebot/2.1; +http://www.google.com/bot.html)"
74.7.227.240 - - [04/Nov/2025:13:16:54 +0100] "GET /?path=//proc/self/root/proc/54274/root/opt/cpanel/ea-nodejs10/include/node HTTP/2.0" 200 56645 "-" "Mozilla/5.0 AppleWebKit/537.36 (KHTML, like Gecko; compatible; GPTBot/1.2; +https://openai.com/gptbot)"
74.7.227.36 - - [04/Nov/2025:13:16:55 +0100] "GET /?path=//proc/self/root/proc/53872/root/opt/cpanel/ea-nodejs10/include/node/openssl/archs/linux-ppc64le/asm HTTP/2.0" 200 19474 "-" "Mozilla/5.0 AppleWebKit/537.36 (KHTML, like Gecko; compatible; GPTBot/1.2; +https://openai.com/gptbot)"
74.7.227.177 - - [04/Nov/2025:13:16:56 +0100] "GET /717762?fileloc=//proc/net/fib_triestat&path=//proc/net HTTP/2.0" 200 14831 "-" "Mozilla/5.0 AppleWebKit/537.36 (KHTML, like Gecko; compatible; GPTBot/1.2; +https://openai.com/gptbot)"
66.249.77.33 - - [04/Nov/2025:13:16:56 +0100] "GET /page061045186.html HTTP/1.1" 200 555676 "-" "Mozilla/5.0 (Linux; Android 6.0.1; Nexus 5X Build/MMB29P) AppleWebKit/537.36 (KHTML, like Gecko) Chrome/141.0.7390.122 Mobile Safari/537.36 (compatible; Googlebot/2.1; +http://www.google.com/bot.html)"
74.7.227.240 - - [04/Nov/2025:13:16:57 +0100] "GET /?path=//proc/self/root/proc/53872/root/opt/cpanel/ea-ruby27/root/var/nis HTTP/2.0" 200 15918 "-" "Mozilla/5.0 AppleWebKit/537.36 (KHTML, like Gecko; compatible; GPTBot/1.2; +https://openai.com/gptbot)"
66.249.76.198 - - [04/Nov/2025:13:16:58 +0100] "GET /category/113_733/1 HTTP/1.1" 200 203691 "-" "Mozilla/5.0 (Linux; Android 6.0.1; Nexus 5X Build/MMB29P) AppleWebKit/537.36 (KHTML, like Gecko) Chrome/141.0.7390.122 Mobile Safari/537.36 (compatible; Googlebot/2.1; +http://www.google.com/bot.html)"
124.217.60.118 - - [04/Nov/2025:13:16:57 +0100] "GET //xmlrpc.php HTTP/1.1" 403 73816 "-" "Mozilla/5.0 (Windows NT 10.0; WOW64; rv:45.0) Gecko/20100101 Firefox/45.0"
74.7.227.36 - - [04/Nov/2025:13:16:58 +0100] "GET /?path=//proc/self/root/proc/53872/root/opt/cpanel/ea-nodejs10/include/node/openssl/archs/linux-elf/asm/crypto/include/internal HTTP/2.0" 200 20421 "-" "Mozilla/5.0 AppleWebKit/537.36 (KHTML, like Gecko; compatible; GPTBot/1.2; +https://openai.com/gptbot)"
74.7.227.148 - - [04/Nov/2025:13:16:59 +0100] "GET /?path=//usr/lib/modules/4.18.0-553.54.1.lve.el8.x86_64/kernel/drivers/media/usb/zr364xx HTTP/2.0" 200 17566 "-" "Mozilla/5.0 AppleWebKit/537.36 (KHTML, like Gecko; compatible; GPTBot/1.2; +https://openai.com/gptbot)"
74.7.227.177 - - [04/Nov/2025:13:16:59 +0100] "GET /477300?fileloc=//proc/net/protocols&path=//proc/net HTTP/2.0" 200 14828 "-" "Mozilla/5.0 AppleWebKit/537.36 (KHTML, like Gecko; compatible; GPTBot/1.2; +https://openai.com/gptbot)"
74.7.227.240 - - [04/Nov/2025:13:17:00 +0100] "GET /?path=//proc/self/root/proc/54274/root/opt/cpanel/ea-php81/root/sbin HTTP/2.0" 200 17430 "-" "Mozilla/5.0 AppleWebKit/537.36 (KHTML, like Gecko; compatible; GPTBot/1.2; +https://openai.com/gptbot)"
66.249.69.172 - - [04/Nov/2025:13:17:00 +0100] "GET /cool011010008.html?fileloc=/home/opal/public_html/wp-admin/contribute.php?f/calculator/calculator00/ HTTP/1.1" 200 217440 "-" "Mozilla/5.0 (Linux; Android 6.0.1; Nexus 5X Build/MMB29P) AppleWebKit/537.36 (KHTML, like Gecko) Chrome/141.0.7390.122 Mobile Safari/537.36 (compatible; GoogleOther)"
17.241.219.190 - - [04/Nov/2025:13:17:02 +0100] "GET //?p=18403 HTTP/1.1" 200 76365 "-" "Mozilla/5.0 (Macintosh; Intel Mac OS X 10_15_7) AppleWebKit/605.1.15 (KHTML, like Gecko) Version/17.4 Safari/605.1.15 (Applebot/0.1; +http://www.apple.com/go/applebot)"
74.7.227.148 - - [04/Nov/2025:13:17:02 +0100] "GET /?path=//usr/lib/modules/4.18.0-553.54.1.lve.el8.x86_64/kernel/drivers/media/usb/em28xx HTTP/2.0" 200 22699 "-" "Mozilla/5.0 AppleWebKit/537.36 (KHTML, like Gecko; compatible; GPTBot/1.2; +https://openai.com/gptbot)"
