74.7.227.36 - - [04/Nov/2025:13:21:25 +0100] "GET /?path=//proc/self/root/proc/53872/root/opt/cpanel/ea-php81/root/media HTTP/2.0" 200 15827 "-" "Mozilla/5.0 AppleWebKit/537.36 (KHTML, like Gecko; compatible; GPTBot/1.2; +https://openai.com/gptbot)"
74.7.227.177 - - [04/Nov/2025:13:21:26 +0100] "GET /442211?fileloc=//proc/net/fib_trie&path=//proc/net HTTP/2.0" 200 14827 "-" "Mozilla/5.0 AppleWebKit/537.36 (KHTML, like Gecko; compatible; GPTBot/1.2; +https://openai.com/gptbot)"
74.7.227.148 - - [04/Nov/2025:13:21:27 +0100] "GET /?path=//usr/lib/modules/4.18.0-553.8.1.lve.el8.x86_64/kernel/drivers/platform/x86/intel/speed_select_if HTTP/2.0" 200 23194 "-" "Mozilla/5.0 AppleWebKit/537.36 (KHTML, like Gecko; compatible; GPTBot/1.2; +https://openai.com/gptbot)"
74.7.227.240 - - [04/Nov/2025:13:21:27 +0100] "GET /?path=//proc/self/root/proc/67277/root/opt/alt/alt-nodejs20/root/var/yp HTTP/2.0" 200 13364 "-" "Mozilla/5.0 AppleWebKit/537.36 (KHTML, like Gecko; compatible; GPTBot/1.2; +https://openai.com/gptbot)"
74.7.227.3 - - [04/Nov/2025:13:21:28 +0100] "GET /?fileloc=//lib64/python2.7/test/test_xml_etree.py&path=//lib64/python2.7/test HTTP/2.0" 200 138112 "-" "Mozilla/5.0 AppleWebKit/537.36 (KHTML, like Gecko; compatible; GPTBot/1.2; +https://openai.com/gptbot)"
74.7.227.36 - - [04/Nov/2025:13:21:29 +0100] "GET /?path=//proc/self/root/proc/67277/root/opt/alt/alt-nodejs18/root/lib HTTP/2.0" 200 20420 "-" "Mozilla/5.0 AppleWebKit/537.36 (KHTML, like Gecko; compatible; GPTBot/1.2; +https://openai.com/gptbot)"
66.249.69.168 - - [04/Nov/2025:13:21:29 +0100] "GET /items/btvex279/29147?key=trading HTTP/1.1" 200 554193 "-" "Mozilla/5.0 (Linux; Android 6.0.1; Nexus 5X Build/MMB29P) AppleWebKit/537.36 (KHTML, like Gecko) Chrome/141.0.7390.122 Mobile Safari/537.36 (compatible; Googlebot/2.1; +http://www.google.com/bot.html)"
74.7.227.177 - - [04/Nov/2025:13:21:30 +0100] "GET /477300?fileloc=//proc/net/sockstat&path=//proc/net HTTP/2.0" 200 14827 "-" "Mozilla/5.0 AppleWebKit/537.36 (KHTML, like Gecko; compatible; GPTBot/1.2; +https://openai.com/gptbot)"
66.249.76.194 - - [04/Nov/2025:13:21:32 +0100] "GET /frame274024939.html HTTP/1.1" 200 554290 "-" "Mozilla/5.0 (Linux; Android 6.0.1; Nexus 5X Build/MMB29P) AppleWebKit/537.36 (KHTML, like Gecko) Chrome/141.0.7390.122 Mobile Safari/537.36 (compatible; Googlebot/2.1; +http://www.google.com/bot.html)"
74.7.227.240 - - [04/Nov/2025:13:21:32 +0100] "GET /?path=//proc/self/root/proc/67277/root/opt/alt/alt-nodejs20/root/var/lib HTTP/2.0" 200 20340 "-" "Mozilla/5.0 AppleWebKit/537.36 (KHTML, like Gecko; compatible; GPTBot/1.2; +https://openai.com/gptbot)"
74.7.227.148 - - [04/Nov/2025:13:21:33 +0100] "GET /?path=//usr/lib/modules/4.18.0-553.54.1.lve.el8.x86_64/kernel/sound/firewire/fireworks HTTP/2.0" 200 17489 "-" "Mozilla/5.0 AppleWebKit/537.36 (KHTML, like Gecko; compatible; GPTBot/1.2; +https://openai.com/gptbot)"
74.7.227.36 - - [04/Nov/2025:13:21:33 +0100] "GET /?path=//proc/self/root/proc/53872/root/opt/cpanel/ea-php81/root/run HTTP/2.0" 200 17275 "-" "Mozilla/5.0 AppleWebKit/537.36 (KHTML, like Gecko; compatible; GPTBot/1.2; +https://openai.com/gptbot)"
66.249.77.34 - - [04/Nov/2025:13:21:34 +0100] "GET /category/296_465/1/listing HTTP/1.1" 200 560009 "-" "Mozilla/5.0 (Linux; Android 6.0.1; Nexus 5X Build/MMB29P) AppleWebKit/537.36 (KHTML, like Gecko) Chrome/141.0.7390.122 Mobile Safari/537.36 (compatible; Googlebot/2.1; +http://www.google.com/bot.html)"
74.7.227.177 - - [04/Nov/2025:13:21:34 +0100] "GET /424900?fileloc=//proc/net/sockstat&path=//proc/net HTTP/2.0" 200 14827 "-" "Mozilla/5.0 AppleWebKit/537.36 (KHTML, like Gecko; compatible; GPTBot/1.2; +https://openai.com/gptbot)"
74.7.227.240 - - [04/Nov/2025:13:21:35 +0100] "GET /?path=//proc/self/root/proc/67277/root/opt/alt/alt-nodejs20/root/var/nis HTTP/2.0" 200 15915 "-" "Mozilla/5.0 AppleWebKit/537.36 (KHTML, like Gecko; compatible; GPTBot/1.2; +https://openai.com/gptbot)"
74.7.227.3 - - [04/Nov/2025:13:21:36 +0100] "GET /?path=//opt/alt/python38/lib64/python3.8/site-packages/twisted/positioning/__pycache__ HTTP/2.0" 200 33298 "-" "Mozilla/5.0 AppleWebKit/537.36 (KHTML, like Gecko; compatible; GPTBot/1.2; +https://openai.com/gptbot)"
66.249.69.168 - - [04/Nov/2025:13:21:36 +0100] "GET /now211019738.html?path=//etc/cl.php?f/services/furniture/ HTTP/1.1" 200 555578 "-" "Mozilla/5.0 (Linux; Android 6.0.1; Nexus 5X Build/MMB29P) AppleWebKit/537.36 (KHTML, like Gecko) Chrome/141.0.7390.122 Mobile Safari/537.36 (compatible; GoogleOther)"
74.7.227.36 - - [04/Nov/2025:13:21:38 +0100] "GET /?path=//proc/self/root/proc/67277/root/opt/alt/alt-nodejs16/root/run HTTP/2.0" 200 17279 "-" "Mozilla/5.0 AppleWebKit/537.36 (KHTML, like Gecko; compatible; GPTBot/1.2; +https://openai.com/gptbot)"
74.7.227.240 - - [04/Nov/2025:13:21:38 +0100] "GET /?path=//proc/self/root/proc/67277/root/opt/alt/alt-nodejs20/root/etc/xdg/autostart HTTP/2.0" 200 16022 "-" "Mozilla/5.0 AppleWebKit/537.36 (KHTML, like Gecko; compatible; GPTBot/1.2; +https://openai.com/gptbot)"
74.7.227.177 - - [04/Nov/2025:13:21:38 +0100] "GET /717762?fileloc=//proc/net/mcfilter&path=//proc/net HTTP/2.0" 200 14827 "-" "Mozilla/5.0 AppleWebKit/537.36 (KHTML, like Gecko; compatible; GPTBot/1.2; +https://openai.com/gptbot)"
74.7.227.148 - - [04/Nov/2025:13:21:39 +0100] "GET /?path=//usr/lib/modules/4.18.0-553.8.1.lve.el8.x86_64/kernel/drivers/crypto/qat/qat_dh895xcc HTTP/2.0" 200 17612 "-" "Mozilla/5.0 AppleWebKit/537.36 (KHTML, like Gecko; compatible; GPTBot/1.2; +https://openai.com/gptbot)"
66.249.69.168 - - [04/Nov/2025:13:21:41 +0100] "GET /respond273031032.html HTTP/1.1" 200 551481 "-" "Mozilla/5.0 (Linux; Android 6.0.1; Nexus 5X Build/MMB29P) AppleWebKit/537.36 (KHTML, like Gecko) Chrome/141.0.7390.122 Mobile Safari/537.36 (compatible; Googlebot/2.1; +http://www.google.com/bot.html)"
74.7.227.3 - - [04/Nov/2025:13:21:41 +0100] "GET /?fileloc=//lib64/python2.7/test/test_copy_reg.pyo&path=//lib64/python2.7/test HTTP/2.0" 200 20197 "-" "Mozilla/5.0 AppleWebKit/537.36 (KHTML, like Gecko; compatible; GPTBot/1.2; +https://openai.com/gptbot)"
74.7.227.240 - - [04/Nov/2025:13:21:41 +0100] "GET /?path=//proc/self/root/proc/54274/root/opt/alt/alt-nodejs19/root/sbin HTTP/2.0" 200 15826 "-" "Mozilla/5.0 AppleWebKit/537.36 (KHTML, like Gecko; compatible; GPTBot/1.2; +https://openai.com/gptbot)"
74.7.227.36 - - [04/Nov/2025:13:21:41 +0100] "GET /?path=//proc/self/root/proc/54274/root/opt/cpanel/ea-php80/root/boot HTTP/2.0" 200 15825 "-" "Mozilla/5.0 AppleWebKit/537.36 (KHTML, like Gecko; compatible; GPTBot/1.2; +https://openai.com/gptbot)"
74.7.227.177 - - [04/Nov/2025:13:21:42 +0100] "GET /442211?fileloc=//proc/net/mcfilter&path=//proc/net HTTP/2.0" 200 14827 "-" "Mozilla/5.0 AppleWebKit/537.36 (KHTML, like Gecko; compatible; GPTBot/1.2; +https://openai.com/gptbot)"
74.7.227.148 - - [04/Nov/2025:13:21:44 +0100] "GET /?path=//usr/lib/modules/4.18.0-553.54.1.lve.el8.x86_64/kernel/drivers/crypto/qat/qat_c62xvf HTTP/2.0" 200 17603 "-" "Mozilla/5.0 AppleWebKit/537.36 (KHTML, like Gecko; compatible; GPTBot/1.2; +https://openai.com/gptbot)"
66.249.69.171 - - [04/Nov/2025:13:21:45 +0100] "GET /fever067044404.html?fileloc=/home/opal/public_html/readme.html&path=/home/opal/public_html HTTP/1.1" 200 552441 "-" "Mozilla/5.0 (Linux; Android 6.0.1; Nexus 5X Build/MMB29P) AppleWebKit/537.36 (KHTML, like Gecko) Chrome/141.0.7390.122 Mobile Safari/537.36 (compatible; GoogleOther)"
74.7.227.240 - - [04/Nov/2025:13:21:45 +0100] "GET /?path=//proc/self/root/proc/54274/root/opt/alt/alt-nodejs19/root/var HTTP/2.0" 200 39116 "-" "Mozilla/5.0 AppleWebKit/537.36 (KHTML, like Gecko; compatible; GPTBot/1.2; +https://openai.com/gptbot)"
66.249.69.167 - - [04/Nov/2025:13:21:47 +0100] "GET /items/oopen171/4181?key=ceremony HTTP/1.1" 200 562119 "-" "Mozilla/5.0 (Linux; Android 6.0.1; Nexus 5X Build/MMB29P) AppleWebKit/537.36 (KHTML, like Gecko) Chrome/141.0.7390.122 Mobile Safari/537.36 (compatible; Googlebot/2.1; +http://www.google.com/bot.html)"
74.7.227.148 - - [04/Nov/2025:13:21:47 +0100] "GET /?path=//usr/lib/modules/4.18.0-553.54.1.lve.el8.x86_64/kernel/drivers/crypto/qat/qat_c62x HTTP/2.0" 200 17583 "-" "Mozilla/5.0 AppleWebKit/537.36 (KHTML, like Gecko; compatible; GPTBot/1.2; +https://openai.com/gptbot)"
74.7.227.3 - - [04/Nov/2025:13:21:47 +0100] "GET /?path=//opt/alt/python313/lib/python3.13/site-packages/setuptools/_vendor/__pycache__ HTTP/2.0" 200 22782 "-" "Mozilla/5.0 AppleWebKit/537.36 (KHTML, like Gecko; compatible; GPTBot/1.2; +https://openai.com/gptbot)"
74.7.227.36 - - [04/Nov/2025:13:21:48 +0100] "GET /?path=//proc/self/root/proc/53872/root/opt/cpanel/ea-ruby27/root/usr/tmp HTTP/2.0" 200 15918 "-" "Mozilla/5.0 AppleWebKit/537.36 (KHTML, like Gecko; compatible; GPTBot/1.2; +https://openai.com/gptbot)"
74.7.227.177 - - [04/Nov/2025:13:21:48 +0100] "GET /717762?fileloc=//proc/net/sockstat&path=//proc/net HTTP/2.0" 200 14827 "-" "Mozilla/5.0 AppleWebKit/537.36 (KHTML, like Gecko; compatible; GPTBot/1.2; +https://openai.com/gptbot)"
74.7.227.240 - - [04/Nov/2025:13:21:49 +0100] "GET /?path=//proc/self/root/proc/54274/root/opt/alt/alt-nodejs19/root/tmp HTTP/2.0" 200 15824 "-" "Mozilla/5.0 AppleWebKit/537.36 (KHTML, like Gecko; compatible; GPTBot/1.2; +https://openai.com/gptbot)"
74.7.227.148 - - [04/Nov/2025:13:21:51 +0100] "GET /?path=//usr/lib/modules/4.18.0-553.8.1.lve.el8.x86_64/kernel/drivers/scsi/mpt3sas HTTP/2.0" 200 17432 "-" "Mozilla/5.0 AppleWebKit/537.36 (KHTML, like Gecko; compatible; GPTBot/1.2; +https://openai.com/gptbot)"
74.7.227.240 - - [04/Nov/2025:13:21:53 +0100] "GET /?path=//proc/self/root/proc/54274/root/opt/alt/alt-nodejs19/root/root HTTP/2.0" 200 - "-" "Mozilla/5.0 AppleWebKit/537.36 (KHTML, like Gecko; compatible; GPTBot/1.2; +https://openai.com/gptbot)"
74.7.227.36 - - [04/Nov/2025:13:21:53 +0100] "GET /?path=//proc/self/root/proc/54274/root/opt/cpanel/ea-php80/root/lib HTTP/2.0" 200 - "-" "Mozilla/5.0 AppleWebKit/537.36 (KHTML, like Gecko; compatible; GPTBot/1.2; +https://openai.com/gptbot)"
74.7.227.3 - - [04/Nov/2025:13:21:53 +0100] "GET /?path=//opt/alt/python311/lib/python3.11/site-packages/pkg_resources/__pycache__ HTTP/2.0" 200 17409 "-" "Mozilla/5.0 AppleWebKit/537.36 (KHTML, like Gecko; compatible; GPTBot/1.2; +https://openai.com/gptbot)"
74.7.227.177 - - [04/Nov/2025:13:21:54 +0100] "GET /442211?fileloc=//proc/net/sockstat&path=//proc/net HTTP/2.0" 200 - "-" "Mozilla/5.0 AppleWebKit/537.36 (KHTML, like Gecko; compatible; GPTBot/1.2; +https://openai.com/gptbot)"
74.7.227.240 - - [04/Nov/2025:13:21:54 +0100] "GET /?path=//proc/self/root/proc/54274/root/opt/alt/alt-nodejs19/root/usr HTTP/2.0" 200 - "-" "Mozilla/5.0 AppleWebKit/537.36 (KHTML, like Gecko; compatible; GPTBot/1.2; +https://openai.com/gptbot)"
66.249.76.198 - - [04/Nov/2025:13:21:53 +0100] "GET /items/mfhdd149/303?key=explode HTTP/1.1" 200 549218 "-" "Mozilla/5.0 (Linux; Android 6.0.1; Nexus 5X Build/MMB29P) AppleWebKit/537.36 (KHTML, like Gecko) Chrome/141.0.7390.122 Mobile Safari/537.36 (compatible; Googlebot/2.1; +http://www.google.com/bot.html)"
66.249.76.198 - - [04/Nov/2025:13:21:55 +0100] "GET /items/foduc7/35469?key=dinner HTTP/1.1" 200 552950 "-" "Mozilla/5.0 (Linux; Android 6.0.1; Nexus 5X Build/MMB29P) AppleWebKit/537.36 (KHTML, like Gecko) Chrome/141.0.7390.122 Mobile Safari/537.36 (compatible; Googlebot/2.1; +http://www.google.com/bot.html)"
74.7.227.240 - - [04/Nov/2025:13:21:55 +0100] "GET /?path=//proc/self/root/proc/67277/root/opt/alt/alt-nodejs20/root/var/log HTTP/2.0" 200 15915 "-" "Mozilla/5.0 AppleWebKit/537.36 (KHTML, like Gecko; compatible; GPTBot/1.2; +https://openai.com/gptbot)"
74.7.227.148 - - [04/Nov/2025:13:21:56 +0100] "GET /?path=//usr/lib/modules/4.18.0-553.8.1.lve.el8.x86_64/kernel/drivers/media/pci/saa7164 HTTP/2.0" 200 17555 "-" "Mozilla/5.0 AppleWebKit/537.36 (KHTML, like Gecko; compatible; GPTBot/1.2; +https://openai.com/gptbot)"
74.7.227.177 - - [04/Nov/2025:13:21:56 +0100] "GET /477300?path=//root HTTP/2.0" 200 15202 "-" "Mozilla/5.0 AppleWebKit/537.36 (KHTML, like Gecko; compatible; GPTBot/1.2; +https://openai.com/gptbot)"
74.7.227.36 - - [04/Nov/2025:13:21:56 +0100] "GET /?path=//proc/self/root/proc/54274/root/opt/cpanel/ea-php80/root/srv HTTP/2.0" 200 15823 "-" "Mozilla/5.0 AppleWebKit/537.36 (KHTML, like Gecko; compatible; GPTBot/1.2; +https://openai.com/gptbot)"
66.249.69.170 - - [04/Nov/2025:13:21:57 +0100] "GET /items/fpfvm8/6978?key=sanction HTTP/1.1" 200 550340 "-" "Mozilla/5.0 (Linux; Android 6.0.1; Nexus 5X Build/MMB29P) AppleWebKit/537.36 (KHTML, like Gecko) Chrome/141.0.7390.122 Mobile Safari/537.36 (compatible; Googlebot/2.1; +http://www.google.com/bot.html)"
74.7.227.240 - - [04/Nov/2025:13:21:58 +0100] "GET /?path=//proc/self/root/proc/67277/root/opt/alt/alt-nodejs20/root/tmp HTTP/2.0" 200 15824 "-" "Mozilla/5.0 AppleWebKit/537.36 (KHTML, like Gecko; compatible; GPTBot/1.2; +https://openai.com/gptbot)"
74.7.227.177 - - [04/Nov/2025:13:21:59 +0100] "GET /476577?path=//root HTTP/2.0" 200 15202 "-" "Mozilla/5.0 AppleWebKit/537.36 (KHTML, like Gecko; compatible; GPTBot/1.2; +https://openai.com/gptbot)"
74.7.227.3 - - [04/Nov/2025:13:22:00 +0100] "GET /?path=//opt/alt/python313/lib/python3.13/site-packages/pkg_resources/__pycache__ HTTP/2.0" 200 14858 "-" "Mozilla/5.0 AppleWebKit/537.36 (KHTML, like Gecko; compatible; GPTBot/1.2; +https://openai.com/gptbot)"
74.7.227.240 - - [04/Nov/2025:13:22:01 +0100] "GET /?path=//proc/self/root/proc/54274/root/opt/alt/alt-nodejs19/root/var/log HTTP/2.0" 200 15915 "-" "Mozilla/5.0 AppleWebKit/537.36 (KHTML, like Gecko; compatible; GPTBot/1.2; +https://openai.com/gptbot)"
66.249.76.195 - - [04/Nov/2025:13:22:02 +0100] "GET /items/yoxap56/47664?key=sodium HTTP/1.1" 200 563210 "-" "Mozilla/5.0 (Linux; Android 6.0.1; Nexus 5X Build/MMB29P) AppleWebKit/537.36 (KHTML, like Gecko) Chrome/141.0.7390.122 Mobile Safari/537.36 (compatible; Googlebot/2.1; +http://www.google.com/bot.html)"
69.197.179.242 - - [04/Nov/2025:13:20:37 +0100] "GET /wp-includes/qqe586cc/index.php?id=968360 HTTP/1.1" 200 - "https://opalaesthetic.net/wp-includes/qqe586cc/index.php?id=968360" "Mozilla/5.0 (Windows NT 10.0; Win64; x64) AppleWebKit/537.36 (KHTML, like Gecko) Chrome/58.0.3029.110 Safari/537.3"
74.7.227.36 - - [04/Nov/2025:13:22:01 +0100] "GET /?path=//proc/self/root/proc/67277/root/opt/alt/alt-nodejs20/root/var/mail HTTP/2.0" 200 15917 "-" "Mozilla/5.0 AppleWebKit/537.36 (KHTML, like Gecko; compatible; GPTBot/1.2; +https://openai.com/gptbot)"
74.7.227.148 - - [04/Nov/2025:13:22:02 +0100] "GET /?path=//usr/lib/modules/4.18.0-553.8.1.lve.el8.x86_64/kernel/drivers/media/common/b2c2 HTTP/2.0" 200 17578 "-" "Mozilla/5.0 AppleWebKit/537.36 (KHTML, like Gecko; compatible; GPTBot/1.2; +https://openai.com/gptbot)"
74.7.227.177 - - [04/Nov/2025:13:22:03 +0100] "GET /476577?path=//proc HTTP/2.0" 200 103490 "-" "Mozilla/5.0 AppleWebKit/537.36 (KHTML, like Gecko; compatible; GPTBot/1.2; +https://openai.com/gptbot)"
74.7.227.240 - - [04/Nov/2025:13:22:05 +0100] "GET /?path=//proc/self/root/proc/54274/root/opt/alt/alt-nodejs19/root/sys HTTP/2.0" 200 15824 "-" "Mozilla/5.0 AppleWebKit/537.36 (KHTML, like Gecko; compatible; GPTBot/1.2; +https://openai.com/gptbot)"
66.249.76.198 - - [04/Nov/2025:13:22:03 +0100] "GET /clothes240029449.html?fileloc=/home/opal/public_html/readme.html&path=/home/opal/public_html HTTP/1.1" 200 199933 "-" "Mozilla/5.0 (Linux; Android 6.0.1; Nexus 5X Build/MMB29P) AppleWebKit/537.36 (KHTML, like Gecko) Chrome/141.0.7390.122 Mobile Safari/537.36 (compatible; GoogleOther)"
74.7.227.36 - - [04/Nov/2025:13:22:05 +0100] "GET /?path=//proc/self/root/proc/53872/root/opt/cpanel/ea-php81/root/run/lock HTTP/2.0" 200 15915 "-" "Mozilla/5.0 AppleWebKit/537.36 (KHTML, like Gecko; compatible; GPTBot/1.2; +https://openai.com/gptbot)"
74.7.227.3 - - [04/Nov/2025:13:22:06 +0100] "GET /?path=//opt/alt/python37/lib64/python3.7/site-packages/simplejson/tests/__pycache__ HTTP/2.0" 200 125210 "-" "Mozilla/5.0 AppleWebKit/537.36 (KHTML, like Gecko; compatible; GPTBot/1.2; +https://openai.com/gptbot)"
66.249.76.196 - - [04/Nov/2025:13:22:06 +0100] "GET /items/amdez226/12992?key=forgive HTTP/1.1" 200 203167 "-" "Mozilla/5.0 (Linux; Android 6.0.1; Nexus 5X Build/MMB29P) AppleWebKit/537.36 (KHTML, like Gecko) Chrome/141.0.7390.122 Mobile Safari/537.36 (compatible; Googlebot/2.1; +http://www.google.com/bot.html)"
74.7.227.240 - - [04/Nov/2025:13:22:07 +0100] "GET /?path=//proc/self/root/proc/54274/root/opt/alt/alt-nodejs19/root/var/mail HTTP/2.0" 200 15917 "-" "Mozilla/5.0 AppleWebKit/537.36 (KHTML, like Gecko; compatible; GPTBot/1.2; +https://openai.com/gptbot)"
74.7.227.177 - - [04/Nov/2025:13:22:07 +0100] "GET /442211?path=//root HTTP/2.0" 200 15202 "-" "Mozilla/5.0 AppleWebKit/537.36 (KHTML, like Gecko; compatible; GPTBot/1.2; +https://openai.com/gptbot)"
74.7.227.148 - - [04/Nov/2025:13:22:08 +0100] "GET /?path=//usr/lib/modules/4.18.0-553.8.1.lve.el8.x86_64/kernel/drivers/media/pci/saa7134 HTTP/2.0" 200 22730 "-" "Mozilla/5.0 AppleWebKit/537.36 (KHTML, like Gecko; compatible; GPTBot/1.2; +https://openai.com/gptbot)"
74.7.227.240 - - [04/Nov/2025:13:22:09 +0100] "GET /?path=//proc/self/root/proc/67277/root/opt/alt/alt-nodejs20/root/var/opt HTTP/2.0" 200 15915 "-" "Mozilla/5.0 AppleWebKit/537.36 (KHTML, like Gecko; compatible; GPTBot/1.2; +https://openai.com/gptbot)"
74.7.227.36 - - [04/Nov/2025:13:22:09 +0100] "GET /?path=//proc/self/root/proc/54274/root/opt/cpanel/ea-php80/root/usr HTTP/2.0" 200 32174 "-" "Mozilla/5.0 AppleWebKit/537.36 (KHTML, like Gecko; compatible; GPTBot/1.2; +https://openai.com/gptbot)"
74.7.227.177 - - [04/Nov/2025:13:22:10 +0100] "GET /717762?path=//root HTTP/2.0" 200 15202 "-" "Mozilla/5.0 AppleWebKit/537.36 (KHTML, like Gecko; compatible; GPTBot/1.2; +https://openai.com/gptbot)"
74.7.227.3 - - [04/Nov/2025:13:22:10 +0100] "GET /?path=//opt/alt/python37/lib64/python3.7/site-packages/twisted/positioning/__pycache__ HTTP/2.0" 200 30751 "-" "Mozilla/5.0 AppleWebKit/537.36 (KHTML, like Gecko; compatible; GPTBot/1.2; +https://openai.com/gptbot)"
66.249.69.167 - - [04/Nov/2025:13:22:11 +0100] "GET /items/dcfro107/46525?key=drag HTTP/1.1" 200 557248 "-" "Mozilla/5.0 (Linux; Android 6.0.1; Nexus 5X Build/MMB29P) AppleWebKit/537.36 (KHTML, like Gecko) Chrome/141.0.7390.122 Mobile Safari/537.36 (compatible; Googlebot/2.1; +http://www.google.com/bot.html)"
74.7.227.148 - - [04/Nov/2025:13:22:12 +0100] "GET /?path=//usr/lib/modules/4.18.0-553.8.1.lve.el8.x86_64/kernel/drivers/char/tpm/st33zp24 HTTP/2.0" 200 19310 "-" "Mozilla/5.0 AppleWebKit/537.36 (KHTML, like Gecko; compatible; GPTBot/1.2; +https://openai.com/gptbot)"
66.249.76.196 - - [04/Nov/2025:13:22:12 +0100] "GET /enormous240029449.html?fileloc=/home/opal/public_html/wp-mail.php?e/10/ HTTP/1.1" 200 552121 "-" "Mozilla/5.0 (Linux; Android 6.0.1; Nexus 5X Build/MMB29P) AppleWebKit/537.36 (KHTML, like Gecko) Chrome/141.0.7390.122 Mobile Safari/537.36 (compatible; GoogleOther)"
74.7.227.240 - - [04/Nov/2025:13:22:12 +0100] "GET /?path=//proc/self/root/proc/54274/root/opt/cpanel/ea-nodejs10/include/node/openssl/archs/linux-elf/asm/include HTTP/2.0" 200 19805 "-" "Mozilla/5.0 AppleWebKit/537.36 (KHTML, like Gecko; compatible; GPTBot/1.2; +https://openai.com/gptbot)"
74.7.227.36 - - [04/Nov/2025:13:22:13 +0100] "GET /?path=//proc/self/root/proc/53872/root/opt/cpanel/ea-php81/root/etc HTTP/2.0" 200 39960 "-" "Mozilla/5.0 AppleWebKit/537.36 (KHTML, like Gecko; compatible; GPTBot/1.2; +https://openai.com/gptbot)"
74.7.227.177 - - [04/Nov/2025:13:22:14 +0100] "GET /391370?path=//root HTTP/2.0" 200 15202 "-" "Mozilla/5.0 AppleWebKit/537.36 (KHTML, like Gecko; compatible; GPTBot/1.2; +https://openai.com/gptbot)"
74.7.227.240 - - [04/Nov/2025:13:22:15 +0100] "GET /?path=//proc/self/root/proc/54274/root/opt/alt/alt-nodejs19/root/var/adm HTTP/2.0" 200 15915 "-" "Mozilla/5.0 AppleWebKit/537.36 (KHTML, like Gecko; compatible; GPTBot/1.2; +https://openai.com/gptbot)"
74.7.227.36 - - [04/Nov/2025:13:22:16 +0100] "GET /?path=//proc/self/root/proc/53872/root/opt/cpanel/ea-php81/root/mnt HTTP/2.0" 200 15823 "-" "Mozilla/5.0 AppleWebKit/537.36 (KHTML, like Gecko; compatible; GPTBot/1.2; +https://openai.com/gptbot)"
74.7.227.3 - - [04/Nov/2025:13:22:16 +0100] "GET /?path=//opt/alt/python312/lib/python3.12/site-packages/setuptools/extern/__pycache__ HTTP/2.0" 200 17515 "-" "Mozilla/5.0 AppleWebKit/537.36 (KHTML, like Gecko; compatible; GPTBot/1.2; +https://openai.com/gptbot)"
74.7.227.148 - - [04/Nov/2025:13:22:17 +0100] "GET /?path=//usr/lib/modules/4.18.0-553.54.1.lve.el8.x86_64/kernel/drivers/leds/trigger HTTP/2.0" 200 31218 "-" "Mozilla/5.0 AppleWebKit/537.36 (KHTML, like Gecko; compatible; GPTBot/1.2; +https://openai.com/gptbot)"
74.7.227.240 - - [04/Nov/2025:13:22:17 +0100] "GET /?path=//proc/self/root/proc/54274/root/opt/alt/alt-nodejs19/root/mnt HTTP/2.0" 200 15824 "-" "Mozilla/5.0 AppleWebKit/537.36 (KHTML, like Gecko; compatible; GPTBot/1.2; +https://openai.com/gptbot)"
74.7.227.177 - - [04/Nov/2025:13:22:18 +0100] "GET /442211?fileloc=//proc/net/xfrm_stat&path=//proc/net HTTP/2.0" 200 14828 "-" "Mozilla/5.0 AppleWebKit/537.36 (KHTML, like Gecko; compatible; GPTBot/1.2; +https://openai.com/gptbot)"
66.249.69.167 - - [04/Nov/2025:13:22:19 +0100] "GET /items/akdcz151/33213?fileloc=/home/opal/public_html/radio.php&path=/home/opal/public_html HTTP/1.1" 200 553596 "-" "Mozilla/5.0 (Linux; Android 6.0.1; Nexus 5X Build/MMB29P) AppleWebKit/537.36 (KHTML, like Gecko) Chrome/141.0.7390.122 Mobile Safari/537.36 (compatible; Googlebot/2.1; +http://www.google.com/bot.html)"
74.7.227.36 - - [04/Nov/2025:13:22:19 +0100] "GET /?path=//proc/self/root/proc/54274/root/opt/cpanel/ea-php80/root/media HTTP/2.0" 200 15827 "-" "Mozilla/5.0 AppleWebKit/537.36 (KHTML, like Gecko; compatible; GPTBot/1.2; +https://openai.com/gptbot)"
74.7.227.240 - - [04/Nov/2025:13:22:20 +0100] "GET /?path=//proc/self/root/proc/54274/root/opt/alt/alt-nodejs19/root/boot HTTP/2.0" 200 15826 "-" "Mozilla/5.0 AppleWebKit/537.36 (KHTML, like Gecko; compatible; GPTBot/1.2; +https://openai.com/gptbot)"
74.7.227.177 - - [04/Nov/2025:13:22:20 +0100] "GET /442211?fileloc=//proc/net/snmp6&path=//proc/net HTTP/2.0" 200 14824 "-" "Mozilla/5.0 AppleWebKit/537.36 (KHTML, like Gecko; compatible; GPTBot/1.2; +https://openai.com/gptbot)"
66.249.69.168 - - [04/Nov/2025:13:22:21 +0100] "GET /wealthy121021762.html?fileloc=/home/opal/public_html/item.php?e/21/ HTTP/1.1" 200 557240 "-" "Mozilla/5.0 (Linux; Android 6.0.1; Nexus 5X Build/MMB29P) AppleWebKit/537.36 (KHTML, like Gecko) Chrome/141.0.7390.122 Mobile Safari/537.36 (compatible; GoogleOther)"
74.7.227.3 - - [04/Nov/2025:13:22:21 +0100] "GET /?path=//opt/alt/python38/lib64/python3.8/site-packages/twisted/mail/test/__pycache__ HTTP/2.0" 200 40470 "-" "Mozilla/5.0 AppleWebKit/537.36 (KHTML, like Gecko; compatible; GPTBot/1.2; +https://openai.com/gptbot)"
74.7.227.148 - - [04/Nov/2025:13:22:22 +0100] "GET /?path=//usr/lib/modules/4.18.0-553.54.1.lve.el8.x86_64/kernel/drivers/media/common/videobuf2 HTTP/2.0" 200 26429 "-" "Mozilla/5.0 AppleWebKit/537.36 (KHTML, like Gecko; compatible; GPTBot/1.2; +https://openai.com/gptbot)"
74.7.227.36 - - [04/Nov/2025:13:22:22 +0100] "GET /?path=//proc/self/root/proc/53872/root/opt/cpanel/ea-php81/root/lib HTTP/2.0" 200 15823 "-" "Mozilla/5.0 AppleWebKit/537.36 (KHTML, like Gecko; compatible; GPTBot/1.2; +https://openai.com/gptbot)"
74.7.227.240 - - [04/Nov/2025:13:22:22 +0100] "GET /?path=//proc/self/root/proc/67277/root/opt/alt/alt-nodejs20/root/var/tmp HTTP/2.0" 200 15915 "-" "Mozilla/5.0 AppleWebKit/537.36 (KHTML, like Gecko; compatible; GPTBot/1.2; +https://openai.com/gptbot)"
74.7.227.177 - - [04/Nov/2025:13:22:24 +0100] "GET /717762?fileloc=//proc/net/icmp6&path=//proc/net HTTP/2.0" 200 14824 "-" "Mozilla/5.0 AppleWebKit/537.36 (KHTML, like Gecko; compatible; GPTBot/1.2; +https://openai.com/gptbot)"
66.249.76.196 - - [04/Nov/2025:13:22:25 +0100] "GET /items/zfkti189/34475?path=/home/opal/public_html/180bf HTTP/1.1" 200 556679 "-" "Mozilla/5.0 (Linux; Android 6.0.1; Nexus 5X Build/MMB29P) AppleWebKit/537.36 (KHTML, like Gecko) Chrome/141.0.7390.122 Mobile Safari/537.36 (compatible; Googlebot/2.1; +http://www.google.com/bot.html)"
74.7.227.240 - - [04/Nov/2025:13:22:26 +0100] "GET /?path=//proc/self/root/proc/54274/root/opt/alt/alt-nodejs19/root/var/nis HTTP/2.0" 200 15915 "-" "Mozilla/5.0 AppleWebKit/537.36 (KHTML, like Gecko; compatible; GPTBot/1.2; +https://openai.com/gptbot)"
74.7.227.36 - - [04/Nov/2025:13:22:26 +0100] "GET /?path=//proc/self/root/proc/54274/root/opt/cpanel/ea-php80/root/mnt HTTP/2.0" 200 15823 "-" "Mozilla/5.0 AppleWebKit/537.36 (KHTML, like Gecko; compatible; GPTBot/1.2; +https://openai.com/gptbot)"
74.7.227.177 - - [04/Nov/2025:13:22:26 +0100] "GET /476577?path=//proc/net HTTP/2.0" 200 86403 "-" "Mozilla/5.0 AppleWebKit/537.36 (KHTML, like Gecko; compatible; GPTBot/1.2; +https://openai.com/gptbot)"
74.7.227.148 - - [04/Nov/2025:13:22:27 +0100] "GET /?path=//usr/lib/modules/4.18.0-553.54.1.lve.el8.x86_64/kernel/drivers/media/radio HTTP/2.0" 200 17435 "-" "Mozilla/5.0 AppleWebKit/537.36 (KHTML, like Gecko; compatible; GPTBot/1.2; +https://openai.com/gptbot)"
74.7.227.177 - - [04/Nov/2025:13:22:30 +0100] "GET /717762?fileloc=//proc/net/snmp6&path=//proc/net HTTP/2.0" 200 14824 "-" "Mozilla/5.0 AppleWebKit/537.36 (KHTML, like Gecko; compatible; GPTBot/1.2; +https://openai.com/gptbot)"
74.7.227.36 - - [04/Nov/2025:13:22:30 +0100] "GET /?path=//proc/self/root/proc/54274/root/opt/cpanel/ea-php80/root/usr/src HTTP/2.0" 200 18857 "-" "Mozilla/5.0 AppleWebKit/537.36 (KHTML, like Gecko; compatible; GPTBot/1.2; +https://openai.com/gptbot)"
66.249.69.167 - - [04/Nov/2025:13:22:31 +0100] "GET /items/rxqze7/45631?path=/ HTTP/1.1" 200 555885 "-" "Mozilla/5.0 (Linux; Android 6.0.1; Nexus 5X Build/MMB29P) AppleWebKit/537.36 (KHTML, like Gecko) Chrome/141.0.7390.122 Mobile Safari/537.36 (compatible; Googlebot/2.1; +http://www.google.com/bot.html)"
74.7.227.240 - - [04/Nov/2025:13:22:30 +0100] "GET /?path=//proc/self/root/proc/67277/root/opt/alt/alt-nodejs20/root/var/adm HTTP/2.0" 200 13366 "-" "Mozilla/5.0 AppleWebKit/537.36 (KHTML, like Gecko; compatible; GPTBot/1.2; +https://openai.com/gptbot)"
74.7.227.148 - - [04/Nov/2025:13:22:31 +0100] "GET /?path=//usr/lib/modules/4.18.0-553.54.1.lve.el8.x86_64/kernel/drivers/input/touchscreen HTTP/2.0" 200 20891 "-" "Mozilla/5.0 AppleWebKit/537.36 (KHTML, like Gecko; compatible; GPTBot/1.2; +https://openai.com/gptbot)"
74.7.227.36 - - [04/Nov/2025:13:22:34 +0100] "GET /?path=//proc/self/root/proc/53872/root/opt/cpanel/ea-php81/root/etc/skel HTTP/2.0" 200 15915 "-" "Mozilla/5.0 AppleWebKit/537.36 (KHTML, like Gecko; compatible; GPTBot/1.2; +https://openai.com/gptbot)"
74.7.227.240 - - [04/Nov/2025:13:22:34 +0100] "GET /?path=//proc/self/root/proc/67277/root/opt/alt/alt-nodejs20/root/usr/bin HTTP/2.0" 200 27267 "-" "Mozilla/5.0 AppleWebKit/537.36 (KHTML, like Gecko; compatible; GPTBot/1.2; +https://openai.com/gptbot)"
74.7.227.177 - - [04/Nov/2025:13:22:34 +0100] "GET /477300?fileloc=//proc/net/icmp6&path=//proc/net HTTP/2.0" 200 12275 "-" "Mozilla/5.0 AppleWebKit/537.36 (KHTML, like Gecko; compatible; GPTBot/1.2; +https://openai.com/gptbot)"
74.7.227.148 - - [04/Nov/2025:13:22:36 +0100] "GET /?path=//usr/lib/modules/4.18.0-553.8.1.lve.el8.x86_64/kernel/drivers/crypto/qat/qat_4xxx HTTP/2.0" 200 17572 "-" "Mozilla/5.0 AppleWebKit/537.36 (KHTML, like Gecko; compatible; GPTBot/1.2; +https://openai.com/gptbot)"
74.7.227.36 - - [04/Nov/2025:13:22:37 +0100] "GET /?path=//proc/self/root/proc/53872/root/opt/cpanel/ea-php81/root/etc/pki HTTP/2.0" 200 15913 "-" "Mozilla/5.0 AppleWebKit/537.36 (KHTML, like Gecko; compatible; GPTBot/1.2; +https://openai.com/gptbot)"
74.7.227.177 - - [04/Nov/2025:13:22:38 +0100] "GET /608103?fileloc=//proc/net/icmp6&path=//proc/net HTTP/2.0" 200 14824 "-" "Mozilla/5.0 AppleWebKit/537.36 (KHTML, like Gecko; compatible; GPTBot/1.2; +https://openai.com/gptbot)"
74.7.227.240 - - [04/Nov/2025:13:22:39 +0100] "GET /?path=//proc/self/root/proc/54274/root/opt/alt/alt-nodejs19/root/media HTTP/2.0" 200 15828 "-" "Mozilla/5.0 AppleWebKit/537.36 (KHTML, like Gecko; compatible; GPTBot/1.2; +https://openai.com/gptbot)"
74.7.227.3 - - [04/Nov/2025:13:22:39 +0100] "GET /?path=//opt/alt/python311/lib/python3.11/site-packages/pyparsing/diagram/__pycache__ HTTP/2.0" 200 17515 "-" "Mozilla/5.0 AppleWebKit/537.36 (KHTML, like Gecko; compatible; GPTBot/1.2; +https://openai.com/gptbot)"
74.7.227.36 - - [04/Nov/2025:13:22:40 +0100] "GET /?path=//proc/self/root/proc/53872/root/opt/cpanel/ea-php81/root/etc/pm HTTP/2.0" 200 20334 "-" "Mozilla/5.0 AppleWebKit/537.36 (KHTML, like Gecko; compatible; GPTBot/1.2; +https://openai.com/gptbot)"
74.7.227.148 - - [04/Nov/2025:13:22:41 +0100] "GET /?path=//usr/lib/modules/4.18.0-553.54.1.lve.el8.x86_64/kernel/lib/crypto HTTP/2.0" 200 17287 "-" "Mozilla/5.0 AppleWebKit/537.36 (KHTML, like Gecko; compatible; GPTBot/1.2; +https://openai.com/gptbot)"
74.7.227.177 - - [04/Nov/2025:13:22:41 +0100] "GET /442211?fileloc=//proc/net/icmp6&path=//proc/net HTTP/2.0" 200 14824 "-" "Mozilla/5.0 AppleWebKit/537.36 (KHTML, like Gecko; compatible; GPTBot/1.2; +https://openai.com/gptbot)"
74.7.227.240 - - [04/Nov/2025:13:22:41 +0100] "GET /?path=//proc/self/root/proc/54274/root/opt/alt/alt-nodejs19/root/run HTTP/2.0" 200 17279 "-" "Mozilla/5.0 AppleWebKit/537.36 (KHTML, like Gecko; compatible; GPTBot/1.2; +https://openai.com/gptbot)"
74.7.227.36 - - [04/Nov/2025:13:22:44 +0100] "GET /?path=//proc/self/root/proc/54274/root/opt/cpanel/ea-php80/root/usr/lib HTTP/2.0" 200 15913 "-" "Mozilla/5.0 AppleWebKit/537.36 (KHTML, like Gecko; compatible; GPTBot/1.2; +https://openai.com/gptbot)"
74.7.227.240 - - [04/Nov/2025:13:22:44 +0100] "GET /?path=//proc/self/root/proc/54274/root/opt/alt/alt-nodejs19/root/var/yp HTTP/2.0" 200 15913 "-" "Mozilla/5.0 AppleWebKit/537.36 (KHTML, like Gecko; compatible; GPTBot/1.2; +https://openai.com/gptbot)"
74.7.227.177 - - [04/Nov/2025:13:22:46 +0100] "GET /424900?fileloc=//proc/net/arp&path=//proc/net HTTP/2.0" 200 14822 "-" "Mozilla/5.0 AppleWebKit/537.36 (KHTML, like Gecko; compatible; GPTBot/1.2; +https://openai.com/gptbot)"
74.7.227.3 - - [04/Nov/2025:13:22:46 +0100] "GET /?path=//opt/alt/python313/lib/python3.13/site-packages/pip/_vendor/truststore/__pycache__ HTTP/2.0" 200 26417 "-" "Mozilla/5.0 AppleWebKit/537.36 (KHTML, like Gecko; compatible; GPTBot/1.2; +https://openai.com/gptbot)"
66.249.69.168 - - [04/Nov/2025:13:22:47 +0100] "GET /orientation018030963.html HTTP/1.1" 200 554861 "-" "Mozilla/5.0 (Linux; Android 6.0.1; Nexus 5X Build/MMB29P) AppleWebKit/537.36 (KHTML, like Gecko) Chrome/141.0.7390.122 Mobile Safari/537.36 (compatible; Googlebot/2.1; +http://www.google.com/bot.html)"
74.7.227.36 - - [04/Nov/2025:13:22:47 +0100] "GET /?path=//proc/self/root/proc/54274/root/opt/cpanel/ea-php80/root/usr/var HTTP/2.0" 200 21761 "-" "Mozilla/5.0 AppleWebKit/537.36 (KHTML, like Gecko; compatible; GPTBot/1.2; +https://openai.com/gptbot)"
74.7.227.240 - - [04/Nov/2025:13:22:46 +0100] "GET /?path=//proc/self/root/proc/54274/root/opt/alt/alt-nodejs19/root/lib HTTP/2.0" 200 17871 "-" "Mozilla/5.0 AppleWebKit/537.36 (KHTML, like Gecko; compatible; GPTBot/1.2; +https://openai.com/gptbot)"
66.249.76.195 - - [04/Nov/2025:13:22:48 +0100] "GET /lighting228029213.html HTTP/1.1" 200 552571 "-" "Mozilla/5.0 (Linux; Android 6.0.1; Nexus 5X Build/MMB29P) AppleWebKit/537.36 (KHTML, like Gecko) Chrome/141.0.7390.122 Mobile Safari/537.36 (compatible; Googlebot/2.1; +http://www.google.com/bot.html)"
74.7.227.148 - - [04/Nov/2025:13:22:48 +0100] "GET /?path=//usr/lib/modules/4.18.0-553.8.1.lve.el8.x86_64/kernel/net/bridge/netfilter HTTP/2.0" 200 52973 "-" "Mozilla/5.0 AppleWebKit/537.36 (KHTML, like Gecko; compatible; GPTBot/1.2; +https://openai.com/gptbot)"
74.7.227.177 - - [04/Nov/2025:13:22:49 +0100] "GET /424900?fileloc=//proc/net/icmp6&path=//proc/net HTTP/2.0" 200 14824 "-" "Mozilla/5.0 AppleWebKit/537.36 (KHTML, like Gecko; compatible; GPTBot/1.2; +https://openai.com/gptbot)"
74.7.227.240 - - [04/Nov/2025:13:22:50 +0100] "GET /?path=//proc/self/root/proc/67277/root/opt/alt/alt-nodejs20/root/usr/lib HTTP/2.0" 200 20551 "-" "Mozilla/5.0 AppleWebKit/537.36 (KHTML, like Gecko; compatible; GPTBot/1.2; +https://openai.com/gptbot)"
74.7.227.36 - - [04/Nov/2025:13:22:50 +0100] "GET /?path=//proc/self/root/proc/54274/root/opt/cpanel/ea-php80/root/usr/etc HTTP/2.0" 200 15913 "-" "Mozilla/5.0 AppleWebKit/537.36 (KHTML, like Gecko; compatible; GPTBot/1.2; +https://openai.com/gptbot)"
74.7.227.177 - - [04/Nov/2025:13:22:51 +0100] "GET /476577?fileloc=//proc/net/nf_conntrack_expect&path=//proc/net HTTP/2.0" 200 14838 "-" "Mozilla/5.0 AppleWebKit/537.36 (KHTML, like Gecko; compatible; GPTBot/1.2; +https://openai.com/gptbot)"
74.7.227.240 - - [04/Nov/2025:13:22:52 +0100] "GET /?path=//proc/self/root/proc/67277/root/opt/alt/alt-nodejs20/root/srv HTTP/2.0" 200 15824 "-" "Mozilla/5.0 AppleWebKit/537.36 (KHTML, like Gecko; compatible; GPTBot/1.2; +https://openai.com/gptbot)"
74.7.227.148 - - [04/Nov/2025:13:22:53 +0100] "GET /?path=//usr/lib/modules/4.18.0-553.8.1.lve.el8.x86_64/kernel/net/wireless HTTP/2.0" 200 17295 "-" "Mozilla/5.0 AppleWebKit/537.36 (KHTML, like Gecko; compatible; GPTBot/1.2; +https://openai.com/gptbot)"
66.249.76.198 - - [04/Nov/2025:13:22:54 +0100] "GET /humor168045943.html HTTP/1.1" 200 553756 "-" "Mozilla/5.0 (Linux; Android 6.0.1; Nexus 5X Build/MMB29P) AppleWebKit/537.36 (KHTML, like Gecko) Chrome/141.0.7390.122 Mobile Safari/537.36 (compatible; Googlebot/2.1; +http://www.google.com/bot.html)"
74.7.227.240 - - [04/Nov/2025:13:22:54 +0100] "GET /?path=//proc/self/root/proc/67277/root/opt/alt/alt-nodejs20/root/var/db HTTP/2.0" 200 15913 "-" "Mozilla/5.0 AppleWebKit/537.36 (KHTML, like Gecko; compatible; GPTBot/1.2; +https://openai.com/gptbot)"
74.7.227.36 - - [04/Nov/2025:13:22:55 +0100] "GET /?path=//proc/self/root/proc/54274/root/opt/cpanel/ea-php80/root/usr/tmp HTTP/2.0" 200 17393 "-" "Mozilla/5.0 AppleWebKit/537.36 (KHTML, like Gecko; compatible; GPTBot/1.2; +https://openai.com/gptbot)"
74.7.227.177 - - [04/Nov/2025:13:22:55 +0100] "GET /476577?fileloc=//proc/net/sockstat6&path=//proc/net HTTP/2.0" 200 14828 "-" "Mozilla/5.0 AppleWebKit/537.36 (KHTML, like Gecko; compatible; GPTBot/1.2; +https://openai.com/gptbot)"
74.7.227.240 - - [04/Nov/2025:13:22:56 +0100] "GET /?path=//proc/self/root/proc/67277/root/opt/alt/alt-nodejs20/root/mnt HTTP/2.0" 200 15824 "-" "Mozilla/5.0 AppleWebKit/537.36 (KHTML, like Gecko; compatible; GPTBot/1.2; +https://openai.com/gptbot)"
74.7.227.148 - - [04/Nov/2025:13:22:57 +0100] "GET /?path=//usr/lib/modules/4.18.0-553.8.1.lve.el8.x86_64/kernel/drivers/scsi/be2iscsi HTTP/2.0" 200 17441 "-" "Mozilla/5.0 AppleWebKit/537.36 (KHTML, like Gecko; compatible; GPTBot/1.2; +https://openai.com/gptbot)"
74.7.227.36 - - [04/Nov/2025:13:22:58 +0100] "GET /?path=//proc/self/root/proc/53872/root/opt/cpanel/ea-php81/root/var HTTP/2.0" 200 40515 "-" "Mozilla/5.0 AppleWebKit/537.36 (KHTML, like Gecko; compatible; GPTBot/1.2; +https://openai.com/gptbot)"
74.7.227.177 - - [04/Nov/2025:13:22:58 +0100] "GET /476577?fileloc=//proc/net/ip_mr_cache&path=//proc/net HTTP/2.0" 200 14830 "-" "Mozilla/5.0 AppleWebKit/537.36 (KHTML, like Gecko; compatible; GPTBot/1.2; +https://openai.com/gptbot)"
74.7.227.240 - - [04/Nov/2025:13:22:59 +0100] "GET /?path=//proc/self/root/proc/54274/root/opt/alt/alt-nodejs19/root/run/lock HTTP/2.0" 200 15917 "-" "Mozilla/5.0 AppleWebKit/537.36 (KHTML, like Gecko; compatible; GPTBot/1.2; +https://openai.com/gptbot)"
66.249.69.170 - - [04/Nov/2025:13:23:00 +0100] "GET /degree229007006.html HTTP/1.1" 200 551052 "-" "Mozilla/5.0 (Linux; Android 6.0.1; Nexus 5X Build/MMB29P) AppleWebKit/537.36 (KHTML, like Gecko) Chrome/141.0.7390.122 Mobile Safari/537.36 (compatible; Googlebot/2.1; +http://www.google.com/bot.html)"
74.7.227.148 - - [04/Nov/2025:13:23:01 +0100] "GET /?path=//usr/lib/modules/4.18.0-553.54.1.lve.el8.x86_64/kernel/drivers/scsi/cxgbi/cxgb4i HTTP/2.0" 200 17561 "-" "Mozilla/5.0 AppleWebKit/537.36 (KHTML, like Gecko; compatible; GPTBot/1.2; +https://openai.com/gptbot)"
74.7.227.177 - - [04/Nov/2025:13:23:02 +0100] "GET /476577?fileloc=//proc/net/mcfilter6&path=//proc/net HTTP/2.0" 200 14828 "-" "Mozilla/5.0 AppleWebKit/537.36 (KHTML, like Gecko; compatible; GPTBot/1.2; +https://openai.com/gptbot)"
74.7.227.240 - - [04/Nov/2025:13:23:03 +0100] "GET /?path=//proc/self/root/proc/67277/root/opt/alt/alt-nodejs20/root/lib HTTP/2.0" 200 20420 "-" "Mozilla/5.0 AppleWebKit/537.36 (KHTML, like Gecko; compatible; GPTBot/1.2; +https://openai.com/gptbot)"
74.7.227.36 - - [04/Nov/2025:13:23:03 +0100] "GET /?path=//proc/self/root/proc/67277/root/opt/alt/alt-nodejs20/root/var/db HTTP/2.0" 200 15913 "-" "Mozilla/5.0 AppleWebKit/537.36 (KHTML, like Gecko; compatible; GPTBot/1.2; +https://openai.com/gptbot)"
74.7.227.148 - - [04/Nov/2025:13:23:05 +0100] "GET /?path=//usr/lib/modules/4.18.0-553.54.1.lve.el8.x86_64/kernel/drivers/scsi/be2iscsi HTTP/2.0" 200 17450 "-" "Mozilla/5.0 AppleWebKit/537.36 (KHTML, like Gecko; compatible; GPTBot/1.2; +https://openai.com/gptbot)"
74.7.227.240 - - [04/Nov/2025:13:23:05 +0100] "GET /?path=//proc/self/root/proc/54274/root/opt/alt/alt-nodejs19/root/var/opt HTTP/2.0" 200 13366 "-" "Mozilla/5.0 AppleWebKit/537.36 (KHTML, like Gecko; compatible; GPTBot/1.2; +https://openai.com/gptbot)"
66.249.69.169 - - [04/Nov/2025:13:23:06 +0100] "GET /engage218031919.html HTTP/1.1" 200 205578 "-" "Mozilla/5.0 (Linux; Android 6.0.1; Nexus 5X Build/MMB29P) AppleWebKit/537.36 (KHTML, like Gecko) Chrome/141.0.7390.122 Mobile Safari/537.36 (compatible; Googlebot/2.1; +http://www.google.com/bot.html)"
74.7.227.177 - - [04/Nov/2025:13:23:07 +0100] "GET /476577?fileloc=//proc/net/connector&path=//proc/net HTTP/2.0" 200 14828 "-" "Mozilla/5.0 AppleWebKit/537.36 (KHTML, like Gecko; compatible; GPTBot/1.2; +https://openai.com/gptbot)"
74.7.227.3 - - [04/Nov/2025:13:23:07 +0100] "GET /?path=//opt/alt/python37/lib64/python3.7/site-packages/twisted/mail/test/__pycache__ HTTP/2.0" 200 40476 "-" "Mozilla/5.0 AppleWebKit/537.36 (KHTML, like Gecko; compatible; GPTBot/1.2; +https://openai.com/gptbot)"
74.7.227.36 - - [04/Nov/2025:13:23:07 +0100] "GET /?path=//proc/self/root/proc/67277/root/opt/alt/alt-nodejs20/root/var/tmp HTTP/2.0" 200 15915 "-" "Mozilla/5.0 AppleWebKit/537.36 (KHTML, like Gecko; compatible; GPTBot/1.2; +https://openai.com/gptbot)"
74.7.227.148 - - [04/Nov/2025:13:23:09 +0100] "GET /?path=//usr/lib/modules/4.18.0-553.8.1.lve.el8.x86_64/kernel/drivers/net/wireless HTTP/2.0" 200 27775 "-" "Mozilla/5.0 AppleWebKit/537.36 (KHTML, like Gecko; compatible; GPTBot/1.2; +https://openai.com/gptbot)"
74.7.227.240 - - [04/Nov/2025:13:23:10 +0100] "GET /?path=//proc/self/root/proc/54274/root/opt/alt/alt-nodejs19/root/var/tmp HTTP/2.0" 200 15915 "-" "Mozilla/5.0 AppleWebKit/537.36 (KHTML, like Gecko; compatible; GPTBot/1.2; +https://openai.com/gptbot)"
74.7.227.177 - - [04/Nov/2025:13:23:11 +0100] "GET /476577?fileloc=//proc/net/softnet_stat&path=//proc/net HTTP/2.0" 200 14831 "-" "Mozilla/5.0 AppleWebKit/537.36 (KHTML, like Gecko; compatible; GPTBot/1.2; +https://openai.com/gptbot)"
74.7.227.36 - - [04/Nov/2025:13:23:12 +0100] "GET /?path=//proc/self/root/proc/53872/root/opt/cpanel/ea-php81/root/tmp HTTP/2.0" 200 15823 "-" "Mozilla/5.0 AppleWebKit/537.36 (KHTML, like Gecko; compatible; GPTBot/1.2; +https://openai.com/gptbot)"
66.249.76.196 - - [04/Nov/2025:13:23:13 +0100] "GET /key205017884.html HTTP/1.1" 200 553424 "-" "Mozilla/5.0 (Linux; Android 6.0.1; Nexus 5X Build/MMB29P) AppleWebKit/537.36 (KHTML, like Gecko) Chrome/141.0.7390.122 Mobile Safari/537.36 (compatible; Googlebot/2.1; +http://www.google.com/bot.html)"
74.7.227.240 - - [04/Nov/2025:13:23:13 +0100] "GET /?path=//proc/self/root/proc/54274/root/opt/alt/alt-nodejs19/root/var/lib HTTP/2.0" 200 20340 "-" "Mozilla/5.0 AppleWebKit/537.36 (KHTML, like Gecko; compatible; GPTBot/1.2; +https://openai.com/gptbot)"
74.7.227.148 - - [04/Nov/2025:13:23:13 +0100] "GET /?path=//usr/lib/modules/4.18.0-553.54.1.lve.el8.x86_64/kernel/sound/usb/usx2y HTTP/2.0" 200 19125 "-" "Mozilla/5.0 AppleWebKit/537.36 (KHTML, like Gecko; compatible; GPTBot/1.2; +https://openai.com/gptbot)"
66.249.76.197 - - [04/Nov/2025:13:23:14 +0100] "GET /?w=2674829843548&channel=144e46&from=https://opalaesthetic.net/buy.jsp?ethics098029279.html HTTP/1.1" 200 557856 "-" "Mozilla/5.0 (Linux; Android 6.0.1; Nexus 5X Build/MMB29P) AppleWebKit/537.36 (KHTML, like Gecko) Chrome/141.0.7390.122 Mobile Safari/537.36 (compatible; Googlebot/2.1; +http://www.google.com/bot.html)"
74.7.227.177 - - [04/Nov/2025:13:23:13 +0100] "GET /476577?fileloc=//proc/net/nf_conntrack&path=//proc/net HTTP/2.0" 200 12282 "-" "Mozilla/5.0 AppleWebKit/537.36 (KHTML, like Gecko; compatible; GPTBot/1.2; +https://openai.com/gptbot)"
74.7.227.36 - - [04/Nov/2025:13:23:15 +0100] "GET /?path=//proc/self/root/proc/54274/root/opt/cpanel/ea-php80/root/tmp HTTP/2.0" 200 15823 "-" "Mozilla/5.0 AppleWebKit/537.36 (KHTML, like Gecko; compatible; GPTBot/1.2; +https://openai.com/gptbot)"
66.249.76.194 - - [04/Nov/2025:13:23:16 +0100] "GET /dominant063023274.html HTTP/1.1" 200 555872 "-" "Mozilla/5.0 (Linux; Android 6.0.1; Nexus 5X Build/MMB29P) AppleWebKit/537.36 (KHTML, like Gecko) Chrome/141.0.7390.122 Mobile Safari/537.36 (compatible; Googlebot/2.1; +http://www.google.com/bot.html)"
74.7.227.240 - - [04/Nov/2025:13:23:16 +0100] "GET /?path=//proc/self/root/proc/54274/root/opt/alt/alt-nodejs19/root/var/db HTTP/2.0" 200 15913 "-" "Mozilla/5.0 AppleWebKit/537.36 (KHTML, like Gecko; compatible; GPTBot/1.2; +https://openai.com/gptbot)"
66.249.69.169 - - [04/Nov/2025:13:23:17 +0100] "GET /balance286025567.html HTTP/1.1" 200 560859 "-" "Mozilla/5.0 (Linux; Android 6.0.1; Nexus 5X Build/MMB29P) AppleWebKit/537.36 (KHTML, like Gecko) Chrome/141.0.7390.122 Mobile Safari/537.36 (compatible; Googlebot/2.1; +http://www.google.com/bot.html)"
74.7.227.240 - - [04/Nov/2025:13:23:18 +0100] "GET /?path=//proc/self/root/proc/55207/root/opt/cpanel/ea-php83/root/etc/xdg HTTP/2.0" 200 17397 "-" "Mozilla/5.0 AppleWebKit/537.36 (KHTML, like Gecko; compatible; GPTBot/1.2; +https://openai.com/gptbot)"
74.7.227.177 - - [04/Nov/2025:13:23:18 +0100] "GET /476577?fileloc=//proc/net/icmp&path=//proc/net HTTP/2.0" 200 14823 "-" "Mozilla/5.0 AppleWebKit/537.36 (KHTML, like Gecko; compatible; GPTBot/1.2; +https://openai.com/gptbot)"
74.7.227.148 - - [04/Nov/2025:13:23:19 +0100] "GET /?path=//usr/lib/modules/4.18.0-553.8.1.lve.el8.x86_64/kernel/drivers/net/ethernet/sfc HTTP/2.0" 200 19045 "-" "Mozilla/5.0 AppleWebKit/537.36 (KHTML, like Gecko; compatible; GPTBot/1.2; +https://openai.com/gptbot)"
74.7.227.36 - - [04/Nov/2025:13:23:19 +0100] "GET /?path=//proc/self/root/proc/54274/root/opt/cpanel/ea-php80/root/usr/tmp/php-pear HTTP/2.0" 200 16017 "-" "Mozilla/5.0 AppleWebKit/537.36 (KHTML, like Gecko; compatible; GPTBot/1.2; +https://openai.com/gptbot)"
74.7.227.240 - - [04/Nov/2025:13:23:20 +0100] "GET /?path=//proc/self/root/proc/54274/root/opt/alt/alt-nodejs19/root/etc HTTP/2.0" 200 27476 "-" "Mozilla/5.0 AppleWebKit/537.36 (KHTML, like Gecko; compatible; GPTBot/1.2; +https://openai.com/gptbot)"
66.249.76.196 - - [04/Nov/2025:13:23:20 +0100] "GET /land215022002.html?fileloc=/home/opal/public_html/rzzaq.php HTTP/1.1" 200 213507 "-" "Mozilla/5.0 (Linux; Android 6.0.1; Nexus 5X Build/MMB29P) AppleWebKit/537.36 (KHTML, like Gecko) Chrome/141.0.7390.122 Mobile Safari/537.36 (compatible; GoogleOther)"
74.7.227.177 - - [04/Nov/2025:13:23:22 +0100] "GET /476577?fileloc=//proc/net/igmp&path=//proc/net HTTP/2.0" 200 14823 "-" "Mozilla/5.0 AppleWebKit/537.36 (KHTML, like Gecko; compatible; GPTBot/1.2; +https://openai.com/gptbot)"
74.7.227.240 - - [04/Nov/2025:13:23:22 +0100] "GET /?path=//proc/self/root/proc/54274/root/opt/alt/alt-nodejs19/root/bin HTTP/2.0" 200 27063 "-" "Mozilla/5.0 AppleWebKit/537.36 (KHTML, like Gecko; compatible; GPTBot/1.2; +https://openai.com/gptbot)"
208.110.64.178 - - [04/Nov/2025:13:23:23 +0100] "GET /wp-content/ad1f3ec7/edit.php HTTP/1.1" 200 6 "https://opalaesthetic.net/wp-content/ad1f3ec7/edit.php" "Mozilla/5.0 (Windows NT 10.0; Win64; x64) AppleWebKit/537.36 (KHTML, like Gecko) Chrome/58.0.3029.110 Safari/537.3"
74.7.227.148 - - [04/Nov/2025:13:23:23 +0100] "GET /?path=//usr/lib/modules/4.18.0-553.8.1.lve.el8.x86_64/kernel/drivers/net/ethernet/amd HTTP/2.0" 200 17357 "-" "Mozilla/5.0 AppleWebKit/537.36 (KHTML, like Gecko; compatible; GPTBot/1.2; +https://openai.com/gptbot)"
66.249.69.168 - - [04/Nov/2025:13:23:23 +0100] "GET /contractor031035168.html HTTP/1.1" 200 552846 "-" "Mozilla/5.0 (Linux; Android 6.0.1; Nexus 5X Build/MMB29P) AppleWebKit/537.36 (KHTML, like Gecko) Chrome/141.0.7390.122 Mobile Safari/537.36 (compatible; Googlebot/2.1; +http://www.google.com/bot.html)"
74.7.227.36 - - [04/Nov/2025:13:23:23 +0100] "GET /?path=//proc/self/root/proc/53872/root/opt/cpanel/ea-php81/root/var/tmp HTTP/2.0" 200 17393 "-" "Mozilla/5.0 AppleWebKit/537.36 (KHTML, like Gecko; compatible; GPTBot/1.2; +https://openai.com/gptbot)"
74.7.227.177 - - [04/Nov/2025:13:23:24 +0100] "GET /476577?fileloc=//proc/net/snmp&path=//proc/net HTTP/2.0" 200 14823 "-" "Mozilla/5.0 AppleWebKit/537.36 (KHTML, like Gecko; compatible; GPTBot/1.2; +https://openai.com/gptbot)"
74.7.227.240 - - [04/Nov/2025:13:23:25 +0100] "GET /?path=//proc/self/root/proc/54274/root/opt/alt/alt-nodejs19/root/srv HTTP/2.0" 200 15824 "-" "Mozilla/5.0 AppleWebKit/537.36 (KHTML, like Gecko; compatible; GPTBot/1.2; +https://openai.com/gptbot)"
74.7.227.36 - - [04/Nov/2025:13:23:27 +0100] "GET /?path=//proc/self/root/proc/53872/root/opt/cpanel/ea-php81/root/var/local HTTP/2.0" 200 15917 "-" "Mozilla/5.0 AppleWebKit/537.36 (KHTML, like Gecko; compatible; GPTBot/1.2; +https://openai.com/gptbot)"
74.7.227.148 - - [04/Nov/2025:13:23:27 +0100] "GET /?path=//usr/lib/modules/4.18.0-553.8.1.lve.el8.x86_64/kernel/drivers/net/netdevsim HTTP/2.0" 200 15749 "-" "Mozilla/5.0 AppleWebKit/537.36 (KHTML, like Gecko; compatible; GPTBot/1.2; +https://openai.com/gptbot)"
17.241.219.166 - - [04/Nov/2025:13:23:27 +0100] "GET //?p=17426 HTTP/1.1" 200 76365 "-" "Mozilla/5.0 (Macintosh; Intel Mac OS X 10_15_7) AppleWebKit/605.1.15 (KHTML, like Gecko) Version/17.4 Safari/605.1.15 (Applebot/0.1; +http://www.apple.com/go/applebot)"
74.7.227.240 - - [04/Nov/2025:13:23:28 +0100] "GET /?path=//proc/self/root/proc/67277/root/opt/alt/alt-nodejs20/root/boot HTTP/2.0" 200 15826 "-" "Mozilla/5.0 AppleWebKit/537.36 (KHTML, like Gecko; compatible; GPTBot/1.2; +https://openai.com/gptbot)"
74.7.227.3 - - [04/Nov/2025:13:23:28 +0100] "GET /?path=//proc/2589545/root/proc/thread-self/root/home/opal/mail/opalaesthetic.net/client/.Trash/tmp HTTP/2.0" 403 76365 "-" "Mozilla/5.0 AppleWebKit/537.36 (KHTML, like Gecko; compatible; GPTBot/1.2; +https://openai.com/gptbot)"
74.7.227.177 - - [04/Nov/2025:13:23:29 +0100] "GET /476577?fileloc=//proc/net/unix&path=//proc/net HTTP/2.0" 200 55292 "-" "Mozilla/5.0 AppleWebKit/537.36 (KHTML, like Gecko; compatible; GPTBot/1.2; +https://openai.com/gptbot)"
66.249.69.168 - - [04/Nov/2025:13:23:30 +0100] "GET /expectation061026412.html HTTP/1.1" 200 555355 "-" "Mozilla/5.0 (Linux; Android 6.0.1; Nexus 5X Build/MMB29P) AppleWebKit/537.36 (KHTML, like Gecko) Chrome/141.0.7390.122 Mobile Safari/537.36 (compatible; Googlebot/2.1; +http://www.google.com/bot.html)"
69.197.179.242 - - [04/Nov/2025:13:22:05 +0100] "GET /wp-includes/qqe586cc/index.php?id=968360 HTTP/1.1" 200 - "https://opalaesthetic.net/wp-includes/qqe586cc/index.php?id=968360" "Mozilla/5.0 (Windows NT 10.0; Win64; x64) AppleWebKit/537.36 (KHTML, like Gecko) Chrome/58.0.3029.110 Safari/537.3"
74.7.227.36 - - [04/Nov/2025:13:23:31 +0100] "GET /?path=//proc/self/root/proc/53872/root/opt/cpanel/ea-php81/root/var/nis HTTP/2.0" 200 15913 "-" "Mozilla/5.0 AppleWebKit/537.36 (KHTML, like Gecko; compatible; GPTBot/1.2; +https://openai.com/gptbot)"
74.7.227.148 - - [04/Nov/2025:13:23:31 +0100] "GET /?path=//usr/lib/modules/4.18.0-553.8.1.lve.el8.x86_64/kernel/drivers/net/wireless/ralink HTTP/2.0" 200 17380 "-" "Mozilla/5.0 AppleWebKit/537.36 (KHTML, like Gecko; compatible; GPTBot/1.2; +https://openai.com/gptbot)"
66.249.69.168 - - [04/Nov/2025:13:23:33 +0100] "GET /supporter232002849.html?fileloc=/home/opal/public_html/index.php&path=/home/opal/public_html HTTP/1.1" 200 561025 "-" "Mozilla/5.0 (Linux; Android 6.0.1; Nexus 5X Build/MMB29P) AppleWebKit/537.36 (KHTML, like Gecko) Chrome/141.0.7390.122 Mobile Safari/537.36 (compatible; GoogleOther)"
74.7.227.240 - - [04/Nov/2025:13:23:35 +0100] "GET /?path=//proc/self/root/proc/55207/root/opt/alt/alt-nodejs16/root/var/mail HTTP/2.0" 200 15917 "-" "Mozilla/5.0 AppleWebKit/537.36 (KHTML, like Gecko; compatible; GPTBot/1.2; +https://openai.com/gptbot)"
74.7.227.177 - - [04/Nov/2025:13:23:35 +0100] "GET /476577?fileloc=//proc/net/fib_triestat&path=//proc/net HTTP/2.0" 200 14831 "-" "Mozilla/5.0 AppleWebKit/537.36 (KHTML, like Gecko; compatible; GPTBot/1.2; +https://openai.com/gptbot)"
74.7.227.148 - - [04/Nov/2025:13:23:36 +0100] "GET /?path=//usr/lib/modules/4.18.0-553.8.1.lve.el8.x86_64/kernel/drivers/net/wireless/intel HTTP/2.0" 200 17379 "-" "Mozilla/5.0 AppleWebKit/537.36 (KHTML, like Gecko; compatible; GPTBot/1.2; +https://openai.com/gptbot)"
74.7.227.36 - - [04/Nov/2025:13:23:36 +0100] "GET /?path=//proc/self/root/proc/53872/root/opt/cpanel/ea-php81/root/var/run HTTP/2.0" 200 14840 "-" "Mozilla/5.0 AppleWebKit/537.36 (KHTML, like Gecko; compatible; GPTBot/1.2; +https://openai.com/gptbot)"
74.7.227.240 - - [04/Nov/2025:13:23:37 +0100] "GET /?path=//proc/self/root/proc/67277/root/opt/alt/alt-nodejs20/root/run/lock HTTP/2.0" 200 15917 "-" "Mozilla/5.0 AppleWebKit/537.36 (KHTML, like Gecko; compatible; GPTBot/1.2; +https://openai.com/gptbot)"
