74.7.227.148 - - [04/Nov/2025:13:19:11 +0100] "GET /?path=//usr/lib/modules/4.18.0-553.54.1.lve.el8.x86_64/kernel/drivers/media/tuners HTTP/2.0" 200 76503 "-" "Mozilla/5.0 AppleWebKit/537.36 (KHTML, like Gecko; compatible; GPTBot/1.2; +https://openai.com/gptbot)"
74.7.227.36 - - [04/Nov/2025:13:19:11 +0100] "GET /?path=//proc/self/root/proc/54274/root/opt/cpanel/ea-openssl11/include HTTP/2.0" 200 17228 "-" "Mozilla/5.0 AppleWebKit/537.36 (KHTML, like Gecko; compatible; GPTBot/1.2; +https://openai.com/gptbot)"
74.7.227.3 - - [04/Nov/2025:13:19:14 +0100] "GET /?fileloc=//usr/include/jpeglib.h&path=//usr/include HTTP/2.0" 200 65036 "-" "Mozilla/5.0 AppleWebKit/537.36 (KHTML, like Gecko; compatible; GPTBot/1.2; +https://openai.com/gptbot)"
74.7.227.240 - - [04/Nov/2025:13:19:14 +0100] "GET /?path=//proc/self/root/proc/54274/root/opt/cpanel/ea-nodejs10/include/node/openssl/archs/linux-elf/no-asm/include HTTP/2.0" 200 19835 "-" "Mozilla/5.0 AppleWebKit/537.36 (KHTML, like Gecko; compatible; GPTBot/1.2; +https://openai.com/gptbot)"
74.7.227.177 - - [04/Nov/2025:13:19:14 +0100] "GET /442211?fileloc=//proc/net/netstat&path=//proc/net HTTP/2.0" 200 14826 "-" "Mozilla/5.0 AppleWebKit/537.36 (KHTML, like Gecko; compatible; GPTBot/1.2; +https://openai.com/gptbot)"
74.7.227.148 - - [04/Nov/2025:13:19:15 +0100] "GET /?path=//usr/lib/modules/4.18.0-553.54.1.lve.el8.x86_64/kernel/sound/firewire/digi00x HTTP/2.0" 200 17505 "-" "Mozilla/5.0 AppleWebKit/537.36 (KHTML, like Gecko; compatible; GPTBot/1.2; +https://openai.com/gptbot)"
74.7.227.36 - - [04/Nov/2025:13:19:16 +0100] "GET /?path=//proc/self/root/proc/54274/root/opt/cpanel/ea-openssl11/etc HTTP/2.0" 200 17192 "-" "Mozilla/5.0 AppleWebKit/537.36 (KHTML, like Gecko; compatible; GPTBot/1.2; +https://openai.com/gptbot)"
74.7.227.240 - - [04/Nov/2025:13:19:17 +0100] "GET /?path=//proc/self/root/proc/54274/root/opt/cpanel/ea-nodejs10/include/node/openssl/archs/linux-ppc/asm/crypto/include/internal HTTP/2.0" 200 20421 "-" "Mozilla/5.0 AppleWebKit/537.36 (KHTML, like Gecko; compatible; GPTBot/1.2; +https://openai.com/gptbot)"
74.7.227.177 - - [04/Nov/2025:13:19:17 +0100] "GET /717762?fileloc=//proc/net/udplite&path=//proc/net HTTP/2.0" 200 14826 "-" "Mozilla/5.0 AppleWebKit/537.36 (KHTML, like Gecko; compatible; GPTBot/1.2; +https://openai.com/gptbot)"
74.7.227.148 - - [04/Nov/2025:13:19:19 +0100] "GET /?path=//usr/lib/modules/4.18.0-553.54.1.lve.el8.x86_64/kernel/drivers/input/mouse HTTP/2.0" 200 29279 "-" "Mozilla/5.0 AppleWebKit/537.36 (KHTML, like Gecko; compatible; GPTBot/1.2; +https://openai.com/gptbot)"
74.7.227.240 - - [04/Nov/2025:13:19:19 +0100] "GET /?path=//proc/self/root/proc/54274/root/opt/cpanel/ea-nodejs10/include/node/openssl/archs/linux-armv4/asm/crypto/include HTTP/2.0" 200 18209 "-" "Mozilla/5.0 AppleWebKit/537.36 (KHTML, like Gecko; compatible; GPTBot/1.2; +https://openai.com/gptbot)"
74.7.227.3 - - [04/Nov/2025:13:19:19 +0100] "GET /?fileloc=//usr/include/gnumake.h&path=//usr/include HTTP/2.0" 200 15235 "-" "Mozilla/5.0 AppleWebKit/537.36 (KHTML, like Gecko; compatible; GPTBot/1.2; +https://openai.com/gptbot)"
74.7.227.36 - - [04/Nov/2025:13:19:19 +0100] "GET /?path=//proc/self/root/proc/54274/root/opt/alt/alt-nodejs16/root/mnt HTTP/2.0" 200 13275 "-" "Mozilla/5.0 AppleWebKit/537.36 (KHTML, like Gecko; compatible; GPTBot/1.2; +https://openai.com/gptbot)"
74.7.227.177 - - [04/Nov/2025:13:19:20 +0100] "GET /442211?fileloc=//proc/net/udplite&path=//proc/net HTTP/2.0" 200 14826 "-" "Mozilla/5.0 AppleWebKit/537.36 (KHTML, like Gecko; compatible; GPTBot/1.2; +https://openai.com/gptbot)"
74.7.227.240 - - [04/Nov/2025:13:19:23 +0100] "GET /?path=//proc/self/root/proc/54274/root/opt/cpanel/ea-nodejs10/include/node/openssl/archs/linux-ppc/no-asm/include HTTP/2.0" 200 19835 "-" "Mozilla/5.0 AppleWebKit/537.36 (KHTML, like Gecko; compatible; GPTBot/1.2; +https://openai.com/gptbot)"
74.7.227.148 - - [04/Nov/2025:13:19:24 +0100] "GET /?path=//usr/lib/modules/4.18.0-553.54.1.lve.el8.x86_64/kernel/drivers/media/usb/cx231xx HTTP/2.0" 200 21014 "-" "Mozilla/5.0 AppleWebKit/537.36 (KHTML, like Gecko; compatible; GPTBot/1.2; +https://openai.com/gptbot)"
74.7.227.177 - - [04/Nov/2025:13:19:24 +0100] "GET /442211?fileloc=//proc/net/route&path=//proc/net HTTP/2.0" 200 14824 "-" "Mozilla/5.0 AppleWebKit/537.36 (KHTML, like Gecko; compatible; GPTBot/1.2; +https://openai.com/gptbot)"
74.7.227.240 - - [04/Nov/2025:13:19:25 +0100] "GET /?path=//proc/self/root/proc/54274/root/opt/cpanel/ea-nodejs10/include/node/openssl/archs/linux-elf/asm/crypto/include/internal HTTP/2.0" 200 20421 "-" "Mozilla/5.0 AppleWebKit/537.36 (KHTML, like Gecko; compatible; GPTBot/1.2; +https://openai.com/gptbot)"
74.7.227.36 - - [04/Nov/2025:13:19:25 +0100] "GET /?path=//proc/self/root/proc/54274/root/opt/alt/alt-nodejs16/root/run/lock HTTP/2.0" 200 15917 "-" "Mozilla/5.0 AppleWebKit/537.36 (KHTML, like Gecko; compatible; GPTBot/1.2; +https://openai.com/gptbot)"
74.7.227.3 - - [04/Nov/2025:13:19:26 +0100] "GET /?fileloc=//usr/include/obstack.h&path=//usr/include HTTP/2.0" 200 36897 "-" "Mozilla/5.0 AppleWebKit/537.36 (KHTML, like Gecko; compatible; GPTBot/1.2; +https://openai.com/gptbot)"
74.7.227.177 - - [04/Nov/2025:13:19:28 +0100] "GET /717762?fileloc=//proc/net/ip6_flowlabel&path=//proc/net HTTP/2.0" 200 14832 "-" "Mozilla/5.0 AppleWebKit/537.36 (KHTML, like Gecko; compatible; GPTBot/1.2; +https://openai.com/gptbot)"
74.7.227.240 - - [04/Nov/2025:13:19:28 +0100] "GET /?path=//proc/self/root/proc/54274/root/opt/cpanel/ea-nodejs10/include/node/openssl/archs/linux-ppc/no-asm/crypto/include HTTP/2.0" 200 18214 "-" "Mozilla/5.0 AppleWebKit/537.36 (KHTML, like Gecko; compatible; GPTBot/1.2; +https://openai.com/gptbot)"
74.7.227.148 - - [04/Nov/2025:13:19:29 +0100] "GET /?path=//usr/lib/modules/4.18.0-553.54.1.lve.el8.x86_64/kernel/drivers/isdn/gigaset HTTP/2.0" 200 18296 "-" "Mozilla/5.0 AppleWebKit/537.36 (KHTML, like Gecko; compatible; GPTBot/1.2; +https://openai.com/gptbot)"
74.7.227.36 - - [04/Nov/2025:13:19:30 +0100] "GET /?path=//proc/self/root/proc/54274/root/opt/cpanel/ea-openssl11/bin HTTP/2.0" 200 18949 "-" "Mozilla/5.0 AppleWebKit/537.36 (KHTML, like Gecko; compatible; GPTBot/1.2; +https://openai.com/gptbot)"
74.7.227.177 - - [04/Nov/2025:13:19:32 +0100] "GET /477300?fileloc=//proc/net/fib_triestat&path=//proc/net HTTP/2.0" 200 14831 "-" "Mozilla/5.0 AppleWebKit/537.36 (KHTML, like Gecko; compatible; GPTBot/1.2; +https://openai.com/gptbot)"
74.7.227.3 - - [04/Nov/2025:13:19:32 +0100] "GET /?path=//proc/2589545/root/proc/thread-self/root/home/opal/mail/opalaesthetic.net/client/.Sent/cur HTTP/2.0" 200 16159 "-" "Mozilla/5.0 AppleWebKit/537.36 (KHTML, like Gecko; compatible; GPTBot/1.2; +https://openai.com/gptbot)"
74.7.227.240 - - [04/Nov/2025:13:19:32 +0100] "GET /?path=//proc/self/root/proc/54274/root/opt/cpanel/ea-nodejs10/include/node/openssl/archs/linux-aarch64/asm HTTP/2.0" 200 19474 "-" "Mozilla/5.0 AppleWebKit/537.36 (KHTML, like Gecko; compatible; GPTBot/1.2; +https://openai.com/gptbot)"
74.7.227.36 - - [04/Nov/2025:13:19:33 +0100] "GET /?path=//proc/self/root/proc/54274/root/opt/alt/alt-nodejs16/root/usr HTTP/2.0" 200 33312 "-" "Mozilla/5.0 AppleWebKit/537.36 (KHTML, like Gecko; compatible; GPTBot/1.2; +https://openai.com/gptbot)"
74.7.227.148 - - [04/Nov/2025:13:19:34 +0100] "GET /?path=//usr/lib/modules/4.18.0-553.54.1.lve.el8.x86_64/kernel/drivers/media/v4l2-core HTTP/2.0" 200 27785 "-" "Mozilla/5.0 AppleWebKit/537.36 (KHTML, like Gecko; compatible; GPTBot/1.2; +https://openai.com/gptbot)"
74.7.227.240 - - [04/Nov/2025:13:19:35 +0100] "GET /?path=//proc/self/root/proc/54274/root/opt/cpanel/ea-nodejs10/include/node/openssl/archs/linux-ppc64le/asm HTTP/2.0" 200 19474 "-" "Mozilla/5.0 AppleWebKit/537.36 (KHTML, like Gecko; compatible; GPTBot/1.2; +https://openai.com/gptbot)"
74.7.227.3 - - [04/Nov/2025:13:19:36 +0100] "GET /?path=//proc/2589545/root/opt/alt/python-internal/lib64/python3.11/concurrent HTTP/2.0" 200 15741 "-" "Mozilla/5.0 AppleWebKit/537.36 (KHTML, like Gecko; compatible; GPTBot/1.2; +https://openai.com/gptbot)"
74.7.227.177 - - [04/Nov/2025:13:19:37 +0100] "GET /442211?fileloc=//proc/net/packet&path=//proc/net HTTP/2.0" 200 14825 "-" "Mozilla/5.0 AppleWebKit/537.36 (KHTML, like Gecko; compatible; GPTBot/1.2; +https://openai.com/gptbot)"
74.7.227.36 - - [04/Nov/2025:13:19:36 +0100] "GET /?path=//proc/self/root/proc/54274/root/opt/alt/alt-nodejs16/root/tmp HTTP/2.0" 200 13275 "-" "Mozilla/5.0 AppleWebKit/537.36 (KHTML, like Gecko; compatible; GPTBot/1.2; +https://openai.com/gptbot)"
74.7.227.148 - - [04/Nov/2025:13:19:37 +0100] "GET /?fileloc=//usr/lib/modules/4.18.0-553.54.1.lve.el8.x86_64/kernel/drivers/media/tuners/max2165.ko.xz&path=//usr/lib/modules/4.18.0-553.54.1.lve.el8.x86_64/kernel/drivers/media/tuners HTTP/2.0" 200 24924 "-" "Mozilla/5.0 AppleWebKit/537.36 (KHTML, like Gecko; compatible; GPTBot/1.2; +https://openai.com/gptbot)"
74.7.227.240 - - [04/Nov/2025:13:19:37 +0100] "GET /?path=//proc/self/root/proc/54274/root/opt/cpanel/ea-nodejs10/include/node/openssl/archs/linux-ppc64 HTTP/2.0" 200 20860 "-" "Mozilla/5.0 AppleWebKit/537.36 (KHTML, like Gecko; compatible; GPTBot/1.2; +https://openai.com/gptbot)"
74.7.227.177 - - [04/Nov/2025:13:19:40 +0100] "GET /442211?fileloc=//proc/net/fib_triestat&path=//proc/net HTTP/2.0" 200 14831 "-" "Mozilla/5.0 AppleWebKit/537.36 (KHTML, like Gecko; compatible; GPTBot/1.2; +https://openai.com/gptbot)"
74.7.227.3 - - [04/Nov/2025:13:19:41 +0100] "GET /?path=//proc/2589545/root/proc/thread-self/root/lib/firmware/ath6k HTTP/2.0" 200 - "-" "Mozilla/5.0 AppleWebKit/537.36 (KHTML, like Gecko; compatible; GPTBot/1.2; +https://openai.com/gptbot)"
74.7.227.148 - - [04/Nov/2025:13:19:41 +0100] "GET /?path=//usr/lib/modules/4.18.0-553.54.1.lve.el8.x86_64/kernel/drivers/pci/hotplug HTTP/2.0" 200 17449 "-" "Mozilla/5.0 AppleWebKit/537.36 (KHTML, like Gecko; compatible; GPTBot/1.2; +https://openai.com/gptbot)"
74.7.227.240 - - [04/Nov/2025:13:19:41 +0100] "GET /?path=//proc/self/root/proc/54274/root/opt/cpanel/ea-nodejs10/include/node/openssl/archs/linux-armv4/no-asm HTTP/2.0" 200 19480 "-" "Mozilla/5.0 AppleWebKit/537.36 (KHTML, like Gecko; compatible; GPTBot/1.2; +https://openai.com/gptbot)"
74.7.227.36 - - [04/Nov/2025:13:19:41 +0100] "GET /?path=//proc/self/root/proc/54274/root/opt/alt/alt-nodejs16/root/sys HTTP/2.0" 200 13275 "-" "Mozilla/5.0 AppleWebKit/537.36 (KHTML, like Gecko; compatible; GPTBot/1.2; +https://openai.com/gptbot)"
74.7.227.177 - - [04/Nov/2025:13:19:43 +0100] "GET /442211?fileloc=//proc/net/ip6_mr_cache&path=//proc/net HTTP/2.0" 200 14831 "-" "Mozilla/5.0 AppleWebKit/537.36 (KHTML, like Gecko; compatible; GPTBot/1.2; +https://openai.com/gptbot)"
74.7.227.3 - - [04/Nov/2025:13:19:44 +0100] "GET /?path=//proc/2589545/root/proc/thread-self/root/usr/lib/systemd/system/kexec.target.wants HTTP/2.0" 200 15921 "-" "Mozilla/5.0 AppleWebKit/537.36 (KHTML, like Gecko; compatible; GPTBot/1.2; +https://openai.com/gptbot)"
74.7.227.240 - - [04/Nov/2025:13:19:44 +0100] "GET /?path=//proc/self/root/proc/54274/root/opt/cpanel/ea-nodejs10/include/node/openssl/archs/linux-x32 HTTP/2.0" 200 20838 "-" "Mozilla/5.0 AppleWebKit/537.36 (KHTML, like Gecko; compatible; GPTBot/1.2; +https://openai.com/gptbot)"
74.7.227.148 - - [04/Nov/2025:13:19:46 +0100] "GET /?path=//usr/lib/modules/4.18.0-553.54.1.lve.el8.x86_64/kernel/drivers/input/serio HTTP/2.0" 200 22532 "-" "Mozilla/5.0 AppleWebKit/537.36 (KHTML, like Gecko; compatible; GPTBot/1.2; +https://openai.com/gptbot)"
74.7.227.36 - - [04/Nov/2025:13:19:46 +0100] "GET /?path=//proc/self/root/proc/54274/root/opt/alt/alt-nodejs16/root/lib HTTP/2.0" 200 16237 "-" "Mozilla/5.0 AppleWebKit/537.36 (KHTML, like Gecko; compatible; GPTBot/1.2; +https://openai.com/gptbot)"
74.7.227.177 - - [04/Nov/2025:13:19:46 +0100] "GET /717762?fileloc=//proc/net/ip6_mr_cache&path=//proc/net HTTP/2.0" 200 14831 "-" "Mozilla/5.0 AppleWebKit/537.36 (KHTML, like Gecko; compatible; GPTBot/1.2; +https://openai.com/gptbot)"
74.7.227.240 - - [04/Nov/2025:13:19:47 +0100] "GET /?path=//proc/self/root/proc/54274/root/opt/cpanel/ea-nodejs10/include/node/openssl/archs/aix64-gcc HTTP/2.0" 200 18289 "-" "Mozilla/5.0 AppleWebKit/537.36 (KHTML, like Gecko; compatible; GPTBot/1.2; +https://openai.com/gptbot)"
74.7.227.3 - - [04/Nov/2025:13:19:49 +0100] "GET /?path=//opt/alt/python37/lib64/python3.7/site-packages/numpy/f2py/tests/src/assumed_shape HTTP/2.0" 200 24497 "-" "Mozilla/5.0 AppleWebKit/537.36 (KHTML, like Gecko; compatible; GPTBot/1.2; +https://openai.com/gptbot)"
74.7.227.177 - - [04/Nov/2025:13:19:50 +0100] "GET /477300?fileloc=//proc/net/ip6_mr_cache&path=//proc/net HTTP/2.0" 200 14831 "-" "Mozilla/5.0 AppleWebKit/537.36 (KHTML, like Gecko; compatible; GPTBot/1.2; +https://openai.com/gptbot)"
74.7.227.240 - - [04/Nov/2025:13:19:50 +0100] "GET /?path=//proc/self/root/proc/54274/root/opt/cpanel/ea-nodejs10/include/node/openssl/archs/linux-ppc64le/asm/include HTTP/2.0" 200 19849 "-" "Mozilla/5.0 AppleWebKit/537.36 (KHTML, like Gecko; compatible; GPTBot/1.2; +https://openai.com/gptbot)"
74.7.227.36 - - [04/Nov/2025:13:19:51 +0100] "GET /?path=//proc/self/root/proc/142086/root/lib/.build-id/23 HTTP/2.0" 200 50990 "-" "Mozilla/5.0 AppleWebKit/537.36 (KHTML, like Gecko; compatible; GPTBot/1.2; +https://openai.com/gptbot)"
74.7.227.148 - - [04/Nov/2025:13:19:52 +0100] "GET /?path=//usr/lib/modules/4.18.0-553.54.1.lve.el8.x86_64/kernel/sound/firewire/bebob HTTP/2.0" 200 17449 "-" "Mozilla/5.0 AppleWebKit/537.36 (KHTML, like Gecko; compatible; GPTBot/1.2; +https://openai.com/gptbot)"
74.7.227.177 - - [04/Nov/2025:13:19:54 +0100] "GET /442211?fileloc=//proc/net/ip6_flowlabel&path=//proc/net HTTP/2.0" 200 14832 "-" "Mozilla/5.0 AppleWebKit/537.36 (KHTML, like Gecko; compatible; GPTBot/1.2; +https://openai.com/gptbot)"
74.7.227.3 - - [04/Nov/2025:13:19:55 +0100] "GET /?path=//proc/2589545/root/opt/alt/python-internal/lib64/python3.11/importlib HTTP/2.0" 200 15739 "-" "Mozilla/5.0 AppleWebKit/537.36 (KHTML, like Gecko; compatible; GPTBot/1.2; +https://openai.com/gptbot)"
74.7.227.240 - - [04/Nov/2025:13:19:55 +0100] "GET /?path=//proc/self/root/proc/54274/root/opt/cpanel/ea-nodejs10/include/node/openssl/archs/solaris-x86-gcc HTTP/2.0" 200 18355 "-" "Mozilla/5.0 AppleWebKit/537.36 (KHTML, like Gecko; compatible; GPTBot/1.2; +https://openai.com/gptbot)"
74.7.227.36 - - [04/Nov/2025:13:19:55 +0100] "GET /?path=//proc/self/root/proc/67277/root/opt/alt/alt-nodejs20/root/run HTTP/2.0" 200 14730 "-" "Mozilla/5.0 AppleWebKit/537.36 (KHTML, like Gecko; compatible; GPTBot/1.2; +https://openai.com/gptbot)"
74.7.227.148 - - [04/Nov/2025:13:19:56 +0100] "GET /?path=//usr/lib/modules/4.18.0-553.54.1.lve.el8.x86_64/kernel/drivers/input/tablet HTTP/2.0" 200 24180 "-" "Mozilla/5.0 AppleWebKit/537.36 (KHTML, like Gecko; compatible; GPTBot/1.2; +https://openai.com/gptbot)"
74.7.227.177 - - [04/Nov/2025:13:19:57 +0100] "GET /477300?fileloc=//proc/net/tcp&path=//proc/net HTTP/2.0" 200 42125 "-" "Mozilla/5.0 AppleWebKit/537.36 (KHTML, like Gecko; compatible; GPTBot/1.2; +https://openai.com/gptbot)"
74.7.227.240 - - [04/Nov/2025:13:20:01 +0100] "GET /?path=//proc/self/root/proc/54274/root/opt/cpanel/ea-nodejs10/include/node/openssl/archs/linux-aarch64/asm/crypto HTTP/2.0" 200 19851 "-" "Mozilla/5.0 AppleWebKit/537.36 (KHTML, like Gecko; compatible; GPTBot/1.2; +https://openai.com/gptbot)"
74.7.227.3 - - [04/Nov/2025:13:20:01 +0100] "GET /?path=//opt/alt/python38/lib64/python3.8/site-packages/numpy/f2py/tests/src/assumed_shape HTTP/2.0" 200 24497 "-" "Mozilla/5.0 AppleWebKit/537.36 (KHTML, like Gecko; compatible; GPTBot/1.2; +https://openai.com/gptbot)"
74.7.227.36 - - [04/Nov/2025:13:20:01 +0100] "GET /?path=//proc/self/root/proc/54274/root/opt/alt/alt-nodejs16/root/usr/bin HTTP/2.0" 200 42492 "-" "Mozilla/5.0 AppleWebKit/537.36 (KHTML, like Gecko; compatible; GPTBot/1.2; +https://openai.com/gptbot)"
74.7.227.148 - - [04/Nov/2025:13:20:01 +0100] "GET /?path=//usr/lib/modules/4.18.0-553.54.1.lve.el8.x86_64/kernel/drivers/media/usb/gspca/gl860 HTTP/2.0" 200 15157 "-" "Mozilla/5.0 AppleWebKit/537.36 (KHTML, like Gecko; compatible; GPTBot/1.2; +https://openai.com/gptbot)"
74.7.227.177 - - [04/Nov/2025:13:20:02 +0100] "GET /442211?fileloc=//proc/net/psched&path=//proc/net HTTP/2.0" 200 14825 "-" "Mozilla/5.0 AppleWebKit/537.36 (KHTML, like Gecko; compatible; GPTBot/1.2; +https://openai.com/gptbot)"
74.7.227.240 - - [04/Nov/2025:13:20:04 +0100] "GET /?path=//proc/self/root/proc/54274/root/opt/cpanel/ea-nodejs10/include/node/openssl/archs/linux-ppc64/asm HTTP/2.0" 200 19456 "-" "Mozilla/5.0 AppleWebKit/537.36 (KHTML, like Gecko; compatible; GPTBot/1.2; +https://openai.com/gptbot)"
66.249.69.167 - - [04/Nov/2025:13:20:06 +0100] "GET /uncertainty099049696.html?fileloc=/home/opal/public_html/wp-mail.php&path=/home/opal/public_html HTTP/1.1" 200 552567 "-" "Mozilla/5.0 (Linux; Android 6.0.1; Nexus 5X Build/MMB29P) AppleWebKit/537.36 (KHTML, like Gecko) Chrome/141.0.7390.122 Mobile Safari/537.36 (compatible; GoogleOther)"
74.7.227.148 - - [04/Nov/2025:13:20:06 +0100] "GET /?path=//usr/lib/modules/4.18.0-553.54.1.lve.el8.x86_64/kernel/drivers/usb/wusbcore HTTP/2.0" 200 20825 "-" "Mozilla/5.0 AppleWebKit/537.36 (KHTML, like Gecko; compatible; GPTBot/1.2; +https://openai.com/gptbot)"
74.7.227.3 - - [04/Nov/2025:13:20:07 +0100] "GET /?path=//proc/2589545/root/proc/thread-self/root/lib/systemd/system/kexec.target.wants HTTP/2.0" 200 15835 "-" "Mozilla/5.0 AppleWebKit/537.36 (KHTML, like Gecko; compatible; GPTBot/1.2; +https://openai.com/gptbot)"
74.7.227.36 - - [04/Nov/2025:13:20:07 +0100] "GET /?path=//proc/self/root/proc/54274/root/opt/alt/alt-nodejs16/root/usr/tmp HTTP/2.0" 200 15915 "-" "Mozilla/5.0 AppleWebKit/537.36 (KHTML, like Gecko; compatible; GPTBot/1.2; +https://openai.com/gptbot)"
74.7.227.240 - - [04/Nov/2025:13:20:07 +0100] "GET /?path=//proc/self/root/proc/54274/root/opt/cpanel/ea-nodejs10/include/node/openssl/archs/linux-aarch64/asm/include HTTP/2.0" 200 17300 "-" "Mozilla/5.0 AppleWebKit/537.36 (KHTML, like Gecko; compatible; GPTBot/1.2; +https://openai.com/gptbot)"
74.7.227.177 - - [04/Nov/2025:13:20:08 +0100] "GET /442211?fileloc=//proc/net/tcp&path=//proc/net HTTP/2.0" 200 41225 "-" "Mozilla/5.0 AppleWebKit/537.36 (KHTML, like Gecko; compatible; GPTBot/1.2; +https://openai.com/gptbot)"
66.249.69.167 - - [04/Nov/2025:13:20:10 +0100] "GET /builder300023259.html?fileloc=/home/opal/public_html/wp-trackback.php&path=/home/opal/public_html HTTP/1.1" 200 561015 "-" "Mozilla/5.0 (Linux; Android 6.0.1; Nexus 5X Build/MMB29P) AppleWebKit/537.36 (KHTML, like Gecko) Chrome/141.0.7390.122 Mobile Safari/537.36 (compatible; Googlebot/2.1; +http://www.google.com/bot.html)"
66.249.69.167 - - [04/Nov/2025:13:20:11 +0100] "GET /agenda090015173.html HTTP/1.1" 200 559166 "-" "Mozilla/5.0 (Linux; Android 6.0.1; Nexus 5X Build/MMB29P) AppleWebKit/537.36 (KHTML, like Gecko) Chrome/141.0.7390.122 Mobile Safari/537.36 (compatible; Googlebot/2.1; +http://www.google.com/bot.html)"
74.7.227.3 - - [04/Nov/2025:13:20:11 +0100] "GET /?path=//proc/2589545/root/proc/thread-self/root/lib/systemd/system/dbus.target.wants HTTP/2.0" 200 15833 "-" "Mozilla/5.0 AppleWebKit/537.36 (KHTML, like Gecko; compatible; GPTBot/1.2; +https://openai.com/gptbot)"
74.7.227.148 - - [04/Nov/2025:13:20:12 +0100] "GET /?path=//usr/lib/modules/4.18.0-553.54.1.lve.el8.x86_64/kernel/sound/pci/echoaudio HTTP/2.0" 200 39513 "-" "Mozilla/5.0 AppleWebKit/537.36 (KHTML, like Gecko; compatible; GPTBot/1.2; +https://openai.com/gptbot)"
74.7.227.177 - - [04/Nov/2025:13:20:12 +0100] "GET /717762?fileloc=//proc/net/tcp&path=//proc/net HTTP/2.0" 200 41075 "-" "Mozilla/5.0 AppleWebKit/537.36 (KHTML, like Gecko; compatible; GPTBot/1.2; +https://openai.com/gptbot)"
66.249.69.167 - - [04/Nov/2025:13:20:13 +0100] "GET /product/edit/m80238353563?fileloc=/home/opal/public_html/wp-mail.php?list/111534132 HTTP/1.1" 200 554492 "-" "Mozilla/5.0 (Linux; Android 6.0.1; Nexus 5X Build/MMB29P) AppleWebKit/537.36 (KHTML, like Gecko) Chrome/141.0.7390.122 Mobile Safari/537.36 (compatible; Googlebot/2.1; +http://www.google.com/bot.html)"
74.7.227.36 - - [04/Nov/2025:13:20:12 +0100] "GET /?path=//proc/self/root/proc/142086/root/lib/.build-id/7c HTTP/2.0" 200 35854 "-" "Mozilla/5.0 AppleWebKit/537.36 (KHTML, like Gecko; compatible; GPTBot/1.2; +https://openai.com/gptbot)"
74.7.227.240 - - [04/Nov/2025:13:20:12 +0100] "GET /?path=//proc/self/root/proc/54274/root/opt/cpanel/ea-nodejs10/include/node/openssl/archs/linux-ppc64le/asm/crypto HTTP/2.0" 200 19851 "-" "Mozilla/5.0 AppleWebKit/537.36 (KHTML, like Gecko; compatible; GPTBot/1.2; +https://openai.com/gptbot)"
66.249.69.167 - - [04/Nov/2025:13:20:16 +0100] "GET /builder300023259.html?path=/ HTTP/1.1" 200 560954 "-" "Mozilla/5.0 (Linux; Android 6.0.1; Nexus 5X Build/MMB29P) AppleWebKit/537.36 (KHTML, like Gecko) Chrome/141.0.7390.122 Mobile Safari/537.36 (compatible; Googlebot/2.1; +http://www.google.com/bot.html)"
74.7.227.177 - - [04/Nov/2025:13:20:17 +0100] "GET /424900?fileloc=//proc/net/tcp&path=//proc/net HTTP/2.0" 200 41225 "-" "Mozilla/5.0 AppleWebKit/537.36 (KHTML, like Gecko; compatible; GPTBot/1.2; +https://openai.com/gptbot)"
66.249.76.194 - - [04/Nov/2025:13:20:18 +0100] "GET /hello015024902.html HTTP/1.1" 200 209003 "-" "Mozilla/5.0 (Linux; Android 6.0.1; Nexus 5X Build/MMB29P) AppleWebKit/537.36 (KHTML, like Gecko) Chrome/141.0.7390.122 Mobile Safari/537.36 (compatible; Googlebot/2.1; +http://www.google.com/bot.html)"
74.7.227.240 - - [04/Nov/2025:13:20:17 +0100] "GET /?path=//proc/self/root/proc/54274/root/opt/cpanel/ea-nodejs10/include/node/openssl/archs/aix64-gcc/asm HTTP/2.0" 200 19438 "-" "Mozilla/5.0 AppleWebKit/537.36 (KHTML, like Gecko; compatible; GPTBot/1.2; +https://openai.com/gptbot)"
74.7.227.3 - - [04/Nov/2025:13:20:18 +0100] "GET /?path=//opt/alt/python35/lib64/python3.5/site-packages/Cython/Compiler/Tests HTTP/2.0" 200 39038 "-" "Mozilla/5.0 AppleWebKit/537.36 (KHTML, like Gecko; compatible; GPTBot/1.2; +https://openai.com/gptbot)"
66.249.69.167 - - [04/Nov/2025:13:20:19 +0100] "GET /items/ghwck47/47727?key=greatly HTTP/1.1" 200 203831 "-" "Mozilla/5.0 (Linux; Android 6.0.1; Nexus 5X Build/MMB29P) AppleWebKit/537.36 (KHTML, like Gecko) Chrome/141.0.7390.122 Mobile Safari/537.36 (compatible; Googlebot/2.1; +http://www.google.com/bot.html)"
74.7.227.148 - - [04/Nov/2025:13:20:18 +0100] "GET /?path=//usr/lib/modules/4.18.0-553.8.1.lve.el8.x86_64/kernel/drivers/platform/x86 HTTP/2.0" 200 105259 "-" "Mozilla/5.0 AppleWebKit/537.36 (KHTML, like Gecko; compatible; GPTBot/1.2; +https://openai.com/gptbot)"
74.7.227.36 - - [04/Nov/2025:13:20:18 +0100] "GET /?path=//proc/self/root/proc/54274/root/opt/alt/alt-nodejs16/root/usr/sbin HTTP/2.0" 200 25690 "-" "Mozilla/5.0 AppleWebKit/537.36 (KHTML, like Gecko; compatible; GPTBot/1.2; +https://openai.com/gptbot)"
74.7.227.240 - - [04/Nov/2025:13:20:21 +0100] "GET /?path=//proc/self/root/proc/67277/root/opt/alt/alt-nodejs20/root/usr/src HTTP/2.0" 200 18865 "-" "Mozilla/5.0 AppleWebKit/537.36 (KHTML, like Gecko; compatible; GPTBot/1.2; +https://openai.com/gptbot)"
74.7.227.177 - - [04/Nov/2025:13:20:22 +0100] "GET /442211?fileloc=//proc/net/arp&path=//proc/net HTTP/2.0" 200 14822 "-" "Mozilla/5.0 AppleWebKit/537.36 (KHTML, like Gecko; compatible; GPTBot/1.2; +https://openai.com/gptbot)"
66.249.69.167 - - [04/Nov/2025:13:20:22 +0100] "GET /now211019738.html?fileloc=//etc/mime.types&path=//etc HTTP/1.1" 200 555447 "-" "Mozilla/5.0 (Linux; Android 6.0.1; Nexus 5X Build/MMB29P) AppleWebKit/537.36 (KHTML, like Gecko) Chrome/141.0.7390.122 Mobile Safari/537.36 (compatible; GoogleOther)"
74.7.227.3 - - [04/Nov/2025:13:20:23 +0100] "GET /?path=//opt/alt/python37/lib64/python3.7/site-packages/Cython/Compiler/Tests HTTP/2.0" 200 39038 "-" "Mozilla/5.0 AppleWebKit/537.36 (KHTML, like Gecko; compatible; GPTBot/1.2; +https://openai.com/gptbot)"
66.249.76.195 - - [04/Nov/2025:13:20:24 +0100] "GET /yet217002040.html HTTP/1.1" 200 567627 "-" "Mozilla/5.0 (Linux; Android 6.0.1; Nexus 5X Build/MMB29P) AppleWebKit/537.36 (KHTML, like Gecko) Chrome/141.0.7390.122 Mobile Safari/537.36 (compatible; Googlebot/2.1; +http://www.google.com/bot.html)"
74.7.227.36 - - [04/Nov/2025:13:20:24 +0100] "GET /?path=//proc/self/root/proc/142086/root/lib/.build-id/5e HTTP/2.0" 200 34168 "-" "Mozilla/5.0 AppleWebKit/537.36 (KHTML, like Gecko; compatible; GPTBot/1.2; +https://openai.com/gptbot)"
74.7.227.240 - - [04/Nov/2025:13:20:24 +0100] "GET /?path=//proc/self/root/proc/54274/root/opt/cpanel/ea-nodejs10/include/node/openssl/archs/linux-aarch64/asm/crypto/include HTTP/2.0" 200 15676 "-" "Mozilla/5.0 AppleWebKit/537.36 (KHTML, like Gecko; compatible; GPTBot/1.2; +https://openai.com/gptbot)"
66.249.69.167 - - [04/Nov/2025:13:20:26 +0100] "GET /rebel161011894.html HTTP/1.1" 200 553764 "-" "Mozilla/5.0 (Linux; Android 6.0.1; Nexus 5X Build/MMB29P) AppleWebKit/537.36 (KHTML, like Gecko) Chrome/141.0.7390.122 Mobile Safari/537.36 (compatible; Googlebot/2.1; +http://www.google.com/bot.html)"
74.7.227.177 - - [04/Nov/2025:13:20:26 +0100] "GET /424900?fileloc=//proc/net/raw&path=//proc/net HTTP/2.0" 200 14940 "-" "Mozilla/5.0 AppleWebKit/537.36 (KHTML, like Gecko; compatible; GPTBot/1.2; +https://openai.com/gptbot)"
74.7.227.148 - - [04/Nov/2025:13:20:27 +0100] "GET /?path=//usr/lib/modules/4.18.0-553.8.1.lve.el8.x86_64/kernel/drivers/media/usb/gspca/gl860 HTTP/2.0" 200 17694 "-" "Mozilla/5.0 AppleWebKit/537.36 (KHTML, like Gecko; compatible; GPTBot/1.2; +https://openai.com/gptbot)"
74.7.227.3 - - [04/Nov/2025:13:20:27 +0100] "GET /?path=//proc/2589545/root/proc/thread-self/root/lib/systemd HTTP/2.0" 200 15628 "-" "Mozilla/5.0 AppleWebKit/537.36 (KHTML, like Gecko; compatible; GPTBot/1.2; +https://openai.com/gptbot)"
66.249.76.196 - - [04/Nov/2025:13:20:28 +0100] "GET /product/edit/m93891487220 HTTP/1.1" 200 209146 "-" "Mozilla/5.0 (Linux; Android 6.0.1; Nexus 5X Build/MMB29P) AppleWebKit/537.36 (KHTML, like Gecko) Chrome/141.0.7390.122 Mobile Safari/537.36 (compatible; Googlebot/2.1; +http://www.google.com/bot.html)"
74.7.227.36 - - [04/Nov/2025:13:20:28 +0100] "GET /?path=//proc/self/root/proc/142086/root/lib/.build-id/3d HTTP/2.0" 200 35851 "-" "Mozilla/5.0 AppleWebKit/537.36 (KHTML, like Gecko; compatible; GPTBot/1.2; +https://openai.com/gptbot)"
66.249.69.167 - - [04/Nov/2025:13:20:30 +0100] "GET /laughter125015096.html?fileloc=/home/opal/public_html/license.txt&path=/home/opal/public_html HTTP/1.1" 200 558541 "-" "Mozilla/5.0 (Linux; Android 6.0.1; Nexus 5X Build/MMB29P) AppleWebKit/537.36 (KHTML, like Gecko) Chrome/141.0.7390.122 Mobile Safari/537.36 (compatible; Googlebot/2.1; +http://www.google.com/bot.html)"
74.7.227.240 - - [04/Nov/2025:13:20:28 +0100] "GET /?path=//proc/self/root/proc/54274/root/opt/cpanel/ea-nodejs10/include/node/openssl/archs/linux-ppc64le/asm/crypto/include HTTP/2.0" 200 18225 "-" "Mozilla/5.0 AppleWebKit/537.36 (KHTML, like Gecko; compatible; GPTBot/1.2; +https://openai.com/gptbot)"
74.7.227.177 - - [04/Nov/2025:13:20:30 +0100] "GET /717762?fileloc=//proc/net/udp&path=//proc/net HTTP/2.0" 200 15849 "-" "Mozilla/5.0 AppleWebKit/537.36 (KHTML, like Gecko; compatible; GPTBot/1.2; +https://openai.com/gptbot)"
66.249.76.196 - - [04/Nov/2025:13:20:32 +0100] "GET /treat146004925.html HTTP/1.1" 200 563093 "-" "Mozilla/5.0 (Linux; Android 6.0.1; Nexus 5X Build/MMB29P) AppleWebKit/537.36 (KHTML, like Gecko) Chrome/141.0.7390.122 Mobile Safari/537.36 (compatible; Googlebot/2.1; +http://www.google.com/bot.html)"
69.197.179.242 - - [04/Nov/2025:13:19:05 +0100] "GET /wp-includes/qqe586cc/index.php?id=968360 HTTP/1.1" 200 - "https://opalaesthetic.net/wp-includes/qqe586cc/index.php?id=968360" "Mozilla/5.0 (Windows NT 10.0; Win64; x64) AppleWebKit/537.36 (KHTML, like Gecko) Chrome/58.0.3029.110 Safari/537.3"
74.7.227.148 - - [04/Nov/2025:13:20:32 +0100] "GET /?path=//usr/lib/modules/4.18.0-553.54.1.lve.el8.x86_64/kernel/drivers/media/common HTTP/2.0" 200 28546 "-" "Mozilla/5.0 AppleWebKit/537.36 (KHTML, like Gecko; compatible; GPTBot/1.2; +https://openai.com/gptbot)"
74.7.227.240 - - [04/Nov/2025:13:20:32 +0100] "GET /?path=//proc/self/root/proc/67277/root/opt/alt/alt-nodejs20/root/usr/etc HTTP/2.0" 200 15915 "-" "Mozilla/5.0 AppleWebKit/537.36 (KHTML, like Gecko; compatible; GPTBot/1.2; +https://openai.com/gptbot)"
74.7.227.3 - - [04/Nov/2025:13:20:33 +0100] "GET /?path=//proc/2589545/root/proc/thread-self/root/lib/systemd/system HTTP/2.0" 200 13167 "-" "Mozilla/5.0 AppleWebKit/537.36 (KHTML, like Gecko; compatible; GPTBot/1.2; +https://openai.com/gptbot)"
74.7.227.36 - - [04/Nov/2025:13:20:33 +0100] "GET /?path=//proc/self/root/proc/54274/root/opt/alt/alt-nodejs16/root/usr/lib HTTP/2.0" 200 18901 "-" "Mozilla/5.0 AppleWebKit/537.36 (KHTML, like Gecko; compatible; GPTBot/1.2; +https://openai.com/gptbot)"
66.249.69.172 - - [04/Nov/2025:13:20:34 +0100] "GET /pillow055041584.html HTTP/1.1" 200 552395 "-" "Mozilla/5.0 (Linux; Android 6.0.1; Nexus 5X Build/MMB29P) AppleWebKit/537.36 (KHTML, like Gecko) Chrome/141.0.7390.122 Mobile Safari/537.36 (compatible; Googlebot/2.1; +http://www.google.com/bot.html)"
74.7.227.177 - - [04/Nov/2025:13:20:34 +0100] "GET /424900?fileloc=//proc/net/udp&path=//proc/net HTTP/2.0" 200 15593 "-" "Mozilla/5.0 AppleWebKit/537.36 (KHTML, like Gecko; compatible; GPTBot/1.2; +https://openai.com/gptbot)"
74.7.227.240 - - [04/Nov/2025:13:20:35 +0100] "GET /?path=//proc/self/root/proc/54274/root/opt/cpanel/ea-nodejs10/include/node/openssl/archs/linux-ppc64/asm/crypto HTTP/2.0" 200 17280 "-" "Mozilla/5.0 AppleWebKit/537.36 (KHTML, like Gecko; compatible; GPTBot/1.2; +https://openai.com/gptbot)"
74.7.227.148 - - [04/Nov/2025:13:20:35 +0100] "GET /?path=//usr/lib/modules/4.18.0-553.8.1.lve.el8.x86_64/kernel/drivers/media/usb/gspca/m5602 HTTP/2.0" 200 17694 "-" "Mozilla/5.0 AppleWebKit/537.36 (KHTML, like Gecko; compatible; GPTBot/1.2; +https://openai.com/gptbot)"
66.249.76.197 - - [04/Nov/2025:13:20:35 +0100] "GET /magnetic193018428.html?fileloc=/home/opal/public_html/readme.html&path=/home/opal/public_html HTTP/1.1" 200 204278 "-" "Mozilla/5.0 (Linux; Android 6.0.1; Nexus 5X Build/MMB29P) AppleWebKit/537.36 (KHTML, like Gecko) Chrome/141.0.7390.122 Mobile Safari/537.36 (compatible; Googlebot/2.1; +http://www.google.com/bot.html)"
74.7.227.36 - - [04/Nov/2025:13:20:37 +0100] "GET /?fileloc=//proc/self/root/proc/142086/root/lib/.build-id/a5/53f993718b709db5e3bcf0c51c86c537c6a8ad&path=//proc/self/root/proc/142086/root/lib/.build-id/a5 HTTP/2.0" 200 53845 "-" "Mozilla/5.0 AppleWebKit/537.36 (KHTML, like Gecko; compatible; GPTBot/1.2; +https://openai.com/gptbot)"
74.7.227.177 - - [04/Nov/2025:13:20:37 +0100] "GET /477300?fileloc=//proc/net/arp&path=//proc/net HTTP/2.0" 200 14822 "-" "Mozilla/5.0 AppleWebKit/537.36 (KHTML, like Gecko; compatible; GPTBot/1.2; +https://openai.com/gptbot)"
66.249.69.169 - - [04/Nov/2025:13:20:37 +0100] "GET /kid192028913.html HTTP/1.1" 200 201821 "-" "Mozilla/5.0 (Linux; Android 6.0.1; Nexus 5X Build/MMB29P) AppleWebKit/537.36 (KHTML, like Gecko) Chrome/141.0.7390.122 Mobile Safari/537.36 (compatible; Googlebot/2.1; +http://www.google.com/bot.html)"
74.7.227.3 - - [04/Nov/2025:13:20:38 +0100] "GET /?path=//opt/alt/python38/lib64/python3.8/site-packages/Cython/Compiler/Tests HTTP/2.0" 200 39038 "-" "Mozilla/5.0 AppleWebKit/537.36 (KHTML, like Gecko; compatible; GPTBot/1.2; +https://openai.com/gptbot)"
74.7.227.240 - - [04/Nov/2025:13:20:38 +0100] "GET /?path=//proc/self/root/proc/54274/root/opt/cpanel/ea-nodejs10/include/node/openssl/archs/aix64-gcc/asm/crypto HTTP/2.0" 200 19807 "-" "Mozilla/5.0 AppleWebKit/537.36 (KHTML, like Gecko; compatible; GPTBot/1.2; +https://openai.com/gptbot)"
66.249.69.169 - - [04/Nov/2025:13:20:40 +0100] "GET /spit298037207.html?fileloc=/home/opal/public_html/wp-signup.php?f/copy/copy00/ HTTP/1.1" 200 554498 "-" "Mozilla/5.0 (Linux; Android 6.0.1; Nexus 5X Build/MMB29P) AppleWebKit/537.36 (KHTML, like Gecko) Chrome/141.0.7390.122 Mobile Safari/537.36 (compatible; GoogleOther)"
74.7.227.148 - - [04/Nov/2025:13:20:39 +0100] "GET /?path=//usr/lib/modules/4.18.0-553.8.1.lve.el8.x86_64/kernel/drivers/platform/x86/intel HTTP/2.0" 200 26113 "-" "Mozilla/5.0 AppleWebKit/537.36 (KHTML, like Gecko; compatible; GPTBot/1.2; +https://openai.com/gptbot)"
74.7.227.177 - - [04/Nov/2025:13:20:40 +0100] "GET /717762?fileloc=//proc/net/raw&path=//proc/net HTTP/2.0" 200 14940 "-" "Mozilla/5.0 AppleWebKit/537.36 (KHTML, like Gecko; compatible; GPTBot/1.2; +https://openai.com/gptbot)"
66.249.69.169 - - [04/Nov/2025:13:20:41 +0100] "GET /similar095037106.html HTTP/1.1" 200 552497 "-" "Mozilla/5.0 (Linux; Android 6.0.1; Nexus 5X Build/MMB29P) AppleWebKit/537.36 (KHTML, like Gecko) Chrome/141.0.7390.122 Mobile Safari/537.36 (compatible; Googlebot/2.1; +http://www.google.com/bot.html)"
74.7.227.36 - - [04/Nov/2025:13:20:41 +0100] "GET /?path=//proc/self/root/proc/67277/root/opt/alt/alt-nodejs20/root/run/lock HTTP/2.0" 200 15917 "-" "Mozilla/5.0 AppleWebKit/537.36 (KHTML, like Gecko; compatible; GPTBot/1.2; +https://openai.com/gptbot)"
74.7.227.240 - - [04/Nov/2025:13:20:42 +0100] "GET /?path=//proc/self/root/proc/67277/root/opt/alt/alt-nodejs20/root/etc/skel HTTP/2.0" 200 15917 "-" "Mozilla/5.0 AppleWebKit/537.36 (KHTML, like Gecko; compatible; GPTBot/1.2; +https://openai.com/gptbot)"
74.7.227.3 - - [04/Nov/2025:13:20:43 +0100] "GET /?path=//opt/alt/python37/lib64/python3.7/site-packages/Cython/Compiler HTTP/2.0" 200 109469 "-" "Mozilla/5.0 AppleWebKit/537.36 (KHTML, like Gecko; compatible; GPTBot/1.2; +https://openai.com/gptbot)"
66.249.76.194 - - [04/Nov/2025:13:20:43 +0100] "GET /diary016033513.html HTTP/1.1" 200 207650 "-" "Mozilla/5.0 (Linux; Android 6.0.1; Nexus 5X Build/MMB29P) AppleWebKit/537.36 (KHTML, like Gecko) Chrome/141.0.7390.122 Mobile Safari/537.36 (compatible; Googlebot/2.1; +http://www.google.com/bot.html)"
74.7.227.148 - - [04/Nov/2025:13:20:45 +0100] "GET /?path=//usr/lib/modules/4.18.0-553.54.1.lve.el8.x86_64/kernel/drivers/power/supply HTTP/2.0" 200 17468 "-" "Mozilla/5.0 AppleWebKit/537.36 (KHTML, like Gecko; compatible; GPTBot/1.2; +https://openai.com/gptbot)"
66.249.69.173 - - [04/Nov/2025:13:20:45 +0100] "GET /properly174048353.html HTTP/1.1" 200 551230 "-" "Mozilla/5.0 (Linux; Android 6.0.1; Nexus 5X Build/MMB29P) AppleWebKit/537.36 (KHTML, like Gecko) Chrome/141.0.7390.122 Mobile Safari/537.36 (compatible; Googlebot/2.1; +http://www.google.com/bot.html)"
74.7.227.177 - - [04/Nov/2025:13:20:45 +0100] "GET /442211?fileloc=//proc/net/raw&path=//proc/net HTTP/2.0" 200 12391 "-" "Mozilla/5.0 AppleWebKit/537.36 (KHTML, like Gecko; compatible; GPTBot/1.2; +https://openai.com/gptbot)"
66.249.69.173 - - [04/Nov/2025:13:20:47 +0100] "GET /science108046899.html HTTP/1.1" 200 570943 "-" "Mozilla/5.0 (Linux; Android 6.0.1; Nexus 5X Build/MMB29P) AppleWebKit/537.36 (KHTML, like Gecko) Chrome/141.0.7390.122 Mobile Safari/537.36 (compatible; Googlebot/2.1; +http://www.google.com/bot.html)"
74.7.227.240 - - [04/Nov/2025:13:20:46 +0100] "GET /?path=//proc/self/root/proc/67277/root/opt/alt/alt-nodejs20/root/usr/tmp HTTP/2.0" 200 13366 "-" "Mozilla/5.0 AppleWebKit/537.36 (KHTML, like Gecko; compatible; GPTBot/1.2; +https://openai.com/gptbot)"
74.7.227.36 - - [04/Nov/2025:13:20:47 +0100] "GET /?path=//proc/self/root/proc/54274/root/opt/alt/alt-nodejs16/root/usr/src HTTP/2.0" 200 18865 "-" "Mozilla/5.0 AppleWebKit/537.36 (KHTML, like Gecko; compatible; GPTBot/1.2; +https://openai.com/gptbot)"
66.249.69.173 - - [04/Nov/2025:13:20:49 +0100] "GET /blend029035494.html?fileloc=/home/opal/public_html/wp-admin/update-core.php?f/special/shuunou/ HTTP/1.1" 200 556517 "-" "Mozilla/5.0 (Linux; Android 6.0.1; Nexus 5X Build/MMB29P) AppleWebKit/537.36 (KHTML, like Gecko) Chrome/141.0.7390.122 Mobile Safari/537.36 (compatible; Googlebot/2.1; +http://www.google.com/bot.html)"
74.7.227.148 - - [04/Nov/2025:13:20:49 +0100] "GET /?path=//usr/lib/modules/4.18.0-553.8.1.lve.el8.x86_64/kernel/drivers/platform/x86/amd HTTP/2.0" 200 19256 "-" "Mozilla/5.0 AppleWebKit/537.36 (KHTML, like Gecko; compatible; GPTBot/1.2; +https://openai.com/gptbot)"
74.7.227.3 - - [04/Nov/2025:13:20:50 +0100] "GET /?path=//opt/alt/python35/lib64/python3.5/site-packages/Cython/Compiler HTTP/2.0" 200 109471 "-" "Mozilla/5.0 AppleWebKit/537.36 (KHTML, like Gecko; compatible; GPTBot/1.2; +https://openai.com/gptbot)"
74.7.227.177 - - [04/Nov/2025:13:20:50 +0100] "GET /477300?fileloc=//proc/net/udp&path=//proc/net HTTP/2.0" 200 15465 "-" "Mozilla/5.0 AppleWebKit/537.36 (KHTML, like Gecko; compatible; GPTBot/1.2; +https://openai.com/gptbot)"
66.249.76.200 - - [04/Nov/2025:13:20:51 +0100] "GET /dilemma025031756.html HTTP/1.1" 200 551114 "-" "Mozilla/5.0 (Linux; Android 6.0.1; Nexus 5X Build/MMB29P) AppleWebKit/537.36 (KHTML, like Gecko) Chrome/141.0.7390.122 Mobile Safari/537.36 (compatible; Googlebot/2.1; +http://www.google.com/bot.html)"
74.7.227.240 - - [04/Nov/2025:13:20:50 +0100] "GET /?path=//proc/self/root/proc/67277/root/opt/alt/alt-nodejs20/root/bin HTTP/2.0" 200 24515 "-" "Mozilla/5.0 AppleWebKit/537.36 (KHTML, like Gecko; compatible; GPTBot/1.2; +https://openai.com/gptbot)"
74.7.227.36 - - [04/Nov/2025:13:20:51 +0100] "GET /?path=//proc/self/root/proc/67277/root/opt/alt/alt-nodejs20/root/var HTTP/2.0" 200 39116 "-" "Mozilla/5.0 AppleWebKit/537.36 (KHTML, like Gecko; compatible; GPTBot/1.2; +https://openai.com/gptbot)"
66.249.69.169 - - [04/Nov/2025:13:20:53 +0100] "GET /boat108034137.html HTTP/1.1" 200 549982 "-" "Mozilla/5.0 (Linux; Android 6.0.1; Nexus 5X Build/MMB29P) AppleWebKit/537.36 (KHTML, like Gecko) Chrome/141.0.7390.122 Mobile Safari/537.36 (compatible; Googlebot/2.1; +http://www.google.com/bot.html)"
66.249.76.201 - - [04/Nov/2025:13:20:55 +0100] "GET /planning292000035.html HTTP/1.1" 200 560848 "-" "Mozilla/5.0 (Linux; Android 6.0.1; Nexus 5X Build/MMB29P) AppleWebKit/537.36 (KHTML, like Gecko) Chrome/141.0.7390.122 Mobile Safari/537.36 (compatible; Googlebot/2.1; +http://www.google.com/bot.html)"
74.7.227.148 - - [04/Nov/2025:13:20:54 +0100] "GET /?path=//usr/lib/modules/4.18.0-553.8.1.lve.el8.x86_64/kernel/fs/fuse HTTP/2.0" 200 18883 "-" "Mozilla/5.0 AppleWebKit/537.36 (KHTML, like Gecko; compatible; GPTBot/1.2; +https://openai.com/gptbot)"
74.7.227.240 - - [04/Nov/2025:13:20:54 +0100] "GET /?path=//proc/self/root/proc/67277/root/opt/alt/alt-nodejs20/root/etc/pki HTTP/2.0" 200 15915 "-" "Mozilla/5.0 AppleWebKit/537.36 (KHTML, like Gecko; compatible; GPTBot/1.2; +https://openai.com/gptbot)"
74.7.227.177 - - [04/Nov/2025:13:20:54 +0100] "GET /477300?fileloc=//proc/net/raw&path=//proc/net HTTP/2.0" 200 14940 "-" "Mozilla/5.0 AppleWebKit/537.36 (KHTML, like Gecko; compatible; GPTBot/1.2; +https://openai.com/gptbot)"
74.7.227.3 - - [04/Nov/2025:13:20:56 +0100] "GET /?path=//opt/alt/python27/lib64/python2.7/site-packages/Cython/Compiler/Tests HTTP/2.0" 200 61147 "-" "Mozilla/5.0 AppleWebKit/537.36 (KHTML, like Gecko; compatible; GPTBot/1.2; +https://openai.com/gptbot)"
66.249.69.160 - - [04/Nov/2025:13:20:57 +0100] "GET /enormous240029449.html?fileloc=/home/opal/public_html/wp-mail.php?ol/0/ HTTP/1.1" 200 551947 "-" "Mozilla/5.0 (Linux; Android 6.0.1; Nexus 5X Build/MMB29P) AppleWebKit/537.36 (KHTML, like Gecko) Chrome/141.0.7390.122 Mobile Safari/537.36 (compatible; GoogleOther)"
74.7.227.36 - - [04/Nov/2025:13:20:57 +0100] "GET /?path=//proc/self/root/proc/53872/root/opt/cpanel/ea-ruby27/root/usr HTTP/2.0" 200 33315 "-" "Mozilla/5.0 AppleWebKit/537.36 (KHTML, like Gecko; compatible; GPTBot/1.2; +https://openai.com/gptbot)"
74.7.227.148 - - [04/Nov/2025:13:20:58 +0100] "GET /?path=//usr/lib/modules/4.18.0-553.54.1.lve.el8.x86_64/kernel/drivers/media/common/siano HTTP/2.0" 200 19281 "-" "Mozilla/5.0 AppleWebKit/537.36 (KHTML, like Gecko; compatible; GPTBot/1.2; +https://openai.com/gptbot)"
165.227.82.130 - - [04/Nov/2025:13:20:58 +0100] "GET /?fileloc=/home/opal/public_html/robots.txt&path=/home/opal/public_html HTTP/1.1" 200 15287 "-" "Mozilla/5.0 (Macintosh; Intel Mac OS X 10_15_7) AppleWebKit/537.36 (KHTML, like Gecko) Chrome/135.0.0.0 Safari/537.36"
74.7.227.240 - - [04/Nov/2025:13:20:58 +0100] "GET /?path=//proc/self/root/proc/54274/root/opt/cpanel/ea-nodejs10/include/node/openssl/archs/linux-ppc64/asm/crypto/include HTTP/2.0" 200 18209 "-" "Mozilla/5.0 AppleWebKit/537.36 (KHTML, like Gecko; compatible; GPTBot/1.2; +https://openai.com/gptbot)"
66.249.69.170 - - [04/Nov/2025:13:20:59 +0100] "GET /ideal291047412.html HTTP/1.1" 200 565223 "-" "Mozilla/5.0 (Linux; Android 6.0.1; Nexus 5X Build/MMB29P) AppleWebKit/537.36 (KHTML, like Gecko) Chrome/141.0.7390.122 Mobile Safari/537.36 (compatible; Googlebot/2.1; +http://www.google.com/bot.html)"
179.225.228.146 - - [04/Nov/2025:13:20:59 +0100] "GET //xmlrpc.php HTTP/1.1" 403 76365 "-" "Mozilla/5.0 (Windows NT 10.0; WOW64; rv:45.0) Gecko/20100101 Firefox/45.0"
74.7.227.177 - - [04/Nov/2025:13:20:59 +0100] "GET /717762?fileloc=//proc/net/arp&path=//proc/net HTTP/2.0" 200 12273 "-" "Mozilla/5.0 AppleWebKit/537.36 (KHTML, like Gecko; compatible; GPTBot/1.2; +https://openai.com/gptbot)"
74.7.227.36 - - [04/Nov/2025:13:21:01 +0100] "GET /?path=//proc/self/root/proc/53872/root/opt/cpanel/ea-php81/root HTTP/2.0" 200 43073 "-" "Mozilla/5.0 AppleWebKit/537.36 (KHTML, like Gecko; compatible; GPTBot/1.2; +https://openai.com/gptbot)"
74.7.227.3 - - [04/Nov/2025:13:21:01 +0100] "GET /?path=//opt/alt/python35/lib64/python3.5/site-packages/numpy/f2py/tests/src/assumed_shape HTTP/2.0" 200 24497 "-" "Mozilla/5.0 AppleWebKit/537.36 (KHTML, like Gecko; compatible; GPTBot/1.2; +https://openai.com/gptbot)"
66.249.76.196 - - [04/Nov/2025:13:21:02 +0100] "GET /hi172004275.html?fileloc=/home/opal/public_html/ex.php&path=/home/opal/public_html HTTP/1.1" 200 550781 "-" "Mozilla/5.0 (Linux; Android 6.0.1; Nexus 5X Build/MMB29P) AppleWebKit/537.36 (KHTML, like Gecko) Chrome/141.0.7390.122 Mobile Safari/537.36 (compatible; Googlebot/2.1; +http://www.google.com/bot.html)"
74.7.227.148 - - [04/Nov/2025:13:21:02 +0100] "GET /?path=//usr/lib/modules/4.18.0-553.54.1.lve.el8.x86_64/kernel/drivers/media/common/b2c2 HTTP/2.0" 200 17589 "-" "Mozilla/5.0 AppleWebKit/537.36 (KHTML, like Gecko; compatible; GPTBot/1.2; +https://openai.com/gptbot)"
74.7.227.240 - - [04/Nov/2025:13:21:03 +0100] "GET /?path=//proc/self/root/proc/67277/root/opt/alt/alt-nodejs20/root/usr/sbin HTTP/2.0" 200 15917 "-" "Mozilla/5.0 AppleWebKit/537.36 (KHTML, like Gecko; compatible; GPTBot/1.2; +https://openai.com/gptbot)"
66.249.69.170 - - [04/Nov/2025:13:21:04 +0100] "GET /should196040169.html HTTP/1.1" 200 203362 "-" "Mozilla/5.0 (Linux; Android 6.0.1; Nexus 5X Build/MMB29P) AppleWebKit/537.36 (KHTML, like Gecko) Chrome/141.0.7390.122 Mobile Safari/537.36 (compatible; Googlebot/2.1; +http://www.google.com/bot.html)"
74.7.227.177 - - [04/Nov/2025:13:21:05 +0100] "GET /424900?fileloc=//proc/net/ip6_mr_cache&path=//proc/net HTTP/2.0" 200 14831 "-" "Mozilla/5.0 AppleWebKit/537.36 (KHTML, like Gecko; compatible; GPTBot/1.2; +https://openai.com/gptbot)"
74.7.227.36 - - [04/Nov/2025:13:21:05 +0100] "GET /?path=//proc/self/root/proc/54274/root/opt/cpanel/ea-php80/root HTTP/2.0" 200 43073 "-" "Mozilla/5.0 AppleWebKit/537.36 (KHTML, like Gecko; compatible; GPTBot/1.2; +https://openai.com/gptbot)"
66.249.69.169 - - [04/Nov/2025:13:21:07 +0100] "GET /oxygen204022179.html HTTP/1.1" 200 554558 "-" "Mozilla/5.0 (Linux; Android 6.0.1; Nexus 5X Build/MMB29P) AppleWebKit/537.36 (KHTML, like Gecko) Chrome/141.0.7390.122 Mobile Safari/537.36 (compatible; Googlebot/2.1; +http://www.google.com/bot.html)"
74.7.227.240 - - [04/Nov/2025:13:21:07 +0100] "GET /?path=//proc/self/root/proc/67277/root/opt/alt/alt-nodejs20/root/var HTTP/2.0" 200 39116 "-" "Mozilla/5.0 AppleWebKit/537.36 (KHTML, like Gecko; compatible; GPTBot/1.2; +https://openai.com/gptbot)"
74.7.227.3 - - [04/Nov/2025:13:21:08 +0100] "GET /?fileloc=//lib64/python2.7/test/test_copy_reg.pyc&path=//lib64/python2.7/test HTTP/2.0" 200 20197 "-" "Mozilla/5.0 AppleWebKit/537.36 (KHTML, like Gecko; compatible; GPTBot/1.2; +https://openai.com/gptbot)"
74.7.227.148 - - [04/Nov/2025:13:21:08 +0100] "GET /?path=//usr/lib/modules/4.18.0-553.8.1.lve.el8.x86_64/kernel/drivers/platform/x86/intel/uncore-frequency HTTP/2.0" 200 17143 "-" "Mozilla/5.0 AppleWebKit/537.36 (KHTML, like Gecko; compatible; GPTBot/1.2; +https://openai.com/gptbot)"
74.7.227.177 - - [04/Nov/2025:13:21:10 +0100] "GET /442211?fileloc=//proc/net/udp&path=//proc/net HTTP/2.0" 200 15465 "-" "Mozilla/5.0 AppleWebKit/537.36 (KHTML, like Gecko; compatible; GPTBot/1.2; +https://openai.com/gptbot)"
74.7.227.240 - - [04/Nov/2025:13:21:11 +0100] "GET /?path=//proc/self/root/proc/67277/root/opt/alt/alt-nodejs20/root/run HTTP/2.0" 200 17279 "-" "Mozilla/5.0 AppleWebKit/537.36 (KHTML, like Gecko; compatible; GPTBot/1.2; +https://openai.com/gptbot)"
74.7.227.36 - - [04/Nov/2025:13:21:11 +0100] "GET /?path=//proc/self/root/proc/67277/root/opt/alt/alt-nodejs20/root/var/nis HTTP/2.0" 200 13366 "-" "Mozilla/5.0 AppleWebKit/537.36 (KHTML, like Gecko; compatible; GPTBot/1.2; +https://openai.com/gptbot)"
64.233.173.200 - - [04/Nov/2025:13:21:12 +0100] "GET /.well-known/traffic-advice HTTP/1.1" 200 73816 "-" "Chrome Privacy Preserving Prefetch Proxy"
74.7.227.177 - - [04/Nov/2025:13:21:13 +0100] "GET /477300?fileloc=//proc/net/ip6_flowlabel&path=//proc/net HTTP/2.0" 200 14832 "-" "Mozilla/5.0 AppleWebKit/537.36 (KHTML, like Gecko; compatible; GPTBot/1.2; +https://openai.com/gptbot)"
74.7.227.148 - - [04/Nov/2025:13:21:13 +0100] "GET /?path=//usr/lib/modules/4.18.0-553.8.1.lve.el8.x86_64/kernel/drivers/platform/x86/intel/ifs HTTP/2.0" 200 17700 "-" "Mozilla/5.0 AppleWebKit/537.36 (KHTML, like Gecko; compatible; GPTBot/1.2; +https://openai.com/gptbot)"
66.249.69.169 - - [04/Nov/2025:13:21:13 +0100] "GET /loud113041642.html HTTP/1.1" 200 558381 "-" "Mozilla/5.0 (Linux; Android 6.0.1; Nexus 5X Build/MMB29P) AppleWebKit/537.36 (KHTML, like Gecko) Chrome/141.0.7390.122 Mobile Safari/537.36 (compatible; Googlebot/2.1; +http://www.google.com/bot.html)"
74.7.227.3 - - [04/Nov/2025:13:21:13 +0100] "GET /?fileloc=//lib64/python2.7/test/test_cmd_line.pyo&path=//lib64/python2.7/test HTTP/2.0" 200 20723 "-" "Mozilla/5.0 AppleWebKit/537.36 (KHTML, like Gecko; compatible; GPTBot/1.2; +https://openai.com/gptbot)"
74.7.227.240 - - [04/Nov/2025:13:21:14 +0100] "GET /?path=//proc/self/root/proc/67277/root/opt/alt/alt-nodejs20/root/etc/xdg HTTP/2.0" 200 17402 "-" "Mozilla/5.0 AppleWebKit/537.36 (KHTML, like Gecko; compatible; GPTBot/1.2; +https://openai.com/gptbot)"
74.7.227.36 - - [04/Nov/2025:13:21:17 +0100] "GET /?path=//proc/self/root/proc/67277/root/opt/alt/alt-nodejs20/root/boot HTTP/2.0" 200 15826 "-" "Mozilla/5.0 AppleWebKit/537.36 (KHTML, like Gecko; compatible; GPTBot/1.2; +https://openai.com/gptbot)"
74.7.227.177 - - [04/Nov/2025:13:21:17 +0100] "GET /424900?fileloc=//proc/net/ip6_flowlabel&path=//proc/net HTTP/2.0" 200 14832 "-" "Mozilla/5.0 AppleWebKit/537.36 (KHTML, like Gecko; compatible; GPTBot/1.2; +https://openai.com/gptbot)"
74.7.227.240 - - [04/Nov/2025:13:21:18 +0100] "GET /?path=//proc/self/root/proc/54274/root/opt/alt/alt-nodejs19/root HTTP/2.0" 200 43130 "-" "Mozilla/5.0 AppleWebKit/537.36 (KHTML, like Gecko; compatible; GPTBot/1.2; +https://openai.com/gptbot)"
74.7.227.148 - - [04/Nov/2025:13:21:18 +0100] "GET /?path=//usr/lib/modules/4.18.0-553.8.1.lve.el8.x86_64/kernel/drivers/platform/x86/intel/pmc HTTP/2.0" 200 19499 "-" "Mozilla/5.0 AppleWebKit/537.36 (KHTML, like Gecko; compatible; GPTBot/1.2; +https://openai.com/gptbot)"
74.7.227.3 - - [04/Nov/2025:13:21:19 +0100] "GET /?path=//opt/alt/python27/lib64/python2.7/site-packages/Cython/Compiler HTTP/2.0" 200 233336 "-" "Mozilla/5.0 AppleWebKit/537.36 (KHTML, like Gecko; compatible; GPTBot/1.2; +https://openai.com/gptbot)"
74.7.227.36 - - [04/Nov/2025:13:21:20 +0100] "GET /?path=//proc/self/root/proc/53872/root/opt/cpanel/ea-php70/root/usr/lib HTTP/2.0" 200 15913 "-" "Mozilla/5.0 AppleWebKit/537.36 (KHTML, like Gecko; compatible; GPTBot/1.2; +https://openai.com/gptbot)"
74.7.227.177 - - [04/Nov/2025:13:21:20 +0100] "GET /442211?fileloc=//proc/net/rt_cache&path=//proc/net HTTP/2.0" 200 12278 "-" "Mozilla/5.0 AppleWebKit/537.36 (KHTML, like Gecko; compatible; GPTBot/1.2; +https://openai.com/gptbot)"
66.249.69.168 - - [04/Nov/2025:13:21:21 +0100] "GET /items/yslkh9/25507?key=legislative HTTP/1.1" 200 564138 "-" "Mozilla/5.0 (Linux; Android 6.0.1; Nexus 5X Build/MMB29P) AppleWebKit/537.36 (KHTML, like Gecko) Chrome/141.0.7390.122 Mobile Safari/537.36 (compatible; Googlebot/2.1; +http://www.google.com/bot.html)"
74.7.227.240 - - [04/Nov/2025:13:21:23 +0100] "GET /?path=//proc/self/root/proc/67277/root/opt/alt/alt-nodejs20/root/etc/pm HTTP/2.0" 200 20345 "-" "Mozilla/5.0 AppleWebKit/537.36 (KHTML, like Gecko; compatible; GPTBot/1.2; +https://openai.com/gptbot)"
66.249.69.168 - - [04/Nov/2025:13:21:23 +0100] "GET /live247000550.html HTTP/1.1" 200 555282 "-" "Mozilla/5.0 (Linux; Android 6.0.1; Nexus 5X Build/MMB29P) AppleWebKit/537.36 (KHTML, like Gecko) Chrome/141.0.7390.122 Mobile Safari/537.36 (compatible; Googlebot/2.1; +http://www.google.com/bot.html)"
74.7.227.148 - - [04/Nov/2025:13:21:24 +0100] "GET /?path=//usr/lib/modules/4.18.0-553.8.1.lve.el8.x86_64/kernel/drivers/platform/x86/intel/pmt HTTP/2.0" 200 21188 "-" "Mozilla/5.0 AppleWebKit/537.36 (KHTML, like Gecko; compatible; GPTBot/1.2; +https://openai.com/gptbot)"
74.7.227.3 - - [04/Nov/2025:13:21:25 +0100] "GET /?fileloc=//lib64/python2.7/test/test_cmd_line.pyc&path=//lib64/python2.7/test HTTP/2.0" 200 20723 "-" "Mozilla/5.0 AppleWebKit/537.36 (KHTML, like Gecko; compatible; GPTBot/1.2; +https://openai.com/gptbot)"
