File: /home/opal/logs/opalaesthetic.net-Oct-2023
3.138.170.43 - - [11/Oct/2023:12:02:16 +0300] "GET /.well-known/acme-challenge/yjiifoQ3VIZF2_ynmAEr94ryVIc7FsUTF_d_oQtYqt0 HTTP/1.1" 200 87 "-" "Mozilla/5.0 (compatible; Let's Encrypt validation server; +https://www.letsencrypt.org)"
23.178.112.102 - - [11/Oct/2023:12:02:17 +0300] "GET /.well-known/acme-challenge/yjiifoQ3VIZF2_ynmAEr94ryVIc7FsUTF_d_oQtYqt0 HTTP/1.1" 200 87 "-" "Mozilla/5.0 (compatible; Let's Encrypt validation server; +https://www.letsencrypt.org)"
144.76.110.163 - - [11/Oct/2023:12:02:13 +0300] "GET /.well-known/acme-challenge/T2KF_QNCB-W4QKJC8ALH3QFDY5QUJ0RA HTTP/1.1" 200 64 "-" "Cpanel-HTTP-Client/1.0"
18.221.32.160 - - [11/Oct/2023:12:02:16 +0300] "GET /.well-known/acme-challenge/LKfdq3pc6FDjybJDGOFjtvGnGsBXGV4JHEUTWzE8gJ0 HTTP/1.1" 200 87 "-" "Mozilla/5.0 (compatible; Let's Encrypt validation server; +https://www.letsencrypt.org)"
23.178.112.104 - - [11/Oct/2023:12:02:16 +0300] "GET /.well-known/acme-challenge/LKfdq3pc6FDjybJDGOFjtvGnGsBXGV4JHEUTWzE8gJ0 HTTP/1.1" 200 87 "-" "Mozilla/5.0 (compatible; Let's Encrypt validation server; +https://www.letsencrypt.org)"
23.178.112.103 - - [11/Oct/2023:12:02:16 +0300] "GET /.well-known/acme-challenge/mC7HVcsw4WOKklKgn6auYNUhHVhzNG4evTKg8l-kKIw HTTP/1.1" 200 87 "-" "Mozilla/5.0 (compatible; Let's Encrypt validation server; +https://www.letsencrypt.org)"
144.76.110.163 - - [11/Oct/2023:12:02:17 +0300] "GET /.well-known/acme-challenge/u8kr--HvQnUmphy7xhyAT9raWBOjK6JglNpYeJ9_hQg HTTP/1.1" 200 87 "-" "Mozilla/5.0 (compatible; Let's Encrypt validation server; +https://www.letsencrypt.org)"
144.76.110.163 - - [11/Oct/2023:12:02:13 +0300] "GET /.well-known/acme-challenge/X19NQGYVQM-DM_AUR11D60SMRFCE8LZF HTTP/1.1" 200 64 "-" "Cpanel-HTTP-Client/1.0"
144.76.110.163 - - [11/Oct/2023:12:02:13 +0300] "GET /.well-known/acme-challenge/-_UKV7LOUV2JQLZ3GHUPQWFL3OATEVV3 HTTP/1.1" 200 64 "-" "Cpanel-HTTP-Client/1.0"
34.219.193.73 - - [11/Oct/2023:12:02:16 +0300] "GET /.well-known/acme-challenge/mC7HVcsw4WOKklKgn6auYNUhHVhzNG4evTKg8l-kKIw HTTP/1.1" 200 87 "-" "Mozilla/5.0 (compatible; Let's Encrypt validation server; +https://www.letsencrypt.org)"
144.76.110.163 - - [11/Oct/2023:12:02:17 +0300] "GET /.well-known/acme-challenge/VIQwBkgGF5ZgvrHa86mrKtz4I2ir1XmJJZhMTfRzznE HTTP/1.1" 200 87 "-" "Mozilla/5.0 (compatible; Let's Encrypt validation server; +https://www.letsencrypt.org)"
144.76.110.163 - - [11/Oct/2023:12:02:17 +0300] "GET /.well-known/acme-challenge/k6wmemhRwZIdItsj3xxvQ5Xpl3tZDuKwd0DPEaAozQI HTTP/1.1" 200 87 "-" "Mozilla/5.0 (compatible; Let's Encrypt validation server; +https://www.letsencrypt.org)"
144.76.110.163 - - [11/Oct/2023:12:02:13 +0300] "GET /.well-known/acme-challenge/_6Q58-HHSOSY_DUNBJ5XK9HIH4IWEX2Z HTTP/1.1" 200 64 "-" "Cpanel-HTTP-Client/1.0"
144.76.110.163 - - [11/Oct/2023:12:02:13 +0300] "GET /.well-known/acme-challenge/_-8YOQSLADPBRKSRMOK52JVDQYA6M0I6 HTTP/1.1" 200 64 "-" "Cpanel-HTTP-Client/1.0"
144.76.110.163 - - [11/Oct/2023:12:02:13 +0300] "GET /.well-known/acme-challenge/0SYJSP3EZDIVV8YPE049G997QWE0TPAF HTTP/1.1" 200 64 "-" "Cpanel-HTTP-Client/1.0"
144.76.110.163 - - [11/Oct/2023:12:02:17 +0300] "GET /.well-known/acme-challenge/tFx9iV6NttB3C6kNbwbTy4Ss0zO9kwY-EyTrXc94ox8 HTTP/1.1" 200 87 "-" "Mozilla/5.0 (compatible; Let's Encrypt validation server; +https://www.letsencrypt.org)"
144.76.110.163 - - [11/Oct/2023:12:02:17 +0300] "GET /.well-known/acme-challenge/VIQwBkgGF5ZgvrHa86mrKtz4I2ir1XmJJZhMTfRzznE HTTP/1.1" 200 87 "-" "Mozilla/5.0 (compatible; Let's Encrypt validation server; +https://www.letsencrypt.org)"
144.76.110.163 - - [11/Oct/2023:12:02:17 +0300] "GET /.well-known/acme-challenge/k6wmemhRwZIdItsj3xxvQ5Xpl3tZDuKwd0DPEaAozQI HTTP/1.1" 200 87 "-" "Mozilla/5.0 (compatible; Let's Encrypt validation server; +https://www.letsencrypt.org)"
144.76.110.163 - - [11/Oct/2023:12:02:13 +0300] "GET /.well-known/acme-challenge/15XZRHILIESR_F1L1TCA8SLUU-AGND8A HTTP/1.1" 200 64 "-" "Cpanel-HTTP-Client/1.0"
144.76.110.163 - - [11/Oct/2023:12:02:17 +0300] "GET /.well-known/acme-challenge/G1SCpF6vw09k84W8KnbDOc26-zFw0lhzSG6vR6ubwtk HTTP/1.1" 200 87 "-" "Mozilla/5.0 (compatible; Let's Encrypt validation server; +https://www.letsencrypt.org)"
144.76.110.163 - - [11/Oct/2023:12:02:17 +0300] "GET /.well-known/acme-challenge/G1SCpF6vw09k84W8KnbDOc26-zFw0lhzSG6vR6ubwtk HTTP/1.1" 200 87 "-" "Mozilla/5.0 (compatible; Let's Encrypt validation server; +https://www.letsencrypt.org)"
144.76.110.163 - - [11/Oct/2023:12:02:17 +0300] "GET /.well-known/acme-challenge/u8kr--HvQnUmphy7xhyAT9raWBOjK6JglNpYeJ9_hQg HTTP/1.1" 200 87 "-" "Mozilla/5.0 (compatible; Let's Encrypt validation server; +https://www.letsencrypt.org)"
144.76.110.163 - - [11/Oct/2023:12:02:17 +0300] "GET /.well-known/acme-challenge/u8kr--HvQnUmphy7xhyAT9raWBOjK6JglNpYeJ9_hQg HTTP/1.1" 200 87 "-" "Mozilla/5.0 (compatible; Let's Encrypt validation server; +https://www.letsencrypt.org)"
144.76.110.163 - - [11/Oct/2023:12:02:17 +0300] "GET /.well-known/acme-challenge/k6wmemhRwZIdItsj3xxvQ5Xpl3tZDuKwd0DPEaAozQI HTTP/1.1" 200 87 "-" "Mozilla/5.0 (compatible; Let's Encrypt validation server; +https://www.letsencrypt.org)"
144.76.110.163 - - [11/Oct/2023:12:02:13 +0300] "GET /.well-known/acme-challenge/BSZWTM2IZSBTGFUPZ-X6U5S4-NLDP199 HTTP/1.1" 200 64 "-" "Cpanel-HTTP-Client/1.0"
34.219.193.73 - - [11/Oct/2023:12:02:16 +0300] "GET /.well-known/acme-challenge/LKfdq3pc6FDjybJDGOFjtvGnGsBXGV4JHEUTWzE8gJ0 HTTP/1.1" 200 87 "-" "Mozilla/5.0 (compatible; Let's Encrypt validation server; +https://www.letsencrypt.org)"
18.221.32.160 - - [11/Oct/2023:12:02:16 +0300] "GET /.well-known/acme-challenge/mC7HVcsw4WOKklKgn6auYNUhHVhzNG4evTKg8l-kKIw HTTP/1.1" 200 87 "-" "Mozilla/5.0 (compatible; Let's Encrypt validation server; +https://www.letsencrypt.org)"
144.76.110.163 - - [11/Oct/2023:12:02:17 +0300] "GET /.well-known/acme-challenge/tFx9iV6NttB3C6kNbwbTy4Ss0zO9kwY-EyTrXc94ox8 HTTP/1.1" 200 87 "-" "Mozilla/5.0 (compatible; Let's Encrypt validation server; +https://www.letsencrypt.org)"
144.76.110.163 - - [11/Oct/2023:12:02:17 +0300] "GET /.well-known/acme-challenge/G1SCpF6vw09k84W8KnbDOc26-zFw0lhzSG6vR6ubwtk HTTP/1.1" 200 87 "-" "Mozilla/5.0 (compatible; Let's Encrypt validation server; +https://www.letsencrypt.org)"
144.76.110.163 - - [11/Oct/2023:12:02:17 +0300] "GET /.well-known/acme-challenge/VIQwBkgGF5ZgvrHa86mrKtz4I2ir1XmJJZhMTfRzznE HTTP/1.1" 200 87 "-" "Mozilla/5.0 (compatible; Let's Encrypt validation server; +https://www.letsencrypt.org)"
34.219.193.73 - - [11/Oct/2023:12:02:17 +0300] "GET /.well-known/acme-challenge/yjiifoQ3VIZF2_ynmAEr94ryVIc7FsUTF_d_oQtYqt0 HTTP/1.1" 200 87 "-" "Mozilla/5.0 (compatible; Let's Encrypt validation server; +https://www.letsencrypt.org)"
144.76.110.163 - - [11/Oct/2023:12:02:17 +0300] "GET /.well-known/acme-challenge/tFx9iV6NttB3C6kNbwbTy4Ss0zO9kwY-EyTrXc94ox8 HTTP/1.1" 200 87 "-" "Mozilla/5.0 (compatible; Let's Encrypt validation server; +https://www.letsencrypt.org)"
154.28.229.249 - - [11/Oct/2023:12:03:26 +0300] "GET / HTTP/1.1" 200 497 "-" "Mozilla/5.0 (X11; U; Linux x86_64; en-US) AppleWebKit/534.1 (KHTML, like Gecko) Chrome/6.0.427.0 Safari/534.1"
154.28.229.138 - - [11/Oct/2023:12:03:26 +0300] "GET / HTTP/1.1" 401 52 "-" "Mozilla/5.0 (Windows; U; Windows NT 5.1; en-US) AppleWebKit/532.0 (KHTML, like Gecko) Chrome/4.0.204.0 Safari/532.0"
154.28.229.249 - - [11/Oct/2023:12:03:26 +0300] "GET /?ND HTTP/1.1" 200 496 "-" "Mozilla/5.0 (X11; U; Linux x86_64; en-US) AppleWebKit/534.1 (KHTML, like Gecko) Chrome/6.0.427.0 Safari/534.1"
154.28.229.249 - - [11/Oct/2023:12:03:27 +0300] "GET /?NA HTTP/1.1" 200 497 "-" "Mozilla/5.0 (X11; U; Linux x86_64; en-US) AppleWebKit/534.1 (KHTML, like Gecko) Chrome/6.0.427.0 Safari/534.1"
154.28.229.249 - - [11/Oct/2023:12:03:28 +0300] "GET /_autoindex/assets/js/tablesort.js HTTP/1.1" 200 2137 "-" "Mozilla/5.0 (X11; U; Linux x86_64; en-US) AppleWebKit/534.1 (KHTML, like Gecko) Chrome/6.0.427.0 Safari/534.1"
154.28.229.230 - - [11/Oct/2023:12:03:28 +0300] "GET /?locale=cs HTTP/1.1" 200 12355 "-" "Mozilla/5.0 (Windows; U; Windows NT 6.0; en-US) AppleWebKit/532.2 (KHTML, like Gecko) Chrome/4.0.221.6 Safari/532.2"
154.28.229.185 - - [11/Oct/2023:12:03:28 +0300] "GET /?locale=de HTTP/1.1" 200 12296 "-" "Mozilla/5.0 (Windows NT 5.1) AppleWebKit/535.2 (KHTML, like Gecko) Chrome/15.0.864.0 Safari/535.2"
154.28.229.230 - - [11/Oct/2023:12:03:28 +0300] "GET /?locale=es HTTP/1.1" 200 12266 "-" "Mozilla/5.0 (Windows; U; Windows NT 6.0; en-US) AppleWebKit/532.2 (KHTML, like Gecko) Chrome/4.0.221.6 Safari/532.2"
154.28.229.185 - - [11/Oct/2023:12:03:28 +0300] "GET /?locale=he HTTP/1.1" 200 12282 "-" "Mozilla/5.0 (Windows NT 5.1) AppleWebKit/535.2 (KHTML, like Gecko) Chrome/15.0.864.0 Safari/535.2"
154.28.229.249 - - [11/Oct/2023:12:03:28 +0300] "GET /?SD HTTP/1.1" 200 500 "-" "Mozilla/5.0 (X11; U; Linux x86_64; en-US) AppleWebKit/534.1 (KHTML, like Gecko) Chrome/6.0.427.0 Safari/534.1"
154.28.229.185 - - [11/Oct/2023:12:03:28 +0300] "GET /?locale=it HTTP/1.1" 200 12217 "-" "Mozilla/5.0 (Windows NT 5.1) AppleWebKit/535.2 (KHTML, like Gecko) Chrome/15.0.864.0 Safari/535.2"
154.28.229.185 - - [11/Oct/2023:12:03:28 +0300] "GET /?locale=hu HTTP/1.1" 200 12345 "-" "Mozilla/5.0 (Windows NT 5.1) AppleWebKit/535.2 (KHTML, like Gecko) Chrome/15.0.864.0 Safari/535.2"
154.28.229.185 - - [11/Oct/2023:12:03:28 +0300] "GET /?locale=ko HTTP/1.1" 200 12393 "-" "Mozilla/5.0 (Windows NT 5.1) AppleWebKit/535.2 (KHTML, like Gecko) Chrome/15.0.864.0 Safari/535.2"
154.28.229.185 - - [11/Oct/2023:12:03:28 +0300] "GET /?locale=nb HTTP/1.1" 200 12199 "-" "Mozilla/5.0 (Windows NT 5.1) AppleWebKit/535.2 (KHTML, like Gecko) Chrome/15.0.864.0 Safari/535.2"
154.28.229.185 - - [11/Oct/2023:12:03:28 +0300] "GET /?locale=i_en HTTP/1.1" 200 12088 "-" "Mozilla/5.0 (Windows NT 5.1) AppleWebKit/535.2 (KHTML, like Gecko) Chrome/15.0.864.0 Safari/535.2"
154.28.229.230 - - [11/Oct/2023:12:03:28 +0300] "GET /?locale=pl HTTP/1.1" 200 12382 "-" "Mozilla/5.0 (Windows; U; Windows NT 6.0; en-US) AppleWebKit/532.2 (KHTML, like Gecko) Chrome/4.0.221.6 Safari/532.2"
154.28.229.185 - - [11/Oct/2023:12:03:28 +0300] "GET /?locale=pt HTTP/1.1" 200 12126 "-" "Mozilla/5.0 (Windows NT 5.1) AppleWebKit/535.2 (KHTML, like Gecko) Chrome/15.0.864.0 Safari/535.2"
154.28.229.185 - - [11/Oct/2023:12:03:28 +0300] "GET /?locale=pt_br HTTP/1.1" 200 12215 "-" "Mozilla/5.0 (Windows NT 5.1) AppleWebKit/535.2 (KHTML, like Gecko) Chrome/15.0.864.0 Safari/535.2"
154.28.229.230 - - [11/Oct/2023:12:03:28 +0300] "GET /?locale=zh HTTP/1.1" 200 12425 "-" "Mozilla/5.0 (Windows; U; Windows NT 6.0; en-US) AppleWebKit/532.2 (KHTML, like Gecko) Chrome/4.0.221.6 Safari/532.2"
154.28.229.230 - - [11/Oct/2023:12:03:28 +0300] "GET /?locale=sv HTTP/1.1" 200 12215 "-" "Mozilla/5.0 (Windows; U; Windows NT 6.0; en-US) AppleWebKit/532.2 (KHTML, like Gecko) Chrome/4.0.221.6 Safari/532.2"
154.28.229.185 - - [11/Oct/2023:12:03:28 +0300] "GET /?locale=cs HTTP/1.1" 200 12337 "-" "Mozilla/5.0 (Windows NT 5.1) AppleWebKit/535.2 (KHTML, like Gecko) Chrome/15.0.864.0 Safari/535.2"
154.28.229.230 - - [11/Oct/2023:12:03:28 +0300] "GET /?locale=es_es HTTP/1.1" 200 12263 "-" "Mozilla/5.0 (Windows; U; Windows NT 6.0; en-US) AppleWebKit/532.2 (KHTML, like Gecko) Chrome/4.0.221.6 Safari/532.2"
154.28.229.230 - - [11/Oct/2023:12:03:28 +0300] "GET /?locale=es_419 HTTP/1.1" 200 12260 "-" "Mozilla/5.0 (Windows; U; Windows NT 6.0; en-US) AppleWebKit/532.2 (KHTML, like Gecko) Chrome/4.0.221.6 Safari/532.2"
154.28.229.185 - - [11/Oct/2023:12:03:28 +0300] "GET /?locale=fil HTTP/1.1" 200 12189 "-" "Mozilla/5.0 (Windows NT 5.1) AppleWebKit/535.2 (KHTML, like Gecko) Chrome/15.0.864.0 Safari/535.2"
154.28.229.230 - - [11/Oct/2023:12:03:28 +0300] "GET /?locale=it HTTP/1.1" 200 12220 "-" "Mozilla/5.0 (Windows; U; Windows NT 6.0; en-US) AppleWebKit/532.2 (KHTML, like Gecko) Chrome/4.0.221.6 Safari/532.2"
154.28.229.230 - - [11/Oct/2023:12:03:28 +0300] "GET /?locale=id HTTP/1.1" 200 12153 "-" "Mozilla/5.0 (Windows; U; Windows NT 6.0; en-US) AppleWebKit/532.2 (KHTML, like Gecko) Chrome/4.0.221.6 Safari/532.2"
154.28.229.185 - - [11/Oct/2023:12:03:28 +0300] "GET /?locale=fr HTTP/1.1" 200 12324 "-" "Mozilla/5.0 (Windows NT 5.1) AppleWebKit/535.2 (KHTML, like Gecko) Chrome/15.0.864.0 Safari/535.2"
154.28.229.185 - - [11/Oct/2023:12:03:28 +0300] "GET /?locale=th HTTP/1.1" 200 12490 "-" "Mozilla/5.0 (Windows NT 5.1) AppleWebKit/535.2 (KHTML, like Gecko) Chrome/15.0.864.0 Safari/535.2"
154.28.229.230 - - [11/Oct/2023:12:03:28 +0300] "GET /?locale=ar HTTP/1.1" 200 12485 "-" "Mozilla/5.0 (Windows; U; Windows NT 6.0; en-US) AppleWebKit/532.2 (KHTML, like Gecko) Chrome/4.0.221.6 Safari/532.2"
154.28.229.185 - - [11/Oct/2023:12:03:28 +0300] "GET /?locale=de HTTP/1.1" 200 12296 "-" "Mozilla/5.0 (Windows NT 5.1) AppleWebKit/535.2 (KHTML, like Gecko) Chrome/15.0.864.0 Safari/535.2"
154.28.229.185 - - [11/Oct/2023:12:03:28 +0300] "GET /?locale=cs HTTP/1.1" 200 12343 "-" "Mozilla/5.0 (Windows NT 5.1) AppleWebKit/535.2 (KHTML, like Gecko) Chrome/15.0.864.0 Safari/535.2"
154.28.229.249 - - [11/Oct/2023:12:03:28 +0300] "GET /?SA HTTP/1.1" 200 501 "-" "Mozilla/5.0 (X11; U; Linux x86_64; en-US) AppleWebKit/534.1 (KHTML, like Gecko) Chrome/6.0.427.0 Safari/534.1"
154.28.229.230 - - [11/Oct/2023:12:03:28 +0300] "GET /?locale=de HTTP/1.1" 200 12312 "-" "Mozilla/5.0 (Windows; U; Windows NT 6.0; en-US) AppleWebKit/532.2 (KHTML, like Gecko) Chrome/4.0.221.6 Safari/532.2"
195.211.77.140 - - [11/Oct/2023:12:03:28 +0300] "HEAD / HTTP/1.1" 403 0 "-" "Mozilla/5.0 (Windows NT 10.0; Win64; x64) AppleWebKit/537.36 (KHTML, like Gecko) Chrome/108.0.0.0 Safari/537.36"
154.28.229.230 - - [11/Oct/2023:12:03:28 +0300] "GET /?locale=ms HTTP/1.1" 200 12197 "-" "Mozilla/5.0 (Windows; U; Windows NT 6.0; en-US) AppleWebKit/532.2 (KHTML, like Gecko) Chrome/4.0.221.6 Safari/532.2"
154.28.229.230 - - [11/Oct/2023:12:03:28 +0300] "GET /?locale=en HTTP/1.1" 200 12098 "-" "Mozilla/5.0 (Windows; U; Windows NT 6.0; en-US) AppleWebKit/532.2 (KHTML, like Gecko) Chrome/4.0.221.6 Safari/532.2"
154.28.229.185 - - [11/Oct/2023:12:03:28 +0300] "GET /?locale=zh HTTP/1.1" 200 12405 "-" "Mozilla/5.0 (Windows NT 5.1) AppleWebKit/535.2 (KHTML, like Gecko) Chrome/15.0.864.0 Safari/535.2"
154.28.229.185 - - [11/Oct/2023:12:03:28 +0300] "GET /?locale=en HTTP/1.1" 200 12096 "-" "Mozilla/5.0 (Windows NT 5.1) AppleWebKit/535.2 (KHTML, like Gecko) Chrome/15.0.864.0 Safari/535.2"
154.28.229.230 - - [11/Oct/2023:12:03:28 +0300] "GET /?locale=da HTTP/1.1" 200 12183 "-" "Mozilla/5.0 (Windows; U; Windows NT 6.0; en-US) AppleWebKit/532.2 (KHTML, like Gecko) Chrome/4.0.221.6 Safari/532.2"
154.28.229.249 - - [11/Oct/2023:12:03:28 +0300] "GET /?MA HTTP/1.1" 200 503 "-" "Mozilla/5.0 (X11; U; Linux x86_64; en-US) AppleWebKit/534.1 (KHTML, like Gecko) Chrome/6.0.427.0 Safari/534.1"
154.28.229.230 - - [11/Oct/2023:12:03:28 +0300] "GET /?locale=fi HTTP/1.1" 200 12264 "-" "Mozilla/5.0 (Windows; U; Windows NT 6.0; en-US) AppleWebKit/532.2 (KHTML, like Gecko) Chrome/4.0.221.6 Safari/532.2"
154.28.229.249 - - [11/Oct/2023:12:03:28 +0300] "GET /?MD HTTP/1.1" 200 501 "-" "Mozilla/5.0 (X11; U; Linux x86_64; en-US) AppleWebKit/534.1 (KHTML, like Gecko) Chrome/6.0.427.0 Safari/534.1"
154.28.229.185 - - [11/Oct/2023:12:03:28 +0300] "GET /?locale=id HTTP/1.1" 200 12157 "-" "Mozilla/5.0 (Windows NT 5.1) AppleWebKit/535.2 (KHTML, like Gecko) Chrome/15.0.864.0 Safari/535.2"
154.28.229.230 - - [11/Oct/2023:12:03:28 +0300] "GET /?locale=pt HTTP/1.1" 200 12119 "-" "Mozilla/5.0 (Windows; U; Windows NT 6.0; en-US) AppleWebKit/532.2 (KHTML, like Gecko) Chrome/4.0.221.6 Safari/532.2"
154.28.229.185 - - [11/Oct/2023:12:03:28 +0300] "GET /?locale=ms HTTP/1.1" 200 12197 "-" "Mozilla/5.0 (Windows NT 5.1) AppleWebKit/535.2 (KHTML, like Gecko) Chrome/15.0.864.0 Safari/535.2"
154.28.229.230 - - [11/Oct/2023:12:03:28 +0300] "GET /?locale=ru HTTP/1.1" 200 12574 "-" "Mozilla/5.0 (Windows; U; Windows NT 6.0; en-US) AppleWebKit/532.2 (KHTML, like Gecko) Chrome/4.0.221.6 Safari/532.2"
154.28.229.230 - - [11/Oct/2023:12:03:28 +0300] "GET /?locale=vi HTTP/1.1" 200 12302 "-" "Mozilla/5.0 (Windows; U; Windows NT 6.0; en-US) AppleWebKit/532.2 (KHTML, like Gecko) Chrome/4.0.221.6 Safari/532.2"
154.28.229.230 - - [11/Oct/2023:12:03:28 +0300] "GET /?locale=uk HTTP/1.1" 200 12514 "-" "Mozilla/5.0 (Windows; U; Windows NT 6.0; en-US) AppleWebKit/532.2 (KHTML, like Gecko) Chrome/4.0.221.6 Safari/532.2"
154.28.229.185 - - [11/Oct/2023:12:03:26 +0300] "GET / HTTP/1.1" 200 12092 "-" "Mozilla/5.0 (Windows NT 5.1) AppleWebKit/535.2 (KHTML, like Gecko) Chrome/15.0.864.0 Safari/535.2"
154.28.229.185 - - [11/Oct/2023:12:03:26 +0300] "GET /?locale=en HTTP/1.1" 200 12095 "-" "Mozilla/5.0 (Windows NT 5.1) AppleWebKit/535.2 (KHTML, like Gecko) Chrome/15.0.864.0 Safari/535.2"
154.28.229.185 - - [11/Oct/2023:12:03:28 +0300] "GET /?locale=el HTTP/1.1" 200 12592 "-" "Mozilla/5.0 (Windows NT 5.1) AppleWebKit/535.2 (KHTML, like Gecko) Chrome/15.0.864.0 Safari/535.2"
154.28.229.185 - - [11/Oct/2023:12:03:28 +0300] "GET /?locale=es_419 HTTP/1.1" 200 12249 "-" "Mozilla/5.0 (Windows NT 5.1) AppleWebKit/535.2 (KHTML, like Gecko) Chrome/15.0.864.0 Safari/535.2"
154.28.229.230 - - [11/Oct/2023:12:03:28 +0300] "GET /?locale=fil HTTP/1.1" 200 12200 "-" "Mozilla/5.0 (Windows; U; Windows NT 6.0; en-US) AppleWebKit/532.2 (KHTML, like Gecko) Chrome/4.0.221.6 Safari/532.2"
154.28.229.230 - - [11/Oct/2023:12:03:28 +0300] "GET /?locale=fr HTTP/1.1" 200 12331 "-" "Mozilla/5.0 (Windows; U; Windows NT 6.0; en-US) AppleWebKit/532.2 (KHTML, like Gecko) Chrome/4.0.221.6 Safari/532.2"
154.28.229.185 - - [11/Oct/2023:12:03:28 +0300] "GET /?locale=es_es HTTP/1.1" 200 12257 "-" "Mozilla/5.0 (Windows NT 5.1) AppleWebKit/535.2 (KHTML, like Gecko) Chrome/15.0.864.0 Safari/535.2"
154.28.229.230 - - [11/Oct/2023:12:03:28 +0300] "GET /?locale=i_en HTTP/1.1" 200 12097 "-" "Mozilla/5.0 (Windows; U; Windows NT 6.0; en-US) AppleWebKit/532.2 (KHTML, like Gecko) Chrome/4.0.221.6 Safari/532.2"
195.211.77.140 - - [11/Oct/2023:12:03:31 +0300] "HEAD / HTTP/1.1" 200 0 "-" "Mozilla/5.0 (Windows NT 10.0; Win64; x64) AppleWebKit/537.36 (KHTML, like Gecko) Chrome/108.0.0.0 Safari/537.36"
185.195.233.194 - - [11/Oct/2023:12:03:37 +0300] "GET / HTTP/1.1" 403 699 "-" "Mozilla/5.0 (Windows NT 10.0; Win64; x64) AppleWebKit/537.36 (KHTML, like Gecko) Chrome/110.0.0.0 Safari/537.36"
154.28.229.185 - - [11/Oct/2023:12:03:28 +0300] "GET /?locale=da HTTP/1.1" 200 12191 "-" "Mozilla/5.0 (Windows NT 5.1) AppleWebKit/535.2 (KHTML, like Gecko) Chrome/15.0.864.0 Safari/535.2"
154.28.229.230 - - [11/Oct/2023:12:03:28 +0300] "GET /?locale=de HTTP/1.1" 200 12310 "-" "Mozilla/5.0 (Windows; U; Windows NT 6.0; en-US) AppleWebKit/532.2 (KHTML, like Gecko) Chrome/4.0.221.6 Safari/532.2"
154.28.229.230 - - [11/Oct/2023:12:03:28 +0300] "GET /?locale=el HTTP/1.1" 200 12580 "-" "Mozilla/5.0 (Windows; U; Windows NT 6.0; en-US) AppleWebKit/532.2 (KHTML, like Gecko) Chrome/4.0.221.6 Safari/532.2"
154.28.229.185 - - [11/Oct/2023:12:03:28 +0300] "GET /?locale=ar HTTP/1.1" 200 12456 "-" "Mozilla/5.0 (Windows NT 5.1) AppleWebKit/535.2 (KHTML, like Gecko) Chrome/15.0.864.0 Safari/535.2"
195.211.77.140 - - [11/Oct/2023:12:03:32 +0300] "HEAD / HTTP/1.1" 403 0 "-" "Mozilla/5.0 (Windows NT 10.0; Win64; x64) AppleWebKit/537.36 (KHTML, like Gecko) Chrome/108.0.0.0 Safari/537.36"
146.70.132.137 - - [11/Oct/2023:12:03:37 +0300] "GET / HTTP/1.1" 403 699 "-" "Mozilla/5.0 (Windows NT 10.0; Win64; x64) AppleWebKit/537.36 (KHTML, like Gecko) Chrome/110.0.0.0 Safari/537.36"
154.28.229.211 - - [11/Oct/2023:12:03:26 +0300] "GET / HTTP/1.1" 403 699 "-" "Mozilla/5.0 (Macintosh; U; Intel Mac OS X 10_6_0; en-US) AppleWebKit/532.0 (KHTML, like Gecko) Chrome/4.0.202.0 Safari/532.0"
154.28.229.230 - - [11/Oct/2023:12:03:28 +0300] "GET /?locale=da HTTP/1.1" 200 12188 "-" "Mozilla/5.0 (Windows; U; Windows NT 6.0; en-US) AppleWebKit/532.2 (KHTML, like Gecko) Chrome/4.0.221.6 Safari/532.2"
154.28.229.185 - - [11/Oct/2023:12:03:28 +0300] "GET /?locale=fi HTTP/1.1" 200 12254 "-" "Mozilla/5.0 (Windows NT 5.1) AppleWebKit/535.2 (KHTML, like Gecko) Chrome/15.0.864.0 Safari/535.2"
154.28.229.230 - - [11/Oct/2023:12:03:28 +0300] "GET /?locale=nl HTTP/1.1" 200 12239 "-" "Mozilla/5.0 (Windows; U; Windows NT 6.0; en-US) AppleWebKit/532.2 (KHTML, like Gecko) Chrome/4.0.221.6 Safari/532.2"
154.28.229.230 - - [11/Oct/2023:12:03:28 +0300] "GET /?locale=ja HTTP/1.1" 200 12516 "-" "Mozilla/5.0 (Windows; U; Windows NT 6.0; en-US) AppleWebKit/532.2 (KHTML, like Gecko) Chrome/4.0.221.6 Safari/532.2"
154.28.229.230 - - [11/Oct/2023:12:03:28 +0300] "GET /?locale=hu HTTP/1.1" 200 12339 "-" "Mozilla/5.0 (Windows; U; Windows NT 6.0; en-US) AppleWebKit/532.2 (KHTML, like Gecko) Chrome/4.0.221.6 Safari/532.2"
154.28.229.185 - - [11/Oct/2023:12:03:28 +0300] "GET /?locale=tr HTTP/1.1" 200 12303 "-" "Mozilla/5.0 (Windows NT 5.1) AppleWebKit/535.2 (KHTML, like Gecko) Chrome/15.0.864.0 Safari/535.2"
154.28.229.185 - - [11/Oct/2023:12:03:28 +0300] "GET /?locale=uk HTTP/1.1" 200 12488 "-" "Mozilla/5.0 (Windows NT 5.1) AppleWebKit/535.2 (KHTML, like Gecko) Chrome/15.0.864.0 Safari/535.2"
154.28.229.230 - - [11/Oct/2023:12:03:28 +0300] "GET /?locale=ar HTTP/1.1" 200 12483 "-" "Mozilla/5.0 (Windows; U; Windows NT 6.0; en-US) AppleWebKit/532.2 (KHTML, like Gecko) Chrome/4.0.221.6 Safari/532.2"
154.28.229.230 - - [11/Oct/2023:12:03:28 +0300] "GET /?locale=es_419 HTTP/1.1" 200 12265 "-" "Mozilla/5.0 (Windows; U; Windows NT 6.0; en-US) AppleWebKit/532.2 (KHTML, like Gecko) Chrome/4.0.221.6 Safari/532.2"
154.28.229.185 - - [11/Oct/2023:12:03:28 +0300] "GET /?locale=es_419 HTTP/1.1" 200 12255 "-" "Mozilla/5.0 (Windows NT 5.1) AppleWebKit/535.2 (KHTML, like Gecko) Chrome/15.0.864.0 Safari/535.2"
154.28.229.230 - - [11/Oct/2023:12:03:28 +0300] "GET /?locale=es_es HTTP/1.1" 200 12264 "-" "Mozilla/5.0 (Windows; U; Windows NT 6.0; en-US) AppleWebKit/532.2 (KHTML, like Gecko) Chrome/4.0.221.6 Safari/532.2"
154.28.229.249 - - [11/Oct/2023:12:03:28 +0300] "GET /cgi-bin/ HTTP/1.1" 403 699 "-" "Mozilla/5.0 (X11; U; Linux x86_64; en-US) AppleWebKit/534.1 (KHTML, like Gecko) Chrome/6.0.427.0 Safari/534.1"
154.28.229.230 - - [11/Oct/2023:12:03:28 +0300] "GET /?locale=he HTTP/1.1" 200 12304 "-" "Mozilla/5.0 (Windows; U; Windows NT 6.0; en-US) AppleWebKit/532.2 (KHTML, like Gecko) Chrome/4.0.221.6 Safari/532.2"
154.28.229.230 - - [11/Oct/2023:12:03:28 +0300] "GET /?locale=ko HTTP/1.1" 200 12386 "-" "Mozilla/5.0 (Windows; U; Windows NT 6.0; en-US) AppleWebKit/532.2 (KHTML, like Gecko) Chrome/4.0.221.6 Safari/532.2"
154.28.229.185 - - [11/Oct/2023:12:03:28 +0300] "GET /?locale=nl HTTP/1.1" 200 12236 "-" "Mozilla/5.0 (Windows NT 5.1) AppleWebKit/535.2 (KHTML, like Gecko) Chrome/15.0.864.0 Safari/535.2"
154.28.229.230 - - [11/Oct/2023:12:03:28 +0300] "GET /?locale=ro HTTP/1.1" 200 12252 "-" "Mozilla/5.0 (Windows; U; Windows NT 6.0; en-US) AppleWebKit/532.2 (KHTML, like Gecko) Chrome/4.0.221.6 Safari/532.2"
154.28.229.230 - - [11/Oct/2023:12:03:28 +0300] "GET /?locale=pt_br HTTP/1.1" 200 12224 "-" "Mozilla/5.0 (Windows; U; Windows NT 6.0; en-US) AppleWebKit/532.2 (KHTML, like Gecko) Chrome/4.0.221.6 Safari/532.2"
154.28.229.185 - - [11/Oct/2023:12:03:28 +0300] "GET /?locale=ru HTTP/1.1" 200 12555 "-" "Mozilla/5.0 (Windows NT 5.1) AppleWebKit/535.2 (KHTML, like Gecko) Chrome/15.0.864.0 Safari/535.2"
154.28.229.230 - - [11/Oct/2023:12:03:28 +0300] "GET /?locale=th HTTP/1.1" 200 12496 "-" "Mozilla/5.0 (Windows; U; Windows NT 6.0; en-US) AppleWebKit/532.2 (KHTML, like Gecko) Chrome/4.0.221.6 Safari/532.2"
154.28.229.185 - - [11/Oct/2023:12:03:28 +0300] "GET /?locale=zh_tw HTTP/1.1" 200 12477 "-" "Mozilla/5.0 (Windows NT 5.1) AppleWebKit/535.2 (KHTML, like Gecko) Chrome/15.0.864.0 Safari/535.2"
154.28.229.230 - - [11/Oct/2023:12:03:28 +0300] "GET /?locale=tr HTTP/1.1" 200 12306 "-" "Mozilla/5.0 (Windows; U; Windows NT 6.0; en-US) AppleWebKit/532.2 (KHTML, like Gecko) Chrome/4.0.221.6 Safari/532.2"
154.28.229.185 - - [11/Oct/2023:12:03:28 +0300] "GET /?locale=ar HTTP/1.1" 200 12464 "-" "Mozilla/5.0 (Windows NT 5.1) AppleWebKit/535.2 (KHTML, like Gecko) Chrome/15.0.864.0 Safari/535.2"
154.28.229.185 - - [11/Oct/2023:12:03:28 +0300] "GET /?locale=es_es HTTP/1.1" 200 12262 "-" "Mozilla/5.0 (Windows NT 5.1) AppleWebKit/535.2 (KHTML, like Gecko) Chrome/15.0.864.0 Safari/535.2"
154.28.229.230 - - [11/Oct/2023:12:03:26 +0300] "GET / HTTP/1.1" 200 12101 "-" "Mozilla/5.0 (Windows; U; Windows NT 6.0; en-US) AppleWebKit/532.2 (KHTML, like Gecko) Chrome/4.0.221.6 Safari/532.2"
154.28.229.230 - - [11/Oct/2023:12:03:26 +0300] "GET /?locale=en HTTP/1.1" 200 12100 "-" "Mozilla/5.0 (Windows; U; Windows NT 6.0; en-US) AppleWebKit/532.2 (KHTML, like Gecko) Chrome/4.0.221.6 Safari/532.2"
154.28.229.249 - - [11/Oct/2023:12:03:28 +0300] "GET /_autoindex/assets/js/tablesort.number.js HTTP/1.1" 200 322 "-" "Mozilla/5.0 (X11; U; Linux x86_64; en-US) AppleWebKit/534.1 (KHTML, like Gecko) Chrome/6.0.427.0 Safari/534.1"
154.28.229.185 - - [11/Oct/2023:12:03:28 +0300] "GET /?locale=da HTTP/1.1" 200 12192 "-" "Mozilla/5.0 (Windows NT 5.1) AppleWebKit/535.2 (KHTML, like Gecko) Chrome/15.0.864.0 Safari/535.2"
154.28.229.185 - - [11/Oct/2023:12:03:28 +0300] "GET /?locale=es HTTP/1.1" 200 12256 "-" "Mozilla/5.0 (Windows NT 5.1) AppleWebKit/535.2 (KHTML, like Gecko) Chrome/15.0.864.0 Safari/535.2"
154.28.229.230 - - [11/Oct/2023:12:03:28 +0300] "GET /?locale=el HTTP/1.1" 200 12574 "-" "Mozilla/5.0 (Windows; U; Windows NT 6.0; en-US) AppleWebKit/532.2 (KHTML, like Gecko) Chrome/4.0.221.6 Safari/532.2"
154.28.229.185 - - [11/Oct/2023:12:03:28 +0300] "GET /?locale=ja HTTP/1.1" 200 12517 "-" "Mozilla/5.0 (Windows NT 5.1) AppleWebKit/535.2 (KHTML, like Gecko) Chrome/15.0.864.0 Safari/535.2"
154.28.229.230 - - [11/Oct/2023:12:03:28 +0300] "GET /?locale=nb HTTP/1.1" 200 12204 "-" "Mozilla/5.0 (Windows; U; Windows NT 6.0; en-US) AppleWebKit/532.2 (KHTML, like Gecko) Chrome/4.0.221.6 Safari/532.2"
154.28.229.185 - - [11/Oct/2023:12:03:28 +0300] "GET /?locale=pl HTTP/1.1" 200 12370 "-" "Mozilla/5.0 (Windows NT 5.1) AppleWebKit/535.2 (KHTML, like Gecko) Chrome/15.0.864.0 Safari/535.2"
154.28.229.185 - - [11/Oct/2023:12:03:28 +0300] "GET /?locale=ro HTTP/1.1" 200 12239 "-" "Mozilla/5.0 (Windows NT 5.1) AppleWebKit/535.2 (KHTML, like Gecko) Chrome/15.0.864.0 Safari/535.2"
154.28.229.185 - - [11/Oct/2023:12:03:28 +0300] "GET /?locale=sv HTTP/1.1" 200 12201 "-" "Mozilla/5.0 (Windows NT 5.1) AppleWebKit/535.2 (KHTML, like Gecko) Chrome/15.0.864.0 Safari/535.2"
154.28.229.230 - - [11/Oct/2023:12:03:28 +0300] "GET /?locale=zh_tw HTTP/1.1" 200 12477 "-" "Mozilla/5.0 (Windows; U; Windows NT 6.0; en-US) AppleWebKit/532.2 (KHTML, like Gecko) Chrome/4.0.221.6 Safari/532.2"
154.28.229.185 - - [11/Oct/2023:12:03:28 +0300] "GET /?locale=vi HTTP/1.1" 200 12304 "-" "Mozilla/5.0 (Windows NT 5.1) AppleWebKit/535.2 (KHTML, like Gecko) Chrome/15.0.864.0 Safari/535.2"
154.28.229.230 - - [11/Oct/2023:12:03:28 +0300] "GET /?locale=cs HTTP/1.1" 200 12356 "-" "Mozilla/5.0 (Windows; U; Windows NT 6.0; en-US) AppleWebKit/532.2 (KHTML, like Gecko) Chrome/4.0.221.6 Safari/532.2"
154.28.229.185 - - [11/Oct/2023:12:03:28 +0300] "GET /?locale=es HTTP/1.1" 200 12252 "-" "Mozilla/5.0 (Windows NT 5.1) AppleWebKit/535.2 (KHTML, like Gecko) Chrome/15.0.864.0 Safari/535.2"
154.28.229.230 - - [11/Oct/2023:12:03:28 +0300] "GET /?locale=es HTTP/1.1" 200 12261 "-" "Mozilla/5.0 (Windows; U; Windows NT 6.0; en-US) AppleWebKit/532.2 (KHTML, like Gecko) Chrome/4.0.221.6 Safari/532.2"
154.28.229.185 - - [11/Oct/2023:12:03:28 +0300] "GET /?locale=el HTTP/1.1" 200 12593 "-" "Mozilla/5.0 (Windows NT 5.1) AppleWebKit/535.2 (KHTML, like Gecko) Chrome/15.0.864.0 Safari/535.2"
185.195.233.194 - - [11/Oct/2023:12:03:37 +0300] "GET / HTTP/1.1" 200 12097 "-" "Mozilla/5.0 (Windows NT 10.0; Win64; x64) AppleWebKit/537.36 (KHTML, like Gecko) Chrome/110.0.0.0 Safari/537.36"
139.59.182.142 - - [11/Oct/2023:12:03:51 +0300] "GET /.vscode/sftp.json HTTP/1.1" 404 708 "-" "Go-http-client/1.1"
159.65.58.104 - - [11/Oct/2023:12:03:51 +0300] "GET /.vscode/sftp.json HTTP/1.1" 404 708 "-" "Go-http-client/1.1"
144.126.202.105 - - [11/Oct/2023:12:03:52 +0300] "GET /ecp/Current/exporttool/microsoft.exchange.ediscovery.exporttool.application HTTP/1.1" 403 699 "-" "Go-http-client/1.1"
164.90.205.35 - - [11/Oct/2023:12:03:52 +0300] "GET /.git/config HTTP/1.1" 403 699 "-" "Go-http-client/1.1"
159.65.58.104 - - [11/Oct/2023:12:03:52 +0300] "GET /v2/_catalog HTTP/1.1" 404 708 "-" "Go-http-client/1.1"
159.65.58.104 - - [11/Oct/2023:12:03:52 +0300] "GET /server-status HTTP/1.1" 404 708 "-" "Go-http-client/1.1"
144.126.202.105 - - [11/Oct/2023:12:03:52 +0300] "GET /.env HTTP/1.1" 403 699 "-" "Go-http-client/1.1"
147.182.168.210 - - [11/Oct/2023:12:03:52 +0300] "GET /debug/default/view?panel=config HTTP/1.1" 404 708 "-" "Go-http-client/1.1"
159.65.58.104 - - [11/Oct/2023:12:03:52 +0300] "GET /.DS_Store HTTP/1.1" 404 708 "-" "Go-http-client/1.1"
144.126.202.105 - - [11/Oct/2023:12:03:52 +0300] "GET /telescope/requests HTTP/1.1" 403 699 "-" "Go-http-client/1.1"
147.182.168.210 - - [11/Oct/2023:12:03:52 +0300] "GET /v2/_catalog HTTP/1.1" 404 708 "-" "Go-http-client/1.1"
159.65.58.104 - - [11/Oct/2023:12:03:52 +0300] "GET /s/336313e2031313e26373e2434313/_/;/META-INF/maven/com.atlassian.jira/jira-webapp-dist/pom.properties HTTP/1.1" 404 708 "-" "Go-http-client/1.1"
159.65.58.104 - - [11/Oct/2023:12:03:52 +0300] "GET /?rest_route=/wp/v2/users/ HTTP/1.1" 200 628 "-" "Go-http-client/1.1"
167.71.185.75 - - [11/Oct/2023:12:03:52 +0300] "GET /ecp/Current/exporttool/microsoft.exchange.ediscovery.exporttool.application HTTP/1.1" 404 708 "-" "Go-http-client/1.1"
147.182.168.210 - - [11/Oct/2023:12:03:52 +0300] "GET /server-status HTTP/1.1" 404 708 "-" "Go-http-client/1.1"
167.71.185.75 - - [11/Oct/2023:12:03:53 +0300] "GET /server-status HTTP/1.1" 404 708 "-" "Go-http-client/1.1"
147.182.168.210 - - [11/Oct/2023:12:03:53 +0300] "GET /.DS_Store HTTP/1.1" 404 708 "-" "Go-http-client/1.1"
167.71.185.75 - - [11/Oct/2023:12:03:53 +0300] "GET /.DS_Store HTTP/1.1" 404 708 "-" "Go-http-client/1.1"
167.71.185.75 - - [11/Oct/2023:12:03:53 +0300] "GET /.env HTTP/1.1" 404 708 "-" "Go-http-client/1.1"
161.35.176.95 - - [11/Oct/2023:12:03:54 +0300] "GET /about HTTP/1.1" 403 699 "-" "Go-http-client/1.1"
138.197.88.136 - - [11/Oct/2023:12:03:54 +0300] "GET /v2/_catalog HTTP/1.1" 404 708 "-" "Go-http-client/1.1"
137.184.106.30 - - [11/Oct/2023:12:03:54 +0300] "GET /v2/_catalog HTTP/1.1" 401 52 "-" "Go-http-client/1.1"
138.197.88.136 - - [11/Oct/2023:12:03:55 +0300] "GET /server-status HTTP/1.1" 404 708 "-" "Go-http-client/1.1"
137.184.106.30 - - [11/Oct/2023:12:03:55 +0300] "GET /server-status HTTP/1.1" 401 52 "-" "Go-http-client/1.1"
137.184.106.30 - - [11/Oct/2023:12:03:55 +0300] "GET /login.action HTTP/1.1" 401 52 "-" "Go-http-client/1.1"
167.172.232.142 - - [11/Oct/2023:12:03:56 +0300] "GET /server-status HTTP/1.1" 200 12102 "-" "Go-http-client/1.1"
57.129.16.41 - - [11/Oct/2023:12:03:56 +0300] "GET / HTTP/1.1" 200 626 "-" "Go-http-client/1.1"
57.129.16.41 - - [11/Oct/2023:12:03:56 +0300] "GET //cgi-bin/ HTTP/1.1" 403 699 "-" "Go-http-client/1.1"
143.110.218.229 - - [11/Oct/2023:12:03:56 +0300] "GET /_all_dbs HTTP/1.1" 200 12106 "-" "Mozilla/5.0 (l9scan/2.0.336313e2031313e26373e2434313; +https://leakix.net)"
138.197.88.136 - - [11/Oct/2023:12:03:56 +0300] "GET /s/336313e2031313e26373e2434313/_/;/META-INF/maven/com.atlassian.jira/jira-webapp-dist/pom.properties HTTP/1.1" 404 708 "-" "Go-http-client/1.1"
137.184.106.30 - - [11/Oct/2023:12:03:56 +0300] "GET /.git/config HTTP/1.1" 401 52 "-" "Go-http-client/1.1"
167.172.232.142 - - [11/Oct/2023:12:03:57 +0300] "GET /.DS_Store HTTP/1.1" 200 12108 "-" "Go-http-client/1.1"
137.184.106.30 - - [11/Oct/2023:12:03:57 +0300] "GET /config.json HTTP/1.1" 401 52 "-" "Go-http-client/1.1"
143.110.218.229 - - [11/Oct/2023:12:03:57 +0300] "GET /.env HTTP/1.1" 200 12100 "-" "Go-http-client/1.1"
195.211.77.142 - - [11/Oct/2023:12:03:43 +0300] "GET / HTTP/1.1" 200 624 "-" "Mozilla/5.0 (Windows NT 10.0; Win64; x64) AppleWebKit/537.36 (KHTML, like Gecko) Chrome/108.0.0.0 Safari/537.36"
139.59.182.142 - - [11/Oct/2023:12:03:51 +0300] "GET /debug/default/view?panel=config HTTP/1.1" 404 708 "-" "Go-http-client/1.1"
167.172.232.142 - - [11/Oct/2023:12:03:51 +0300] "GET / HTTP/1.1" 200 37051 "-" "-"
139.59.182.142 - - [11/Oct/2023:12:03:51 +0300] "GET /login.action HTTP/1.1" 404 708 "-" "Go-http-client/1.1"
164.90.205.35 - - [11/Oct/2023:12:03:51 +0300] "GET /server-status HTTP/1.1" 404 708 "-" "Go-http-client/1.1"
139.59.182.142 - - [11/Oct/2023:12:03:51 +0300] "GET /.git/config HTTP/1.1" 403 699 "-" "Go-http-client/1.1"
144.126.202.105 - - [11/Oct/2023:12:03:51 +0300] "GET /debug/default/view?panel=config HTTP/1.1" 403 699 "-" "Go-http-client/1.1"
164.90.205.35 - - [11/Oct/2023:12:03:51 +0300] "GET /.DS_Store HTTP/1.1" 404 708 "-" "Go-http-client/1.1"
167.71.185.75 - - [11/Oct/2023:12:03:51 +0300] "GET / HTTP/1.1" 200 1264 "-" "Mozilla/5.0 (Linux; Android 6.0; HTC One M9 Build/MRA931597) AppleWebKit/537.36 (KHTML, like Gecko) Chrome/52.0.2420.98 Mobile Safari/537.3"
147.182.168.210 - - [11/Oct/2023:12:03:51 +0300] "GET /.vscode/sftp.json HTTP/1.1" 404 708 "-" "Go-http-client/1.1"
139.59.182.142 - - [11/Oct/2023:12:03:51 +0300] "GET /?rest_route=/wp/v2/users/ HTTP/1.1" 200 626 "-" "Go-http-client/1.1"
159.65.58.104 - - [11/Oct/2023:12:03:52 +0300] "GET /debug/default/view?panel=config HTTP/1.1" 404 708 "-" "Go-http-client/1.1"
159.65.58.104 - - [11/Oct/2023:12:03:52 +0300] "GET /login.action HTTP/1.1" 404 708 "-" "Go-http-client/1.1"
159.65.58.104 - - [11/Oct/2023:12:03:52 +0300] "GET /.env HTTP/1.1" 404 708 "-" "Go-http-client/1.1"
144.126.202.105 - - [11/Oct/2023:12:03:52 +0300] "GET /config.json HTTP/1.1" 403 699 "-" "Go-http-client/1.1"
167.172.232.142 - - [11/Oct/2023:12:03:53 +0300] "GET / HTTP/1.1" 200 37051 "-" "Mozilla/5.0 (Linux; Android 6.0; HTC One M9 Build/MRA931597) AppleWebKit/537.36 (KHTML, like Gecko) Chrome/52.0.2420.98 Mobile Safari/537.3"
147.182.168.210 - - [11/Oct/2023:12:03:53 +0300] "GET /.git/config HTTP/1.1" 403 699 "-" "Go-http-client/1.1"
161.35.176.95 - - [11/Oct/2023:12:03:53 +0300] "GET / HTTP/1.1" 403 699 "-" "Mozilla/5.0 (Linux; Android 6.0; HTC One M9 Build/MRA931597) AppleWebKit/537.36 (KHTML, like Gecko) Chrome/52.0.2420.98 Mobile Safari/537.3"
147.182.168.210 - - [11/Oct/2023:12:03:54 +0300] "GET /config.json HTTP/1.1" 404 708 "-" "Go-http-client/1.1"
147.182.168.210 - - [11/Oct/2023:12:03:54 +0300] "GET /?rest_route=/wp/v2/users/ HTTP/1.1" 200 622 "-" "Go-http-client/1.1"
167.172.232.142 - - [11/Oct/2023:12:03:55 +0300] "GET /v2/_catalog HTTP/1.1" 200 12104 "-" "Go-http-client/1.1"
138.197.88.136 - - [11/Oct/2023:12:03:55 +0300] "GET /login.action HTTP/1.1" 404 708 "-" "Go-http-client/1.1"
57.129.16.41 - - [11/Oct/2023:12:03:56 +0300] "GET / HTTP/1.1" 200 626 "-" "Go-http-client/1.1"
57.129.16.41 - - [11/Oct/2023:12:03:56 +0300] "GET //cgi-bin/ HTTP/1.1" 403 699 "-" "Go-http-client/1.1"
161.35.176.95 - - [11/Oct/2023:12:03:56 +0300] "GET /.DS_Store HTTP/1.1" 403 699 "-" "Go-http-client/1.1"
167.172.232.142 - - [11/Oct/2023:12:03:57 +0300] "GET /.git/config HTTP/1.1" 200 12103 "-" "Go-http-client/1.1"
161.35.176.95 - - [11/Oct/2023:12:03:58 +0300] "GET /telescope/requests HTTP/1.1" 403 699 "-" "Go-http-client/1.1"
161.35.176.95 - - [11/Oct/2023:12:03:58 +0300] "GET /?rest_route=/wp/v2/users/ HTTP/1.1" 403 699 "-" "Go-http-client/1.1"
143.110.218.229 - - [11/Oct/2023:12:03:58 +0300] "GET /config.json HTTP/1.1" 200 12106 "-" "Go-http-client/1.1"
167.172.232.142 - - [11/Oct/2023:12:03:58 +0300] "GET /telescope/requests HTTP/1.1" 200 12111 "-" "Go-http-client/1.1"
51.89.167.1 - - [11/Oct/2023:12:04:00 +0300] "GET / HTTP/1.1" 200 624 "-" "Go-http-client/1.1"
51.89.167.1 - - [11/Oct/2023:12:04:00 +0300] "GET //cgi-bin/ HTTP/1.1" 403 699 "-" "Go-http-client/1.1"
51.89.167.1 - - [11/Oct/2023:12:04:10 +0300] "GET / HTTP/1.1" 200 622 "-" "Go-http-client/1.1"
51.89.167.1 - - [11/Oct/2023:12:04:10 +0300] "GET //cgi-bin/ HTTP/1.1" 403 699 "-" "Go-http-client/1.1"
164.90.205.35 - - [11/Oct/2023:12:03:51 +0300] "GET / HTTP/1.1" 200 1266 "-" "-"
164.90.205.35 - - [11/Oct/2023:12:03:51 +0300] "GET /debug/default/view?panel=config HTTP/1.1" 404 708 "-" "Go-http-client/1.1"
139.59.182.142 - - [11/Oct/2023:12:03:51 +0300] "GET /config.json HTTP/1.1" 404 708 "-" "Go-http-client/1.1"
164.90.205.35 - - [11/Oct/2023:12:03:52 +0300] "GET /s/336313e2031313e26373e2434313/_/;/META-INF/maven/com.atlassian.jira/jira-webapp-dist/pom.properties HTTP/1.1" 404 708 "-" "Go-http-client/1.1"
159.65.58.104 - - [11/Oct/2023:12:03:52 +0300] "GET /ecp/Current/exporttool/microsoft.exchange.ediscovery.exporttool.application HTTP/1.1" 404 708 "-" "Go-http-client/1.1"
144.126.202.105 - - [11/Oct/2023:12:03:52 +0300] "GET /.DS_Store HTTP/1.1" 403 699 "-" "Go-http-client/1.1"
159.65.58.104 - - [11/Oct/2023:12:03:52 +0300] "GET /_all_dbs HTTP/1.1" 404 708 "-" "Mozilla/5.0 (l9scan/2.0.336313e2031313e26373e2434313; +https://leakix.net)"
144.126.202.105 - - [11/Oct/2023:12:03:52 +0300] "GET /s/336313e2031313e26373e2434313/_/;/META-INF/maven/com.atlassian.jira/jira-webapp-dist/pom.properties HTTP/1.1" 403 699 "-" "Go-http-client/1.1"
167.172.232.142 - - [11/Oct/2023:12:03:54 +0300] "GET /.vscode/sftp.json HTTP/1.1" 200 12112 "-" "Go-http-client/1.1"
143.110.218.229 - - [11/Oct/2023:12:03:54 +0300] "GET /.vscode/sftp.json HTTP/1.1" 200 12112 "-" "Go-http-client/1.1"
143.110.218.229 - - [11/Oct/2023:12:03:54 +0300] "GET /about HTTP/1.1" 200 12101 "-" "Go-http-client/1.1"
138.197.88.136 - - [11/Oct/2023:12:03:54 +0300] "GET /ecp/Current/exporttool/microsoft.exchange.ediscovery.exporttool.application HTTP/1.1" 404 708 "-" "Go-http-client/1.1"
161.35.176.95 - - [11/Oct/2023:12:03:55 +0300] "GET /ecp/Current/exporttool/microsoft.exchange.ediscovery.exporttool.application HTTP/1.1" 403 699 "-" "Go-http-client/1.1"
143.110.218.229 - - [11/Oct/2023:12:03:55 +0300] "GET /ecp/Current/exporttool/microsoft.exchange.ediscovery.exporttool.application HTTP/1.1" 200 12141 "-" "Go-http-client/1.1"
138.197.88.136 - - [11/Oct/2023:12:03:57 +0300] "GET /telescope/requests HTTP/1.1" 404 708 "-" "Go-http-client/1.1"
161.35.176.95 - - [11/Oct/2023:12:03:57 +0300] "GET /s/336313e2031313e26373e2434313/_/;/META-INF/maven/com.atlassian.jira/jira-webapp-dist/pom.properties HTTP/1.1" 403 699 "-" "Go-http-client/1.1"
143.110.218.229 - - [11/Oct/2023:12:03:57 +0300] "GET /.git/config HTTP/1.1" 200 12108 "-" "Go-http-client/1.1"
167.172.232.142 - - [11/Oct/2023:12:03:58 +0300] "GET /s/336313e2031313e26373e2434313/_/;/META-INF/maven/com.atlassian.jira/jira-webapp-dist/pom.properties HTTP/1.1" 200 12170 "-" "Go-http-client/1.1"
91.213.50.8 - - [11/Oct/2023:12:03:59 +0300] "GET /.git/config HTTP/1.1" 403 699 "-" "Mozilla/5.0 (compatible; Konqueror/4.1; OpenBSD) KHTML/4.1.4 (like Gecko)"
34.28.176.228 - - [11/Oct/2023:12:05:51 +0300] "GET / HTTP/1.1" 401 52 "-" "Mozilla/5.0 (Windows NT 6.1; Win64; x64; rv:25.0) Gecko/20100101 Firefox/29.0"
146.70.200.251 - - [11/Oct/2023:12:03:43 +0300] "GET / HTTP/1.1" 200 500 "-" "Mozilla/5.0 (Windows NT 10.0; Win64; x64) AppleWebKit/537.36 (KHTML, like Gecko) Chrome/110.0.0.0 Safari/537.36"
144.126.202.105 - - [11/Oct/2023:12:03:51 +0300] "GET / HTTP/1.1" 403 699 "-" "-"
139.59.182.142 - - [11/Oct/2023:12:03:51 +0300] "GET /ecp/Current/exporttool/microsoft.exchange.ediscovery.exporttool.application HTTP/1.1" 404 708 "-" "Go-http-client/1.1"
137.184.106.30 - - [11/Oct/2023:12:03:51 +0300] "GET / HTTP/1.1" 401 35 "-" "-"
164.90.205.35 - - [11/Oct/2023:12:03:51 +0300] "GET /ecp/Current/exporttool/microsoft.exchange.ediscovery.exporttool.application HTTP/1.1" 404 708 "-" "Go-http-client/1.1"
167.71.185.75 - - [11/Oct/2023:12:03:51 +0300] "GET / HTTP/1.1" 200 1264 "-" "-"
159.65.58.104 - - [11/Oct/2023:12:03:51 +0300] "GET /about HTTP/1.1" 404 708 "-" "Go-http-client/1.1"
144.126.202.105 - - [11/Oct/2023:12:03:51 +0300] "GET /v2/_catalog HTTP/1.1" 403 699 "-" "Go-http-client/1.1"
167.71.185.75 - - [11/Oct/2023:12:03:52 +0300] "GET /.vscode/sftp.json HTTP/1.1" 404 708 "-" "Go-http-client/1.1"
144.126.202.105 - - [11/Oct/2023:12:03:52 +0300] "GET /_all_dbs HTTP/1.1" 403 699 "-" "Mozilla/5.0 (l9scan/2.0.336313e2031313e26373e2434313; +https://leakix.net)"
57.129.16.41 - - [11/Oct/2023:12:03:52 +0300] "GET / HTTP/1.1" 200 628 "-" "Go-http-client/1.1"
57.129.16.41 - - [11/Oct/2023:12:03:52 +0300] "GET //cgi-bin/ HTTP/1.1" 403 699 "-" "Go-http-client/1.1"
138.197.88.136 - - [11/Oct/2023:12:03:53 +0300] "GET / HTTP/1.1" 200 1261 "-" "Mozilla/5.0 (Linux; Android 6.0; HTC One M9 Build/MRA931597) AppleWebKit/537.36 (KHTML, like Gecko) Chrome/52.0.2420.98 Mobile Safari/537.3"
138.197.88.136 - - [11/Oct/2023:12:03:53 +0300] "GET /.vscode/sftp.json HTTP/1.1" 404 708 "-" "Go-http-client/1.1"
137.184.106.30 - - [11/Oct/2023:12:03:54 +0300] "GET /about HTTP/1.1" 401 52 "-" "Go-http-client/1.1"
161.35.176.95 - - [11/Oct/2023:12:03:54 +0300] "GET /debug/default/view?panel=config HTTP/1.1" 403 699 "-" "Go-http-client/1.1"
167.172.232.142 - - [11/Oct/2023:12:03:55 +0300] "GET /debug/default/view?panel=config HTTP/1.1" 200 12121 "-" "Go-http-client/1.1"
161.35.176.95 - - [11/Oct/2023:12:03:55 +0300] "GET /v2/_catalog HTTP/1.1" 403 699 "-" "Go-http-client/1.1"
161.35.176.95 - - [11/Oct/2023:12:03:55 +0300] "GET /server-status HTTP/1.1" 403 699 "-" "Go-http-client/1.1"
143.110.218.229 - - [11/Oct/2023:12:03:56 +0300] "GET /login.action HTTP/1.1" 200 12102 "-" "Go-http-client/1.1"
138.197.88.136 - - [11/Oct/2023:12:03:57 +0300] "GET /config.json HTTP/1.1" 404 708 "-" "Go-http-client/1.1"
137.184.106.30 - - [11/Oct/2023:12:03:57 +0300] "GET /s/336313e2031313e26373e2434313/_/;/META-INF/maven/com.atlassian.jira/jira-webapp-dist/pom.properties HTTP/1.1" 401 52 "-" "Go-http-client/1.1"
161.35.176.95 - - [11/Oct/2023:12:03:57 +0300] "GET /.git/config HTTP/1.1" 403 699 "-" "Go-http-client/1.1"
167.172.232.142 - - [11/Oct/2023:12:03:57 +0300] "GET /.env HTTP/1.1" 200 12097 "-" "Go-http-client/1.1"
45.79.26.146 - - [11/Oct/2023:12:03:57 +0300] "HEAD / HTTP/1.1" 200 0 "-" "Mozilla/5.0 (Macintosh; Intel Mac OS X 10_14_4) AppleWebKit/537.36 (KHTML, like Gecko) Chrome/75.0.3770.100 Safari/537.36"
137.184.106.30 - - [11/Oct/2023:12:03:57 +0300] "GET /telescope/requests HTTP/1.1" 401 52 "-" "Go-http-client/1.1"
161.35.176.95 - - [11/Oct/2023:12:03:57 +0300] "GET /config.json HTTP/1.1" 403 699 "-" "Go-http-client/1.1"
143.110.218.229 - - [11/Oct/2023:12:03:58 +0300] "GET /s/336313e2031313e26373e2434313/_/;/META-INF/maven/com.atlassian.jira/jira-webapp-dist/pom.properties HTTP/1.1" 200 12178 "-" "Go-http-client/1.1"
143.110.218.229 - - [11/Oct/2023:12:03:58 +0300] "GET /telescope/requests HTTP/1.1" 200 12109 "-" "Go-http-client/1.1"
167.172.232.142 - - [11/Oct/2023:12:03:58 +0300] "GET /?rest_route=/wp/v2/users/ HTTP/1.1" 200 12112 "-" "Go-http-client/1.1"
45.8.223.204 - - [11/Oct/2023:12:03:46 +0300] "GET / HTTP/1.1" 401 52 "-" "Mozilla/5.0 (Windows NT 10.0; Win64; x64) AppleWebKit/537.36 (KHTML, like Gecko) Chrome/110.0.0.0 Safari/537.36"
159.65.58.104 - - [11/Oct/2023:12:03:51 +0300] "GET / HTTP/1.1" 200 1265 "-" "-"
143.110.218.229 - - [11/Oct/2023:12:03:51 +0300] "GET / HTTP/1.1" 200 37063 "-" "-"
164.90.205.35 - - [11/Oct/2023:12:03:51 +0300] "GET /about HTTP/1.1" 404 708 "-" "Go-http-client/1.1"
139.59.182.142 - - [11/Oct/2023:12:03:51 +0300] "GET /_all_dbs HTTP/1.1" 404 708 "-" "Mozilla/5.0 (l9scan/2.0.336313e2031313e26373e2434313; +https://leakix.net)"
144.126.202.105 - - [11/Oct/2023:12:03:51 +0300] "GET / HTTP/1.1" 403 699 "-" "Mozilla/5.0 (Linux; Android 6.0; HTC One M9 Build/MRA931597) AppleWebKit/537.36 (KHTML, like Gecko) Chrome/52.0.2420.98 Mobile Safari/537.3"
159.65.58.104 - - [11/Oct/2023:12:03:51 +0300] "GET / HTTP/1.1" 200 1265 "-" "Mozilla/5.0 (Linux; Android 6.0; HTC One M9 Build/MRA931597) AppleWebKit/537.36 (KHTML, like Gecko) Chrome/52.0.2420.98 Mobile Safari/537.3"
164.90.205.35 - - [11/Oct/2023:12:03:52 +0300] "GET /config.json HTTP/1.1" 404 708 "-" "Go-http-client/1.1"
167.71.185.75 - - [11/Oct/2023:12:03:53 +0300] "GET /login.action HTTP/1.1" 404 708 "-" "Go-http-client/1.1"
147.182.168.210 - - [11/Oct/2023:12:03:53 +0300] "GET /_all_dbs HTTP/1.1" 404 708 "-" "Mozilla/5.0 (l9scan/2.0.336313e2031313e26373e2434313; +https://leakix.net)"
137.184.106.30 - - [11/Oct/2023:12:03:53 +0300] "GET / HTTP/1.1" 401 35 "-" "Mozilla/5.0 (Linux; Android 6.0; HTC One M9 Build/MRA931597) AppleWebKit/537.36 (KHTML, like Gecko) Chrome/52.0.2420.98 Mobile Safari/537.3"
143.110.218.229 - - [11/Oct/2023:12:03:53 +0300] "GET / HTTP/1.1" 200 37063 "-" "Mozilla/5.0 (Linux; Android 6.0; HTC One M9 Build/MRA931597) AppleWebKit/537.36 (KHTML, like Gecko) Chrome/52.0.2420.98 Mobile Safari/537.3"
138.197.88.136 - - [11/Oct/2023:12:03:54 +0300] "GET /about HTTP/1.1" 404 708 "-" "Go-http-client/1.1"
167.71.185.75 - - [11/Oct/2023:12:03:54 +0300] "GET /s/336313e2031313e26373e2434313/_/;/META-INF/maven/com.atlassian.jira/jira-webapp-dist/pom.properties HTTP/1.1" 404 708 "-" "Go-http-client/1.1"
138.197.88.136 - - [11/Oct/2023:12:03:54 +0300] "GET /debug/default/view?panel=config HTTP/1.1" 404 708 "-" "Go-http-client/1.1"
137.184.106.30 - - [11/Oct/2023:12:03:54 +0300] "GET /debug/default/view?panel=config HTTP/1.1" 401 52 "-" "Go-http-client/1.1"
143.110.218.229 - - [11/Oct/2023:12:03:55 +0300] "GET /debug/default/view?panel=config HTTP/1.1" 200 12122 "-" "Go-http-client/1.1"
137.184.106.30 - - [11/Oct/2023:12:03:55 +0300] "GET /ecp/Current/exporttool/microsoft.exchange.ediscovery.exporttool.application HTTP/1.1" 401 52 "-" "Go-http-client/1.1"
138.197.88.136 - - [11/Oct/2023:12:03:55 +0300] "GET /_all_dbs HTTP/1.1" 404 708 "-" "Mozilla/5.0 (l9scan/2.0.336313e2031313e26373e2434313; +https://leakix.net)"
143.110.218.229 - - [11/Oct/2023:12:03:56 +0300] "GET /server-status HTTP/1.1" 200 12106 "-" "Go-http-client/1.1"
167.172.232.142 - - [11/Oct/2023:12:03:56 +0300] "GET /login.action HTTP/1.1" 200 12105 "-" "Go-http-client/1.1"
138.197.88.136 - - [11/Oct/2023:12:03:56 +0300] "GET /.env HTTP/1.1" 404 708 "-" "Go-http-client/1.1"
167.172.232.142 - - [11/Oct/2023:12:03:56 +0300] "GET /_all_dbs HTTP/1.1" 200 12104 "-" "Mozilla/5.0 (l9scan/2.0.336313e2031313e26373e2434313; +https://leakix.net)"
161.35.176.95 - - [11/Oct/2023:12:03:57 +0300] "GET /.env HTTP/1.1" 403 699 "-" "Go-http-client/1.1"
179.43.169.181 - - [11/Oct/2023:12:05:36 +0300] "GET / HTTP/1.1" 403 699 "-" "Mozilla/5.0 (X11; Linux i686; rv:10.0) Gecko/20100101 Firefox/10.0"
45.8.223.204 - - [11/Oct/2023:12:03:46 +0300] "GET / HTTP/1.1" 200 12096 "-" "Mozilla/5.0 (Windows NT 10.0; Win64; x64) AppleWebKit/537.36 (KHTML, like Gecko) Chrome/110.0.0.0 Safari/537.36"
164.90.205.35 - - [11/Oct/2023:12:03:51 +0300] "GET / HTTP/1.1" 200 1266 "-" "Mozilla/5.0 (Linux; Android 6.0; HTC One M9 Build/MRA931597) AppleWebKit/537.36 (KHTML, like Gecko) Chrome/52.0.2420.98 Mobile Safari/537.3"
164.90.205.35 - - [11/Oct/2023:12:03:51 +0300] "GET /v2/_catalog HTTP/1.1" 404 708 "-" "Go-http-client/1.1"
139.59.182.142 - - [11/Oct/2023:12:03:51 +0300] "GET /.env HTTP/1.1" 404 708 "-" "Go-http-client/1.1"
164.90.205.35 - - [11/Oct/2023:12:03:51 +0300] "GET /login.action HTTP/1.1" 404 708 "-" "Go-http-client/1.1"
164.90.205.35 - - [11/Oct/2023:12:03:51 +0300] "GET /_all_dbs HTTP/1.1" 404 708 "-" "Mozilla/5.0 (l9scan/2.0.336313e2031313e26373e2434313; +https://leakix.net)"
144.126.202.105 - - [11/Oct/2023:12:03:52 +0300] "GET /server-status HTTP/1.1" 403 699 "-" "Go-http-client/1.1"
164.90.205.35 - - [11/Oct/2023:12:03:52 +0300] "GET /telescope/requests HTTP/1.1" 404 708 "-" "Go-http-client/1.1"
144.126.202.105 - - [11/Oct/2023:12:03:52 +0300] "GET /.git/config HTTP/1.1" 403 699 "-" "Go-http-client/1.1"
159.65.58.104 - - [11/Oct/2023:12:03:52 +0300] "GET /.git/config HTTP/1.1" 403 699 "-" "Go-http-client/1.1"
147.182.168.210 - - [11/Oct/2023:12:03:53 +0300] "GET /login.action HTTP/1.1" 404 708 "-" "Go-http-client/1.1"
147.182.168.210 - - [11/Oct/2023:12:03:53 +0300] "GET /.env HTTP/1.1" 404 708 "-" "Go-http-client/1.1"
167.71.185.75 - - [11/Oct/2023:12:03:54 +0300] "GET /config.json HTTP/1.1" 404 708 "-" "Go-http-client/1.1"
147.182.168.210 - - [11/Oct/2023:12:03:54 +0300] "GET /telescope/requests HTTP/1.1" 404 708 "-" "Go-http-client/1.1"
167.172.232.142 - - [11/Oct/2023:12:03:54 +0300] "GET /about HTTP/1.1" 200 12101 "-" "Go-http-client/1.1"
137.184.106.30 - - [11/Oct/2023:12:03:56 +0300] "GET /_all_dbs HTTP/1.1" 401 52 "-" "Mozilla/5.0 (l9scan/2.0.336313e2031313e26373e2434313; +https://leakix.net)"
138.197.88.136 - - [11/Oct/2023:12:03:56 +0300] "GET /.DS_Store HTTP/1.1" 404 708 "-" "Go-http-client/1.1"
143.110.218.229 - - [11/Oct/2023:12:03:57 +0300] "GET /.DS_Store HTTP/1.1" 200 12114 "-" "Go-http-client/1.1"
179.43.169.181 - - [11/Oct/2023:12:06:07 +0300] "GET / HTTP/1.1" 403 699 "-" "Mozilla/5.0 (X11; Linux i686; rv:10.0) Gecko/20100101 Firefox/10.0"
34.28.176.228 - - [11/Oct/2023:12:06:24 +0300] "GET / HTTP/1.1" 200 626 "-" "Mozilla/5.0 (Windows NT 6.1) AppleWebKit/537.36 (KHTML, like Gecko) Chrome/41.0.2228.0 Safari/537.36"
198.54.130.136 - - [11/Oct/2023:12:03:48 +0300] "GET / HTTP/1.1" 200 497 "-" "Mozilla/5.0 (Windows NT 10.0; Win64; x64) AppleWebKit/537.36 (KHTML, like Gecko) Chrome/110.0.0.0 Safari/537.36"
139.59.182.142 - - [11/Oct/2023:12:03:51 +0300] "GET / HTTP/1.1" 200 1265 "-" "-"
139.59.182.142 - - [11/Oct/2023:12:03:51 +0300] "GET / HTTP/1.1" 200 1265 "-" "Mozilla/5.0 (Linux; Android 6.0; HTC One M9 Build/MRA931597) AppleWebKit/537.36 (KHTML, like Gecko) Chrome/52.0.2420.98 Mobile Safari/537.3"
139.59.182.142 - - [11/Oct/2023:12:03:51 +0300] "GET /about HTTP/1.1" 404 708 "-" "Go-http-client/1.1"
138.197.88.136 - - [11/Oct/2023:12:03:51 +0300] "GET / HTTP/1.1" 200 1261 "-" "-"
