156.204.103.163 - - [16/Oct/2023:18:08:31 +0300] "POST /wp-admin/admin-ajax.php HTTP/2" 200 51 "https://opalaesthetic.net/wp-admin/edit.php?post_type=page&paged=2" "Mozilla/5.0 (Windows NT 10.0; Win64; x64) AppleWebKit/537.36 (KHTML, like Gecko) Chrome/117.0.0.0 Safari/537.36"
156.204.103.163 - - [16/Oct/2023:18:08:37 +0300] "POST /wp-admin/admin-ajax.php HTTP/2" 200 9826 "https://opalaesthetic.net/wp-admin/admin.php?page=FUSESoicalFloatingSidebar" "Mozilla/5.0 (Windows NT 10.0; Win64; x64) AppleWebKit/537.36 (KHTML, like Gecko) Chrome/117.0.0.0 Safari/537.36"
156.204.103.163 - - [16/Oct/2023:18:08:37 +0300] "GET /wp-content/uploads/2023/10/tiktok-1.svg HTTP/2" 200 711 "https://opalaesthetic.net/wp-admin/admin.php?page=FUSESoicalFloatingSidebar" "Mozilla/5.0 (Windows NT 10.0; Win64; x64) AppleWebKit/537.36 (KHTML, like Gecko) Chrome/117.0.0.0 Safari/537.36"
156.204.103.163 - - [16/Oct/2023:18:08:37 +0300] "GET /wp-content/uploads/2023/10/Group-224-300x300.png HTTP/2" 200 94967 "https://opalaesthetic.net/wp-admin/admin.php?page=FUSESoicalFloatingSidebar" "Mozilla/5.0 (Windows NT 10.0; Win64; x64) AppleWebKit/537.36 (KHTML, like Gecko) Chrome/117.0.0.0 Safari/537.36"
156.204.103.163 - - [16/Oct/2023:18:08:38 +0300] "GET /wp-content/uploads/2023/09/faceCircle3-300x300.jpg HTTP/2" 200 15572 "https://opalaesthetic.net/wp-admin/admin.php?page=FUSESoicalFloatingSidebar" "Mozilla/5.0 (Windows NT 10.0; Win64; x64) AppleWebKit/537.36 (KHTML, like Gecko) Chrome/117.0.0.0 Safari/537.36"
156.204.103.163 - - [16/Oct/2023:18:08:38 +0300] "GET /wp-content/uploads/2023/09/face4-300x300.jpg HTTP/2" 200 14601 "https://opalaesthetic.net/wp-admin/admin.php?page=FUSESoicalFloatingSidebar" "Mozilla/5.0 (Windows NT 10.0; Win64; x64) AppleWebKit/537.36 (KHTML, like Gecko) Chrome/117.0.0.0 Safari/537.36"
156.204.103.163 - - [16/Oct/2023:18:08:38 +0300] "GET /wp-content/uploads/2023/10/download-1-150x150.jpeg HTTP/2" 200 5939 "https://opalaesthetic.net/wp-admin/admin.php?page=FUSESoicalFloatingSidebar" "Mozilla/5.0 (Windows NT 10.0; Win64; x64) AppleWebKit/537.36 (KHTML, like Gecko) Chrome/117.0.0.0 Safari/537.36"
156.204.103.163 - - [16/Oct/2023:18:08:38 +0300] "GET /wp-content/uploads/2023/10/images-2-150x150.jpeg HTTP/2" 200 4188 "https://opalaesthetic.net/wp-admin/admin.php?page=FUSESoicalFloatingSidebar" "Mozilla/5.0 (Windows NT 10.0; Win64; x64) AppleWebKit/537.36 (KHTML, like Gecko) Chrome/117.0.0.0 Safari/537.36"
156.204.103.163 - - [16/Oct/2023:18:08:38 +0300] "GET /wp-content/uploads/2023/09/Group-221@2x-300x55.png HTTP/2" 200 4905 "https://opalaesthetic.net/wp-admin/admin.php?page=FUSESoicalFloatingSidebar" "Mozilla/5.0 (Windows NT 10.0; Win64; x64) AppleWebKit/537.36 (KHTML, like Gecko) Chrome/117.0.0.0 Safari/537.36"
156.204.103.163 - - [16/Oct/2023:18:08:38 +0300] "GET /wp-content/uploads/2023/10/1204788795-300x300.jpg HTTP/2" 200 13753 "https://opalaesthetic.net/wp-admin/admin.php?page=FUSESoicalFloatingSidebar" "Mozilla/5.0 (Windows NT 10.0; Win64; x64) AppleWebKit/537.36 (KHTML, like Gecko) Chrome/117.0.0.0 Safari/537.36"
156.204.103.163 - - [16/Oct/2023:18:08:38 +0300] "GET /wp-content/uploads/2023/09/Group-221-300x55.png HTTP/2" 200 4933 "https://opalaesthetic.net/wp-admin/admin.php?page=FUSESoicalFloatingSidebar" "Mozilla/5.0 (Windows NT 10.0; Win64; x64) AppleWebKit/537.36 (KHTML, like Gecko) Chrome/117.0.0.0 Safari/537.36"
156.204.103.163 - - [16/Oct/2023:18:08:38 +0300] "GET /wp-content/uploads/2023/10/images-4-150x150.jpeg HTTP/2" 200 4104 "https://opalaesthetic.net/wp-admin/admin.php?page=FUSESoicalFloatingSidebar" "Mozilla/5.0 (Windows NT 10.0; Win64; x64) AppleWebKit/537.36 (KHTML, like Gecko) Chrome/117.0.0.0 Safari/537.36"
156.204.103.163 - - [16/Oct/2023:18:08:38 +0300] "GET /wp-content/uploads/2023/10/8602969-200x300.jpg HTTP/2" 200 10859 "https://opalaesthetic.net/wp-admin/admin.php?page=FUSESoicalFloatingSidebar" "Mozilla/5.0 (Windows NT 10.0; Win64; x64) AppleWebKit/537.36 (KHTML, like Gecko) Chrome/117.0.0.0 Safari/537.36"
156.204.103.163 - - [16/Oct/2023:18:08:38 +0300] "GET /wp-content/uploads/2023/09/5555-300x165.png HTTP/2" 200 46836 "https://opalaesthetic.net/wp-admin/admin.php?page=FUSESoicalFloatingSidebar" "Mozilla/5.0 (Windows NT 10.0; Win64; x64) AppleWebKit/537.36 (KHTML, like Gecko) Chrome/117.0.0.0 Safari/537.36"
156.204.103.163 - - [16/Oct/2023:18:08:38 +0300] "GET /wp-content/uploads/2023/10/Group-4-4-300x300.png HTTP/2" 200 45779 "https://opalaesthetic.net/wp-admin/admin.php?page=FUSESoicalFloatingSidebar" "Mozilla/5.0 (Windows NT 10.0; Win64; x64) AppleWebKit/537.36 (KHTML, like Gecko) Chrome/117.0.0.0 Safari/537.36"
156.204.103.163 - - [16/Oct/2023:18:08:38 +0300] "GET /wp-content/uploads/2023/09/Group-207-300x191.png HTTP/2" 200 52846 "https://opalaesthetic.net/wp-admin/admin.php?page=FUSESoicalFloatingSidebar" "Mozilla/5.0 (Windows NT 10.0; Win64; x64) AppleWebKit/537.36 (KHTML, like Gecko) Chrome/117.0.0.0 Safari/537.36"
156.204.103.163 - - [16/Oct/2023:18:08:38 +0300] "GET /wp-content/uploads/2023/09/shutterstock_763618693-5-300x183.png HTTP/2" 200 54510 "https://opalaesthetic.net/wp-admin/admin.php?page=FUSESoicalFloatingSidebar" "Mozilla/5.0 (Windows NT 10.0; Win64; x64) AppleWebKit/537.36 (KHTML, like Gecko) Chrome/117.0.0.0 Safari/537.36"
156.204.103.163 - - [16/Oct/2023:18:08:38 +0300] "GET /wp-content/uploads/2023/10/Group-4-3-300x300.png HTTP/2" 200 55305 "https://opalaesthetic.net/wp-admin/admin.php?page=FUSESoicalFloatingSidebar" "Mozilla/5.0 (Windows NT 10.0; Win64; x64) AppleWebKit/537.36 (KHTML, like Gecko) Chrome/117.0.0.0 Safari/537.36"
156.204.103.163 - - [16/Oct/2023:18:08:38 +0300] "GET /wp-content/uploads/2023/10/Group-4-15-300x300.png HTTP/2" 200 78194 "https://opalaesthetic.net/wp-admin/admin.php?page=FUSESoicalFloatingSidebar" "Mozilla/5.0 (Windows NT 10.0; Win64; x64) AppleWebKit/537.36 (KHTML, like Gecko) Chrome/117.0.0.0 Safari/537.36"
156.204.103.163 - - [16/Oct/2023:18:08:38 +0300] "GET /wp-content/uploads/2023/10/Group-4-13-300x300.png HTTP/2" 200 65741 "https://opalaesthetic.net/wp-admin/admin.php?page=FUSESoicalFloatingSidebar" "Mozilla/5.0 (Windows NT 10.0; Win64; x64) AppleWebKit/537.36 (KHTML, like Gecko) Chrome/117.0.0.0 Safari/537.36"
156.204.103.163 - - [16/Oct/2023:18:08:38 +0300] "GET /wp-content/uploads/2023/10/Group-3-10-300x300.png HTTP/2" 200 97608 "https://opalaesthetic.net/wp-admin/admin.php?page=FUSESoicalFloatingSidebar" "Mozilla/5.0 (Windows NT 10.0; Win64; x64) AppleWebKit/537.36 (KHTML, like Gecko) Chrome/117.0.0.0 Safari/537.36"
156.204.103.163 - - [16/Oct/2023:18:08:38 +0300] "GET /wp-content/uploads/2023/10/Group-4-20-300x300.png HTTP/2" 200 95825 "https://opalaesthetic.net/wp-admin/admin.php?page=FUSESoicalFloatingSidebar" "Mozilla/5.0 (Windows NT 10.0; Win64; x64) AppleWebKit/537.36 (KHTML, like Gecko) Chrome/117.0.0.0 Safari/537.36"
156.204.103.163 - - [16/Oct/2023:18:08:38 +0300] "GET /wp-content/uploads/2023/10/Group-4-10-300x300.png HTTP/2" 200 89666 "https://opalaesthetic.net/wp-admin/admin.php?page=FUSESoicalFloatingSidebar" "Mozilla/5.0 (Windows NT 10.0; Win64; x64) AppleWebKit/537.36 (KHTML, like Gecko) Chrome/117.0.0.0 Safari/537.36"
156.204.103.163 - - [16/Oct/2023:18:08:38 +0300] "GET /wp-content/uploads/2023/10/Group-4-12-300x300.png HTTP/2" 200 94608 "https://opalaesthetic.net/wp-admin/admin.php?page=FUSESoicalFloatingSidebar" "Mozilla/5.0 (Windows NT 10.0; Win64; x64) AppleWebKit/537.36 (KHTML, like Gecko) Chrome/117.0.0.0 Safari/537.36"
156.204.103.163 - - [16/Oct/2023:18:08:38 +0300] "GET /wp-content/uploads/2023/10/Group-4-8-300x300.png HTTP/2" 200 85173 "https://opalaesthetic.net/wp-admin/admin.php?page=FUSESoicalFloatingSidebar" "Mozilla/5.0 (Windows NT 10.0; Win64; x64) AppleWebKit/537.36 (KHTML, like Gecko) Chrome/117.0.0.0 Safari/537.36"
156.204.103.163 - - [16/Oct/2023:18:08:38 +0300] "GET /wp-content/uploads/2023/09/Group-207@2x-300x300.png HTTP/2" 200 83606 "https://opalaesthetic.net/wp-admin/admin.php?page=FUSESoicalFloatingSidebar" "Mozilla/5.0 (Windows NT 10.0; Win64; x64) AppleWebKit/537.36 (KHTML, like Gecko) Chrome/117.0.0.0 Safari/537.36"
156.204.103.163 - - [16/Oct/2023:18:08:38 +0300] "GET /wp-content/uploads/2023/09/shutterstock_763618693-3-1-200x300.png HTTP/2" 200 88250 "https://opalaesthetic.net/wp-admin/admin.php?page=FUSESoicalFloatingSidebar" "Mozilla/5.0 (Windows NT 10.0; Win64; x64) AppleWebKit/537.36 (KHTML, like Gecko) Chrome/117.0.0.0 Safari/537.36"
156.204.103.163 - - [16/Oct/2023:18:08:38 +0300] "GET /wp-content/uploads/2023/09/Group-207-1-300x300.png HTTP/2" 200 84274 "https://opalaesthetic.net/wp-admin/admin.php?page=FUSESoicalFloatingSidebar" "Mozilla/5.0 (Windows NT 10.0; Win64; x64) AppleWebKit/537.36 (KHTML, like Gecko) Chrome/117.0.0.0 Safari/537.36"
156.204.103.163 - - [16/Oct/2023:18:08:38 +0300] "GET /wp-content/uploads/2023/09/shutterstock_763618693-2-1-228x300.png HTTP/2" 200 93950 "https://opalaesthetic.net/wp-admin/admin.php?page=FUSESoicalFloatingSidebar" "Mozilla/5.0 (Windows NT 10.0; Win64; x64) AppleWebKit/537.36 (KHTML, like Gecko) Chrome/117.0.0.0 Safari/537.36"
156.204.103.163 - - [16/Oct/2023:18:08:38 +0300] "GET /wp-content/uploads/2023/10/Group-223-1-300x300.png HTTP/2" 200 86106 "https://opalaesthetic.net/wp-admin/admin.php?page=FUSESoicalFloatingSidebar" "Mozilla/5.0 (Windows NT 10.0; Win64; x64) AppleWebKit/537.36 (KHTML, like Gecko) Chrome/117.0.0.0 Safari/537.36"
156.204.103.163 - - [16/Oct/2023:18:08:38 +0300] "GET /wp-content/uploads/2023/10/Group-3-2-300x300.png HTTP/2" 200 98188 "https://opalaesthetic.net/wp-admin/admin.php?page=FUSESoicalFloatingSidebar" "Mozilla/5.0 (Windows NT 10.0; Win64; x64) AppleWebKit/537.36 (KHTML, like Gecko) Chrome/117.0.0.0 Safari/537.36"
156.204.103.163 - - [16/Oct/2023:18:08:38 +0300] "GET /wp-content/uploads/2023/10/Group-4-21-300x300.png HTTP/2" 200 97632 "https://opalaesthetic.net/wp-admin/admin.php?page=FUSESoicalFloatingSidebar" "Mozilla/5.0 (Windows NT 10.0; Win64; x64) AppleWebKit/537.36 (KHTML, like Gecko) Chrome/117.0.0.0 Safari/537.36"
156.204.103.163 - - [16/Oct/2023:18:08:38 +0300] "GET /wp-content/uploads/2023/09/facelift-3-300x300.png HTTP/2" 200 107873 "https://opalaesthetic.net/wp-admin/admin.php?page=FUSESoicalFloatingSidebar" "Mozilla/5.0 (Windows NT 10.0; Win64; x64) AppleWebKit/537.36 (KHTML, like Gecko) Chrome/117.0.0.0 Safari/537.36"
156.204.103.163 - - [16/Oct/2023:18:08:38 +0300] "GET /wp-content/uploads/2023/10/Group-4-6-300x300.png HTTP/2" 200 86059 "https://opalaesthetic.net/wp-admin/admin.php?page=FUSESoicalFloatingSidebar" "Mozilla/5.0 (Windows NT 10.0; Win64; x64) AppleWebKit/537.36 (KHTML, like Gecko) Chrome/117.0.0.0 Safari/537.36"
156.204.103.163 - - [16/Oct/2023:18:08:38 +0300] "GET /wp-content/uploads/2023/10/Group-4-22-300x300.png HTTP/2" 200 102270 "https://opalaesthetic.net/wp-admin/admin.php?page=FUSESoicalFloatingSidebar" "Mozilla/5.0 (Windows NT 10.0; Win64; x64) AppleWebKit/537.36 (KHTML, like Gecko) Chrome/117.0.0.0 Safari/537.36"
156.204.103.163 - - [16/Oct/2023:18:08:38 +0300] "GET /wp-content/uploads/2023/10/Group-4-18-300x300.png HTTP/2" 200 112858 "https://opalaesthetic.net/wp-admin/admin.php?page=FUSESoicalFloatingSidebar" "Mozilla/5.0 (Windows NT 10.0; Win64; x64) AppleWebKit/537.36 (KHTML, like Gecko) Chrome/117.0.0.0 Safari/537.36"
156.204.103.163 - - [16/Oct/2023:18:08:38 +0300] "GET /wp-content/uploads/2023/10/Group-6-2-300x300.png HTTP/2" 200 89267 "https://opalaesthetic.net/wp-admin/admin.php?page=FUSESoicalFloatingSidebar" "Mozilla/5.0 (Windows NT 10.0; Win64; x64) AppleWebKit/537.36 (KHTML, like Gecko) Chrome/117.0.0.0 Safari/537.36"
156.204.103.163 - - [16/Oct/2023:18:08:38 +0300] "GET /wp-content/uploads/2023/10/Group-4-11-300x300.png HTTP/2" 200 88120 "https://opalaesthetic.net/wp-admin/admin.php?page=FUSESoicalFloatingSidebar" "Mozilla/5.0 (Windows NT 10.0; Win64; x64) AppleWebKit/537.36 (KHTML, like Gecko) Chrome/117.0.0.0 Safari/537.36"
156.204.103.163 - - [16/Oct/2023:18:08:38 +0300] "GET /wp-content/uploads/2023/10/Group-3-5-300x300.png HTTP/2" 200 106529 "https://opalaesthetic.net/wp-admin/admin.php?page=FUSESoicalFloatingSidebar" "Mozilla/5.0 (Windows NT 10.0; Win64; x64) AppleWebKit/537.36 (KHTML, like Gecko) Chrome/117.0.0.0 Safari/537.36"
156.204.103.163 - - [16/Oct/2023:18:08:38 +0300] "GET /wp-content/uploads/2023/10/Group-3-4-300x300.png HTTP/2" 200 105249 "https://opalaesthetic.net/wp-admin/admin.php?page=FUSESoicalFloatingSidebar" "Mozilla/5.0 (Windows NT 10.0; Win64; x64) AppleWebKit/537.36 (KHTML, like Gecko) Chrome/117.0.0.0 Safari/537.36"
156.204.103.163 - - [16/Oct/2023:18:08:38 +0300] "GET /wp-content/uploads/2023/10/Group-3-3-300x300.png HTTP/2" 200 109487 "https://opalaesthetic.net/wp-admin/admin.php?page=FUSESoicalFloatingSidebar" "Mozilla/5.0 (Windows NT 10.0; Win64; x64) AppleWebKit/537.36 (KHTML, like Gecko) Chrome/117.0.0.0 Safari/537.36"
156.204.103.163 - - [16/Oct/2023:18:08:38 +0300] "GET /wp-content/uploads/2023/10/Group-3-8-300x300.png HTTP/2" 200 103923 "https://opalaesthetic.net/wp-admin/admin.php?page=FUSESoicalFloatingSidebar" "Mozilla/5.0 (Windows NT 10.0; Win64; x64) AppleWebKit/537.36 (KHTML, like Gecko) Chrome/117.0.0.0 Safari/537.36"
156.204.103.163 - - [16/Oct/2023:18:08:38 +0300] "GET /wp-content/uploads/2023/10/Group-4-5-300x300.png HTTP/2" 200 85193 "https://opalaesthetic.net/wp-admin/admin.php?page=FUSESoicalFloatingSidebar" "Mozilla/5.0 (Windows NT 10.0; Win64; x64) AppleWebKit/537.36 (KHTML, like Gecko) Chrome/117.0.0.0 Safari/537.36"
156.204.103.163 - - [16/Oct/2023:18:08:38 +0300] "GET /wp-content/uploads/2023/10/Group-4-14-300x300.png HTTP/2" 200 106400 "https://opalaesthetic.net/wp-admin/admin.php?page=FUSESoicalFloatingSidebar" "Mozilla/5.0 (Windows NT 10.0; Win64; x64) AppleWebKit/537.36 (KHTML, like Gecko) Chrome/117.0.0.0 Safari/537.36"
156.204.103.163 - - [16/Oct/2023:18:08:38 +0300] "GET /wp-content/uploads/2023/10/Group-4-7-300x300.png HTTP/2" 200 109068 "https://opalaesthetic.net/wp-admin/admin.php?page=FUSESoicalFloatingSidebar" "Mozilla/5.0 (Windows NT 10.0; Win64; x64) AppleWebKit/537.36 (KHTML, like Gecko) Chrome/117.0.0.0 Safari/537.36"
156.204.103.163 - - [16/Oct/2023:18:08:38 +0300] "GET /wp-content/uploads/2023/09/Group-206-1-300x61.png HTTP/2" 200 15836 "https://opalaesthetic.net/wp-admin/admin.php?page=FUSESoicalFloatingSidebar" "Mozilla/5.0 (Windows NT 10.0; Win64; x64) AppleWebKit/537.36 (KHTML, like Gecko) Chrome/117.0.0.0 Safari/537.36"
156.204.103.163 - - [16/Oct/2023:18:08:38 +0300] "GET /wp-content/uploads/2023/09/headset-customer-support-equipment-call-center-ready-actively-service-communication-support-call-center-customer-service-help-deskfor-call-center-concept-300x131.jpg HTTP/2" 200 4357 "https://opalaesthetic.net/wp-admin/admin.php?page=FUSESoicalFloatingSidebar" "Mozilla/5.0 (Windows NT 10.0; Win64; x64) AppleWebKit/537.36 (KHTML, like Gecko) Chrome/117.0.0.0 Safari/537.36"
156.204.103.163 - - [16/Oct/2023:18:08:38 +0300] "GET /wp-content/uploads/2023/09/circle3-150x150.jpg HTTP/2" 200 5315 "https://opalaesthetic.net/wp-admin/admin.php?page=FUSESoicalFloatingSidebar" "Mozilla/5.0 (Windows NT 10.0; Win64; x64) AppleWebKit/537.36 (KHTML, like Gecko) Chrome/117.0.0.0 Safari/537.36"
156.204.103.163 - - [16/Oct/2023:18:08:38 +0300] "GET /wp-content/uploads/2023/09/circle2-150x150.jpg HTTP/2" 200 4891 "https://opalaesthetic.net/wp-admin/admin.php?page=FUSESoicalFloatingSidebar" "Mozilla/5.0 (Windows NT 10.0; Win64; x64) AppleWebKit/537.36 (KHTML, like Gecko) Chrome/117.0.0.0 Safari/537.36"
156.204.103.163 - - [16/Oct/2023:18:08:38 +0300] "GET /wp-content/uploads/2023/09/african-american-woman-smiling-cheerful-expression-closeup-portrait_result-300x200.jpg HTTP/2" 200 9646 "https://opalaesthetic.net/wp-admin/admin.php?page=FUSESoicalFloatingSidebar" "Mozilla/5.0 (Windows NT 10.0; Win64; x64) AppleWebKit/537.36 (KHTML, like Gecko) Chrome/117.0.0.0 Safari/537.36"
156.204.103.163 - - [16/Oct/2023:18:08:38 +0300] "GET /wp-content/uploads/2023/09/circle1-150x150.jpg HTTP/2" 200 6056 "https://opalaesthetic.net/wp-admin/admin.php?page=FUSESoicalFloatingSidebar" "Mozilla/5.0 (Windows NT 10.0; Win64; x64) AppleWebKit/537.36 (KHTML, like Gecko) Chrome/117.0.0.0 Safari/537.36"
156.204.103.163 - - [16/Oct/2023:18:08:38 +0300] "GET /wp-content/uploads/2023/09/beautiful-female-with-blonde-long-hair-has-confident-expression-wears-casual-sweater-isolated-pink-wall-adorable-young-woman-has-attractive-look-poses-waist-up-shot_result-300x200.jpg HTTP/2" 200 7340 "https://opalaesthetic.net/wp-admin/admin.php?page=FUSESoicalFloatingSidebar" "Mozilla/5.0 (Windows NT 10.0; Win64; x64) AppleWebKit/537.36 (KHTML, like Gecko) Chrome/117.0.0.0 Safari/537.36"
156.204.103.163 - - [16/Oct/2023:18:08:38 +0300] "GET /wp-content/uploads/2023/09/pleasant-looking-serious-blonde-woman-with-long-hair-wears-blue-casual-sweater_result-300x200.jpg HTTP/2" 200 8396 "https://opalaesthetic.net/wp-admin/admin.php?page=FUSESoicalFloatingSidebar" "Mozilla/5.0 (Windows NT 10.0; Win64; x64) AppleWebKit/537.36 (KHTML, like Gecko) Chrome/117.0.0.0 Safari/537.36"
156.204.103.163 - - [16/Oct/2023:18:08:38 +0300] "GET /wp-content/uploads/2023/09/caucasian-handsome-man-posing-with-arms-hip-smiling-isolated-purple-wall_result-300x157.jpg HTTP/2" 200 5222 "https://opalaesthetic.net/wp-admin/admin.php?page=FUSESoicalFloatingSidebar" "Mozilla/5.0 (Windows NT 10.0; Win64; x64) AppleWebKit/537.36 (KHTML, like Gecko) Chrome/117.0.0.0 Safari/537.36"
156.204.103.163 - - [16/Oct/2023:18:08:38 +0300] "GET /wp-content/uploads/2023/09/tender-feminine-woman-with-blue-eyes-smiles-pleasantly-has-toothy-smile-wears-white-comfortable-sweater-looks-directly-camera-isolated-pink-background_result-300x200.jpg HTTP/2" 200 5498 "https://opalaesthetic.net/wp-admin/admin.php?page=FUSESoicalFloatingSidebar" "Mozilla/5.0 (Windows NT 10.0; Win64; x64) AppleWebKit/537.36 (KHTML, like Gecko) Chrome/117.0.0.0 Safari/537.36"
156.204.103.163 - - [16/Oct/2023:18:08:38 +0300] "GET /wp-content/uploads/2023/09/face2-230x300.jpg HTTP/2" 200 12114 "https://opalaesthetic.net/wp-admin/admin.php?page=FUSESoicalFloatingSidebar" "Mozilla/5.0 (Windows NT 10.0; Win64; x64) AppleWebKit/537.36 (KHTML, like Gecko) Chrome/117.0.0.0 Safari/537.36"
156.204.103.163 - - [16/Oct/2023:18:08:38 +0300] "GET /wp-content/uploads/2023/09/Mask-Group-7-186x300.png HTTP/2" 200 26093 "https://opalaesthetic.net/wp-admin/admin.php?page=FUSESoicalFloatingSidebar" "Mozilla/5.0 (Windows NT 10.0; Win64; x64) AppleWebKit/537.36 (KHTML, like Gecko) Chrome/117.0.0.0 Safari/537.36"
156.204.103.163 - - [16/Oct/2023:18:08:38 +0300] "GET /wp-content/uploads/2023/09/Group-49-300x66.png HTTP/2" 200 27673 "https://opalaesthetic.net/wp-admin/admin.php?page=FUSESoicalFloatingSidebar" "Mozilla/5.0 (Windows NT 10.0; Win64; x64) AppleWebKit/537.36 (KHTML, like Gecko) Chrome/117.0.0.0 Safari/537.36"
156.204.103.163 - - [16/Oct/2023:18:08:38 +0300] "GET /wp-content/uploads/2023/09/plastic-surgery-large-150x150.png HTTP/2" 200 33598 "https://opalaesthetic.net/wp-admin/admin.php?page=FUSESoicalFloatingSidebar" "Mozilla/5.0 (Windows NT 10.0; Win64; x64) AppleWebKit/537.36 (KHTML, like Gecko) Chrome/117.0.0.0 Safari/537.36"
156.204.103.163 - - [16/Oct/2023:18:08:37 +0300] "GET /wp-content/uploads/2023/10/Group-225-300x300.png HTTP/2" 200 103898 "https://opalaesthetic.net/wp-admin/admin.php?page=FUSESoicalFloatingSidebar" "Mozilla/5.0 (Windows NT 10.0; Win64; x64) AppleWebKit/537.36 (KHTML, like Gecko) Chrome/117.0.0.0 Safari/537.36"
156.204.103.163 - - [16/Oct/2023:18:08:38 +0300] "GET /wp-content/uploads/2023/09/shutterstock_763618693-4-300x244.png HTTP/2" 200 78360 "https://opalaesthetic.net/wp-admin/admin.php?page=FUSESoicalFloatingSidebar" "Mozilla/5.0 (Windows NT 10.0; Win64; x64) AppleWebKit/537.36 (KHTML, like Gecko) Chrome/117.0.0.0 Safari/537.36"
156.204.103.163 - - [16/Oct/2023:18:08:38 +0300] "GET /wp-content/uploads/2023/09/Group-44-300x300.png HTTP/2" 200 91683 "https://opalaesthetic.net/wp-admin/admin.php?page=FUSESoicalFloatingSidebar" "Mozilla/5.0 (Windows NT 10.0; Win64; x64) AppleWebKit/537.36 (KHTML, like Gecko) Chrome/117.0.0.0 Safari/537.36"
156.204.103.163 - - [16/Oct/2023:18:08:38 +0300] "GET /wp-content/uploads/2023/09/shutterstock-1-230x300.png HTTP/2" 200 90349 "https://opalaesthetic.net/wp-admin/admin.php?page=FUSESoicalFloatingSidebar" "Mozilla/5.0 (Windows NT 10.0; Win64; x64) AppleWebKit/537.36 (KHTML, like Gecko) Chrome/117.0.0.0 Safari/537.36"
156.204.103.163 - - [16/Oct/2023:18:08:38 +0300] "GET /wp-content/uploads/2023/09/shutterstock_763618693-1-230x300.png HTTP/2" 200 94062 "https://opalaesthetic.net/wp-admin/admin.php?page=FUSESoicalFloatingSidebar" "Mozilla/5.0 (Windows NT 10.0; Win64; x64) AppleWebKit/537.36 (KHTML, like Gecko) Chrome/117.0.0.0 Safari/537.36"
156.204.103.163 - - [16/Oct/2023:18:08:38 +0300] "GET /wp-content/uploads/2023/09/shutterstock_763618693-228x300.png HTTP/2" 200 95326 "https://opalaesthetic.net/wp-admin/admin.php?page=FUSESoicalFloatingSidebar" "Mozilla/5.0 (Windows NT 10.0; Win64; x64) AppleWebKit/537.36 (KHTML, like Gecko) Chrome/117.0.0.0 Safari/537.36"
156.204.103.163 - - [16/Oct/2023:18:08:38 +0300] "GET /wp-content/uploads/2023/09/shutterstock_763618693-3-230x300.png HTTP/2" 200 94062 "https://opalaesthetic.net/wp-admin/admin.php?page=FUSESoicalFloatingSidebar" "Mozilla/5.0 (Windows NT 10.0; Win64; x64) AppleWebKit/537.36 (KHTML, like Gecko) Chrome/117.0.0.0 Safari/537.36"
156.204.103.163 - - [16/Oct/2023:18:08:38 +0300] "GET /wp-content/uploads/2023/09/shutterstock-230x300.png HTTP/2" 200 90349 "https://opalaesthetic.net/wp-admin/admin.php?page=FUSESoicalFloatingSidebar" "Mozilla/5.0 (Windows NT 10.0; Win64; x64) AppleWebKit/537.36 (KHTML, like Gecko) Chrome/117.0.0.0 Safari/537.36"
156.204.103.163 - - [16/Oct/2023:18:08:38 +0300] "GET /wp-content/uploads/2023/10/Group-1-9-300x300.png HTTP/2" 200 86904 "https://opalaesthetic.net/wp-admin/admin.php?page=FUSESoicalFloatingSidebar" "Mozilla/5.0 (Windows NT 10.0; Win64; x64) AppleWebKit/537.36 (KHTML, like Gecko) Chrome/117.0.0.0 Safari/537.36"
156.204.103.163 - - [16/Oct/2023:18:08:38 +0300] "GET /wp-content/uploads/2023/09/How-to-Look-Younger-Without-Makeup-1-200x300.png HTTP/2" 200 86050 "https://opalaesthetic.net/wp-admin/admin.php?page=FUSESoicalFloatingSidebar" "Mozilla/5.0 (Windows NT 10.0; Win64; x64) AppleWebKit/537.36 (KHTML, like Gecko) Chrome/117.0.0.0 Safari/537.36"
156.204.103.163 - - [16/Oct/2023:18:08:38 +0300] "GET /wp-content/uploads/2023/09/facelift@2x-1-228x300.png HTTP/2" 200 103756 "https://opalaesthetic.net/wp-admin/admin.php?page=FUSESoicalFloatingSidebar" "Mozilla/5.0 (Windows NT 10.0; Win64; x64) AppleWebKit/537.36 (KHTML, like Gecko) Chrome/117.0.0.0 Safari/537.36"
156.204.103.163 - - [16/Oct/2023:18:08:38 +0300] "GET /wp-content/uploads/2023/09/face11-230x300.png HTTP/2" 200 102429 "https://opalaesthetic.net/wp-admin/admin.php?page=FUSESoicalFloatingSidebar" "Mozilla/5.0 (Windows NT 10.0; Win64; x64) AppleWebKit/537.36 (KHTML, like Gecko) Chrome/117.0.0.0 Safari/537.36"
156.204.103.163 - - [16/Oct/2023:18:08:38 +0300] "GET /wp-content/uploads/2023/09/shutterstock_763618693@2x-228x300.png HTTP/2" 200 95880 "https://opalaesthetic.net/wp-admin/admin.php?page=FUSESoicalFloatingSidebar" "Mozilla/5.0 (Windows NT 10.0; Win64; x64) AppleWebKit/537.36 (KHTML, like Gecko) Chrome/117.0.0.0 Safari/537.36"
156.204.103.163 - - [16/Oct/2023:18:08:38 +0300] "GET /wp-content/uploads/2023/09/facelift-1-228x300.png HTTP/2" 200 99663 "https://opalaesthetic.net/wp-admin/admin.php?page=FUSESoicalFloatingSidebar" "Mozilla/5.0 (Windows NT 10.0; Win64; x64) AppleWebKit/537.36 (KHTML, like Gecko) Chrome/117.0.0.0 Safari/537.36"
156.204.103.163 - - [16/Oct/2023:18:08:38 +0300] "GET /wp-content/uploads/2023/09/facelift@2x-228x300.png HTTP/2" 200 100080 "https://opalaesthetic.net/wp-admin/admin.php?page=FUSESoicalFloatingSidebar" "Mozilla/5.0 (Windows NT 10.0; Win64; x64) AppleWebKit/537.36 (KHTML, like Gecko) Chrome/117.0.0.0 Safari/537.36"
156.204.103.163 - - [16/Oct/2023:18:08:38 +0300] "GET /wp-content/uploads/2023/09/facelift-2-228x300.png HTTP/2" 200 102983 "https://opalaesthetic.net/wp-admin/admin.php?page=FUSESoicalFloatingSidebar" "Mozilla/5.0 (Windows NT 10.0; Win64; x64) AppleWebKit/537.36 (KHTML, like Gecko) Chrome/117.0.0.0 Safari/537.36"
156.204.103.163 - - [16/Oct/2023:18:08:38 +0300] "GET /wp-content/uploads/2023/09/facelift-228x300.png HTTP/2" 200 102983 "https://opalaesthetic.net/wp-admin/admin.php?page=FUSESoicalFloatingSidebar" "Mozilla/5.0 (Windows NT 10.0; Win64; x64) AppleWebKit/537.36 (KHTML, like Gecko) Chrome/117.0.0.0 Safari/537.36"
156.204.103.163 - - [16/Oct/2023:18:09:03 +0300] "POST /wp-admin/admin-ajax.php HTTP/2" 200 51 "https://opalaesthetic.net/wp-admin/admin.php?page=FUSESoicalFloatingSidebar" "Mozilla/5.0 (Windows NT 10.0; Win64; x64) AppleWebKit/537.36 (KHTML, like Gecko) Chrome/117.0.0.0 Safari/537.36"
156.204.103.163 - - [16/Oct/2023:18:09:18 +0300] "POST /wp-admin/admin-ajax.php HTTP/2" 200 71 "https://opalaesthetic.net/wp-admin/post.php?post=407&action=elementor" "Mozilla/5.0 (Windows NT 10.0; Win64; x64) AppleWebKit/537.36 (KHTML, like Gecko) Chrome/117.0.0.0 Safari/537.36"
156.204.103.163 - - [16/Oct/2023:18:09:19 +0300] "POST /wp-admin/admin-ajax.php HTTP/2" 200 51 "https://opalaesthetic.net/wp-admin/edit.php?post_type=page&paged=2" "Mozilla/5.0 (Windows NT 10.0; Win64; x64) AppleWebKit/537.36 (KHTML, like Gecko) Chrome/117.0.0.0 Safari/537.36"
156.204.103.163 - - [16/Oct/2023:18:09:26 +0300] "POST /wp-admin/admin-ajax.php HTTP/2" 200 1004 "https://opalaesthetic.net/wp-admin/admin.php?page=FUSESoicalFloatingSidebar" "Mozilla/5.0 (Windows NT 10.0; Win64; x64) AppleWebKit/537.36 (KHTML, like Gecko) Chrome/117.0.0.0 Safari/537.36"
156.204.103.163 - - [16/Oct/2023:18:09:34 +0300] "POST /wp-admin/admin-ajax.php HTTP/2" 200 71 "https://opalaesthetic.net/wp-admin/post.php?post=407&action=elementor" "Mozilla/5.0 (Windows NT 10.0; Win64; x64) AppleWebKit/537.36 (KHTML, like Gecko) Chrome/117.0.0.0 Safari/537.36"
20.80.103.254 - - [16/Oct/2023:18:08:00 +0300] "POST //wp-login.php HTTP/1.1" 200 6190 "https://opalaesthetic.net//wp-login.php" "Mozilla/5.0 (Windows NT 10.0; Win64; x64) AppleWebKit/537.36 (KHTML, like Gecko) Chrome/89.0.4389.114 Safari/537.36"
20.80.103.254 - - [16/Oct/2023:18:08:15 +0300] "POST //wp-login.php HTTP/1.1" 200 6190 "https://opalaesthetic.net//wp-login.php" "Mozilla/5.0 (Windows NT 10.0; Win64; x64) AppleWebKit/537.36 (KHTML, like Gecko) Chrome/89.0.4389.114 Safari/537.36"
20.80.103.254 - - [16/Oct/2023:18:08:30 +0300] "POST //wp-login.php HTTP/1.1" 200 6190 "https://opalaesthetic.net//wp-login.php" "Mozilla/5.0 (Windows NT 10.0; Win64; x64) AppleWebKit/537.36 (KHTML, like Gecko) Chrome/89.0.4389.114 Safari/537.36"
20.80.103.254 - - [16/Oct/2023:18:08:45 +0300] "POST //wp-login.php HTTP/1.1" 200 6190 "https://opalaesthetic.net//wp-login.php" "Mozilla/5.0 (Windows NT 10.0; Win64; x64) AppleWebKit/537.36 (KHTML, like Gecko) Chrome/89.0.4389.114 Safari/537.36"
20.80.103.254 - - [16/Oct/2023:18:09:00 +0300] "POST //wp-login.php HTTP/1.1" 200 6190 "https://opalaesthetic.net//wp-login.php" "Mozilla/5.0 (Windows NT 10.0; Win64; x64) AppleWebKit/537.36 (KHTML, like Gecko) Chrome/89.0.4389.114 Safari/537.36"
20.80.103.254 - - [16/Oct/2023:18:09:15 +0300] "POST //wp-login.php HTTP/1.1" 200 6190 "https://opalaesthetic.net//wp-login.php" "Mozilla/5.0 (Windows NT 10.0; Win64; x64) AppleWebKit/537.36 (KHTML, like Gecko) Chrome/89.0.4389.114 Safari/537.36"
20.80.103.254 - - [16/Oct/2023:18:09:30 +0300] "POST //wp-login.php HTTP/1.1" 200 6190 "https://opalaesthetic.net//wp-login.php" "Mozilla/5.0 (Windows NT 10.0; Win64; x64) AppleWebKit/537.36 (KHTML, like Gecko) Chrome/89.0.4389.114 Safari/537.36"
20.80.103.254 - - [16/Oct/2023:18:09:45 +0300] "POST //wp-login.php HTTP/1.1" 200 6190 "https://opalaesthetic.net//wp-login.php" "Mozilla/5.0 (Windows NT 10.0; Win64; x64) AppleWebKit/537.36 (KHTML, like Gecko) Chrome/89.0.4389.114 Safari/537.36"
20.80.103.254 - - [16/Oct/2023:18:10:00 +0300] "POST //wp-login.php HTTP/1.1" 200 6190 "https://opalaesthetic.net//wp-login.php" "Mozilla/5.0 (Windows NT 10.0; Win64; x64) AppleWebKit/537.36 (KHTML, like Gecko) Chrome/89.0.4389.114 Safari/537.36"
20.80.103.254 - - [16/Oct/2023:18:10:15 +0300] "POST //wp-login.php HTTP/1.1" 200 6190 "https://opalaesthetic.net//wp-login.php" "Mozilla/5.0 (Windows NT 10.0; Win64; x64) AppleWebKit/537.36 (KHTML, like Gecko) Chrome/89.0.4389.114 Safari/537.36"
20.80.103.254 - - [16/Oct/2023:18:10:30 +0300] "POST //wp-login.php HTTP/1.1" 200 6190 "https://opalaesthetic.net//wp-login.php" "Mozilla/5.0 (Windows NT 10.0; Win64; x64) AppleWebKit/537.36 (KHTML, like Gecko) Chrome/89.0.4389.114 Safari/537.36"
156.204.103.163 - - [16/Oct/2023:18:09:34 +0300] "POST /wp-admin/admin-ajax.php HTTP/2" 200 51 "https://opalaesthetic.net/wp-admin/edit.php?post_type=page&paged=2" "Mozilla/5.0 (Windows NT 10.0; Win64; x64) AppleWebKit/537.36 (KHTML, like Gecko) Chrome/117.0.0.0 Safari/537.36"
156.204.103.163 - - [16/Oct/2023:18:09:59 +0300] "POST /wp-admin/admin-ajax.php HTTP/2" 200 1020 "https://opalaesthetic.net/wp-admin/admin.php?page=FUSESoicalFloatingSidebar" "Mozilla/5.0 (Windows NT 10.0; Win64; x64) AppleWebKit/537.36 (KHTML, like Gecko) Chrome/117.0.0.0 Safari/537.36"
156.204.103.163 - - [16/Oct/2023:18:10:02 +0300] "GET /wp-content/plugins/fuse-social-floating-sidebar-premium/inc/js/fuse_script.js?ver=1647911946 HTTP/2" 200 606 "https://opalaesthetic.net/" "Mozilla/5.0 (Windows NT 10.0; Win64; x64) AppleWebKit/537.36 (KHTML, like Gecko) Chrome/117.0.0.0 Safari/537.36"
156.204.103.163 - - [16/Oct/2023:18:10:02 +0300] "GET / HTTP/2" 200 38605 "https://opalaesthetic.net/aqua-pure/" "Mozilla/5.0 (Windows NT 10.0; Win64; x64) AppleWebKit/537.36 (KHTML, like Gecko) Chrome/117.0.0.0 Safari/537.36"
156.204.103.163 - - [16/Oct/2023:18:10:04 +0300] "POST /wp-admin/admin-ajax.php HTTP/2" 200 51 "https://opalaesthetic.net/wp-admin/admin.php?page=FUSESoicalFloatingSidebar" "Mozilla/5.0 (Windows NT 10.0; Win64; x64) AppleWebKit/537.36 (KHTML, like Gecko) Chrome/117.0.0.0 Safari/537.36"
156.204.103.163 - - [16/Oct/2023:18:10:09 +0300] "POST /wp-admin/admin-ajax.php HTTP/2" 200 51 "https://opalaesthetic.net/wp-admin/plugins.php" "Mozilla/5.0 (Windows NT 10.0; Win64; x64) AppleWebKit/537.36 (KHTML, like Gecko) Chrome/117.0.0.0 Safari/537.36"
156.204.103.163 - - [16/Oct/2023:18:10:12 +0300] "GET /wp-content/plugins/fuse-social-floating-sidebar-premium/inc/js/fuse_script.js?ver=1489239042 HTTP/2" 200 606 "https://opalaesthetic.net/" "Mozilla/5.0 (Windows NT 10.0; Win64; x64) AppleWebKit/537.36 (KHTML, like Gecko) Chrome/117.0.0.0 Safari/537.36"
156.204.103.163 - - [16/Oct/2023:18:10:11 +0300] "GET / HTTP/2" 200 38606 "https://opalaesthetic.net/aqua-pure/" "Mozilla/5.0 (Windows NT 10.0; Win64; x64) AppleWebKit/537.36 (KHTML, like Gecko) Chrome/117.0.0.0 Safari/537.36"
156.204.103.163 - - [16/Oct/2023:18:10:17 +0300] "POST /wp-admin/admin-ajax.php HTTP/2" 200 51 "https://opalaesthetic.net/wp-admin/edit.php?post_type=page&paged=2" "Mozilla/5.0 (Windows NT 10.0; Win64; x64) AppleWebKit/537.36 (KHTML, like Gecko) Chrome/117.0.0.0 Safari/537.36"
156.204.103.163 - - [16/Oct/2023:18:10:30 +0300] "POST /wp-admin/admin-ajax.php HTTP/2" 200 1026 "https://opalaesthetic.net/wp-admin/admin.php?page=FUSESoicalFloatingSidebar" "Mozilla/5.0 (Windows NT 10.0; Win64; x64) AppleWebKit/537.36 (KHTML, like Gecko) Chrome/117.0.0.0 Safari/537.36"
156.204.103.163 - - [16/Oct/2023:18:10:57 +0300] "POST /wp-admin/admin-ajax.php HTTP/2" 200 1028 "https://opalaesthetic.net/wp-admin/admin.php?page=FUSESoicalFloatingSidebar" "Mozilla/5.0 (Windows NT 10.0; Win64; x64) AppleWebKit/537.36 (KHTML, like Gecko) Chrome/117.0.0.0 Safari/537.36"
156.204.103.163 - - [16/Oct/2023:18:11:01 +0300] "GET /wp-content/plugins/fuse-social-floating-sidebar-premium/inc/js/fuse_script.js?ver=920343287 HTTP/2" 200 606 "https://opalaesthetic.net/" "Mozilla/5.0 (Windows NT 10.0; Win64; x64) AppleWebKit/537.36 (KHTML, like Gecko) Chrome/117.0.0.0 Safari/537.36"
156.204.103.163 - - [16/Oct/2023:18:11:00 +0300] "GET / HTTP/2" 200 38710 "https://opalaesthetic.net/aqua-pure/" "Mozilla/5.0 (Windows NT 10.0; Win64; x64) AppleWebKit/537.36 (KHTML, like Gecko) Chrome/117.0.0.0 Safari/537.36"
156.204.103.163 - - [16/Oct/2023:18:11:05 +0300] "POST /wp-admin/admin-ajax.php HTTP/2" 200 51 "https://opalaesthetic.net/wp-admin/admin.php?page=FUSESoicalFloatingSidebar" "Mozilla/5.0 (Windows NT 10.0; Win64; x64) AppleWebKit/537.36 (KHTML, like Gecko) Chrome/117.0.0.0 Safari/537.36"
156.204.103.163 - - [16/Oct/2023:18:11:10 +0300] "POST /wp-admin/admin-ajax.php HTTP/2" 200 51 "https://opalaesthetic.net/wp-admin/plugins.php" "Mozilla/5.0 (Windows NT 10.0; Win64; x64) AppleWebKit/537.36 (KHTML, like Gecko) Chrome/117.0.0.0 Safari/537.36"
20.80.103.254 - - [16/Oct/2023:18:10:53 +0300] "POST //wp-login.php HTTP/1.1" 200 6190 "https://opalaesthetic.net//wp-login.php" "Mozilla/5.0 (Windows NT 10.0; Win64; x64) AppleWebKit/537.36 (KHTML, like Gecko) Chrome/89.0.4389.114 Safari/537.36"
156.204.103.163 - - [16/Oct/2023:18:11:16 +0300] "POST /wp-admin/admin-ajax.php HTTP/2" 200 1038 "https://opalaesthetic.net/wp-admin/admin.php?page=FUSESoicalFloatingSidebar" "Mozilla/5.0 (Windows NT 10.0; Win64; x64) AppleWebKit/537.36 (KHTML, like Gecko) Chrome/117.0.0.0 Safari/537.36"
156.204.103.163 - - [16/Oct/2023:18:11:28 +0300] "POST /wp-admin/admin-ajax.php HTTP/2" 200 1040 "https://opalaesthetic.net/wp-admin/admin.php?page=FUSESoicalFloatingSidebar" "Mozilla/5.0 (Windows NT 10.0; Win64; x64) AppleWebKit/537.36 (KHTML, like Gecko) Chrome/117.0.0.0 Safari/537.36"
20.80.103.254 - - [16/Oct/2023:18:11:15 +0300] "POST //wp-login.php HTTP/1.1" 200 6190 "https://opalaesthetic.net//wp-login.php" "Mozilla/5.0 (Windows NT 10.0; Win64; x64) AppleWebKit/537.36 (KHTML, like Gecko) Chrome/89.0.4389.114 Safari/537.36"
156.204.103.163 - - [16/Oct/2023:18:11:35 +0300] "POST /wp-admin/admin-ajax.php HTTP/2" 200 1044 "https://opalaesthetic.net/wp-admin/admin.php?page=FUSESoicalFloatingSidebar" "Mozilla/5.0 (Windows NT 10.0; Win64; x64) AppleWebKit/537.36 (KHTML, like Gecko) Chrome/117.0.0.0 Safari/537.36"
156.204.103.163 - - [16/Oct/2023:18:11:35 +0300] "POST /wp-admin/admin-ajax.php HTTP/2" 200 71 "https://opalaesthetic.net/wp-admin/post.php?post=407&action=elementor" "Mozilla/5.0 (Windows NT 10.0; Win64; x64) AppleWebKit/537.36 (KHTML, like Gecko) Chrome/117.0.0.0 Safari/537.36"
156.204.103.163 - - [16/Oct/2023:18:11:37 +0300] "POST /wp-admin/admin-ajax.php HTTP/2" 200 1044 "https://opalaesthetic.net/wp-admin/admin.php?page=FUSESoicalFloatingSidebar" "Mozilla/5.0 (Windows NT 10.0; Win64; x64) AppleWebKit/537.36 (KHTML, like Gecko) Chrome/117.0.0.0 Safari/537.36"
156.204.103.163 - - [16/Oct/2023:18:11:40 +0300] "GET /wp-content/plugins/fuse-social-floating-sidebar-premium/inc/js/fuse_script.js?ver=452899718 HTTP/2" 200 606 "https://opalaesthetic.net/" "Mozilla/5.0 (Windows NT 10.0; Win64; x64) AppleWebKit/537.36 (KHTML, like Gecko) Chrome/117.0.0.0 Safari/537.36"
156.204.103.163 - - [16/Oct/2023:18:11:39 +0300] "GET / HTTP/2" 200 38735 "https://opalaesthetic.net/aqua-pure/" "Mozilla/5.0 (Windows NT 10.0; Win64; x64) AppleWebKit/537.36 (KHTML, like Gecko) Chrome/117.0.0.0 Safari/537.36"
20.80.103.254 - - [16/Oct/2023:18:11:30 +0300] "POST //wp-login.php HTTP/1.1" 200 6190 "https://opalaesthetic.net//wp-login.php" "Mozilla/5.0 (Windows NT 10.0; Win64; x64) AppleWebKit/537.36 (KHTML, like Gecko) Chrome/89.0.4389.114 Safari/537.36"
156.204.103.163 - - [16/Oct/2023:18:11:49 +0300] "POST /wp-admin/admin-ajax.php HTTP/2" 200 1044 "https://opalaesthetic.net/wp-admin/admin.php?page=FUSESoicalFloatingSidebar" "Mozilla/5.0 (Windows NT 10.0; Win64; x64) AppleWebKit/537.36 (KHTML, like Gecko) Chrome/117.0.0.0 Safari/537.36"
156.204.103.163 - - [16/Oct/2023:18:11:52 +0300] "GET /wp-content/plugins/fuse-social-floating-sidebar-premium/inc/js/fuse_script.js?ver=419224430 HTTP/2" 200 606 "https://opalaesthetic.net/" "Mozilla/5.0 (Windows NT 10.0; Win64; x64) AppleWebKit/537.36 (KHTML, like Gecko) Chrome/117.0.0.0 Safari/537.36"
156.204.103.163 - - [16/Oct/2023:18:11:52 +0300] "GET / HTTP/2" 200 38735 "https://opalaesthetic.net/aqua-pure/" "Mozilla/5.0 (Windows NT 10.0; Win64; x64) AppleWebKit/537.36 (KHTML, like Gecko) Chrome/117.0.0.0 Safari/537.36"
156.204.103.163 - - [16/Oct/2023:18:11:58 +0300] "POST /wp-admin/admin-ajax.php HTTP/2" 200 1044 "https://opalaesthetic.net/wp-admin/admin.php?page=FUSESoicalFloatingSidebar" "Mozilla/5.0 (Windows NT 10.0; Win64; x64) AppleWebKit/537.36 (KHTML, like Gecko) Chrome/117.0.0.0 Safari/537.36"
144.76.110.163 - - [16/Oct/2023:18:09:19 +0300] "POST /wp-cron.php?doing_wp_cron=1697468959.4645678997039794921875 HTTP/1.1" 200 0 "-" "WordPress/6.3.2; https://opalaesthetic.net"
20.80.103.254 - - [16/Oct/2023:18:11:45 +0300] "POST //wp-login.php HTTP/1.1" 200 6190 "https://opalaesthetic.net//wp-login.php" "Mozilla/5.0 (Windows NT 10.0; Win64; x64) AppleWebKit/537.36 (KHTML, like Gecko) Chrome/89.0.4389.114 Safari/537.36"
156.204.103.163 - - [16/Oct/2023:18:12:03 +0300] "GET /wp-content/plugins/fuse-social-floating-sidebar-premium/inc/js/fuse_script.js?ver=649581986 HTTP/2" 200 606 "https://opalaesthetic.net/" "Mozilla/5.0 (Windows NT 10.0; Win64; x64) AppleWebKit/537.36 (KHTML, like Gecko) Chrome/117.0.0.0 Safari/537.36"
156.204.103.163 - - [16/Oct/2023:18:12:02 +0300] "GET / HTTP/2" 200 38733 "https://opalaesthetic.net/aqua-pure/" "Mozilla/5.0 (Windows NT 10.0; Win64; x64) AppleWebKit/537.36 (KHTML, like Gecko) Chrome/117.0.0.0 Safari/537.36"
156.204.103.163 - - [16/Oct/2023:18:12:05 +0300] "POST /wp-admin/admin-ajax.php HTTP/2" 200 51 "https://opalaesthetic.net/wp-admin/admin.php?page=FUSESoicalFloatingSidebar" "Mozilla/5.0 (Windows NT 10.0; Win64; x64) AppleWebKit/537.36 (KHTML, like Gecko) Chrome/117.0.0.0 Safari/537.36"
156.204.103.163 - - [16/Oct/2023:18:12:11 +0300] "POST /wp-admin/admin-ajax.php HTTP/2" 200 51 "https://opalaesthetic.net/wp-admin/plugins.php" "Mozilla/5.0 (Windows NT 10.0; Win64; x64) AppleWebKit/537.36 (KHTML, like Gecko) Chrome/117.0.0.0 Safari/537.36"
20.80.103.254 - - [16/Oct/2023:18:12:00 +0300] "POST //wp-login.php HTTP/1.1" 200 6190 "https://opalaesthetic.net//wp-login.php" "Mozilla/5.0 (Windows NT 10.0; Win64; x64) AppleWebKit/537.36 (KHTML, like Gecko) Chrome/89.0.4389.114 Safari/537.36"
156.204.103.163 - - [16/Oct/2023:18:12:17 +0300] "POST /wp-admin/admin-ajax.php HTTP/2" 200 51 "https://opalaesthetic.net/wp-admin/edit.php?post_type=page&paged=2" "Mozilla/5.0 (Windows NT 10.0; Win64; x64) AppleWebKit/537.36 (KHTML, like Gecko) Chrome/117.0.0.0 Safari/537.36"
20.80.103.254 - - [16/Oct/2023:18:12:15 +0300] "POST //wp-login.php HTTP/1.1" 200 6190 "https://opalaesthetic.net//wp-login.php" "Mozilla/5.0 (Windows NT 10.0; Win64; x64) AppleWebKit/537.36 (KHTML, like Gecko) Chrome/89.0.4389.114 Safari/537.36"
20.80.103.254 - - [16/Oct/2023:18:12:30 +0300] "POST //wp-login.php HTTP/1.1" 200 6190 "https://opalaesthetic.net//wp-login.php" "Mozilla/5.0 (Windows NT 10.0; Win64; x64) AppleWebKit/537.36 (KHTML, like Gecko) Chrome/89.0.4389.114 Safari/537.36"
20.80.103.254 - - [16/Oct/2023:18:12:45 +0300] "POST //wp-login.php HTTP/1.1" 200 6190 "https://opalaesthetic.net//wp-login.php" "Mozilla/5.0 (Windows NT 10.0; Win64; x64) AppleWebKit/537.36 (KHTML, like Gecko) Chrome/89.0.4389.114 Safari/537.36"
156.204.103.163 - - [16/Oct/2023:18:13:01 +0300] "GET /wp-content/plugins/fuse-social-floating-sidebar-premium/inc/js/fuse_script.js?ver=550149032 HTTP/2" 200 606 "https://opalaesthetic.net/" "Mozilla/5.0 (Windows NT 10.0; Win64; x64) AppleWebKit/537.36 (KHTML, like Gecko) Chrome/117.0.0.0 Safari/537.36"
156.204.103.163 - - [16/Oct/2023:18:13:00 +0300] "GET / HTTP/2" 200 38734 "https://opalaesthetic.net/aqua-pure/" "Mozilla/5.0 (Windows NT 10.0; Win64; x64) AppleWebKit/537.36 (KHTML, like Gecko) Chrome/117.0.0.0 Safari/537.36"
156.204.103.163 - - [16/Oct/2023:18:13:06 +0300] "POST /wp-admin/admin-ajax.php HTTP/2" 200 51 "https://opalaesthetic.net/wp-admin/admin.php?page=FUSESoicalFloatingSidebar" "Mozilla/5.0 (Windows NT 10.0; Win64; x64) AppleWebKit/537.36 (KHTML, like Gecko) Chrome/117.0.0.0 Safari/537.36"
20.80.103.254 - - [16/Oct/2023:18:13:00 +0300] "POST //wp-login.php HTTP/1.1" 200 6190 "https://opalaesthetic.net//wp-login.php" "Mozilla/5.0 (Windows NT 10.0; Win64; x64) AppleWebKit/537.36 (KHTML, like Gecko) Chrome/89.0.4389.114 Safari/537.36"
20.80.103.254 - - [16/Oct/2023:18:13:15 +0300] "POST //wp-login.php HTTP/1.1" 200 6190 "https://opalaesthetic.net//wp-login.php" "Mozilla/5.0 (Windows NT 10.0; Win64; x64) AppleWebKit/537.36 (KHTML, like Gecko) Chrome/89.0.4389.114 Safari/537.36"
156.204.103.163 - - [16/Oct/2023:18:13:36 +0300] "POST /wp-admin/admin-ajax.php HTTP/2" 200 71 "https://opalaesthetic.net/wp-admin/post.php?post=407&action=elementor" "Mozilla/5.0 (Windows NT 10.0; Win64; x64) AppleWebKit/537.36 (KHTML, like Gecko) Chrome/117.0.0.0 Safari/537.36"
20.80.103.254 - - [16/Oct/2023:18:13:30 +0300] "POST //wp-login.php HTTP/1.1" 200 6190 "https://opalaesthetic.net//wp-login.php" "Mozilla/5.0 (Windows NT 10.0; Win64; x64) AppleWebKit/537.36 (KHTML, like Gecko) Chrome/89.0.4389.114 Safari/537.36"
20.80.103.254 - - [16/Oct/2023:18:13:45 +0300] "POST //wp-login.php HTTP/1.1" 200 6190 "https://opalaesthetic.net//wp-login.php" "Mozilla/5.0 (Windows NT 10.0; Win64; x64) AppleWebKit/537.36 (KHTML, like Gecko) Chrome/89.0.4389.114 Safari/537.36"
156.204.103.163 - - [16/Oct/2023:18:14:12 +0300] "POST /wp-admin/admin-ajax.php HTTP/2" 200 51 "https://opalaesthetic.net/wp-admin/plugins.php" "Mozilla/5.0 (Windows NT 10.0; Win64; x64) AppleWebKit/537.36 (KHTML, like Gecko) Chrome/117.0.0.0 Safari/537.36"
20.80.103.254 - - [16/Oct/2023:18:14:00 +0300] "POST //wp-login.php HTTP/1.1" 200 6190 "https://opalaesthetic.net//wp-login.php" "Mozilla/5.0 (Windows NT 10.0; Win64; x64) AppleWebKit/537.36 (KHTML, like Gecko) Chrome/89.0.4389.114 Safari/537.36"
156.204.103.163 - - [16/Oct/2023:18:14:18 +0300] "POST /wp-admin/admin-ajax.php HTTP/2" 200 51 "https://opalaesthetic.net/wp-admin/edit.php?post_type=page&paged=2" "Mozilla/5.0 (Windows NT 10.0; Win64; x64) AppleWebKit/537.36 (KHTML, like Gecko) Chrome/117.0.0.0 Safari/537.36"
20.80.103.254 - - [16/Oct/2023:18:14:15 +0300] "POST //wp-login.php HTTP/1.1" 200 6190 "https://opalaesthetic.net//wp-login.php" "Mozilla/5.0 (Windows NT 10.0; Win64; x64) AppleWebKit/537.36 (KHTML, like Gecko) Chrome/89.0.4389.114 Safari/537.36"
20.80.103.254 - - [16/Oct/2023:18:14:30 +0300] "POST //wp-login.php HTTP/1.1" 200 6190 "https://opalaesthetic.net//wp-login.php" "Mozilla/5.0 (Windows NT 10.0; Win64; x64) AppleWebKit/537.36 (KHTML, like Gecko) Chrome/89.0.4389.114 Safari/537.36"
20.80.103.254 - - [16/Oct/2023:18:14:45 +0300] "POST //wp-login.php HTTP/1.1" 200 6190 "https://opalaesthetic.net//wp-login.php" "Mozilla/5.0 (Windows NT 10.0; Win64; x64) AppleWebKit/537.36 (KHTML, like Gecko) Chrome/89.0.4389.114 Safari/537.36"
156.204.103.163 - - [16/Oct/2023:18:15:07 +0300] "POST /wp-admin/admin-ajax.php HTTP/2" 200 51 "https://opalaesthetic.net/wp-admin/admin.php?page=FUSESoicalFloatingSidebar" "Mozilla/5.0 (Windows NT 10.0; Win64; x64) AppleWebKit/537.36 (KHTML, like Gecko) Chrome/117.0.0.0 Safari/537.36"
20.80.103.254 - - [16/Oct/2023:18:15:00 +0300] "POST //wp-login.php HTTP/1.1" 200 6190 "https://opalaesthetic.net//wp-login.php" "Mozilla/5.0 (Windows NT 10.0; Win64; x64) AppleWebKit/537.36 (KHTML, like Gecko) Chrome/89.0.4389.114 Safari/537.36"
20.80.103.254 - - [16/Oct/2023:18:15:15 +0300] "POST //wp-login.php HTTP/1.1" 200 6190 "https://opalaesthetic.net//wp-login.php" "Mozilla/5.0 (Windows NT 10.0; Win64; x64) AppleWebKit/537.36 (KHTML, like Gecko) Chrome/89.0.4389.114 Safari/537.36"
156.204.103.163 - - [16/Oct/2023:18:15:37 +0300] "POST /wp-admin/admin-ajax.php HTTP/2" 200 71 "https://opalaesthetic.net/wp-admin/post.php?post=407&action=elementor" "Mozilla/5.0 (Windows NT 10.0; Win64; x64) AppleWebKit/537.36 (KHTML, like Gecko) Chrome/117.0.0.0 Safari/537.36"
20.80.103.254 - - [16/Oct/2023:18:15:30 +0300] "POST //wp-login.php HTTP/1.1" 200 6190 "https://opalaesthetic.net//wp-login.php" "Mozilla/5.0 (Windows NT 10.0; Win64; x64) AppleWebKit/537.36 (KHTML, like Gecko) Chrome/89.0.4389.114 Safari/537.36"
20.80.103.254 - - [16/Oct/2023:18:15:45 +0300] "POST //wp-login.php HTTP/1.1" 200 6190 "https://opalaesthetic.net//wp-login.php" "Mozilla/5.0 (Windows NT 10.0; Win64; x64) AppleWebKit/537.36 (KHTML, like Gecko) Chrome/89.0.4389.114 Safari/537.36"
156.204.103.163 - - [16/Oct/2023:18:16:13 +0300] "POST /wp-admin/admin-ajax.php HTTP/2" 200 51 "https://opalaesthetic.net/wp-admin/plugins.php" "Mozilla/5.0 (Windows NT 10.0; Win64; x64) AppleWebKit/537.36 (KHTML, like Gecko) Chrome/117.0.0.0 Safari/537.36"
20.80.103.254 - - [16/Oct/2023:18:16:00 +0300] "POST //wp-login.php HTTP/1.1" 200 6190 "https://opalaesthetic.net//wp-login.php" "Mozilla/5.0 (Windows NT 10.0; Win64; x64) AppleWebKit/537.36 (KHTML, like Gecko) Chrome/89.0.4389.114 Safari/537.36"
156.204.103.163 - - [16/Oct/2023:18:16:19 +0300] "POST /wp-admin/admin-ajax.php HTTP/2" 200 51 "https://opalaesthetic.net/wp-admin/edit.php?post_type=page&paged=2" "Mozilla/5.0 (Windows NT 10.0; Win64; x64) AppleWebKit/537.36 (KHTML, like Gecko) Chrome/117.0.0.0 Safari/537.36"
20.80.103.254 - - [16/Oct/2023:18:16:15 +0300] "POST //wp-login.php HTTP/1.1" 200 6190 "https://opalaesthetic.net//wp-login.php" "Mozilla/5.0 (Windows NT 10.0; Win64; x64) AppleWebKit/537.36 (KHTML, like Gecko) Chrome/89.0.4389.114 Safari/537.36"
156.204.103.163 - - [16/Oct/2023:18:16:33 +0300] "POST /wp-admin/admin-ajax.php HTTP/2" 200 71 "https://opalaesthetic.net/wp-admin/post.php?post=407&action=elementor" "Mozilla/5.0 (Windows NT 10.0; Win64; x64) AppleWebKit/537.36 (KHTML, like Gecko) Chrome/117.0.0.0 Safari/537.36"
20.80.103.254 - - [16/Oct/2023:18:16:30 +0300] "POST //wp-login.php HTTP/1.1" 200 6190 "https://opalaesthetic.net//wp-login.php" "Mozilla/5.0 (Windows NT 10.0; Win64; x64) AppleWebKit/537.36 (KHTML, like Gecko) Chrome/89.0.4389.114 Safari/537.36"
156.204.103.163 - - [16/Oct/2023:18:16:49 +0300] "POST /wp-admin/admin-ajax.php HTTP/2" 200 71 "https://opalaesthetic.net/wp-admin/post.php?post=407&action=elementor" "Mozilla/5.0 (Windows NT 10.0; Win64; x64) AppleWebKit/537.36 (KHTML, like Gecko) Chrome/117.0.0.0 Safari/537.36"
156.204.103.163 - - [16/Oct/2023:18:18:14 +0300] "POST /wp-admin/admin-ajax.php HTTP/2" 200 51 "https://opalaesthetic.net/wp-admin/plugins.php" "Mozilla/5.0 (Windows NT 10.0; Win64; x64) AppleWebKit/537.36 (KHTML, like Gecko) Chrome/117.0.0.0 Safari/537.36"
156.204.103.163 - - [16/Oct/2023:18:18:20 +0300] "POST /wp-admin/admin-ajax.php HTTP/2" 200 51 "https://opalaesthetic.net/wp-admin/edit.php?post_type=page&paged=2" "Mozilla/5.0 (Windows NT 10.0; Win64; x64) AppleWebKit/537.36 (KHTML, like Gecko) Chrome/117.0.0.0 Safari/537.36"
156.204.103.163 - - [16/Oct/2023:18:18:34 +0300] "GET /wp-content/plugins/fuse-social-floating-sidebar-premium/inc/js/fuse_script.js?ver=1299620450 HTTP/2" 200 606 "https://opalaesthetic.net/" "Mozilla/5.0 (Windows NT 10.0; Win64; x64) AppleWebKit/537.36 (KHTML, like Gecko) Chrome/117.0.0.0 Safari/537.36"
156.204.103.163 - - [16/Oct/2023:18:18:33 +0300] "GET / HTTP/2" 200 38721 "https://opalaesthetic.net/contact-us/" "Mozilla/5.0 (Windows NT 10.0; Win64; x64) AppleWebKit/537.36 (KHTML, like Gecko) Chrome/117.0.0.0 Safari/537.36"
156.204.103.163 - - [16/Oct/2023:18:18:39 +0300] "POST /wp-admin/admin-ajax.php HTTP/2" 200 51 "https://opalaesthetic.net/wp-admin/admin.php?page=FUSESoicalFloatingSidebar" "Mozilla/5.0 (Windows NT 10.0; Win64; x64) AppleWebKit/537.36 (KHTML, like Gecko) Chrome/117.0.0.0 Safari/537.36"
156.204.103.163 - - [16/Oct/2023:18:18:50 +0300] "POST /wp-admin/admin-ajax.php HTTP/2" 200 71 "https://opalaesthetic.net/wp-admin/post.php?post=407&action=elementor" "Mozilla/5.0 (Windows NT 10.0; Win64; x64) AppleWebKit/537.36 (KHTML, like Gecko) Chrome/117.0.0.0 Safari/537.36"
156.204.103.163 - - [16/Oct/2023:18:19:07 +0300] "POST /wp-admin/admin-ajax.php HTTP/2" 200 1048 "https://opalaesthetic.net/wp-admin/admin.php?page=FUSESoicalFloatingSidebar" "Mozilla/5.0 (Windows NT 10.0; Win64; x64) AppleWebKit/537.36 (KHTML, like Gecko) Chrome/117.0.0.0 Safari/537.36"
156.204.103.163 - - [16/Oct/2023:18:19:11 +0300] "GET /wp-content/plugins/fuse-social-floating-sidebar-premium/inc/js/fuse_script.js?ver=1575387977 HTTP/2" 200 606 "https://opalaesthetic.net/" "Mozilla/5.0 (Windows NT 10.0; Win64; x64) AppleWebKit/537.36 (KHTML, like Gecko) Chrome/117.0.0.0 Safari/537.36"
156.204.103.163 - - [16/Oct/2023:18:19:10 +0300] "GET / HTTP/2" 200 38892 "https://opalaesthetic.net/aqua-pure/" "Mozilla/5.0 (Windows NT 10.0; Win64; x64) AppleWebKit/537.36 (KHTML, like Gecko) Chrome/117.0.0.0 Safari/537.36"
156.204.103.163 - - [16/Oct/2023:18:19:31 +0300] "GET /wp-admin/post.php?post=21&action=elementor HTTP/2" 200 305646 "https://opalaesthetic.net/" "Mozilla/5.0 (Windows NT 10.0; Win64; x64) AppleWebKit/537.36 (KHTML, like Gecko) Chrome/117.0.0.0 Safari/537.36"
156.204.103.163 - - [16/Oct/2023:18:19:33 +0300] "GET /wp-content/plugins/elementor-pro/assets/js/notes/notes.min.js?ver=3.16.2 HTTP/2" 200 6380 "https://opalaesthetic.net/wp-admin/post.php?post=21&action=elementor" "Mozilla/5.0 (Windows NT 10.0; Win64; x64) AppleWebKit/537.36 (KHTML, like Gecko) Chrome/117.0.0.0 Safari/537.36"
156.204.103.163 - - [16/Oct/2023:18:19:34 +0300] "GET /wp-json/elementor/v1/global-widget/templates HTTP/2" 200 6 "https://opalaesthetic.net/wp-admin/post.php?post=21&action=elementor" "Mozilla/5.0 (Windows NT 10.0; Win64; x64) AppleWebKit/537.36 (KHTML, like Gecko) Chrome/117.0.0.0 Safari/537.36"
